I20260709 12:57:44.855749  1194 tablet_service.cc:1511] Processing CreateTablet for tablet a344ae978dea4e9a9cf67749069c0a7d (DEFAULT_TABLE table=test-workload [id=4df45f9d64cf4f0a981bd62d57b2b51d]), partition=RANGE (key) PARTITION 214748364 <= VALUES < 429496728
I20260709 12:57:44.856279  1193 tablet_service.cc:1511] Processing CreateTablet for tablet 35d937777ed54693a4d2b2b2ddb8466c (DEFAULT_TABLE table=test-workload [id=4df45f9d64cf4f0a981bd62d57b2b51d]), partition=RANGE (key) PARTITION 429496728 <= VALUES < 644245092
I20260709 12:57:44.856859  1195 tablet_service.cc:1511] Processing CreateTablet for tablet b8c0e87efd9f4f5089899b838402b724 (DEFAULT_TABLE table=test-workload [id=4df45f9d64cf4f0a981bd62d57b2b51d]), partition=RANGE (key) PARTITION VALUES < 214748364
I20260709 12:57:44.857528  1194 data_dirs.cc:400] Could only allocate 1 dirs of requested 3 for tablet a344ae978dea4e9a9cf67749069c0a7d. 1 dirs total, 0 dirs full, 0 dirs failed
I20260709 12:57:44.858223  1195 data_dirs.cc:400] Could only allocate 1 dirs of requested 3 for tablet b8c0e87efd9f4f5089899b838402b724. 1 dirs total, 0 dirs full, 0 dirs failed
I20260709 12:57:44.858546  1192 tablet_service.cc:1511] Processing CreateTablet for tablet 3e47f2e3e3a94bea9d9035347a7b9c65 (DEFAULT_TABLE table=test-workload [id=4df45f9d64cf4f0a981bd62d57b2b51d]), partition=RANGE (key) PARTITION 644245092 <= VALUES < 858993456
I20260709 12:57:44.859853  1192 data_dirs.cc:400] Could only allocate 1 dirs of requested 3 for tablet 3e47f2e3e3a94bea9d9035347a7b9c65. 1 dirs total, 0 dirs full, 0 dirs failed
I20260709 12:57:44.866081  1191 tablet_service.cc:1511] Processing CreateTablet for tablet 0c9a49423c28401fac8e18cc64a0a786 (DEFAULT_TABLE table=test-workload [id=4df45f9d64cf4f0a981bd62d57b2b51d]), partition=RANGE (key) PARTITION 858993456 <= VALUES < 1073741820
I20260709 12:57:44.867419  1191 data_dirs.cc:400] Could only allocate 1 dirs of requested 3 for tablet 0c9a49423c28401fac8e18cc64a0a786. 1 dirs total, 0 dirs full, 0 dirs failed
I20260709 12:57:44.872200  1190 tablet_service.cc:1511] Processing CreateTablet for tablet 60b3ba2c44374ee2b4e40f9b38a65aaf (DEFAULT_TABLE table=test-workload [id=4df45f9d64cf4f0a981bd62d57b2b51d]), partition=RANGE (key) PARTITION 1073741820 <= VALUES < 1288490184
I20260709 12:57:44.874168  1189 tablet_service.cc:1511] Processing CreateTablet for tablet 6ace8e1b3fa947f99f3e04b7e19ed570 (DEFAULT_TABLE table=test-workload [id=4df45f9d64cf4f0a981bd62d57b2b51d]), partition=RANGE (key) PARTITION 1288490184 <= VALUES < 1503238548
I20260709 12:57:44.875435  1190 data_dirs.cc:400] Could only allocate 1 dirs of requested 3 for tablet 60b3ba2c44374ee2b4e40f9b38a65aaf. 1 dirs total, 0 dirs full, 0 dirs failed
I20260709 12:57:44.876000  1193 data_dirs.cc:400] Could only allocate 1 dirs of requested 3 for tablet 35d937777ed54693a4d2b2b2ddb8466c. 1 dirs total, 0 dirs full, 0 dirs failed
I20260709 12:57:44.881130  1189 data_dirs.cc:400] Could only allocate 1 dirs of requested 3 for tablet 6ace8e1b3fa947f99f3e04b7e19ed570. 1 dirs total, 0 dirs full, 0 dirs failed
I20260709 12:57:44.881888  1119 tablet_service.cc:1511] Processing CreateTablet for tablet 35d937777ed54693a4d2b2b2ddb8466c (DEFAULT_TABLE table=test-workload [id=4df45f9d64cf4f0a981bd62d57b2b51d]), partition=RANGE (key) PARTITION 429496728 <= VALUES < 644245092
I20260709 12:57:44.882411  1117 tablet_service.cc:1511] Processing CreateTablet for tablet 0c9a49423c28401fac8e18cc64a0a786 (DEFAULT_TABLE table=test-workload [id=4df45f9d64cf4f0a981bd62d57b2b51d]), partition=RANGE (key) PARTITION 858993456 <= VALUES < 1073741820
I20260709 12:57:44.883512  1119 data_dirs.cc:400] Could only allocate 1 dirs of requested 3 for tablet 35d937777ed54693a4d2b2b2ddb8466c. 1 dirs total, 0 dirs full, 0 dirs failed
I20260709 12:57:44.883817  1188 tablet_service.cc:1511] Processing CreateTablet for tablet a082e40091af46dd833b5cfb9221f2cf (DEFAULT_TABLE table=test-workload [id=4df45f9d64cf4f0a981bd62d57b2b51d]), partition=RANGE (key) PARTITION 1503238548 <= VALUES < 1717986912
I20260709 12:57:44.885059  1188 data_dirs.cc:400] Could only allocate 1 dirs of requested 3 for tablet a082e40091af46dd833b5cfb9221f2cf. 1 dirs total, 0 dirs full, 0 dirs failed
I20260709 12:57:44.886212  1120 tablet_service.cc:1511] Processing CreateTablet for tablet a344ae978dea4e9a9cf67749069c0a7d (DEFAULT_TABLE table=test-workload [id=4df45f9d64cf4f0a981bd62d57b2b51d]), partition=RANGE (key) PARTITION 214748364 <= VALUES < 429496728
I20260709 12:57:44.887497  1120 data_dirs.cc:400] Could only allocate 1 dirs of requested 3 for tablet a344ae978dea4e9a9cf67749069c0a7d. 1 dirs total, 0 dirs full, 0 dirs failed
I20260709 12:57:44.887384  1121 tablet_service.cc:1511] Processing CreateTablet for tablet b8c0e87efd9f4f5089899b838402b724 (DEFAULT_TABLE table=test-workload [id=4df45f9d64cf4f0a981bd62d57b2b51d]), partition=RANGE (key) PARTITION VALUES < 214748364
I20260709 12:57:44.888660  1121 data_dirs.cc:400] Could only allocate 1 dirs of requested 3 for tablet b8c0e87efd9f4f5089899b838402b724. 1 dirs total, 0 dirs full, 0 dirs failed
I20260709 12:57:44.889757  1118 tablet_service.cc:1511] Processing CreateTablet for tablet 3e47f2e3e3a94bea9d9035347a7b9c65 (DEFAULT_TABLE table=test-workload [id=4df45f9d64cf4f0a981bd62d57b2b51d]), partition=RANGE (key) PARTITION 644245092 <= VALUES < 858993456
I20260709 12:57:44.891014  1118 data_dirs.cc:400] Could only allocate 1 dirs of requested 3 for tablet 3e47f2e3e3a94bea9d9035347a7b9c65. 1 dirs total, 0 dirs full, 0 dirs failed
I20260709 12:57:44.890707  1187 tablet_service.cc:1511] Processing CreateTablet for tablet 91c8aa4a848e4ab88f631757b4ef5a77 (DEFAULT_TABLE table=test-workload [id=4df45f9d64cf4f0a981bd62d57b2b51d]), partition=RANGE (key) PARTITION 1717986912 <= VALUES < 1932735276
I20260709 12:57:44.891959  1187 data_dirs.cc:400] Could only allocate 1 dirs of requested 3 for tablet 91c8aa4a848e4ab88f631757b4ef5a77. 1 dirs total, 0 dirs full, 0 dirs failed
I20260709 12:57:44.884852  1116 tablet_service.cc:1511] Processing CreateTablet for tablet 60b3ba2c44374ee2b4e40f9b38a65aaf (DEFAULT_TABLE table=test-workload [id=4df45f9d64cf4f0a981bd62d57b2b51d]), partition=RANGE (key) PARTITION 1073741820 <= VALUES < 1288490184
I20260709 12:57:44.893944  1116 data_dirs.cc:400] Could only allocate 1 dirs of requested 3 for tablet 60b3ba2c44374ee2b4e40f9b38a65aaf. 1 dirs total, 0 dirs full, 0 dirs failed
I20260709 12:57:44.895177  1186 tablet_service.cc:1511] Processing CreateTablet for tablet e02aba335ff84934b43156749ed1cb05 (DEFAULT_TABLE table=test-workload [id=4df45f9d64cf4f0a981bd62d57b2b51d]), partition=RANGE (key) PARTITION 1932735276 <= VALUES
I20260709 12:57:44.896459  1186 data_dirs.cc:400] Could only allocate 1 dirs of requested 3 for tablet e02aba335ff84934b43156749ed1cb05. 1 dirs total, 0 dirs full, 0 dirs failed
I20260709 12:57:44.898934  1115 tablet_service.cc:1511] Processing CreateTablet for tablet 6ace8e1b3fa947f99f3e04b7e19ed570 (DEFAULT_TABLE table=test-workload [id=4df45f9d64cf4f0a981bd62d57b2b51d]), partition=RANGE (key) PARTITION 1288490184 <= VALUES < 1503238548
I20260709 12:57:44.900159  1115 data_dirs.cc:400] Could only allocate 1 dirs of requested 3 for tablet 6ace8e1b3fa947f99f3e04b7e19ed570. 1 dirs total, 0 dirs full, 0 dirs failed
I20260709 12:57:44.902379  1114 tablet_service.cc:1511] Processing CreateTablet for tablet a082e40091af46dd833b5cfb9221f2cf (DEFAULT_TABLE table=test-workload [id=4df45f9d64cf4f0a981bd62d57b2b51d]), partition=RANGE (key) PARTITION 1503238548 <= VALUES < 1717986912
I20260709 12:57:44.905308  1113 tablet_service.cc:1511] Processing CreateTablet for tablet 91c8aa4a848e4ab88f631757b4ef5a77 (DEFAULT_TABLE table=test-workload [id=4df45f9d64cf4f0a981bd62d57b2b51d]), partition=RANGE (key) PARTITION 1717986912 <= VALUES < 1932735276
I20260709 12:57:44.908957  1112 tablet_service.cc:1511] Processing CreateTablet for tablet e02aba335ff84934b43156749ed1cb05 (DEFAULT_TABLE table=test-workload [id=4df45f9d64cf4f0a981bd62d57b2b51d]), partition=RANGE (key) PARTITION 1932735276 <= VALUES
I20260709 12:57:44.911708  1114 data_dirs.cc:400] Could only allocate 1 dirs of requested 3 for tablet a082e40091af46dd833b5cfb9221f2cf. 1 dirs total, 0 dirs full, 0 dirs failed
I20260709 12:57:44.912379  1112 data_dirs.cc:400] Could only allocate 1 dirs of requested 3 for tablet e02aba335ff84934b43156749ed1cb05. 1 dirs total, 0 dirs full, 0 dirs failed
I20260709 12:57:44.912992  1117 data_dirs.cc:400] Could only allocate 1 dirs of requested 3 for tablet 0c9a49423c28401fac8e18cc64a0a786. 1 dirs total, 0 dirs full, 0 dirs failed
I20260709 12:57:44.917097  1113 data_dirs.cc:400] Could only allocate 1 dirs of requested 3 for tablet 91c8aa4a848e4ab88f631757b4ef5a77. 1 dirs total, 0 dirs full, 0 dirs failed
I20260709 12:57:44.983892  1245 tablet_bootstrap.cc:492] T a344ae978dea4e9a9cf67749069c0a7d P 3de9602fce51498c8df632efa1c9be70: Bootstrap starting.
I20260709 12:57:44.988521  1245 tablet_bootstrap.cc:654] T a344ae978dea4e9a9cf67749069c0a7d P 3de9602fce51498c8df632efa1c9be70: Neither blocks nor log segments found. Creating new log.
I20260709 12:57:45.001674  1046 tablet_service.cc:1511] Processing CreateTablet for tablet b8c0e87efd9f4f5089899b838402b724 (DEFAULT_TABLE table=test-workload [id=4df45f9d64cf4f0a981bd62d57b2b51d]), partition=RANGE (key) PARTITION VALUES < 214748364
I20260709 12:57:45.003055  1046 data_dirs.cc:400] Could only allocate 1 dirs of requested 3 for tablet b8c0e87efd9f4f5089899b838402b724. 1 dirs total, 0 dirs full, 0 dirs failed
I20260709 12:57:45.004516  1246 tablet_bootstrap.cc:492] T 35d937777ed54693a4d2b2b2ddb8466c P b1f05400ac604d4f8292941515fc668d: Bootstrap starting.
I20260709 12:57:45.005424  1038 tablet_service.cc:1511] Processing CreateTablet for tablet 91c8aa4a848e4ab88f631757b4ef5a77 (DEFAULT_TABLE table=test-workload [id=4df45f9d64cf4f0a981bd62d57b2b51d]), partition=RANGE (key) PARTITION 1717986912 <= VALUES < 1932735276
I20260709 12:57:45.007239  1038 data_dirs.cc:400] Could only allocate 1 dirs of requested 3 for tablet 91c8aa4a848e4ab88f631757b4ef5a77. 1 dirs total, 0 dirs full, 0 dirs failed
I20260709 12:57:45.009641  1041 tablet_service.cc:1511] Processing CreateTablet for tablet 60b3ba2c44374ee2b4e40f9b38a65aaf (DEFAULT_TABLE table=test-workload [id=4df45f9d64cf4f0a981bd62d57b2b51d]), partition=RANGE (key) PARTITION 1073741820 <= VALUES < 1288490184
I20260709 12:57:45.011162  1042 tablet_service.cc:1511] Processing CreateTablet for tablet 0c9a49423c28401fac8e18cc64a0a786 (DEFAULT_TABLE table=test-workload [id=4df45f9d64cf4f0a981bd62d57b2b51d]), partition=RANGE (key) PARTITION 858993456 <= VALUES < 1073741820
I20260709 12:57:45.013059  1039 tablet_service.cc:1511] Processing CreateTablet for tablet a082e40091af46dd833b5cfb9221f2cf (DEFAULT_TABLE table=test-workload [id=4df45f9d64cf4f0a981bd62d57b2b51d]), partition=RANGE (key) PARTITION 1503238548 <= VALUES < 1717986912
I20260709 12:57:45.014683  1043 tablet_service.cc:1511] Processing CreateTablet for tablet 3e47f2e3e3a94bea9d9035347a7b9c65 (DEFAULT_TABLE table=test-workload [id=4df45f9d64cf4f0a981bd62d57b2b51d]), partition=RANGE (key) PARTITION 644245092 <= VALUES < 858993456
I20260709 12:57:45.020015  1045 tablet_service.cc:1511] Processing CreateTablet for tablet a344ae978dea4e9a9cf67749069c0a7d (DEFAULT_TABLE table=test-workload [id=4df45f9d64cf4f0a981bd62d57b2b51d]), partition=RANGE (key) PARTITION 214748364 <= VALUES < 429496728
I20260709 12:57:45.011619  1040 tablet_service.cc:1511] Processing CreateTablet for tablet 6ace8e1b3fa947f99f3e04b7e19ed570 (DEFAULT_TABLE table=test-workload [id=4df45f9d64cf4f0a981bd62d57b2b51d]), partition=RANGE (key) PARTITION 1288490184 <= VALUES < 1503238548
I20260709 12:57:45.020725  1037 tablet_service.cc:1511] Processing CreateTablet for tablet e02aba335ff84934b43156749ed1cb05 (DEFAULT_TABLE table=test-workload [id=4df45f9d64cf4f0a981bd62d57b2b51d]), partition=RANGE (key) PARTITION 1932735276 <= VALUES
I20260709 12:57:45.013105  1044 tablet_service.cc:1511] Processing CreateTablet for tablet 35d937777ed54693a4d2b2b2ddb8466c (DEFAULT_TABLE table=test-workload [id=4df45f9d64cf4f0a981bd62d57b2b51d]), partition=RANGE (key) PARTITION 429496728 <= VALUES < 644245092
I20260709 12:57:45.022297  1039 data_dirs.cc:400] Could only allocate 1 dirs of requested 3 for tablet a082e40091af46dd833b5cfb9221f2cf. 1 dirs total, 0 dirs full, 0 dirs failed
I20260709 12:57:45.022915  1042 data_dirs.cc:400] Could only allocate 1 dirs of requested 3 for tablet 0c9a49423c28401fac8e18cc64a0a786. 1 dirs total, 0 dirs full, 0 dirs failed
I20260709 12:57:45.023557  1041 data_dirs.cc:400] Could only allocate 1 dirs of requested 3 for tablet 60b3ba2c44374ee2b4e40f9b38a65aaf. 1 dirs total, 0 dirs full, 0 dirs failed
I20260709 12:57:45.029770  1037 data_dirs.cc:400] Could only allocate 1 dirs of requested 3 for tablet e02aba335ff84934b43156749ed1cb05. 1 dirs total, 0 dirs full, 0 dirs failed
I20260709 12:57:45.033644  1045 data_dirs.cc:400] Could only allocate 1 dirs of requested 3 for tablet a344ae978dea4e9a9cf67749069c0a7d. 1 dirs total, 0 dirs full, 0 dirs failed
I20260709 12:57:45.034415  1040 data_dirs.cc:400] Could only allocate 1 dirs of requested 3 for tablet 6ace8e1b3fa947f99f3e04b7e19ed570. 1 dirs total, 0 dirs full, 0 dirs failed
I20260709 12:57:45.039417  1044 data_dirs.cc:400] Could only allocate 1 dirs of requested 3 for tablet 35d937777ed54693a4d2b2b2ddb8466c. 1 dirs total, 0 dirs full, 0 dirs failed
I20260709 12:57:45.044735  1246 tablet_bootstrap.cc:654] T 35d937777ed54693a4d2b2b2ddb8466c P b1f05400ac604d4f8292941515fc668d: Neither blocks nor log segments found. Creating new log.
I20260709 12:57:45.045629  1043 data_dirs.cc:400] Could only allocate 1 dirs of requested 3 for tablet 3e47f2e3e3a94bea9d9035347a7b9c65. 1 dirs total, 0 dirs full, 0 dirs failed
I20260709 12:57:45.078994  1245 tablet_bootstrap.cc:492] T a344ae978dea4e9a9cf67749069c0a7d P 3de9602fce51498c8df632efa1c9be70: No bootstrap required, opened a new log
I20260709 12:57:45.079485  1245 ts_tablet_manager.cc:1403] T a344ae978dea4e9a9cf67749069c0a7d P 3de9602fce51498c8df632efa1c9be70: Time spent bootstrapping tablet: real 0.096s	user 0.014s	sys 0.008s
I20260709 12:57:45.082278  1245 raft_consensus.cc:359] T a344ae978dea4e9a9cf67749069c0a7d P 3de9602fce51498c8df632efa1c9be70 [term 0 FOLLOWER]: Replica starting. Triggering 0 pending ops. Active config: opid_index: -1 OBSOLETE_local: false peers { permanent_uuid: "a8166e17c5f142828e673bfac30d0a8f" member_type: VOTER last_known_addr { host: "127.0.107.193" port: 44409 } } peers { permanent_uuid: "b1f05400ac604d4f8292941515fc668d" member_type: VOTER last_known_addr { host: "127.0.107.194" port: 44265 } } peers { permanent_uuid: "3de9602fce51498c8df632efa1c9be70" member_type: VOTER last_known_addr { host: "127.0.107.195" port: 44083 } }
I20260709 12:57:45.082981  1245 raft_consensus.cc:385] T a344ae978dea4e9a9cf67749069c0a7d P 3de9602fce51498c8df632efa1c9be70 [term 0 FOLLOWER]: Consensus starting up: Expiring failure detector timer to make a prompt election more likely
I20260709 12:57:45.083288  1245 raft_consensus.cc:740] T a344ae978dea4e9a9cf67749069c0a7d P 3de9602fce51498c8df632efa1c9be70 [term 0 FOLLOWER]: Becoming Follower/Learner. State: Replica: 3de9602fce51498c8df632efa1c9be70, State: Initialized, Role: FOLLOWER
I20260709 12:57:45.084189  1245 consensus_queue.cc:260] T a344ae978dea4e9a9cf67749069c0a7d P 3de9602fce51498c8df632efa1c9be70 [NON_LEADER]: Queue going to NON_LEADER mode. State: All replicated index: 0, Majority replicated index: 0, Committed index: 0, Last appended: 0.0, Last appended by leader: 0, Current term: 0, Majority size: -1, State: 0, Mode: NON_LEADER, active raft config: opid_index: -1 OBSOLETE_local: false peers { permanent_uuid: "a8166e17c5f142828e673bfac30d0a8f" member_type: VOTER last_known_addr { host: "127.0.107.193" port: 44409 } } peers { permanent_uuid: "b1f05400ac604d4f8292941515fc668d" member_type: VOTER last_known_addr { host: "127.0.107.194" port: 44265 } } peers { permanent_uuid: "3de9602fce51498c8df632efa1c9be70" member_type: VOTER last_known_addr { host: "127.0.107.195" port: 44083 } }
I20260709 12:57:45.095156  1248 tablet_bootstrap.cc:492] T b8c0e87efd9f4f5089899b838402b724 P a8166e17c5f142828e673bfac30d0a8f: Bootstrap starting.
I20260709 12:57:45.096854  1230 heartbeater.cc:499] Master 127.0.107.254:41217 was elected leader, sending a full tablet report...
I20260709 12:57:45.097375  1246 tablet_bootstrap.cc:492] T 35d937777ed54693a4d2b2b2ddb8466c P b1f05400ac604d4f8292941515fc668d: No bootstrap required, opened a new log
I20260709 12:57:45.097831  1246 ts_tablet_manager.cc:1403] T 35d937777ed54693a4d2b2b2ddb8466c P b1f05400ac604d4f8292941515fc668d: Time spent bootstrapping tablet: real 0.094s	user 0.008s	sys 0.004s
I20260709 12:57:45.097389  1245 ts_tablet_manager.cc:1434] T a344ae978dea4e9a9cf67749069c0a7d P 3de9602fce51498c8df632efa1c9be70: Time spent starting tablet: real 0.018s	user 0.012s	sys 0.005s
I20260709 12:57:45.100682  1246 raft_consensus.cc:359] T 35d937777ed54693a4d2b2b2ddb8466c P b1f05400ac604d4f8292941515fc668d [term 0 FOLLOWER]: Replica starting. Triggering 0 pending ops. Active config: opid_index: -1 OBSOLETE_local: false peers { permanent_uuid: "a8166e17c5f142828e673bfac30d0a8f" member_type: VOTER last_known_addr { host: "127.0.107.193" port: 44409 } } peers { permanent_uuid: "b1f05400ac604d4f8292941515fc668d" member_type: VOTER last_known_addr { host: "127.0.107.194" port: 44265 } } peers { permanent_uuid: "3de9602fce51498c8df632efa1c9be70" member_type: VOTER last_known_addr { host: "127.0.107.195" port: 44083 } }
I20260709 12:57:45.101469  1246 raft_consensus.cc:385] T 35d937777ed54693a4d2b2b2ddb8466c P b1f05400ac604d4f8292941515fc668d [term 0 FOLLOWER]: Consensus starting up: Expiring failure detector timer to make a prompt election more likely
I20260709 12:57:45.101766  1245 tablet_bootstrap.cc:492] T 6ace8e1b3fa947f99f3e04b7e19ed570 P 3de9602fce51498c8df632efa1c9be70: Bootstrap starting.
I20260709 12:57:45.101776  1246 raft_consensus.cc:740] T 35d937777ed54693a4d2b2b2ddb8466c P b1f05400ac604d4f8292941515fc668d [term 0 FOLLOWER]: Becoming Follower/Learner. State: Replica: b1f05400ac604d4f8292941515fc668d, State: Initialized, Role: FOLLOWER
I20260709 12:57:45.102632  1246 consensus_queue.cc:260] T 35d937777ed54693a4d2b2b2ddb8466c P b1f05400ac604d4f8292941515fc668d [NON_LEADER]: Queue going to NON_LEADER mode. State: All replicated index: 0, Majority replicated index: 0, Committed index: 0, Last appended: 0.0, Last appended by leader: 0, Current term: 0, Majority size: -1, State: 0, Mode: NON_LEADER, active raft config: opid_index: -1 OBSOLETE_local: false peers { permanent_uuid: "a8166e17c5f142828e673bfac30d0a8f" member_type: VOTER last_known_addr { host: "127.0.107.193" port: 44409 } } peers { permanent_uuid: "b1f05400ac604d4f8292941515fc668d" member_type: VOTER last_known_addr { host: "127.0.107.194" port: 44265 } } peers { permanent_uuid: "3de9602fce51498c8df632efa1c9be70" member_type: VOTER last_known_addr { host: "127.0.107.195" port: 44083 } }
I20260709 12:57:45.104629  1156 heartbeater.cc:499] Master 127.0.107.254:41217 was elected leader, sending a full tablet report...
I20260709 12:57:45.105207  1246 ts_tablet_manager.cc:1434] T 35d937777ed54693a4d2b2b2ddb8466c P b1f05400ac604d4f8292941515fc668d: Time spent starting tablet: real 0.007s	user 0.008s	sys 0.000s
I20260709 12:57:45.106155  1246 tablet_bootstrap.cc:492] T 60b3ba2c44374ee2b4e40f9b38a65aaf P b1f05400ac604d4f8292941515fc668d: Bootstrap starting.
I20260709 12:57:45.112685  1246 tablet_bootstrap.cc:654] T 60b3ba2c44374ee2b4e40f9b38a65aaf P b1f05400ac604d4f8292941515fc668d: Neither blocks nor log segments found. Creating new log.
I20260709 12:57:45.114957  1245 tablet_bootstrap.cc:654] T 6ace8e1b3fa947f99f3e04b7e19ed570 P 3de9602fce51498c8df632efa1c9be70: Neither blocks nor log segments found. Creating new log.
I20260709 12:57:45.116811  1248 tablet_bootstrap.cc:654] T b8c0e87efd9f4f5089899b838402b724 P a8166e17c5f142828e673bfac30d0a8f: Neither blocks nor log segments found. Creating new log.
I20260709 12:57:45.118119  1246 tablet_bootstrap.cc:492] T 60b3ba2c44374ee2b4e40f9b38a65aaf P b1f05400ac604d4f8292941515fc668d: No bootstrap required, opened a new log
I20260709 12:57:45.118606  1246 ts_tablet_manager.cc:1403] T 60b3ba2c44374ee2b4e40f9b38a65aaf P b1f05400ac604d4f8292941515fc668d: Time spent bootstrapping tablet: real 0.013s	user 0.008s	sys 0.004s
I20260709 12:57:45.121451  1246 raft_consensus.cc:359] T 60b3ba2c44374ee2b4e40f9b38a65aaf P b1f05400ac604d4f8292941515fc668d [term 0 FOLLOWER]: Replica starting. Triggering 0 pending ops. Active config: opid_index: -1 OBSOLETE_local: false peers { permanent_uuid: "a8166e17c5f142828e673bfac30d0a8f" member_type: VOTER last_known_addr { host: "127.0.107.193" port: 44409 } } peers { permanent_uuid: "b1f05400ac604d4f8292941515fc668d" member_type: VOTER last_known_addr { host: "127.0.107.194" port: 44265 } } peers { permanent_uuid: "3de9602fce51498c8df632efa1c9be70" member_type: VOTER last_known_addr { host: "127.0.107.195" port: 44083 } }
I20260709 12:57:45.122148  1246 raft_consensus.cc:385] T 60b3ba2c44374ee2b4e40f9b38a65aaf P b1f05400ac604d4f8292941515fc668d [term 0 FOLLOWER]: Consensus starting up: Expiring failure detector timer to make a prompt election more likely
I20260709 12:57:45.122211  1248 tablet_bootstrap.cc:492] T b8c0e87efd9f4f5089899b838402b724 P a8166e17c5f142828e673bfac30d0a8f: No bootstrap required, opened a new log
I20260709 12:57:45.122493  1246 raft_consensus.cc:740] T 60b3ba2c44374ee2b4e40f9b38a65aaf P b1f05400ac604d4f8292941515fc668d [term 0 FOLLOWER]: Becoming Follower/Learner. State: Replica: b1f05400ac604d4f8292941515fc668d, State: Initialized, Role: FOLLOWER
I20260709 12:57:45.122861  1248 ts_tablet_manager.cc:1403] T b8c0e87efd9f4f5089899b838402b724 P a8166e17c5f142828e673bfac30d0a8f: Time spent bootstrapping tablet: real 0.028s	user 0.010s	sys 0.002s
I20260709 12:57:45.123240  1246 consensus_queue.cc:260] T 60b3ba2c44374ee2b4e40f9b38a65aaf P b1f05400ac604d4f8292941515fc668d [NON_LEADER]: Queue going to NON_LEADER mode. State: All replicated index: 0, Majority replicated index: 0, Committed index: 0, Last appended: 0.0, Last appended by leader: 0, Current term: 0, Majority size: -1, State: 0, Mode: NON_LEADER, active raft config: opid_index: -1 OBSOLETE_local: false peers { permanent_uuid: "a8166e17c5f142828e673bfac30d0a8f" member_type: VOTER last_known_addr { host: "127.0.107.193" port: 44409 } } peers { permanent_uuid: "b1f05400ac604d4f8292941515fc668d" member_type: VOTER last_known_addr { host: "127.0.107.194" port: 44265 } } peers { permanent_uuid: "3de9602fce51498c8df632efa1c9be70" member_type: VOTER last_known_addr { host: "127.0.107.195" port: 44083 } }
I20260709 12:57:45.125564  1246 ts_tablet_manager.cc:1434] T 60b3ba2c44374ee2b4e40f9b38a65aaf P b1f05400ac604d4f8292941515fc668d: Time spent starting tablet: real 0.007s	user 0.007s	sys 0.000s
I20260709 12:57:45.126466  1246 tablet_bootstrap.cc:492] T 6ace8e1b3fa947f99f3e04b7e19ed570 P b1f05400ac604d4f8292941515fc668d: Bootstrap starting.
I20260709 12:57:45.126025  1248 raft_consensus.cc:359] T b8c0e87efd9f4f5089899b838402b724 P a8166e17c5f142828e673bfac30d0a8f [term 0 FOLLOWER]: Replica starting. Triggering 0 pending ops. Active config: opid_index: -1 OBSOLETE_local: false peers { permanent_uuid: "3de9602fce51498c8df632efa1c9be70" member_type: VOTER last_known_addr { host: "127.0.107.195" port: 44083 } } peers { permanent_uuid: "b1f05400ac604d4f8292941515fc668d" member_type: VOTER last_known_addr { host: "127.0.107.194" port: 44265 } } peers { permanent_uuid: "a8166e17c5f142828e673bfac30d0a8f" member_type: VOTER last_known_addr { host: "127.0.107.193" port: 44409 } }
I20260709 12:57:45.126922  1248 raft_consensus.cc:385] T b8c0e87efd9f4f5089899b838402b724 P a8166e17c5f142828e673bfac30d0a8f [term 0 FOLLOWER]: Consensus starting up: Expiring failure detector timer to make a prompt election more likely
I20260709 12:57:45.128443  1248 raft_consensus.cc:740] T b8c0e87efd9f4f5089899b838402b724 P a8166e17c5f142828e673bfac30d0a8f [term 0 FOLLOWER]: Becoming Follower/Learner. State: Replica: a8166e17c5f142828e673bfac30d0a8f, State: Initialized, Role: FOLLOWER
I20260709 12:57:45.129148  1248 consensus_queue.cc:260] T b8c0e87efd9f4f5089899b838402b724 P a8166e17c5f142828e673bfac30d0a8f [NON_LEADER]: Queue going to NON_LEADER mode. State: All replicated index: 0, Majority replicated index: 0, Committed index: 0, Last appended: 0.0, Last appended by leader: 0, Current term: 0, Majority size: -1, State: 0, Mode: NON_LEADER, active raft config: opid_index: -1 OBSOLETE_local: false peers { permanent_uuid: "3de9602fce51498c8df632efa1c9be70" member_type: VOTER last_known_addr { host: "127.0.107.195" port: 44083 } } peers { permanent_uuid: "b1f05400ac604d4f8292941515fc668d" member_type: VOTER last_known_addr { host: "127.0.107.194" port: 44265 } } peers { permanent_uuid: "a8166e17c5f142828e673bfac30d0a8f" member_type: VOTER last_known_addr { host: "127.0.107.193" port: 44409 } }
I20260709 12:57:45.131215  1245 tablet_bootstrap.cc:492] T 6ace8e1b3fa947f99f3e04b7e19ed570 P 3de9602fce51498c8df632efa1c9be70: No bootstrap required, opened a new log
I20260709 12:57:45.131579  1081 heartbeater.cc:499] Master 127.0.107.254:41217 was elected leader, sending a full tablet report...
I20260709 12:57:45.131681  1245 ts_tablet_manager.cc:1403] T 6ace8e1b3fa947f99f3e04b7e19ed570 P 3de9602fce51498c8df632efa1c9be70: Time spent bootstrapping tablet: real 0.030s	user 0.006s	sys 0.005s
I20260709 12:57:45.134013  1246 tablet_bootstrap.cc:654] T 6ace8e1b3fa947f99f3e04b7e19ed570 P b1f05400ac604d4f8292941515fc668d: Neither blocks nor log segments found. Creating new log.
I20260709 12:57:45.134383  1248 ts_tablet_manager.cc:1434] T b8c0e87efd9f4f5089899b838402b724 P a8166e17c5f142828e673bfac30d0a8f: Time spent starting tablet: real 0.011s	user 0.005s	sys 0.002s
I20260709 12:57:45.134651  1245 raft_consensus.cc:359] T 6ace8e1b3fa947f99f3e04b7e19ed570 P 3de9602fce51498c8df632efa1c9be70 [term 0 FOLLOWER]: Replica starting. Triggering 0 pending ops. Active config: opid_index: -1 OBSOLETE_local: false peers { permanent_uuid: "a8166e17c5f142828e673bfac30d0a8f" member_type: VOTER last_known_addr { host: "127.0.107.193" port: 44409 } } peers { permanent_uuid: "b1f05400ac604d4f8292941515fc668d" member_type: VOTER last_known_addr { host: "127.0.107.194" port: 44265 } } peers { permanent_uuid: "3de9602fce51498c8df632efa1c9be70" member_type: VOTER last_known_addr { host: "127.0.107.195" port: 44083 } }
I20260709 12:57:45.135296  1248 tablet_bootstrap.cc:492] T 0c9a49423c28401fac8e18cc64a0a786 P a8166e17c5f142828e673bfac30d0a8f: Bootstrap starting.
I20260709 12:57:45.135401  1245 raft_consensus.cc:385] T 6ace8e1b3fa947f99f3e04b7e19ed570 P 3de9602fce51498c8df632efa1c9be70 [term 0 FOLLOWER]: Consensus starting up: Expiring failure detector timer to make a prompt election more likely
I20260709 12:57:45.135838  1245 raft_consensus.cc:740] T 6ace8e1b3fa947f99f3e04b7e19ed570 P 3de9602fce51498c8df632efa1c9be70 [term 0 FOLLOWER]: Becoming Follower/Learner. State: Replica: 3de9602fce51498c8df632efa1c9be70, State: Initialized, Role: FOLLOWER
I20260709 12:57:45.136725  1245 consensus_queue.cc:260] T 6ace8e1b3fa947f99f3e04b7e19ed570 P 3de9602fce51498c8df632efa1c9be70 [NON_LEADER]: Queue going to NON_LEADER mode. State: All replicated index: 0, Majority replicated index: 0, Committed index: 0, Last appended: 0.0, Last appended by leader: 0, Current term: 0, Majority size: -1, State: 0, Mode: NON_LEADER, active raft config: opid_index: -1 OBSOLETE_local: false peers { permanent_uuid: "a8166e17c5f142828e673bfac30d0a8f" member_type: VOTER last_known_addr { host: "127.0.107.193" port: 44409 } } peers { permanent_uuid: "b1f05400ac604d4f8292941515fc668d" member_type: VOTER last_known_addr { host: "127.0.107.194" port: 44265 } } peers { permanent_uuid: "3de9602fce51498c8df632efa1c9be70" member_type: VOTER last_known_addr { host: "127.0.107.195" port: 44083 } }
I20260709 12:57:45.142298  1248 tablet_bootstrap.cc:654] T 0c9a49423c28401fac8e18cc64a0a786 P a8166e17c5f142828e673bfac30d0a8f: Neither blocks nor log segments found. Creating new log.
I20260709 12:57:45.150326  1245 ts_tablet_manager.cc:1434] T 6ace8e1b3fa947f99f3e04b7e19ed570 P 3de9602fce51498c8df632efa1c9be70: Time spent starting tablet: real 0.018s	user 0.008s	sys 0.000s
I20260709 12:57:45.151643  1245 tablet_bootstrap.cc:492] T b8c0e87efd9f4f5089899b838402b724 P 3de9602fce51498c8df632efa1c9be70: Bootstrap starting.
I20260709 12:57:45.154778  1251 raft_consensus.cc:493] T 35d937777ed54693a4d2b2b2ddb8466c P b1f05400ac604d4f8292941515fc668d [term 0 FOLLOWER]: Starting pre-election (no leader contacted us within the election timeout)
I20260709 12:57:45.155421  1251 raft_consensus.cc:515] T 35d937777ed54693a4d2b2b2ddb8466c P b1f05400ac604d4f8292941515fc668d [term 0 FOLLOWER]: Starting pre-election with config: opid_index: -1 OBSOLETE_local: false peers { permanent_uuid: "a8166e17c5f142828e673bfac30d0a8f" member_type: VOTER last_known_addr { host: "127.0.107.193" port: 44409 } } peers { permanent_uuid: "b1f05400ac604d4f8292941515fc668d" member_type: VOTER last_known_addr { host: "127.0.107.194" port: 44265 } } peers { permanent_uuid: "3de9602fce51498c8df632efa1c9be70" member_type: VOTER last_known_addr { host: "127.0.107.195" port: 44083 } }
I20260709 12:57:45.160647  1246 tablet_bootstrap.cc:492] T 6ace8e1b3fa947f99f3e04b7e19ed570 P b1f05400ac604d4f8292941515fc668d: No bootstrap required, opened a new log
I20260709 12:57:45.161263  1246 ts_tablet_manager.cc:1403] T 6ace8e1b3fa947f99f3e04b7e19ed570 P b1f05400ac604d4f8292941515fc668d: Time spent bootstrapping tablet: real 0.035s	user 0.018s	sys 0.015s
I20260709 12:57:45.162792  1248 tablet_bootstrap.cc:492] T 0c9a49423c28401fac8e18cc64a0a786 P a8166e17c5f142828e673bfac30d0a8f: No bootstrap required, opened a new log
I20260709 12:57:45.163255  1248 ts_tablet_manager.cc:1403] T 0c9a49423c28401fac8e18cc64a0a786 P a8166e17c5f142828e673bfac30d0a8f: Time spent bootstrapping tablet: real 0.028s	user 0.007s	sys 0.015s
I20260709 12:57:45.164347  1246 raft_consensus.cc:359] T 6ace8e1b3fa947f99f3e04b7e19ed570 P b1f05400ac604d4f8292941515fc668d [term 0 FOLLOWER]: Replica starting. Triggering 0 pending ops. Active config: opid_index: -1 OBSOLETE_local: false peers { permanent_uuid: "a8166e17c5f142828e673bfac30d0a8f" member_type: VOTER last_known_addr { host: "127.0.107.193" port: 44409 } } peers { permanent_uuid: "b1f05400ac604d4f8292941515fc668d" member_type: VOTER last_known_addr { host: "127.0.107.194" port: 44265 } } peers { permanent_uuid: "3de9602fce51498c8df632efa1c9be70" member_type: VOTER last_known_addr { host: "127.0.107.195" port: 44083 } }
I20260709 12:57:45.165135  1246 raft_consensus.cc:385] T 6ace8e1b3fa947f99f3e04b7e19ed570 P b1f05400ac604d4f8292941515fc668d [term 0 FOLLOWER]: Consensus starting up: Expiring failure detector timer to make a prompt election more likely
I20260709 12:57:45.165429  1246 raft_consensus.cc:740] T 6ace8e1b3fa947f99f3e04b7e19ed570 P b1f05400ac604d4f8292941515fc668d [term 0 FOLLOWER]: Becoming Follower/Learner. State: Replica: b1f05400ac604d4f8292941515fc668d, State: Initialized, Role: FOLLOWER
I20260709 12:57:45.166294  1248 raft_consensus.cc:359] T 0c9a49423c28401fac8e18cc64a0a786 P a8166e17c5f142828e673bfac30d0a8f [term 0 FOLLOWER]: Replica starting. Triggering 0 pending ops. Active config: opid_index: -1 OBSOLETE_local: false peers { permanent_uuid: "a8166e17c5f142828e673bfac30d0a8f" member_type: VOTER last_known_addr { host: "127.0.107.193" port: 44409 } } peers { permanent_uuid: "b1f05400ac604d4f8292941515fc668d" member_type: VOTER last_known_addr { host: "127.0.107.194" port: 44265 } } peers { permanent_uuid: "3de9602fce51498c8df632efa1c9be70" member_type: VOTER last_known_addr { host: "127.0.107.195" port: 44083 } }
I20260709 12:57:45.166332  1246 consensus_queue.cc:260] T 6ace8e1b3fa947f99f3e04b7e19ed570 P b1f05400ac604d4f8292941515fc668d [NON_LEADER]: Queue going to NON_LEADER mode. State: All replicated index: 0, Majority replicated index: 0, Committed index: 0, Last appended: 0.0, Last appended by leader: 0, Current term: 0, Majority size: -1, State: 0, Mode: NON_LEADER, active raft config: opid_index: -1 OBSOLETE_local: false peers { permanent_uuid: "a8166e17c5f142828e673bfac30d0a8f" member_type: VOTER last_known_addr { host: "127.0.107.193" port: 44409 } } peers { permanent_uuid: "b1f05400ac604d4f8292941515fc668d" member_type: VOTER last_known_addr { host: "127.0.107.194" port: 44265 } } peers { permanent_uuid: "3de9602fce51498c8df632efa1c9be70" member_type: VOTER last_known_addr { host: "127.0.107.195" port: 44083 } }
I20260709 12:57:45.167153  1248 raft_consensus.cc:385] T 0c9a49423c28401fac8e18cc64a0a786 P a8166e17c5f142828e673bfac30d0a8f [term 0 FOLLOWER]: Consensus starting up: Expiring failure detector timer to make a prompt election more likely
I20260709 12:57:45.167482  1248 raft_consensus.cc:740] T 0c9a49423c28401fac8e18cc64a0a786 P a8166e17c5f142828e673bfac30d0a8f [term 0 FOLLOWER]: Becoming Follower/Learner. State: Replica: a8166e17c5f142828e673bfac30d0a8f, State: Initialized, Role: FOLLOWER
I20260709 12:57:45.168846  1248 consensus_queue.cc:260] T 0c9a49423c28401fac8e18cc64a0a786 P a8166e17c5f142828e673bfac30d0a8f [NON_LEADER]: Queue going to NON_LEADER mode. State: All replicated index: 0, Majority replicated index: 0, Committed index: 0, Last appended: 0.0, Last appended by leader: 0, Current term: 0, Majority size: -1, State: 0, Mode: NON_LEADER, active raft config: opid_index: -1 OBSOLETE_local: false peers { permanent_uuid: "a8166e17c5f142828e673bfac30d0a8f" member_type: VOTER last_known_addr { host: "127.0.107.193" port: 44409 } } peers { permanent_uuid: "b1f05400ac604d4f8292941515fc668d" member_type: VOTER last_known_addr { host: "127.0.107.194" port: 44265 } } peers { permanent_uuid: "3de9602fce51498c8df632efa1c9be70" member_type: VOTER last_known_addr { host: "127.0.107.195" port: 44083 } }
I20260709 12:57:45.171031  1248 ts_tablet_manager.cc:1434] T 0c9a49423c28401fac8e18cc64a0a786 P a8166e17c5f142828e673bfac30d0a8f: Time spent starting tablet: real 0.007s	user 0.007s	sys 0.000s
I20260709 12:57:45.171429  1251 leader_election.cc:290] T 35d937777ed54693a4d2b2b2ddb8466c P b1f05400ac604d4f8292941515fc668d [CANDIDATE]: Term 1 pre-election: Requested pre-vote from peers a8166e17c5f142828e673bfac30d0a8f (127.0.107.193:44409), 3de9602fce51498c8df632efa1c9be70 (127.0.107.195:44083)
I20260709 12:57:45.171958  1248 tablet_bootstrap.cc:492] T 3e47f2e3e3a94bea9d9035347a7b9c65 P a8166e17c5f142828e673bfac30d0a8f: Bootstrap starting.
I20260709 12:57:45.161125  1245 tablet_bootstrap.cc:654] T b8c0e87efd9f4f5089899b838402b724 P 3de9602fce51498c8df632efa1c9be70: Neither blocks nor log segments found. Creating new log.
I20260709 12:57:45.181766  1248 tablet_bootstrap.cc:654] T 3e47f2e3e3a94bea9d9035347a7b9c65 P a8166e17c5f142828e673bfac30d0a8f: Neither blocks nor log segments found. Creating new log.
I20260709 12:57:45.197583  1248 tablet_bootstrap.cc:492] T 3e47f2e3e3a94bea9d9035347a7b9c65 P a8166e17c5f142828e673bfac30d0a8f: No bootstrap required, opened a new log
I20260709 12:57:45.198117  1248 ts_tablet_manager.cc:1403] T 3e47f2e3e3a94bea9d9035347a7b9c65 P a8166e17c5f142828e673bfac30d0a8f: Time spent bootstrapping tablet: real 0.026s	user 0.011s	sys 0.010s
I20260709 12:57:45.198185  1245 tablet_bootstrap.cc:492] T b8c0e87efd9f4f5089899b838402b724 P 3de9602fce51498c8df632efa1c9be70: No bootstrap required, opened a new log
I20260709 12:57:45.199337  1205 tablet_service.cc:1917] Received RequestConsensusVote() RPC: tablet_id: "35d937777ed54693a4d2b2b2ddb8466c" candidate_uuid: "b1f05400ac604d4f8292941515fc668d" candidate_term: 1 candidate_status { last_received { term: 0 index: 0 } } ignore_live_leader: false dest_uuid: "3de9602fce51498c8df632efa1c9be70" is_pre_election: true
I20260709 12:57:45.199710  1056 tablet_service.cc:1917] Received RequestConsensusVote() RPC: tablet_id: "35d937777ed54693a4d2b2b2ddb8466c" candidate_uuid: "b1f05400ac604d4f8292941515fc668d" candidate_term: 1 candidate_status { last_received { term: 0 index: 0 } } ignore_live_leader: false dest_uuid: "a8166e17c5f142828e673bfac30d0a8f" is_pre_election: true
I20260709 12:57:45.199986  1245 ts_tablet_manager.cc:1403] T b8c0e87efd9f4f5089899b838402b724 P 3de9602fce51498c8df632efa1c9be70: Time spent bootstrapping tablet: real 0.049s	user 0.013s	sys 0.005s
I20260709 12:57:45.200304  1246 ts_tablet_manager.cc:1434] T 6ace8e1b3fa947f99f3e04b7e19ed570 P b1f05400ac604d4f8292941515fc668d: Time spent starting tablet: real 0.039s	user 0.012s	sys 0.021s
W20260709 12:57:45.201316  1096 leader_election.cc:343] T 35d937777ed54693a4d2b2b2ddb8466c P b1f05400ac604d4f8292941515fc668d [CANDIDATE]: Term 1 pre-election: Tablet error from VoteRequest() call to peer a8166e17c5f142828e673bfac30d0a8f (127.0.107.193:44409): Illegal state: must be running to vote when last-logged opid is not known
W20260709 12:57:45.202008  1096 leader_election.cc:343] T 35d937777ed54693a4d2b2b2ddb8466c P b1f05400ac604d4f8292941515fc668d [CANDIDATE]: Term 1 pre-election: Tablet error from VoteRequest() call to peer 3de9602fce51498c8df632efa1c9be70 (127.0.107.195:44083): Illegal state: must be running to vote when last-logged opid is not known
I20260709 12:57:45.202400  1096 leader_election.cc:304] T 35d937777ed54693a4d2b2b2ddb8466c P b1f05400ac604d4f8292941515fc668d [CANDIDATE]: Term 1 pre-election: Election decided. Result: candidate lost. Election summary: received 3 responses out of 3 voters: 1 yes votes; 2 no votes. yes voters: b1f05400ac604d4f8292941515fc668d; no voters: 3de9602fce51498c8df632efa1c9be70, a8166e17c5f142828e673bfac30d0a8f
I20260709 12:57:45.202756  1248 raft_consensus.cc:359] T 3e47f2e3e3a94bea9d9035347a7b9c65 P a8166e17c5f142828e673bfac30d0a8f [term 0 FOLLOWER]: Replica starting. Triggering 0 pending ops. Active config: opid_index: -1 OBSOLETE_local: false peers { permanent_uuid: "a8166e17c5f142828e673bfac30d0a8f" member_type: VOTER last_known_addr { host: "127.0.107.193" port: 44409 } } peers { permanent_uuid: "b1f05400ac604d4f8292941515fc668d" member_type: VOTER last_known_addr { host: "127.0.107.194" port: 44265 } } peers { permanent_uuid: "3de9602fce51498c8df632efa1c9be70" member_type: VOTER last_known_addr { host: "127.0.107.195" port: 44083 } }
I20260709 12:57:45.203483  1248 raft_consensus.cc:385] T 3e47f2e3e3a94bea9d9035347a7b9c65 P a8166e17c5f142828e673bfac30d0a8f [term 0 FOLLOWER]: Consensus starting up: Expiring failure detector timer to make a prompt election more likely
I20260709 12:57:45.203474  1258 raft_consensus.cc:2749] T 35d937777ed54693a4d2b2b2ddb8466c P b1f05400ac604d4f8292941515fc668d [term 0 FOLLOWER]: Leader pre-election lost for term 1. Reason: could not achieve majority
I20260709 12:57:45.203964  1248 raft_consensus.cc:740] T 3e47f2e3e3a94bea9d9035347a7b9c65 P a8166e17c5f142828e673bfac30d0a8f [term 0 FOLLOWER]: Becoming Follower/Learner. State: Replica: a8166e17c5f142828e673bfac30d0a8f, State: Initialized, Role: FOLLOWER
I20260709 12:57:45.204056  1245 raft_consensus.cc:359] T b8c0e87efd9f4f5089899b838402b724 P 3de9602fce51498c8df632efa1c9be70 [term 0 FOLLOWER]: Replica starting. Triggering 0 pending ops. Active config: opid_index: -1 OBSOLETE_local: false peers { permanent_uuid: "3de9602fce51498c8df632efa1c9be70" member_type: VOTER last_known_addr { host: "127.0.107.195" port: 44083 } } peers { permanent_uuid: "b1f05400ac604d4f8292941515fc668d" member_type: VOTER last_known_addr { host: "127.0.107.194" port: 44265 } } peers { permanent_uuid: "a8166e17c5f142828e673bfac30d0a8f" member_type: VOTER last_known_addr { host: "127.0.107.193" port: 44409 } }
I20260709 12:57:45.204842  1245 raft_consensus.cc:385] T b8c0e87efd9f4f5089899b838402b724 P 3de9602fce51498c8df632efa1c9be70 [term 0 FOLLOWER]: Consensus starting up: Expiring failure detector timer to make a prompt election more likely
I20260709 12:57:45.205255  1245 raft_consensus.cc:740] T b8c0e87efd9f4f5089899b838402b724 P 3de9602fce51498c8df632efa1c9be70 [term 0 FOLLOWER]: Becoming Follower/Learner. State: Replica: 3de9602fce51498c8df632efa1c9be70, State: Initialized, Role: FOLLOWER
I20260709 12:57:45.204787  1248 consensus_queue.cc:260] T 3e47f2e3e3a94bea9d9035347a7b9c65 P a8166e17c5f142828e673bfac30d0a8f [NON_LEADER]: Queue going to NON_LEADER mode. State: All replicated index: 0, Majority replicated index: 0, Committed index: 0, Last appended: 0.0, Last appended by leader: 0, Current term: 0, Majority size: -1, State: 0, Mode: NON_LEADER, active raft config: opid_index: -1 OBSOLETE_local: false peers { permanent_uuid: "a8166e17c5f142828e673bfac30d0a8f" member_type: VOTER last_known_addr { host: "127.0.107.193" port: 44409 } } peers { permanent_uuid: "b1f05400ac604d4f8292941515fc668d" member_type: VOTER last_known_addr { host: "127.0.107.194" port: 44265 } } peers { permanent_uuid: "3de9602fce51498c8df632efa1c9be70" member_type: VOTER last_known_addr { host: "127.0.107.195" port: 44083 } }
I20260709 12:57:45.206907  1246 tablet_bootstrap.cc:492] T 3e47f2e3e3a94bea9d9035347a7b9c65 P b1f05400ac604d4f8292941515fc668d: Bootstrap starting.
I20260709 12:57:45.207150  1248 ts_tablet_manager.cc:1434] T 3e47f2e3e3a94bea9d9035347a7b9c65 P a8166e17c5f142828e673bfac30d0a8f: Time spent starting tablet: real 0.009s	user 0.007s	sys 0.000s
I20260709 12:57:45.208155  1248 tablet_bootstrap.cc:492] T 6ace8e1b3fa947f99f3e04b7e19ed570 P a8166e17c5f142828e673bfac30d0a8f: Bootstrap starting.
I20260709 12:57:45.207943  1245 consensus_queue.cc:260] T b8c0e87efd9f4f5089899b838402b724 P 3de9602fce51498c8df632efa1c9be70 [NON_LEADER]: Queue going to NON_LEADER mode. State: All replicated index: 0, Majority replicated index: 0, Committed index: 0, Last appended: 0.0, Last appended by leader: 0, Current term: 0, Majority size: -1, State: 0, Mode: NON_LEADER, active raft config: opid_index: -1 OBSOLETE_local: false peers { permanent_uuid: "3de9602fce51498c8df632efa1c9be70" member_type: VOTER last_known_addr { host: "127.0.107.195" port: 44083 } } peers { permanent_uuid: "b1f05400ac604d4f8292941515fc668d" member_type: VOTER last_known_addr { host: "127.0.107.194" port: 44265 } } peers { permanent_uuid: "a8166e17c5f142828e673bfac30d0a8f" member_type: VOTER last_known_addr { host: "127.0.107.193" port: 44409 } }
I20260709 12:57:45.213498  1246 tablet_bootstrap.cc:654] T 3e47f2e3e3a94bea9d9035347a7b9c65 P b1f05400ac604d4f8292941515fc668d: Neither blocks nor log segments found. Creating new log.
I20260709 12:57:45.214772  1248 tablet_bootstrap.cc:654] T 6ace8e1b3fa947f99f3e04b7e19ed570 P a8166e17c5f142828e673bfac30d0a8f: Neither blocks nor log segments found. Creating new log.
I20260709 12:57:45.217700  1245 ts_tablet_manager.cc:1434] T b8c0e87efd9f4f5089899b838402b724 P 3de9602fce51498c8df632efa1c9be70: Time spent starting tablet: real 0.017s	user 0.002s	sys 0.005s
I20260709 12:57:45.219213  1245 tablet_bootstrap.cc:492] T 3e47f2e3e3a94bea9d9035347a7b9c65 P 3de9602fce51498c8df632efa1c9be70: Bootstrap starting.
I20260709 12:57:45.226334  1248 tablet_bootstrap.cc:492] T 6ace8e1b3fa947f99f3e04b7e19ed570 P a8166e17c5f142828e673bfac30d0a8f: No bootstrap required, opened a new log
I20260709 12:57:45.226843  1248 ts_tablet_manager.cc:1403] T 6ace8e1b3fa947f99f3e04b7e19ed570 P a8166e17c5f142828e673bfac30d0a8f: Time spent bootstrapping tablet: real 0.019s	user 0.012s	sys 0.004s
I20260709 12:57:45.228552  1245 tablet_bootstrap.cc:654] T 3e47f2e3e3a94bea9d9035347a7b9c65 P 3de9602fce51498c8df632efa1c9be70: Neither blocks nor log segments found. Creating new log.
I20260709 12:57:45.229663  1248 raft_consensus.cc:359] T 6ace8e1b3fa947f99f3e04b7e19ed570 P a8166e17c5f142828e673bfac30d0a8f [term 0 FOLLOWER]: Replica starting. Triggering 0 pending ops. Active config: opid_index: -1 OBSOLETE_local: false peers { permanent_uuid: "a8166e17c5f142828e673bfac30d0a8f" member_type: VOTER last_known_addr { host: "127.0.107.193" port: 44409 } } peers { permanent_uuid: "b1f05400ac604d4f8292941515fc668d" member_type: VOTER last_known_addr { host: "127.0.107.194" port: 44265 } } peers { permanent_uuid: "3de9602fce51498c8df632efa1c9be70" member_type: VOTER last_known_addr { host: "127.0.107.195" port: 44083 } }
I20260709 12:57:45.230229  1248 raft_consensus.cc:385] T 6ace8e1b3fa947f99f3e04b7e19ed570 P a8166e17c5f142828e673bfac30d0a8f [term 0 FOLLOWER]: Consensus starting up: Expiring failure detector timer to make a prompt election more likely
I20260709 12:57:45.230481  1248 raft_consensus.cc:740] T 6ace8e1b3fa947f99f3e04b7e19ed570 P a8166e17c5f142828e673bfac30d0a8f [term 0 FOLLOWER]: Becoming Follower/Learner. State: Replica: a8166e17c5f142828e673bfac30d0a8f, State: Initialized, Role: FOLLOWER
I20260709 12:57:45.230792  1246 tablet_bootstrap.cc:492] T 3e47f2e3e3a94bea9d9035347a7b9c65 P b1f05400ac604d4f8292941515fc668d: No bootstrap required, opened a new log
I20260709 12:57:45.231293  1246 ts_tablet_manager.cc:1403] T 3e47f2e3e3a94bea9d9035347a7b9c65 P b1f05400ac604d4f8292941515fc668d: Time spent bootstrapping tablet: real 0.025s	user 0.013s	sys 0.009s
I20260709 12:57:45.231122  1248 consensus_queue.cc:260] T 6ace8e1b3fa947f99f3e04b7e19ed570 P a8166e17c5f142828e673bfac30d0a8f [NON_LEADER]: Queue going to NON_LEADER mode. State: All replicated index: 0, Majority replicated index: 0, Committed index: 0, Last appended: 0.0, Last appended by leader: 0, Current term: 0, Majority size: -1, State: 0, Mode: NON_LEADER, active raft config: opid_index: -1 OBSOLETE_local: false peers { permanent_uuid: "a8166e17c5f142828e673bfac30d0a8f" member_type: VOTER last_known_addr { host: "127.0.107.193" port: 44409 } } peers { permanent_uuid: "b1f05400ac604d4f8292941515fc668d" member_type: VOTER last_known_addr { host: "127.0.107.194" port: 44265 } } peers { permanent_uuid: "3de9602fce51498c8df632efa1c9be70" member_type: VOTER last_known_addr { host: "127.0.107.195" port: 44083 } }
I20260709 12:57:45.233523  1248 ts_tablet_manager.cc:1434] T 6ace8e1b3fa947f99f3e04b7e19ed570 P a8166e17c5f142828e673bfac30d0a8f: Time spent starting tablet: real 0.006s	user 0.008s	sys 0.000s
I20260709 12:57:45.234486  1248 tablet_bootstrap.cc:492] T 60b3ba2c44374ee2b4e40f9b38a65aaf P a8166e17c5f142828e673bfac30d0a8f: Bootstrap starting.
I20260709 12:57:45.234719  1245 tablet_bootstrap.cc:492] T 3e47f2e3e3a94bea9d9035347a7b9c65 P 3de9602fce51498c8df632efa1c9be70: No bootstrap required, opened a new log
I20260709 12:57:45.234418  1246 raft_consensus.cc:359] T 3e47f2e3e3a94bea9d9035347a7b9c65 P b1f05400ac604d4f8292941515fc668d [term 0 FOLLOWER]: Replica starting. Triggering 0 pending ops. Active config: opid_index: -1 OBSOLETE_local: false peers { permanent_uuid: "a8166e17c5f142828e673bfac30d0a8f" member_type: VOTER last_known_addr { host: "127.0.107.193" port: 44409 } } peers { permanent_uuid: "b1f05400ac604d4f8292941515fc668d" member_type: VOTER last_known_addr { host: "127.0.107.194" port: 44265 } } peers { permanent_uuid: "3de9602fce51498c8df632efa1c9be70" member_type: VOTER last_known_addr { host: "127.0.107.195" port: 44083 } }
I20260709 12:57:45.235328  1246 raft_consensus.cc:385] T 3e47f2e3e3a94bea9d9035347a7b9c65 P b1f05400ac604d4f8292941515fc668d [term 0 FOLLOWER]: Consensus starting up: Expiring failure detector timer to make a prompt election more likely
I20260709 12:57:45.235458  1245 ts_tablet_manager.cc:1403] T 3e47f2e3e3a94bea9d9035347a7b9c65 P 3de9602fce51498c8df632efa1c9be70: Time spent bootstrapping tablet: real 0.017s	user 0.010s	sys 0.005s
I20260709 12:57:45.235685  1246 raft_consensus.cc:740] T 3e47f2e3e3a94bea9d9035347a7b9c65 P b1f05400ac604d4f8292941515fc668d [term 0 FOLLOWER]: Becoming Follower/Learner. State: Replica: b1f05400ac604d4f8292941515fc668d, State: Initialized, Role: FOLLOWER
I20260709 12:57:45.236601  1246 consensus_queue.cc:260] T 3e47f2e3e3a94bea9d9035347a7b9c65 P b1f05400ac604d4f8292941515fc668d [NON_LEADER]: Queue going to NON_LEADER mode. State: All replicated index: 0, Majority replicated index: 0, Committed index: 0, Last appended: 0.0, Last appended by leader: 0, Current term: 0, Majority size: -1, State: 0, Mode: NON_LEADER, active raft config: opid_index: -1 OBSOLETE_local: false peers { permanent_uuid: "a8166e17c5f142828e673bfac30d0a8f" member_type: VOTER last_known_addr { host: "127.0.107.193" port: 44409 } } peers { permanent_uuid: "b1f05400ac604d4f8292941515fc668d" member_type: VOTER last_known_addr { host: "127.0.107.194" port: 44265 } } peers { permanent_uuid: "3de9602fce51498c8df632efa1c9be70" member_type: VOTER last_known_addr { host: "127.0.107.195" port: 44083 } }
I20260709 12:57:45.238781  1246 ts_tablet_manager.cc:1434] T 3e47f2e3e3a94bea9d9035347a7b9c65 P b1f05400ac604d4f8292941515fc668d: Time spent starting tablet: real 0.007s	user 0.008s	sys 0.000s
I20260709 12:57:45.238901  1245 raft_consensus.cc:359] T 3e47f2e3e3a94bea9d9035347a7b9c65 P 3de9602fce51498c8df632efa1c9be70 [term 0 FOLLOWER]: Replica starting. Triggering 0 pending ops. Active config: opid_index: -1 OBSOLETE_local: false peers { permanent_uuid: "a8166e17c5f142828e673bfac30d0a8f" member_type: VOTER last_known_addr { host: "127.0.107.193" port: 44409 } } peers { permanent_uuid: "b1f05400ac604d4f8292941515fc668d" member_type: VOTER last_known_addr { host: "127.0.107.194" port: 44265 } } peers { permanent_uuid: "3de9602fce51498c8df632efa1c9be70" member_type: VOTER last_known_addr { host: "127.0.107.195" port: 44083 } }
I20260709 12:57:45.239780  1245 raft_consensus.cc:385] T 3e47f2e3e3a94bea9d9035347a7b9c65 P 3de9602fce51498c8df632efa1c9be70 [term 0 FOLLOWER]: Consensus starting up: Expiring failure detector timer to make a prompt election more likely
