I20260709 13:08:38.533183 29924 raft_consensus.cc:697] T 7703a5540cf5455dbb02859eb77c1913 P b114947dfef24d68bd7e43e3205b76e5 [term 2 LEADER]: Becoming Leader. State: Replica: b114947dfef24d68bd7e43e3205b76e5, State: Running, Role: LEADER
I20260709 13:08:38.533944 29924 consensus_queue.cc:237] T 7703a5540cf5455dbb02859eb77c1913 P b114947dfef24d68bd7e43e3205b76e5 [LEADER]: Queue going to LEADER mode. State: All replicated index: 0, Majority replicated index: 1, Committed index: 1, Last appended: 1.1, Last appended by leader: 1, Current term: 2, Majority size: 2, State: 0, Mode: LEADER, active raft config: opid_index: -1 OBSOLETE_local: false peers { permanent_uuid: "52e1a582f0c04411849d8bef51f6951f" member_type: VOTER last_known_addr { host: "127.28.95.129" port: 35805 } } peers { permanent_uuid: "b114947dfef24d68bd7e43e3205b76e5" member_type: VOTER last_known_addr { host: "127.28.95.130" port: 34819 } } peers { permanent_uuid: "7afebcd9d70c4d848a53630db69f473d" member_type: VOTER last_known_addr { host: "127.28.95.131" port: 39197 } }
I20260709 13:08:38.540310 29832 raft_consensus.cc:2468] T 7703a5540cf5455dbb02859eb77c1913 P 7afebcd9d70c4d848a53630db69f473d [term 2 FOLLOWER]: Leader election vote request: Granting yes vote for candidate b114947dfef24d68bd7e43e3205b76e5 in term 2.
I20260709 13:08:38.541353 29581 catalog_manager.cc:5697] T 7703a5540cf5455dbb02859eb77c1913 P b114947dfef24d68bd7e43e3205b76e5 reported cstate change: term changed from 1 to 2, leader changed from 7afebcd9d70c4d848a53630db69f473d (127.28.95.131) to b114947dfef24d68bd7e43e3205b76e5 (127.28.95.130). New cstate: current_term: 2 leader_uuid: "b114947dfef24d68bd7e43e3205b76e5" committed_config { opid_index: -1 OBSOLETE_local: false peers { permanent_uuid: "52e1a582f0c04411849d8bef51f6951f" member_type: VOTER last_known_addr { host: "127.28.95.129" port: 35805 } health_report { overall_health: UNKNOWN } } peers { permanent_uuid: "b114947dfef24d68bd7e43e3205b76e5" member_type: VOTER last_known_addr { host: "127.28.95.130" port: 34819 } health_report { overall_health: HEALTHY } } peers { permanent_uuid: "7afebcd9d70c4d848a53630db69f473d" member_type: VOTER last_known_addr { host: "127.28.95.131" port: 39197 } health_report { overall_health: UNKNOWN } } }
I20260709 13:08:38.700870 29903 raft_consensus.cc:993] T 68b71cfdf8ba44a5af471f0a72b5f0cb P 7afebcd9d70c4d848a53630db69f473d: : Instructing follower b114947dfef24d68bd7e43e3205b76e5 to start an election
I20260709 13:08:38.701244 29935 raft_consensus.cc:1081] T 68b71cfdf8ba44a5af471f0a72b5f0cb P 7afebcd9d70c4d848a53630db69f473d [term 1 LEADER]: Signalling peer b114947dfef24d68bd7e43e3205b76e5 to start an election
I20260709 13:08:38.702639 29755 tablet_service.cc:2044] Received Run Leader Election RPC: tablet_id: "68b71cfdf8ba44a5af471f0a72b5f0cb"
dest_uuid: "b114947dfef24d68bd7e43e3205b76e5"
 from {username='slave'} at 127.0.0.1:38846
I20260709 13:08:38.703107 29755 raft_consensus.cc:493] T 68b71cfdf8ba44a5af471f0a72b5f0cb P b114947dfef24d68bd7e43e3205b76e5 [term 1 FOLLOWER]: Starting forced leader election (received explicit request)
I20260709 13:08:38.703428 29755 raft_consensus.cc:3060] T 68b71cfdf8ba44a5af471f0a72b5f0cb P b114947dfef24d68bd7e43e3205b76e5 [term 1 FOLLOWER]: Advancing to term 2
I20260709 13:08:38.707597 29755 raft_consensus.cc:515] T 68b71cfdf8ba44a5af471f0a72b5f0cb P b114947dfef24d68bd7e43e3205b76e5 [term 2 FOLLOWER]: Starting forced leader election with config: opid_index: -1 OBSOLETE_local: false peers { permanent_uuid: "52e1a582f0c04411849d8bef51f6951f" member_type: VOTER last_known_addr { host: "127.28.95.129" port: 35805 } } peers { permanent_uuid: "b114947dfef24d68bd7e43e3205b76e5" member_type: VOTER last_known_addr { host: "127.28.95.130" port: 34819 } } peers { permanent_uuid: "7afebcd9d70c4d848a53630db69f473d" member_type: VOTER last_known_addr { host: "127.28.95.131" port: 39197 } }
I20260709 13:08:38.709237 29755 leader_election.cc:290] T 68b71cfdf8ba44a5af471f0a72b5f0cb P b114947dfef24d68bd7e43e3205b76e5 [CANDIDATE]: Term 2 election: Requested vote from peers 52e1a582f0c04411849d8bef51f6951f (127.28.95.129:35805), 7afebcd9d70c4d848a53630db69f473d (127.28.95.131:39197)
I20260709 13:08:38.709928 29681 tablet_service.cc:1917] Received RequestConsensusVote() RPC: tablet_id: "68b71cfdf8ba44a5af471f0a72b5f0cb" candidate_uuid: "b114947dfef24d68bd7e43e3205b76e5" candidate_term: 2 candidate_status { last_received { term: 1 index: 1 } } ignore_live_leader: true dest_uuid: "52e1a582f0c04411849d8bef51f6951f"
I20260709 13:08:38.710301 29832 tablet_service.cc:1917] Received RequestConsensusVote() RPC: tablet_id: "68b71cfdf8ba44a5af471f0a72b5f0cb" candidate_uuid: "b114947dfef24d68bd7e43e3205b76e5" candidate_term: 2 candidate_status { last_received { term: 1 index: 1 } } ignore_live_leader: true dest_uuid: "7afebcd9d70c4d848a53630db69f473d"
I20260709 13:08:38.710472 29681 raft_consensus.cc:3060] T 68b71cfdf8ba44a5af471f0a72b5f0cb P 52e1a582f0c04411849d8bef51f6951f [term 1 FOLLOWER]: Advancing to term 2
I20260709 13:08:38.710896 29832 raft_consensus.cc:3055] T 68b71cfdf8ba44a5af471f0a72b5f0cb P 7afebcd9d70c4d848a53630db69f473d [term 1 LEADER]: Stepping down as leader of term 1
I20260709 13:08:38.711206 29832 raft_consensus.cc:740] T 68b71cfdf8ba44a5af471f0a72b5f0cb P 7afebcd9d70c4d848a53630db69f473d [term 1 LEADER]: Becoming Follower/Learner. State: Replica: 7afebcd9d70c4d848a53630db69f473d, State: Running, Role: LEADER
I20260709 13:08:38.711972 29832 consensus_queue.cc:260] T 68b71cfdf8ba44a5af471f0a72b5f0cb P 7afebcd9d70c4d848a53630db69f473d [NON_LEADER]: Queue going to NON_LEADER mode. State: All replicated index: 0, Majority replicated index: 1, Committed index: 1, Last appended: 1.1, Last appended by leader: 1, Current term: 1, Majority size: -1, State: 0, Mode: NON_LEADER, active raft config: opid_index: -1 OBSOLETE_local: false peers { permanent_uuid: "52e1a582f0c04411849d8bef51f6951f" member_type: VOTER last_known_addr { host: "127.28.95.129" port: 35805 } } peers { permanent_uuid: "b114947dfef24d68bd7e43e3205b76e5" member_type: VOTER last_known_addr { host: "127.28.95.130" port: 34819 } } peers { permanent_uuid: "7afebcd9d70c4d848a53630db69f473d" member_type: VOTER last_known_addr { host: "127.28.95.131" port: 39197 } }
I20260709 13:08:38.713155 29832 raft_consensus.cc:3060] T 68b71cfdf8ba44a5af471f0a72b5f0cb P 7afebcd9d70c4d848a53630db69f473d [term 1 FOLLOWER]: Advancing to term 2
I20260709 13:08:38.716965 29681 raft_consensus.cc:2468] T 68b71cfdf8ba44a5af471f0a72b5f0cb P 52e1a582f0c04411849d8bef51f6951f [term 2 FOLLOWER]: Leader election vote request: Granting yes vote for candidate b114947dfef24d68bd7e43e3205b76e5 in term 2.
I20260709 13:08:38.718240 29724 leader_election.cc:304] T 68b71cfdf8ba44a5af471f0a72b5f0cb P b114947dfef24d68bd7e43e3205b76e5 [CANDIDATE]: Term 2 election: Election decided. Result: candidate won. Election summary: received 2 responses out of 3 voters: 2 yes votes; 0 no votes. yes voters: 52e1a582f0c04411849d8bef51f6951f, b114947dfef24d68bd7e43e3205b76e5; no voters: 
I20260709 13:08:38.719058 29924 raft_consensus.cc:2804] T 68b71cfdf8ba44a5af471f0a72b5f0cb P b114947dfef24d68bd7e43e3205b76e5 [term 2 FOLLOWER]: Leader election won for term 2
I20260709 13:08:38.719424 29832 raft_consensus.cc:2468] T 68b71cfdf8ba44a5af471f0a72b5f0cb P 7afebcd9d70c4d848a53630db69f473d [term 2 FOLLOWER]: Leader election vote request: Granting yes vote for candidate b114947dfef24d68bd7e43e3205b76e5 in term 2.
I20260709 13:08:38.719446 29924 raft_consensus.cc:697] T 68b71cfdf8ba44a5af471f0a72b5f0cb P b114947dfef24d68bd7e43e3205b76e5 [term 2 LEADER]: Becoming Leader. State: Replica: b114947dfef24d68bd7e43e3205b76e5, State: Running, Role: LEADER
I20260709 13:08:38.720418 29924 consensus_queue.cc:237] T 68b71cfdf8ba44a5af471f0a72b5f0cb P b114947dfef24d68bd7e43e3205b76e5 [LEADER]: Queue going to LEADER mode. State: All replicated index: 0, Majority replicated index: 1, Committed index: 1, Last appended: 1.1, Last appended by leader: 1, Current term: 2, Majority size: 2, State: 0, Mode: LEADER, active raft config: opid_index: -1 OBSOLETE_local: false peers { permanent_uuid: "52e1a582f0c04411849d8bef51f6951f" member_type: VOTER last_known_addr { host: "127.28.95.129" port: 35805 } } peers { permanent_uuid: "b114947dfef24d68bd7e43e3205b76e5" member_type: VOTER last_known_addr { host: "127.28.95.130" port: 34819 } } peers { permanent_uuid: "7afebcd9d70c4d848a53630db69f473d" member_type: VOTER last_known_addr { host: "127.28.95.131" port: 39197 } }
I20260709 13:08:38.726114 29581 catalog_manager.cc:5697] T 68b71cfdf8ba44a5af471f0a72b5f0cb P b114947dfef24d68bd7e43e3205b76e5 reported cstate change: term changed from 1 to 2, leader changed from 7afebcd9d70c4d848a53630db69f473d (127.28.95.131) to b114947dfef24d68bd7e43e3205b76e5 (127.28.95.130). New cstate: current_term: 2 leader_uuid: "b114947dfef24d68bd7e43e3205b76e5" committed_config { opid_index: -1 OBSOLETE_local: false peers { permanent_uuid: "52e1a582f0c04411849d8bef51f6951f" member_type: VOTER last_known_addr { host: "127.28.95.129" port: 35805 } health_report { overall_health: UNKNOWN } } peers { permanent_uuid: "b114947dfef24d68bd7e43e3205b76e5" member_type: VOTER last_known_addr { host: "127.28.95.130" port: 34819 } health_report { overall_health: HEALTHY } } peers { permanent_uuid: "7afebcd9d70c4d848a53630db69f473d" member_type: VOTER last_known_addr { host: "127.28.95.131" port: 39197 } health_report { overall_health: UNKNOWN } } }
I20260709 13:08:38.784693 29832 raft_consensus.cc:1275] T ef28161fdea948bda0cba88d60dbb1b2 P 7afebcd9d70c4d848a53630db69f473d [term 2 FOLLOWER]: Refusing update from remote peer 52e1a582f0c04411849d8bef51f6951f: Log matching property violated. Preceding OpId in replica: term: 1 index: 1. Preceding OpId from leader: term: 2 index: 2. (index mismatch)
I20260709 13:08:38.785883 29891 consensus_queue.cc:1048] T ef28161fdea948bda0cba88d60dbb1b2 P 52e1a582f0c04411849d8bef51f6951f [LEADER]: Connected to new peer: Peer: permanent_uuid: "7afebcd9d70c4d848a53630db69f473d" member_type: VOTER last_known_addr { host: "127.28.95.131" port: 39197 }, Status: LMP_MISMATCH, Last received: 0.0, Next index: 2, Last known committed idx: 1, Time since last communication: 0.000s
I20260709 13:08:38.797049 29755 raft_consensus.cc:3060] T ef28161fdea948bda0cba88d60dbb1b2 P b114947dfef24d68bd7e43e3205b76e5 [term 1 FOLLOWER]: Advancing to term 2
I20260709 13:08:38.803915 29755 raft_consensus.cc:1275] T ef28161fdea948bda0cba88d60dbb1b2 P b114947dfef24d68bd7e43e3205b76e5 [term 2 FOLLOWER]: Refusing update from remote peer 52e1a582f0c04411849d8bef51f6951f: Log matching property violated. Preceding OpId in replica: term: 1 index: 1. Preceding OpId from leader: term: 2 index: 2. (index mismatch)
I20260709 13:08:38.805009 29876 consensus_queue.cc:1048] T ef28161fdea948bda0cba88d60dbb1b2 P 52e1a582f0c04411849d8bef51f6951f [LEADER]: Connected to new peer: Peer: permanent_uuid: "b114947dfef24d68bd7e43e3205b76e5" member_type: VOTER last_known_addr { host: "127.28.95.130" port: 34819 }, Status: LMP_MISMATCH, Last received: 0.0, Next index: 2, Last known committed idx: 1, Time since last communication: 0.000s
I20260709 13:08:38.813777 29832 raft_consensus.cc:1275] T f4a1ad0ef5994c2eb14c7b3d2dfddf49 P 7afebcd9d70c4d848a53630db69f473d [term 2 FOLLOWER]: Refusing update from remote peer b114947dfef24d68bd7e43e3205b76e5: Log matching property violated. Preceding OpId in replica: term: 1 index: 1. Preceding OpId from leader: term: 2 index: 2. (index mismatch)
I20260709 13:08:38.815171 29924 consensus_queue.cc:1048] T f4a1ad0ef5994c2eb14c7b3d2dfddf49 P b114947dfef24d68bd7e43e3205b76e5 [LEADER]: Connected to new peer: Peer: permanent_uuid: "7afebcd9d70c4d848a53630db69f473d" member_type: VOTER last_known_addr { host: "127.28.95.131" port: 39197 }, Status: LMP_MISMATCH, Last received: 0.0, Next index: 2, Last known committed idx: 1, Time since last communication: 0.000s
I20260709 13:08:38.821693 29681 raft_consensus.cc:1275] T f4a1ad0ef5994c2eb14c7b3d2dfddf49 P 52e1a582f0c04411849d8bef51f6951f [term 2 FOLLOWER]: Refusing update from remote peer b114947dfef24d68bd7e43e3205b76e5: Log matching property violated. Preceding OpId in replica: term: 1 index: 1. Preceding OpId from leader: term: 2 index: 2. (index mismatch)
I20260709 13:08:38.823881 29917 consensus_queue.cc:1048] T f4a1ad0ef5994c2eb14c7b3d2dfddf49 P b114947dfef24d68bd7e43e3205b76e5 [LEADER]: Connected to new peer: Peer: permanent_uuid: "52e1a582f0c04411849d8bef51f6951f" member_type: VOTER last_known_addr { host: "127.28.95.129" port: 35805 }, Status: LMP_MISMATCH, Last received: 0.0, Next index: 2, Last known committed idx: 1, Time since last communication: 0.000s
I20260709 13:08:38.922899 29755 raft_consensus.cc:1275] T 1855c592abbc4490bb54440f44e0337a P b114947dfef24d68bd7e43e3205b76e5 [term 2 FOLLOWER]: Refusing update from remote peer 52e1a582f0c04411849d8bef51f6951f: Log matching property violated. Preceding OpId in replica: term: 1 index: 1. Preceding OpId from leader: term: 2 index: 2. (index mismatch)
I20260709 13:08:38.924078 29876 consensus_queue.cc:1048] T 1855c592abbc4490bb54440f44e0337a P 52e1a582f0c04411849d8bef51f6951f [LEADER]: Connected to new peer: Peer: permanent_uuid: "b114947dfef24d68bd7e43e3205b76e5" member_type: VOTER last_known_addr { host: "127.28.95.130" port: 34819 }, Status: LMP_MISMATCH, Last received: 0.0, Next index: 2, Last known committed idx: 1, Time since last communication: 0.000s
I20260709 13:08:38.931747 29832 raft_consensus.cc:1275] T 320c6cb1581043afbc0f9087efe4149d P 7afebcd9d70c4d848a53630db69f473d [term 2 FOLLOWER]: Refusing update from remote peer 52e1a582f0c04411849d8bef51f6951f: Log matching property violated. Preceding OpId in replica: term: 1 index: 1. Preceding OpId from leader: term: 2 index: 2. (index mismatch)
I20260709 13:08:38.931908 29830 raft_consensus.cc:1275] T 1855c592abbc4490bb54440f44e0337a P 7afebcd9d70c4d848a53630db69f473d [term 2 FOLLOWER]: Refusing update from remote peer 52e1a582f0c04411849d8bef51f6951f: Log matching property violated. Preceding OpId in replica: term: 1 index: 1. Preceding OpId from leader: term: 2 index: 2. (index mismatch)
I20260709 13:08:38.933924 29876 consensus_queue.cc:1048] T 320c6cb1581043afbc0f9087efe4149d P 52e1a582f0c04411849d8bef51f6951f [LEADER]: Connected to new peer: Peer: permanent_uuid: "7afebcd9d70c4d848a53630db69f473d" member_type: VOTER last_known_addr { host: "127.28.95.131" port: 39197 }, Status: LMP_MISMATCH, Last received: 0.0, Next index: 2, Last known committed idx: 1, Time since last communication: 0.000s
I20260709 13:08:38.934289 29955 consensus_queue.cc:1048] T 1855c592abbc4490bb54440f44e0337a P 52e1a582f0c04411849d8bef51f6951f [LEADER]: Connected to new peer: Peer: permanent_uuid: "7afebcd9d70c4d848a53630db69f473d" member_type: VOTER last_known_addr { host: "127.28.95.131" port: 39197 }, Status: LMP_MISMATCH, Last received: 0.0, Next index: 2, Last known committed idx: 1, Time since last communication: 0.001s
I20260709 13:08:38.941682 29755 raft_consensus.cc:1275] T 320c6cb1581043afbc0f9087efe4149d P b114947dfef24d68bd7e43e3205b76e5 [term 2 FOLLOWER]: Refusing update from remote peer 52e1a582f0c04411849d8bef51f6951f: Log matching property violated. Preceding OpId in replica: term: 1 index: 1. Preceding OpId from leader: term: 2 index: 2. (index mismatch)
I20260709 13:08:38.942958 29955 consensus_queue.cc:1048] T 320c6cb1581043afbc0f9087efe4149d P 52e1a582f0c04411849d8bef51f6951f [LEADER]: Connected to new peer: Peer: permanent_uuid: "b114947dfef24d68bd7e43e3205b76e5" member_type: VOTER last_known_addr { host: "127.28.95.130" port: 34819 }, Status: LMP_MISMATCH, Last received: 0.0, Next index: 2, Last known committed idx: 1, Time since last communication: 0.000s
I20260709 13:08:38.973835 29681 raft_consensus.cc:1275] T 7703a5540cf5455dbb02859eb77c1913 P 52e1a582f0c04411849d8bef51f6951f [term 2 FOLLOWER]: Refusing update from remote peer b114947dfef24d68bd7e43e3205b76e5: Log matching property violated. Preceding OpId in replica: term: 1 index: 1. Preceding OpId from leader: term: 2 index: 2. (index mismatch)
I20260709 13:08:38.975021 29917 consensus_queue.cc:1048] T 7703a5540cf5455dbb02859eb77c1913 P b114947dfef24d68bd7e43e3205b76e5 [LEADER]: Connected to new peer: Peer: permanent_uuid: "52e1a582f0c04411849d8bef51f6951f" member_type: VOTER last_known_addr { host: "127.28.95.129" port: 35805 }, Status: LMP_MISMATCH, Last received: 0.0, Next index: 2, Last known committed idx: 1, Time since last communication: 0.000s
I20260709 13:08:38.982327 29832 raft_consensus.cc:1275] T 7703a5540cf5455dbb02859eb77c1913 P 7afebcd9d70c4d848a53630db69f473d [term 2 FOLLOWER]: Refusing update from remote peer b114947dfef24d68bd7e43e3205b76e5: Log matching property violated. Preceding OpId in replica: term: 1 index: 1. Preceding OpId from leader: term: 2 index: 2. (index mismatch)
I20260709 13:08:38.984117 29948 consensus_queue.cc:1048] T 7703a5540cf5455dbb02859eb77c1913 P b114947dfef24d68bd7e43e3205b76e5 [LEADER]: Connected to new peer: Peer: permanent_uuid: "7afebcd9d70c4d848a53630db69f473d" member_type: VOTER last_known_addr { host: "127.28.95.131" port: 39197 }, Status: LMP_MISMATCH, Last received: 0.0, Next index: 2, Last known committed idx: 1, Time since last communication: 0.000s
I20260709 13:08:39.038726 29755 raft_consensus.cc:1275] T eb093b5e04cd4edaaeeb43f61af49ce3 P b114947dfef24d68bd7e43e3205b76e5 [term 2 FOLLOWER]: Refusing update from remote peer 7afebcd9d70c4d848a53630db69f473d: Log matching property violated. Preceding OpId in replica: term: 1 index: 1. Preceding OpId from leader: term: 2 index: 2. (index mismatch)
I20260709 13:08:39.039850 29935 consensus_queue.cc:1048] T eb093b5e04cd4edaaeeb43f61af49ce3 P 7afebcd9d70c4d848a53630db69f473d [LEADER]: Connected to new peer: Peer: permanent_uuid: "b114947dfef24d68bd7e43e3205b76e5" member_type: VOTER last_known_addr { host: "127.28.95.130" port: 34819 }, Status: LMP_MISMATCH, Last received: 0.0, Next index: 2, Last known committed idx: 1, Time since last communication: 0.000s
I20260709 13:08:39.046813 29681 raft_consensus.cc:3060] T eb093b5e04cd4edaaeeb43f61af49ce3 P 52e1a582f0c04411849d8bef51f6951f [term 1 FOLLOWER]: Advancing to term 2
I20260709 13:08:39.052734 29681 raft_consensus.cc:1275] T eb093b5e04cd4edaaeeb43f61af49ce3 P 52e1a582f0c04411849d8bef51f6951f [term 2 FOLLOWER]: Refusing update from remote peer 7afebcd9d70c4d848a53630db69f473d: Log matching property violated. Preceding OpId in replica: term: 0 index: 0. Preceding OpId from leader: term: 2 index: 2. (index mismatch)
I20260709 13:08:39.054024 29935 consensus_queue.cc:1048] T eb093b5e04cd4edaaeeb43f61af49ce3 P 7afebcd9d70c4d848a53630db69f473d [LEADER]: Connected to new peer: Peer: permanent_uuid: "52e1a582f0c04411849d8bef51f6951f" member_type: VOTER last_known_addr { host: "127.28.95.129" port: 35805 }, Status: LMP_MISMATCH, Last received: 0.0, Next index: 2, Last known committed idx: 0, Time since last communication: 0.000s
I20260709 13:08:39.233518 29681 raft_consensus.cc:1275] T 68b71cfdf8ba44a5af471f0a72b5f0cb P 52e1a582f0c04411849d8bef51f6951f [term 2 FOLLOWER]: Refusing update from remote peer b114947dfef24d68bd7e43e3205b76e5: Log matching property violated. Preceding OpId in replica: term: 1 index: 1. Preceding OpId from leader: term: 2 index: 2. (index mismatch)
I20260709 13:08:39.234810 29948 consensus_queue.cc:1048] T 68b71cfdf8ba44a5af471f0a72b5f0cb P b114947dfef24d68bd7e43e3205b76e5 [LEADER]: Connected to new peer: Peer: permanent_uuid: "52e1a582f0c04411849d8bef51f6951f" member_type: VOTER last_known_addr { host: "127.28.95.129" port: 35805 }, Status: LMP_MISMATCH, Last received: 0.0, Next index: 2, Last known committed idx: 1, Time since last communication: 0.000s
I20260709 13:08:39.242072 29832 raft_consensus.cc:1275] T 68b71cfdf8ba44a5af471f0a72b5f0cb P 7afebcd9d70c4d848a53630db69f473d [term 2 FOLLOWER]: Refusing update from remote peer b114947dfef24d68bd7e43e3205b76e5: Log matching property violated. Preceding OpId in replica: term: 1 index: 1. Preceding OpId from leader: term: 2 index: 2. (index mismatch)
I20260709 13:08:39.243600 29948 consensus_queue.cc:1048] T 68b71cfdf8ba44a5af471f0a72b5f0cb P b114947dfef24d68bd7e43e3205b76e5 [LEADER]: Connected to new peer: Peer: permanent_uuid: "7afebcd9d70c4d848a53630db69f473d" member_type: VOTER last_known_addr { host: "127.28.95.131" port: 39197 }, Status: LMP_MISMATCH, Last received: 0.0, Next index: 2, Last known committed idx: 1, Time since last communication: 0.000s
I20260709 13:08:41.260520 29054 auto_leader_rebalancer-test.cc:348] The leader distribution is 
I20260709 13:08:41.261222 29054 auto_leader_rebalancer.cc:141] leader rebalance for table test-workload
I20260709 13:08:41.276000 29681 tablet_service.cc:2072] Received LeaderStepDown RPC: tablet_id: "3a99fd3f1ea949728c4f70be5eb6c35b"
dest_uuid: "52e1a582f0c04411849d8bef51f6951f"
mode: GRACEFUL
new_leader_uuid: "7afebcd9d70c4d848a53630db69f473d"
 from {username='slave'} at 127.0.0.1:38778
I20260709 13:08:41.276456 29681 raft_consensus.cc:606] T 3a99fd3f1ea949728c4f70be5eb6c35b P 52e1a582f0c04411849d8bef51f6951f [term 1 LEADER]: Received request to transfer leadership to TS 7afebcd9d70c4d848a53630db69f473d
I20260709 13:08:41.278569 29681 tablet_service.cc:2072] Received LeaderStepDown RPC: tablet_id: "ef28161fdea948bda0cba88d60dbb1b2"
dest_uuid: "52e1a582f0c04411849d8bef51f6951f"
mode: GRACEFUL
new_leader_uuid: "7afebcd9d70c4d848a53630db69f473d"
 from {username='slave'} at 127.0.0.1:38778
I20260709 13:08:41.279080 29681 raft_consensus.cc:606] T ef28161fdea948bda0cba88d60dbb1b2 P 52e1a582f0c04411849d8bef51f6951f [term 2 LEADER]: Received request to transfer leadership to TS 7afebcd9d70c4d848a53630db69f473d
I20260709 13:08:41.280028 29054 auto_leader_rebalancer.cc:452] table: test-workload, leader rebalance finish, leader transfer count: 2
I20260709 13:08:41.280529 29054 auto_leader_rebalancer.cc:527] All tables' leader rebalancing finished this round
I20260709 13:08:41.281728 29955 raft_consensus.cc:993] T ef28161fdea948bda0cba88d60dbb1b2 P 52e1a582f0c04411849d8bef51f6951f: : Instructing follower 7afebcd9d70c4d848a53630db69f473d to start an election
I20260709 13:08:41.282068 29960 raft_consensus.cc:1081] T ef28161fdea948bda0cba88d60dbb1b2 P 52e1a582f0c04411849d8bef51f6951f [term 2 LEADER]: Signalling peer 7afebcd9d70c4d848a53630db69f473d to start an election
I20260709 13:08:41.283396 29830 tablet_service.cc:2044] Received Run Leader Election RPC: tablet_id: "ef28161fdea948bda0cba88d60dbb1b2"
dest_uuid: "7afebcd9d70c4d848a53630db69f473d"
 from {username='slave'} at 127.0.0.1:37024
I20260709 13:08:41.283800 29830 raft_consensus.cc:493] T ef28161fdea948bda0cba88d60dbb1b2 P 7afebcd9d70c4d848a53630db69f473d [term 2 FOLLOWER]: Starting forced leader election (received explicit request)
I20260709 13:08:41.284060 29830 raft_consensus.cc:3060] T ef28161fdea948bda0cba88d60dbb1b2 P 7afebcd9d70c4d848a53630db69f473d [term 2 FOLLOWER]: Advancing to term 3
I20260709 13:08:41.288515 29830 raft_consensus.cc:515] T ef28161fdea948bda0cba88d60dbb1b2 P 7afebcd9d70c4d848a53630db69f473d [term 3 FOLLOWER]: Starting forced leader election with config: opid_index: -1 OBSOLETE_local: false peers { permanent_uuid: "52e1a582f0c04411849d8bef51f6951f" member_type: VOTER last_known_addr { host: "127.28.95.129" port: 35805 } } peers { permanent_uuid: "b114947dfef24d68bd7e43e3205b76e5" member_type: VOTER last_known_addr { host: "127.28.95.130" port: 34819 } } peers { permanent_uuid: "7afebcd9d70c4d848a53630db69f473d" member_type: VOTER last_known_addr { host: "127.28.95.131" port: 39197 } }
I20260709 13:08:41.290014 29830 leader_election.cc:290] T ef28161fdea948bda0cba88d60dbb1b2 P 7afebcd9d70c4d848a53630db69f473d [CANDIDATE]: Term 3 election: Requested vote from peers 52e1a582f0c04411849d8bef51f6951f (127.28.95.129:35805), b114947dfef24d68bd7e43e3205b76e5 (127.28.95.130:34819)
I20260709 13:08:41.290586 29681 tablet_service.cc:1917] Received RequestConsensusVote() RPC: tablet_id: "ef28161fdea948bda0cba88d60dbb1b2" candidate_uuid: "7afebcd9d70c4d848a53630db69f473d" candidate_term: 3 candidate_status { last_received { term: 2 index: 2 } } ignore_live_leader: true dest_uuid: "52e1a582f0c04411849d8bef51f6951f"
I20260709 13:08:41.290982 29755 tablet_service.cc:1917] Received RequestConsensusVote() RPC: tablet_id: "ef28161fdea948bda0cba88d60dbb1b2" candidate_uuid: "7afebcd9d70c4d848a53630db69f473d" candidate_term: 3 candidate_status { last_received { term: 2 index: 2 } } ignore_live_leader: true dest_uuid: "b114947dfef24d68bd7e43e3205b76e5"
I20260709 13:08:41.291100 29681 raft_consensus.cc:3055] T ef28161fdea948bda0cba88d60dbb1b2 P 52e1a582f0c04411849d8bef51f6951f [term 2 LEADER]: Stepping down as leader of term 2
I20260709 13:08:41.291464 29681 raft_consensus.cc:740] T ef28161fdea948bda0cba88d60dbb1b2 P 52e1a582f0c04411849d8bef51f6951f [term 2 LEADER]: Becoming Follower/Learner. State: Replica: 52e1a582f0c04411849d8bef51f6951f, State: Running, Role: LEADER
I20260709 13:08:41.291496 29755 raft_consensus.cc:3060] T ef28161fdea948bda0cba88d60dbb1b2 P b114947dfef24d68bd7e43e3205b76e5 [term 2 FOLLOWER]: Advancing to term 3
I20260709 13:08:41.292050 29681 consensus_queue.cc:260] T ef28161fdea948bda0cba88d60dbb1b2 P 52e1a582f0c04411849d8bef51f6951f [NON_LEADER]: Queue going to NON_LEADER mode. State: All replicated index: 0, Majority replicated index: 2, Committed index: 2, Last appended: 2.2, Last appended by leader: 2, Current term: 2, Majority size: -1, State: 0, Mode: NON_LEADER, active raft config: opid_index: -1 OBSOLETE_local: false peers { permanent_uuid: "52e1a582f0c04411849d8bef51f6951f" member_type: VOTER last_known_addr { host: "127.28.95.129" port: 35805 } } peers { permanent_uuid: "b114947dfef24d68bd7e43e3205b76e5" member_type: VOTER last_known_addr { host: "127.28.95.130" port: 34819 } } peers { permanent_uuid: "7afebcd9d70c4d848a53630db69f473d" member_type: VOTER last_known_addr { host: "127.28.95.131" port: 39197 } }
I20260709 13:08:41.292791 29681 raft_consensus.cc:3060] T ef28161fdea948bda0cba88d60dbb1b2 P 52e1a582f0c04411849d8bef51f6951f [term 2 FOLLOWER]: Advancing to term 3
I20260709 13:08:41.295656 29755 raft_consensus.cc:2468] T ef28161fdea948bda0cba88d60dbb1b2 P b114947dfef24d68bd7e43e3205b76e5 [term 3 FOLLOWER]: Leader election vote request: Granting yes vote for candidate 7afebcd9d70c4d848a53630db69f473d in term 3.
I20260709 13:08:41.296494 29681 raft_consensus.cc:2468] T ef28161fdea948bda0cba88d60dbb1b2 P 52e1a582f0c04411849d8bef51f6951f [term 3 FOLLOWER]: Leader election vote request: Granting yes vote for candidate 7afebcd9d70c4d848a53630db69f473d in term 3.
I20260709 13:08:41.296644 29795 leader_election.cc:304] T ef28161fdea948bda0cba88d60dbb1b2 P 7afebcd9d70c4d848a53630db69f473d [CANDIDATE]: Term 3 election: Election decided. Result: candidate won. Election summary: received 2 responses out of 3 voters: 2 yes votes; 0 no votes. yes voters: 7afebcd9d70c4d848a53630db69f473d, b114947dfef24d68bd7e43e3205b76e5; no voters: 
I20260709 13:08:41.297317 29959 raft_consensus.cc:2804] T ef28161fdea948bda0cba88d60dbb1b2 P 7afebcd9d70c4d848a53630db69f473d [term 3 FOLLOWER]: Leader election won for term 3
I20260709 13:08:41.298244 29959 raft_consensus.cc:697] T ef28161fdea948bda0cba88d60dbb1b2 P 7afebcd9d70c4d848a53630db69f473d [term 3 LEADER]: Becoming Leader. State: Replica: 7afebcd9d70c4d848a53630db69f473d, State: Running, Role: LEADER
I20260709 13:08:41.298971 29959 consensus_queue.cc:237] T ef28161fdea948bda0cba88d60dbb1b2 P 7afebcd9d70c4d848a53630db69f473d [LEADER]: Queue going to LEADER mode. State: All replicated index: 0, Majority replicated index: 2, Committed index: 2, Last appended: 2.2, Last appended by leader: 2, Current term: 3, Majority size: 2, State: 0, Mode: LEADER, active raft config: opid_index: -1 OBSOLETE_local: false peers { permanent_uuid: "52e1a582f0c04411849d8bef51f6951f" member_type: VOTER last_known_addr { host: "127.28.95.129" port: 35805 } } peers { permanent_uuid: "b114947dfef24d68bd7e43e3205b76e5" member_type: VOTER last_known_addr { host: "127.28.95.130" port: 34819 } } peers { permanent_uuid: "7afebcd9d70c4d848a53630db69f473d" member_type: VOTER last_known_addr { host: "127.28.95.131" port: 39197 } }
I20260709 13:08:41.305599 29581 catalog_manager.cc:5697] T ef28161fdea948bda0cba88d60dbb1b2 P 7afebcd9d70c4d848a53630db69f473d reported cstate change: term changed from 2 to 3, leader changed from 52e1a582f0c04411849d8bef51f6951f (127.28.95.129) to 7afebcd9d70c4d848a53630db69f473d (127.28.95.131). New cstate: current_term: 3 leader_uuid: "7afebcd9d70c4d848a53630db69f473d" committed_config { opid_index: -1 OBSOLETE_local: false peers { permanent_uuid: "52e1a582f0c04411849d8bef51f6951f" member_type: VOTER last_known_addr { host: "127.28.95.129" port: 35805 } health_report { overall_health: UNKNOWN } } peers { permanent_uuid: "b114947dfef24d68bd7e43e3205b76e5" member_type: VOTER last_known_addr { host: "127.28.95.130" port: 34819 } health_report { overall_health: UNKNOWN } } peers { permanent_uuid: "7afebcd9d70c4d848a53630db69f473d" member_type: VOTER last_known_addr { host: "127.28.95.131" port: 39197 } health_report { overall_health: HEALTHY } } }
I20260709 13:08:41.744436 29955 raft_consensus.cc:993] T 3a99fd3f1ea949728c4f70be5eb6c35b P 52e1a582f0c04411849d8bef51f6951f: : Instructing follower 7afebcd9d70c4d848a53630db69f473d to start an election
I20260709 13:08:41.744808 29960 raft_consensus.cc:1081] T 3a99fd3f1ea949728c4f70be5eb6c35b P 52e1a582f0c04411849d8bef51f6951f [term 1 LEADER]: Signalling peer 7afebcd9d70c4d848a53630db69f473d to start an election
I20260709 13:08:41.746023 29830 tablet_service.cc:2044] Received Run Leader Election RPC: tablet_id: "3a99fd3f1ea949728c4f70be5eb6c35b"
dest_uuid: "7afebcd9d70c4d848a53630db69f473d"
 from {username='slave'} at 127.0.0.1:37024
I20260709 13:08:41.746455 29830 raft_consensus.cc:493] T 3a99fd3f1ea949728c4f70be5eb6c35b P 7afebcd9d70c4d848a53630db69f473d [term 1 FOLLOWER]: Starting forced leader election (received explicit request)
I20260709 13:08:41.746774 29830 raft_consensus.cc:3060] T 3a99fd3f1ea949728c4f70be5eb6c35b P 7afebcd9d70c4d848a53630db69f473d [term 1 FOLLOWER]: Advancing to term 2
I20260709 13:08:41.750996 29830 raft_consensus.cc:515] T 3a99fd3f1ea949728c4f70be5eb6c35b P 7afebcd9d70c4d848a53630db69f473d [term 2 FOLLOWER]: Starting forced leader election with config: opid_index: -1 OBSOLETE_local: false peers { permanent_uuid: "b114947dfef24d68bd7e43e3205b76e5" member_type: VOTER last_known_addr { host: "127.28.95.130" port: 34819 } } peers { permanent_uuid: "7afebcd9d70c4d848a53630db69f473d" member_type: VOTER last_known_addr { host: "127.28.95.131" port: 39197 } } peers { permanent_uuid: "52e1a582f0c04411849d8bef51f6951f" member_type: VOTER last_known_addr { host: "127.28.95.129" port: 35805 } }
I20260709 13:08:41.752509 29830 leader_election.cc:290] T 3a99fd3f1ea949728c4f70be5eb6c35b P 7afebcd9d70c4d848a53630db69f473d [CANDIDATE]: Term 2 election: Requested vote from peers b114947dfef24d68bd7e43e3205b76e5 (127.28.95.130:34819), 52e1a582f0c04411849d8bef51f6951f (127.28.95.129:35805)
I20260709 13:08:41.753188 29755 tablet_service.cc:1917] Received RequestConsensusVote() RPC: tablet_id: "3a99fd3f1ea949728c4f70be5eb6c35b" candidate_uuid: "7afebcd9d70c4d848a53630db69f473d" candidate_term: 2 candidate_status { last_received { term: 1 index: 1 } } ignore_live_leader: true dest_uuid: "b114947dfef24d68bd7e43e3205b76e5"
I20260709 13:08:41.753440 29681 tablet_service.cc:1917] Received RequestConsensusVote() RPC: tablet_id: "3a99fd3f1ea949728c4f70be5eb6c35b" candidate_uuid: "7afebcd9d70c4d848a53630db69f473d" candidate_term: 2 candidate_status { last_received { term: 1 index: 1 } } ignore_live_leader: true dest_uuid: "52e1a582f0c04411849d8bef51f6951f"
I20260709 13:08:41.753667 29755 raft_consensus.cc:3060] T 3a99fd3f1ea949728c4f70be5eb6c35b P b114947dfef24d68bd7e43e3205b76e5 [term 1 FOLLOWER]: Advancing to term 2
I20260709 13:08:41.753957 29681 raft_consensus.cc:3055] T 3a99fd3f1ea949728c4f70be5eb6c35b P 52e1a582f0c04411849d8bef51f6951f [term 1 LEADER]: Stepping down as leader of term 1
I20260709 13:08:41.754201 29681 raft_consensus.cc:740] T 3a99fd3f1ea949728c4f70be5eb6c35b P 52e1a582f0c04411849d8bef51f6951f [term 1 LEADER]: Becoming Follower/Learner. State: Replica: 52e1a582f0c04411849d8bef51f6951f, State: Running, Role: LEADER
I20260709 13:08:41.754747 29681 consensus_queue.cc:260] T 3a99fd3f1ea949728c4f70be5eb6c35b P 52e1a582f0c04411849d8bef51f6951f [NON_LEADER]: Queue going to NON_LEADER mode. State: All replicated index: 0, Majority replicated index: 1, Committed index: 1, Last appended: 1.1, Last appended by leader: 1, Current term: 1, Majority size: -1, State: 0, Mode: NON_LEADER, active raft config: opid_index: -1 OBSOLETE_local: false peers { permanent_uuid: "b114947dfef24d68bd7e43e3205b76e5" member_type: VOTER last_known_addr { host: "127.28.95.130" port: 34819 } } peers { permanent_uuid: "7afebcd9d70c4d848a53630db69f473d" member_type: VOTER last_known_addr { host: "127.28.95.131" port: 39197 } } peers { permanent_uuid: "52e1a582f0c04411849d8bef51f6951f" member_type: VOTER last_known_addr { host: "127.28.95.129" port: 35805 } }
I20260709 13:08:41.755468 29681 raft_consensus.cc:3060] T 3a99fd3f1ea949728c4f70be5eb6c35b P 52e1a582f0c04411849d8bef51f6951f [term 1 FOLLOWER]: Advancing to term 2
I20260709 13:08:41.758113 29755 raft_consensus.cc:2468] T 3a99fd3f1ea949728c4f70be5eb6c35b P b114947dfef24d68bd7e43e3205b76e5 [term 2 FOLLOWER]: Leader election vote request: Granting yes vote for candidate 7afebcd9d70c4d848a53630db69f473d in term 2.
I20260709 13:08:41.758987 29795 leader_election.cc:304] T 3a99fd3f1ea949728c4f70be5eb6c35b P 7afebcd9d70c4d848a53630db69f473d [CANDIDATE]: Term 2 election: Election decided. Result: candidate won. Election summary: received 2 responses out of 3 voters: 2 yes votes; 0 no votes. yes voters: 7afebcd9d70c4d848a53630db69f473d, b114947dfef24d68bd7e43e3205b76e5; no voters: 
I20260709 13:08:41.759243 29681 raft_consensus.cc:2468] T 3a99fd3f1ea949728c4f70be5eb6c35b P 52e1a582f0c04411849d8bef51f6951f [term 2 FOLLOWER]: Leader election vote request: Granting yes vote for candidate 7afebcd9d70c4d848a53630db69f473d in term 2.
I20260709 13:08:41.759579 29959 raft_consensus.cc:2804] T 3a99fd3f1ea949728c4f70be5eb6c35b P 7afebcd9d70c4d848a53630db69f473d [term 2 FOLLOWER]: Leader election won for term 2
I20260709 13:08:41.760023 29959 raft_consensus.cc:697] T 3a99fd3f1ea949728c4f70be5eb6c35b P 7afebcd9d70c4d848a53630db69f473d [term 2 LEADER]: Becoming Leader. State: Replica: 7afebcd9d70c4d848a53630db69f473d, State: Running, Role: LEADER
I20260709 13:08:41.760673 29959 consensus_queue.cc:237] T 3a99fd3f1ea949728c4f70be5eb6c35b P 7afebcd9d70c4d848a53630db69f473d [LEADER]: Queue going to LEADER mode. State: All replicated index: 0, Majority replicated index: 1, Committed index: 1, Last appended: 1.1, Last appended by leader: 1, Current term: 2, Majority size: 2, State: 0, Mode: LEADER, active raft config: opid_index: -1 OBSOLETE_local: false peers { permanent_uuid: "b114947dfef24d68bd7e43e3205b76e5" member_type: VOTER last_known_addr { host: "127.28.95.130" port: 34819 } } peers { permanent_uuid: "7afebcd9d70c4d848a53630db69f473d" member_type: VOTER last_known_addr { host: "127.28.95.131" port: 39197 } } peers { permanent_uuid: "52e1a582f0c04411849d8bef51f6951f" member_type: VOTER last_known_addr { host: "127.28.95.129" port: 35805 } }
I20260709 13:08:41.767194 29581 catalog_manager.cc:5697] T 3a99fd3f1ea949728c4f70be5eb6c35b P 7afebcd9d70c4d848a53630db69f473d reported cstate change: term changed from 1 to 2, leader changed from 52e1a582f0c04411849d8bef51f6951f (127.28.95.129) to 7afebcd9d70c4d848a53630db69f473d (127.28.95.131). New cstate: current_term: 2 leader_uuid: "7afebcd9d70c4d848a53630db69f473d" committed_config { opid_index: -1 OBSOLETE_local: false peers { permanent_uuid: "b114947dfef24d68bd7e43e3205b76e5" member_type: VOTER last_known_addr { host: "127.28.95.130" port: 34819 } health_report { overall_health: UNKNOWN } } peers { permanent_uuid: "7afebcd9d70c4d848a53630db69f473d" member_type: VOTER last_known_addr { host: "127.28.95.131" port: 39197 } health_report { overall_health: HEALTHY } } peers { permanent_uuid: "52e1a582f0c04411849d8bef51f6951f" member_type: VOTER last_known_addr { host: "127.28.95.129" port: 35805 } health_report { overall_health: UNKNOWN } } }
I20260709 13:08:41.782131 29757 raft_consensus.cc:1275] T ef28161fdea948bda0cba88d60dbb1b2 P b114947dfef24d68bd7e43e3205b76e5 [term 3 FOLLOWER]: Refusing update from remote peer 7afebcd9d70c4d848a53630db69f473d: Log matching property violated. Preceding OpId in replica: term: 2 index: 2. Preceding OpId from leader: term: 3 index: 3. (index mismatch)
I20260709 13:08:41.783198 29959 consensus_queue.cc:1048] T ef28161fdea948bda0cba88d60dbb1b2 P 7afebcd9d70c4d848a53630db69f473d [LEADER]: Connected to new peer: Peer: permanent_uuid: "b114947dfef24d68bd7e43e3205b76e5" member_type: VOTER last_known_addr { host: "127.28.95.130" port: 34819 }, Status: LMP_MISMATCH, Last received: 0.0, Next index: 3, Last known committed idx: 2, Time since last communication: 0.000s
I20260709 13:08:41.792539 29681 raft_consensus.cc:1275] T ef28161fdea948bda0cba88d60dbb1b2 P 52e1a582f0c04411849d8bef51f6951f [term 3 FOLLOWER]: Refusing update from remote peer 7afebcd9d70c4d848a53630db69f473d: Log matching property violated. Preceding OpId in replica: term: 2 index: 2. Preceding OpId from leader: term: 3 index: 3. (index mismatch)
I20260709 13:08:41.793681 29959 consensus_queue.cc:1048] T ef28161fdea948bda0cba88d60dbb1b2 P 7afebcd9d70c4d848a53630db69f473d [LEADER]: Connected to new peer: Peer: permanent_uuid: "52e1a582f0c04411849d8bef51f6951f" member_type: VOTER last_known_addr { host: "127.28.95.129" port: 35805 }, Status: LMP_MISMATCH, Last received: 0.0, Next index: 3, Last known committed idx: 2, Time since last communication: 0.000s
I20260709 13:08:42.183935 29757 raft_consensus.cc:1275] T 3a99fd3f1ea949728c4f70be5eb6c35b P b114947dfef24d68bd7e43e3205b76e5 [term 2 FOLLOWER]: Refusing update from remote peer 7afebcd9d70c4d848a53630db69f473d: Log matching property violated. Preceding OpId in replica: term: 1 index: 1. Preceding OpId from leader: term: 2 index: 2. (index mismatch)
I20260709 13:08:42.185005 29959 consensus_queue.cc:1048] T 3a99fd3f1ea949728c4f70be5eb6c35b P 7afebcd9d70c4d848a53630db69f473d [LEADER]: Connected to new peer: Peer: permanent_uuid: "b114947dfef24d68bd7e43e3205b76e5" member_type: VOTER last_known_addr { host: "127.28.95.130" port: 34819 }, Status: LMP_MISMATCH, Last received: 0.0, Next index: 2, Last known committed idx: 1, Time since last communication: 0.000s
I20260709 13:08:42.195235 29681 raft_consensus.cc:1275] T 3a99fd3f1ea949728c4f70be5eb6c35b P 52e1a582f0c04411849d8bef51f6951f [term 2 FOLLOWER]: Refusing update from remote peer 7afebcd9d70c4d848a53630db69f473d: Log matching property violated. Preceding OpId in replica: term: 1 index: 1. Preceding OpId from leader: term: 2 index: 2. (index mismatch)
I20260709 13:08:42.196297 29959 consensus_queue.cc:1048] T 3a99fd3f1ea949728c4f70be5eb6c35b P 7afebcd9d70c4d848a53630db69f473d [LEADER]: Connected to new peer: Peer: permanent_uuid: "52e1a582f0c04411849d8bef51f6951f" member_type: VOTER last_known_addr { host: "127.28.95.129" port: 35805 }, Status: LMP_MISMATCH, Last received: 0.0, Next index: 2, Last known committed idx: 1, Time since last communication: 0.000s
I20260709 13:08:42.281333 29054 auto_leader_rebalancer.cc:141] leader rebalance for table test-workload
I20260709 13:08:42.291294 29830 tablet_service.cc:2072] Received LeaderStepDown RPC: tablet_id: "3a99fd3f1ea949728c4f70be5eb6c35b"
dest_uuid: "7afebcd9d70c4d848a53630db69f473d"
mode: GRACEFUL
new_leader_uuid: "52e1a582f0c04411849d8bef51f6951f"
 from {username='slave'} at 127.0.0.1:37040
I20260709 13:08:42.291766 29830 raft_consensus.cc:606] T 3a99fd3f1ea949728c4f70be5eb6c35b P 7afebcd9d70c4d848a53630db69f473d [term 2 LEADER]: Received request to transfer leadership to TS 52e1a582f0c04411849d8bef51f6951f
I20260709 13:08:42.297963 29830 tablet_service.cc:2072] Received LeaderStepDown RPC: tablet_id: "ef28161fdea948bda0cba88d60dbb1b2"
dest_uuid: "7afebcd9d70c4d848a53630db69f473d"
mode: GRACEFUL
new_leader_uuid: "52e1a582f0c04411849d8bef51f6951f"
 from {username='slave'} at 127.0.0.1:37040
I20260709 13:08:42.298415 29830 raft_consensus.cc:606] T ef28161fdea948bda0cba88d60dbb1b2 P 7afebcd9d70c4d848a53630db69f473d [term 3 LEADER]: Received request to transfer leadership to TS 52e1a582f0c04411849d8bef51f6951f
I20260709 13:08:42.306630 29757 tablet_service.cc:2072] Received LeaderStepDown RPC: tablet_id: "f4a1ad0ef5994c2eb14c7b3d2dfddf49"
dest_uuid: "b114947dfef24d68bd7e43e3205b76e5"
mode: GRACEFUL
new_leader_uuid: "52e1a582f0c04411849d8bef51f6951f"
 from {username='slave'} at 127.0.0.1:38848
I20260709 13:08:42.307088 29757 raft_consensus.cc:606] T f4a1ad0ef5994c2eb14c7b3d2dfddf49 P b114947dfef24d68bd7e43e3205b76e5 [term 2 LEADER]: Received request to transfer leadership to TS 52e1a582f0c04411849d8bef51f6951f
I20260709 13:08:42.311110 29757 tablet_service.cc:2072] Received LeaderStepDown RPC: tablet_id: "7703a5540cf5455dbb02859eb77c1913"
dest_uuid: "b114947dfef24d68bd7e43e3205b76e5"
mode: GRACEFUL
new_leader_uuid: "52e1a582f0c04411849d8bef51f6951f"
 from {username='slave'} at 127.0.0.1:38848
I20260709 13:08:42.311604 29757 raft_consensus.cc:606] T 7703a5540cf5455dbb02859eb77c1913 P b114947dfef24d68bd7e43e3205b76e5 [term 2 LEADER]: Received request to transfer leadership to TS 52e1a582f0c04411849d8bef51f6951f
I20260709 13:08:42.315835 29755 tablet_service.cc:2072] Received LeaderStepDown RPC: tablet_id: "68b71cfdf8ba44a5af471f0a72b5f0cb"
dest_uuid: "b114947dfef24d68bd7e43e3205b76e5"
mode: GRACEFUL
new_leader_uuid: "52e1a582f0c04411849d8bef51f6951f"
 from {username='slave'} at 127.0.0.1:38848
I20260709 13:08:42.316283 29755 raft_consensus.cc:606] T 68b71cfdf8ba44a5af471f0a72b5f0cb P b114947dfef24d68bd7e43e3205b76e5 [term 2 LEADER]: Received request to transfer leadership to TS 52e1a582f0c04411849d8bef51f6951f
I20260709 13:08:42.320242 29948 raft_consensus.cc:993] T 68b71cfdf8ba44a5af471f0a72b5f0cb P b114947dfef24d68bd7e43e3205b76e5: : Instructing follower 52e1a582f0c04411849d8bef51f6951f to start an election
I20260709 13:08:42.320653 29978 raft_consensus.cc:1081] T 68b71cfdf8ba44a5af471f0a72b5f0cb P b114947dfef24d68bd7e43e3205b76e5 [term 2 LEADER]: Signalling peer 52e1a582f0c04411849d8bef51f6951f to start an election
I20260709 13:08:42.322105 29681 tablet_service.cc:2044] Received Run Leader Election RPC: tablet_id: "68b71cfdf8ba44a5af471f0a72b5f0cb"
dest_uuid: "52e1a582f0c04411849d8bef51f6951f"
 from {username='slave'} at 127.0.0.1:38762
I20260709 13:08:42.322491 29681 raft_consensus.cc:493] T 68b71cfdf8ba44a5af471f0a72b5f0cb P 52e1a582f0c04411849d8bef51f6951f [term 2 FOLLOWER]: Starting forced leader election (received explicit request)
I20260709 13:08:42.322773 29681 raft_consensus.cc:3060] T 68b71cfdf8ba44a5af471f0a72b5f0cb P 52e1a582f0c04411849d8bef51f6951f [term 2 FOLLOWER]: Advancing to term 3
I20260709 13:08:42.326562 29681 raft_consensus.cc:515] T 68b71cfdf8ba44a5af471f0a72b5f0cb P 52e1a582f0c04411849d8bef51f6951f [term 3 FOLLOWER]: Starting forced leader election with config: opid_index: -1 OBSOLETE_local: false peers { permanent_uuid: "52e1a582f0c04411849d8bef51f6951f" member_type: VOTER last_known_addr { host: "127.28.95.129" port: 35805 } } peers { permanent_uuid: "b114947dfef24d68bd7e43e3205b76e5" member_type: VOTER last_known_addr { host: "127.28.95.130" port: 34819 } } peers { permanent_uuid: "7afebcd9d70c4d848a53630db69f473d" member_type: VOTER last_known_addr { host: "127.28.95.131" port: 39197 } }
I20260709 13:08:42.327952 29681 leader_election.cc:290] T 68b71cfdf8ba44a5af471f0a72b5f0cb P 52e1a582f0c04411849d8bef51f6951f [CANDIDATE]: Term 3 election: Requested vote from peers b114947dfef24d68bd7e43e3205b76e5 (127.28.95.130:34819), 7afebcd9d70c4d848a53630db69f473d (127.28.95.131:39197)
I20260709 13:08:42.328649 29755 tablet_service.cc:1917] Received RequestConsensusVote() RPC: tablet_id: "68b71cfdf8ba44a5af471f0a72b5f0cb" candidate_uuid: "52e1a582f0c04411849d8bef51f6951f" candidate_term: 3 candidate_status { last_received { term: 2 index: 2 } } ignore_live_leader: true dest_uuid: "b114947dfef24d68bd7e43e3205b76e5"
I20260709 13:08:42.328941 29830 tablet_service.cc:1917] Received RequestConsensusVote() RPC: tablet_id: "68b71cfdf8ba44a5af471f0a72b5f0cb" candidate_uuid: "52e1a582f0c04411849d8bef51f6951f" candidate_term: 3 candidate_status { last_received { term: 2 index: 2 } } ignore_live_leader: true dest_uuid: "7afebcd9d70c4d848a53630db69f473d"
I20260709 13:08:42.329198 29755 raft_consensus.cc:3055] T 68b71cfdf8ba44a5af471f0a72b5f0cb P b114947dfef24d68bd7e43e3205b76e5 [term 2 LEADER]: Stepping down as leader of term 2
I20260709 13:08:42.329460 29830 raft_consensus.cc:3060] T 68b71cfdf8ba44a5af471f0a72b5f0cb P 7afebcd9d70c4d848a53630db69f473d [term 2 FOLLOWER]: Advancing to term 3
I20260709 13:08:42.329535 29755 raft_consensus.cc:740] T 68b71cfdf8ba44a5af471f0a72b5f0cb P b114947dfef24d68bd7e43e3205b76e5 [term 2 LEADER]: Becoming Follower/Learner. State: Replica: b114947dfef24d68bd7e43e3205b76e5, State: Running, Role: LEADER
I20260709 13:08:42.330341 29755 consensus_queue.cc:260] T 68b71cfdf8ba44a5af471f0a72b5f0cb P b114947dfef24d68bd7e43e3205b76e5 [NON_LEADER]: Queue going to NON_LEADER mode. State: All replicated index: 0, Majority replicated index: 2, Committed index: 2, Last appended: 2.2, Last appended by leader: 2, Current term: 2, Majority size: -1, State: 0, Mode: NON_LEADER, active raft config: opid_index: -1 OBSOLETE_local: false peers { permanent_uuid: "52e1a582f0c04411849d8bef51f6951f" member_type: VOTER last_known_addr { host: "127.28.95.129" port: 35805 } } peers { permanent_uuid: "b114947dfef24d68bd7e43e3205b76e5" member_type: VOTER last_known_addr { host: "127.28.95.130" port: 34819 } } peers { permanent_uuid: "7afebcd9d70c4d848a53630db69f473d" member_type: VOTER last_known_addr { host: "127.28.95.131" port: 39197 } }
I20260709 13:08:42.331522 29755 raft_consensus.cc:3060] T 68b71cfdf8ba44a5af471f0a72b5f0cb P b114947dfef24d68bd7e43e3205b76e5 [term 2 FOLLOWER]: Advancing to term 3
I20260709 13:08:42.335922 29830 raft_consensus.cc:2468] T 68b71cfdf8ba44a5af471f0a72b5f0cb P 7afebcd9d70c4d848a53630db69f473d [term 3 FOLLOWER]: Leader election vote request: Granting yes vote for candidate 52e1a582f0c04411849d8bef51f6951f in term 3.
I20260709 13:08:42.337090 29648 leader_election.cc:304] T 68b71cfdf8ba44a5af471f0a72b5f0cb P 52e1a582f0c04411849d8bef51f6951f [CANDIDATE]: Term 3 election: Election decided. Result: candidate won. Election summary: received 2 responses out of 3 voters: 2 yes votes; 0 no votes. yes voters: 52e1a582f0c04411849d8bef51f6951f, 7afebcd9d70c4d848a53630db69f473d; no voters: 
I20260709 13:08:42.337498 29755 raft_consensus.cc:2468] T 68b71cfdf8ba44a5af471f0a72b5f0cb P b114947dfef24d68bd7e43e3205b76e5 [term 3 FOLLOWER]: Leader election vote request: Granting yes vote for candidate 52e1a582f0c04411849d8bef51f6951f in term 3.
I20260709 13:08:42.337702 29960 raft_consensus.cc:2804] T 68b71cfdf8ba44a5af471f0a72b5f0cb P 52e1a582f0c04411849d8bef51f6951f [term 3 FOLLOWER]: Leader election won for term 3
I20260709 13:08:42.338153 29960 raft_consensus.cc:697] T 68b71cfdf8ba44a5af471f0a72b5f0cb P 52e1a582f0c04411849d8bef51f6951f [term 3 LEADER]: Becoming Leader. State: Replica: 52e1a582f0c04411849d8bef51f6951f, State: Running, Role: LEADER
I20260709 13:08:42.338907 29960 consensus_queue.cc:237] T 68b71cfdf8ba44a5af471f0a72b5f0cb P 52e1a582f0c04411849d8bef51f6951f [LEADER]: Queue going to LEADER mode. State: All replicated index: 0, Majority replicated index: 2, Committed index: 2, Last appended: 2.2, Last appended by leader: 2, Current term: 3, Majority size: 2, State: 0, Mode: LEADER, active raft config: opid_index: -1 OBSOLETE_local: false peers { permanent_uuid: "52e1a582f0c04411849d8bef51f6951f" member_type: VOTER last_known_addr { host: "127.28.95.129" port: 35805 } } peers { permanent_uuid: "b114947dfef24d68bd7e43e3205b76e5" member_type: VOTER last_known_addr { host: "127.28.95.130" port: 34819 } } peers { permanent_uuid: "7afebcd9d70c4d848a53630db69f473d" member_type: VOTER last_known_addr { host: "127.28.95.131" port: 39197 } }
I20260709 13:08:42.344611 29579 catalog_manager.cc:5697] T 68b71cfdf8ba44a5af471f0a72b5f0cb P 52e1a582f0c04411849d8bef51f6951f reported cstate change: term changed from 2 to 3, leader changed from b114947dfef24d68bd7e43e3205b76e5 (127.28.95.130) to 52e1a582f0c04411849d8bef51f6951f (127.28.95.129). New cstate: current_term: 3 leader_uuid: "52e1a582f0c04411849d8bef51f6951f" committed_config { opid_index: -1 OBSOLETE_local: false peers { permanent_uuid: "52e1a582f0c04411849d8bef51f6951f" member_type: VOTER last_known_addr { host: "127.28.95.129" port: 35805 } health_report { overall_health: HEALTHY } } peers { permanent_uuid: "b114947dfef24d68bd7e43e3205b76e5" member_type: VOTER last_known_addr { host: "127.28.95.130" port: 34819 } health_report { overall_health: UNKNOWN } } peers { permanent_uuid: "7afebcd9d70c4d848a53630db69f473d" member_type: VOTER last_known_addr { host: "127.28.95.131" port: 39197 } health_report { overall_health: UNKNOWN } } }
I20260709 13:08:42.354538 29983 raft_consensus.cc:993] T ef28161fdea948bda0cba88d60dbb1b2 P 7afebcd9d70c4d848a53630db69f473d: : Instructing follower 52e1a582f0c04411849d8bef51f6951f to start an election
I20260709 13:08:42.355024 29983 raft_consensus.cc:1081] T ef28161fdea948bda0cba88d60dbb1b2 P 7afebcd9d70c4d848a53630db69f473d [term 3 LEADER]: Signalling peer 52e1a582f0c04411849d8bef51f6951f to start an election
