W20260709 13:08:50.746678 30395 leader_election.cc:343] T 099d6fc91aeb41138f0955ebbc39cea8 P db199f983060464bbbf6f4afc12f85d1 [CANDIDATE]: Term 1 pre-election: Tablet error from VoteRequest() call to peer c7a045c5256d413591b8641a5fa617c4 (127.28.123.66:45707): Illegal state: must be running to vote when last-logged opid is not known
I20260709 13:08:50.748579 30395 leader_election.cc:304] T 099d6fc91aeb41138f0955ebbc39cea8 P db199f983060464bbbf6f4afc12f85d1 [CANDIDATE]: Term 1 pre-election: Election decided. Result: candidate lost. Election summary: received 3 responses out of 3 voters: 1 yes votes; 2 no votes. yes voters: db199f983060464bbbf6f4afc12f85d1; no voters: b2ec0a597e854972a119711b7b8ddce7, c7a045c5256d413591b8641a5fa617c4
I20260709 13:08:50.749557 30472 tablet_bootstrap.cc:654] T 5f5c039f792843ce918d3552f4760b61 P c7a045c5256d413591b8641a5fa617c4: Neither blocks nor log segments found. Creating new log.
I20260709 13:08:50.742974 30591 raft_consensus.cc:493] T 9c6255d85ffb4c3a96cbeecad477cce5 P db199f983060464bbbf6f4afc12f85d1 [term 0 FOLLOWER]: Starting pre-election (no leader contacted us within the election timeout)
I20260709 13:08:50.751744 30174 catalog_manager.cc:5697] T 53ec8ef0f45a4de9b1ef5b3fe4bae6c5 P c7a045c5256d413591b8641a5fa617c4 reported cstate change: term changed from 0 to 1, leader changed from <none> to c7a045c5256d413591b8641a5fa617c4 (127.28.123.66). New cstate: current_term: 1 leader_uuid: "c7a045c5256d413591b8641a5fa617c4" committed_config { opid_index: -1 OBSOLETE_local: false peers { permanent_uuid: "b2ec0a597e854972a119711b7b8ddce7" member_type: VOTER last_known_addr { host: "127.28.123.65" port: 39399 } health_report { overall_health: UNKNOWN } } peers { permanent_uuid: "c7a045c5256d413591b8641a5fa617c4" member_type: VOTER last_known_addr { host: "127.28.123.66" port: 45707 } health_report { overall_health: HEALTHY } } peers { permanent_uuid: "db199f983060464bbbf6f4afc12f85d1" member_type: VOTER last_known_addr { host: "127.28.123.67" port: 37645 } health_report { overall_health: UNKNOWN } } }
I20260709 13:08:50.758162 30530 raft_consensus.cc:2749] T 099d6fc91aeb41138f0955ebbc39cea8 P db199f983060464bbbf6f4afc12f85d1 [term 0 FOLLOWER]: Leader pre-election lost for term 1. Reason: could not achieve majority
I20260709 13:08:50.751298 30591 raft_consensus.cc:515] T 9c6255d85ffb4c3a96cbeecad477cce5 P db199f983060464bbbf6f4afc12f85d1 [term 0 FOLLOWER]: Starting pre-election with config: opid_index: -1 OBSOLETE_local: false peers { permanent_uuid: "b2ec0a597e854972a119711b7b8ddce7" member_type: VOTER last_known_addr { host: "127.28.123.65" port: 39399 } } peers { permanent_uuid: "c7a045c5256d413591b8641a5fa617c4" member_type: VOTER last_known_addr { host: "127.28.123.66" port: 45707 } } peers { permanent_uuid: "db199f983060464bbbf6f4afc12f85d1" member_type: VOTER last_known_addr { host: "127.28.123.67" port: 37645 } }
I20260709 13:08:50.763895 30591 leader_election.cc:290] T 9c6255d85ffb4c3a96cbeecad477cce5 P db199f983060464bbbf6f4afc12f85d1 [CANDIDATE]: Term 1 pre-election: Requested pre-vote from peers b2ec0a597e854972a119711b7b8ddce7 (127.28.123.65:39399), c7a045c5256d413591b8641a5fa617c4 (127.28.123.66:45707)
I20260709 13:08:50.769481 30279 tablet_service.cc:1917] Received RequestConsensusVote() RPC: tablet_id: "9c6255d85ffb4c3a96cbeecad477cce5" candidate_uuid: "db199f983060464bbbf6f4afc12f85d1" candidate_term: 1 candidate_status { last_received { term: 0 index: 0 } } ignore_live_leader: false dest_uuid: "b2ec0a597e854972a119711b7b8ddce7" is_pre_election: true
W20260709 13:08:50.771445 30393 leader_election.cc:343] T 9c6255d85ffb4c3a96cbeecad477cce5 P db199f983060464bbbf6f4afc12f85d1 [CANDIDATE]: Term 1 pre-election: Tablet error from VoteRequest() call to peer b2ec0a597e854972a119711b7b8ddce7 (127.28.123.65:39399): Illegal state: must be running to vote when last-logged opid is not known
I20260709 13:08:50.773506 30350 tablet_service.cc:1917] Received RequestConsensusVote() RPC: tablet_id: "9c6255d85ffb4c3a96cbeecad477cce5" candidate_uuid: "db199f983060464bbbf6f4afc12f85d1" candidate_term: 1 candidate_status { last_received { term: 0 index: 0 } } ignore_live_leader: false dest_uuid: "c7a045c5256d413591b8641a5fa617c4" is_pre_election: true
W20260709 13:08:50.775262 30395 leader_election.cc:343] T 9c6255d85ffb4c3a96cbeecad477cce5 P db199f983060464bbbf6f4afc12f85d1 [CANDIDATE]: Term 1 pre-election: Tablet error from VoteRequest() call to peer c7a045c5256d413591b8641a5fa617c4 (127.28.123.66:45707): Illegal state: must be running to vote when last-logged opid is not known
I20260709 13:08:50.775779 30395 leader_election.cc:304] T 9c6255d85ffb4c3a96cbeecad477cce5 P db199f983060464bbbf6f4afc12f85d1 [CANDIDATE]: Term 1 pre-election: Election decided. Result: candidate lost. Election summary: received 3 responses out of 3 voters: 1 yes votes; 2 no votes. yes voters: db199f983060464bbbf6f4afc12f85d1; no voters: b2ec0a597e854972a119711b7b8ddce7, c7a045c5256d413591b8641a5fa617c4
I20260709 13:08:50.786506 30469 tablet_bootstrap.cc:492] T fd16a00241b14aef8c7a2512d2c60886 P db199f983060464bbbf6f4afc12f85d1: No bootstrap required, opened a new log
I20260709 13:08:50.786983 30469 ts_tablet_manager.cc:1403] T fd16a00241b14aef8c7a2512d2c60886 P db199f983060464bbbf6f4afc12f85d1: Time spent bootstrapping tablet: real 0.164s	user 0.007s	sys 0.014s
I20260709 13:08:50.789942 30661 raft_consensus.cc:2749] T 9c6255d85ffb4c3a96cbeecad477cce5 P db199f983060464bbbf6f4afc12f85d1 [term 0 FOLLOWER]: Leader pre-election lost for term 1. Reason: could not achieve majority
I20260709 13:08:50.791446 30469 raft_consensus.cc:359] T fd16a00241b14aef8c7a2512d2c60886 P db199f983060464bbbf6f4afc12f85d1 [term 0 FOLLOWER]: Replica starting. Triggering 0 pending ops. Active config: opid_index: -1 OBSOLETE_local: false peers { permanent_uuid: "b2ec0a597e854972a119711b7b8ddce7" member_type: VOTER last_known_addr { host: "127.28.123.65" port: 39399 } } peers { permanent_uuid: "c7a045c5256d413591b8641a5fa617c4" member_type: VOTER last_known_addr { host: "127.28.123.66" port: 45707 } } peers { permanent_uuid: "db199f983060464bbbf6f4afc12f85d1" member_type: VOTER last_known_addr { host: "127.28.123.67" port: 37645 } }
I20260709 13:08:50.792167 30469 raft_consensus.cc:385] T fd16a00241b14aef8c7a2512d2c60886 P db199f983060464bbbf6f4afc12f85d1 [term 0 FOLLOWER]: Consensus starting up: Expiring failure detector timer to make a prompt election more likely
I20260709 13:08:50.791990 30478 consensus_queue.cc:1048] T 359b6a55f69b4bd393ffd939bf5a5a6d P c7a045c5256d413591b8641a5fa617c4 [LEADER]: Connected to new peer: Peer: permanent_uuid: "db199f983060464bbbf6f4afc12f85d1" member_type: VOTER last_known_addr { host: "127.28.123.67" port: 37645 }, Status: LMP_MISMATCH, Last received: 0.0, Next index: 1, Last known committed idx: 0, Time since last communication: 0.001s
I20260709 13:08:50.792804 30472 tablet_bootstrap.cc:492] T 5f5c039f792843ce918d3552f4760b61 P c7a045c5256d413591b8641a5fa617c4: No bootstrap required, opened a new log
I20260709 13:08:50.793219 30472 ts_tablet_manager.cc:1403] T 5f5c039f792843ce918d3552f4760b61 P c7a045c5256d413591b8641a5fa617c4: Time spent bootstrapping tablet: real 0.130s	user 0.021s	sys 0.031s
I20260709 13:08:50.793967 30470 tablet_bootstrap.cc:492] T 9c6255d85ffb4c3a96cbeecad477cce5 P b2ec0a597e854972a119711b7b8ddce7: No bootstrap required, opened a new log
I20260709 13:08:50.794392 30470 ts_tablet_manager.cc:1403] T 9c6255d85ffb4c3a96cbeecad477cce5 P b2ec0a597e854972a119711b7b8ddce7: Time spent bootstrapping tablet: real 0.137s	user 0.011s	sys 0.024s
I20260709 13:08:50.795773 30472 raft_consensus.cc:359] T 5f5c039f792843ce918d3552f4760b61 P c7a045c5256d413591b8641a5fa617c4 [term 0 FOLLOWER]: Replica starting. Triggering 0 pending ops. Active config: opid_index: -1 OBSOLETE_local: false peers { permanent_uuid: "b2ec0a597e854972a119711b7b8ddce7" member_type: VOTER last_known_addr { host: "127.28.123.65" port: 39399 } } peers { permanent_uuid: "c7a045c5256d413591b8641a5fa617c4" member_type: VOTER last_known_addr { host: "127.28.123.66" port: 45707 } } peers { permanent_uuid: "db199f983060464bbbf6f4afc12f85d1" member_type: VOTER last_known_addr { host: "127.28.123.67" port: 37645 } }
I20260709 13:08:50.796417 30472 raft_consensus.cc:385] T 5f5c039f792843ce918d3552f4760b61 P c7a045c5256d413591b8641a5fa617c4 [term 0 FOLLOWER]: Consensus starting up: Expiring failure detector timer to make a prompt election more likely
I20260709 13:08:50.796697 30472 raft_consensus.cc:740] T 5f5c039f792843ce918d3552f4760b61 P c7a045c5256d413591b8641a5fa617c4 [term 0 FOLLOWER]: Becoming Follower/Learner. State: Replica: c7a045c5256d413591b8641a5fa617c4, State: Initialized, Role: FOLLOWER
I20260709 13:08:50.797360 30472 consensus_queue.cc:260] T 5f5c039f792843ce918d3552f4760b61 P c7a045c5256d413591b8641a5fa617c4 [NON_LEADER]: Queue going to NON_LEADER mode. State: All replicated index: 0, Majority replicated index: 0, Committed index: 0, Last appended: 0.0, Last appended by leader: 0, Current term: 0, Majority size: -1, State: 0, Mode: NON_LEADER, active raft config: opid_index: -1 OBSOLETE_local: false peers { permanent_uuid: "b2ec0a597e854972a119711b7b8ddce7" member_type: VOTER last_known_addr { host: "127.28.123.65" port: 39399 } } peers { permanent_uuid: "c7a045c5256d413591b8641a5fa617c4" member_type: VOTER last_known_addr { host: "127.28.123.66" port: 45707 } } peers { permanent_uuid: "db199f983060464bbbf6f4afc12f85d1" member_type: VOTER last_known_addr { host: "127.28.123.67" port: 37645 } }
I20260709 13:08:50.792567 30469 raft_consensus.cc:740] T fd16a00241b14aef8c7a2512d2c60886 P db199f983060464bbbf6f4afc12f85d1 [term 0 FOLLOWER]: Becoming Follower/Learner. State: Replica: db199f983060464bbbf6f4afc12f85d1, State: Initialized, Role: FOLLOWER
I20260709 13:08:50.798511 30469 consensus_queue.cc:260] T fd16a00241b14aef8c7a2512d2c60886 P db199f983060464bbbf6f4afc12f85d1 [NON_LEADER]: Queue going to NON_LEADER mode. State: All replicated index: 0, Majority replicated index: 0, Committed index: 0, Last appended: 0.0, Last appended by leader: 0, Current term: 0, Majority size: -1, State: 0, Mode: NON_LEADER, active raft config: opid_index: -1 OBSOLETE_local: false peers { permanent_uuid: "b2ec0a597e854972a119711b7b8ddce7" member_type: VOTER last_known_addr { host: "127.28.123.65" port: 39399 } } peers { permanent_uuid: "c7a045c5256d413591b8641a5fa617c4" member_type: VOTER last_known_addr { host: "127.28.123.66" port: 45707 } } peers { permanent_uuid: "db199f983060464bbbf6f4afc12f85d1" member_type: VOTER last_known_addr { host: "127.28.123.67" port: 37645 } }
I20260709 13:08:50.799368 30472 ts_tablet_manager.cc:1434] T 5f5c039f792843ce918d3552f4760b61 P c7a045c5256d413591b8641a5fa617c4: Time spent starting tablet: real 0.006s	user 0.004s	sys 0.000s
I20260709 13:08:50.797473 30470 raft_consensus.cc:359] T 9c6255d85ffb4c3a96cbeecad477cce5 P b2ec0a597e854972a119711b7b8ddce7 [term 0 FOLLOWER]: Replica starting. Triggering 0 pending ops. Active config: opid_index: -1 OBSOLETE_local: false peers { permanent_uuid: "b2ec0a597e854972a119711b7b8ddce7" member_type: VOTER last_known_addr { host: "127.28.123.65" port: 39399 } } peers { permanent_uuid: "c7a045c5256d413591b8641a5fa617c4" member_type: VOTER last_known_addr { host: "127.28.123.66" port: 45707 } } peers { permanent_uuid: "db199f983060464bbbf6f4afc12f85d1" member_type: VOTER last_known_addr { host: "127.28.123.67" port: 37645 } }
I20260709 13:08:50.799990 30470 raft_consensus.cc:385] T 9c6255d85ffb4c3a96cbeecad477cce5 P b2ec0a597e854972a119711b7b8ddce7 [term 0 FOLLOWER]: Consensus starting up: Expiring failure detector timer to make a prompt election more likely
I20260709 13:08:50.800253 30470 raft_consensus.cc:740] T 9c6255d85ffb4c3a96cbeecad477cce5 P b2ec0a597e854972a119711b7b8ddce7 [term 0 FOLLOWER]: Becoming Follower/Learner. State: Replica: b2ec0a597e854972a119711b7b8ddce7, State: Initialized, Role: FOLLOWER
I20260709 13:08:50.800377 30469 ts_tablet_manager.cc:1434] T fd16a00241b14aef8c7a2512d2c60886 P db199f983060464bbbf6f4afc12f85d1: Time spent starting tablet: real 0.013s	user 0.007s	sys 0.000s
I20260709 13:08:50.800884 30470 consensus_queue.cc:260] T 9c6255d85ffb4c3a96cbeecad477cce5 P b2ec0a597e854972a119711b7b8ddce7 [NON_LEADER]: Queue going to NON_LEADER mode. State: All replicated index: 0, Majority replicated index: 0, Committed index: 0, Last appended: 0.0, Last appended by leader: 0, Current term: 0, Majority size: -1, State: 0, Mode: NON_LEADER, active raft config: opid_index: -1 OBSOLETE_local: false peers { permanent_uuid: "b2ec0a597e854972a119711b7b8ddce7" member_type: VOTER last_known_addr { host: "127.28.123.65" port: 39399 } } peers { permanent_uuid: "c7a045c5256d413591b8641a5fa617c4" member_type: VOTER last_known_addr { host: "127.28.123.66" port: 45707 } } peers { permanent_uuid: "db199f983060464bbbf6f4afc12f85d1" member_type: VOTER last_known_addr { host: "127.28.123.67" port: 37645 } }
I20260709 13:08:50.802376 30470 ts_tablet_manager.cc:1434] T 9c6255d85ffb4c3a96cbeecad477cce5 P b2ec0a597e854972a119711b7b8ddce7: Time spent starting tablet: real 0.008s	user 0.004s	sys 0.000s
I20260709 13:08:50.803292 30472 tablet_bootstrap.cc:492] T 9c6255d85ffb4c3a96cbeecad477cce5 P c7a045c5256d413591b8641a5fa617c4: Bootstrap starting.
I20260709 13:08:50.804356 30469 tablet_bootstrap.cc:492] T e6953e8f39df4f41aa3906d4b9356ac0 P db199f983060464bbbf6f4afc12f85d1: Bootstrap starting.
I20260709 13:08:50.809077 30472 tablet_bootstrap.cc:654] T 9c6255d85ffb4c3a96cbeecad477cce5 P c7a045c5256d413591b8641a5fa617c4: Neither blocks nor log segments found. Creating new log.
I20260709 13:08:50.809717 30469 tablet_bootstrap.cc:654] T e6953e8f39df4f41aa3906d4b9356ac0 P db199f983060464bbbf6f4afc12f85d1: Neither blocks nor log segments found. Creating new log.
I20260709 13:08:50.814635 30470 tablet_bootstrap.cc:492] T fe3f5694d2954c5f85da4d48bc8d08b5 P b2ec0a597e854972a119711b7b8ddce7: Bootstrap starting.
I20260709 13:08:50.820237 30591 consensus_queue.cc:1048] T d29ed2aa52c64f5f86a0af0f8a1f8daa P db199f983060464bbbf6f4afc12f85d1 [LEADER]: Connected to new peer: Peer: permanent_uuid: "c7a045c5256d413591b8641a5fa617c4" member_type: VOTER last_known_addr { host: "127.28.123.66" port: 45707 }, Status: LMP_MISMATCH, Last received: 0.0, Next index: 1, Last known committed idx: 0, Time since last communication: 0.001s
I20260709 13:08:50.822570 30470 tablet_bootstrap.cc:654] T fe3f5694d2954c5f85da4d48bc8d08b5 P b2ec0a597e854972a119711b7b8ddce7: Neither blocks nor log segments found. Creating new log.
I20260709 13:08:50.831678 30470 tablet_bootstrap.cc:492] T fe3f5694d2954c5f85da4d48bc8d08b5 P b2ec0a597e854972a119711b7b8ddce7: No bootstrap required, opened a new log
I20260709 13:08:50.832243 30470 ts_tablet_manager.cc:1403] T fe3f5694d2954c5f85da4d48bc8d08b5 P b2ec0a597e854972a119711b7b8ddce7: Time spent bootstrapping tablet: real 0.018s	user 0.013s	sys 0.000s
I20260709 13:08:50.843042 30470 raft_consensus.cc:359] T fe3f5694d2954c5f85da4d48bc8d08b5 P b2ec0a597e854972a119711b7b8ddce7 [term 0 FOLLOWER]: Replica starting. Triggering 0 pending ops. Active config: opid_index: -1 OBSOLETE_local: false peers { permanent_uuid: "b2ec0a597e854972a119711b7b8ddce7" member_type: VOTER last_known_addr { host: "127.28.123.65" port: 39399 } } peers { permanent_uuid: "c7a045c5256d413591b8641a5fa617c4" member_type: VOTER last_known_addr { host: "127.28.123.66" port: 45707 } } peers { permanent_uuid: "db199f983060464bbbf6f4afc12f85d1" member_type: VOTER last_known_addr { host: "127.28.123.67" port: 37645 } }
I20260709 13:08:50.843925 30470 raft_consensus.cc:385] T fe3f5694d2954c5f85da4d48bc8d08b5 P b2ec0a597e854972a119711b7b8ddce7 [term 0 FOLLOWER]: Consensus starting up: Expiring failure detector timer to make a prompt election more likely
I20260709 13:08:50.844264 30470 raft_consensus.cc:740] T fe3f5694d2954c5f85da4d48bc8d08b5 P b2ec0a597e854972a119711b7b8ddce7 [term 0 FOLLOWER]: Becoming Follower/Learner. State: Replica: b2ec0a597e854972a119711b7b8ddce7, State: Initialized, Role: FOLLOWER
I20260709 13:08:50.845111 30470 consensus_queue.cc:260] T fe3f5694d2954c5f85da4d48bc8d08b5 P b2ec0a597e854972a119711b7b8ddce7 [NON_LEADER]: Queue going to NON_LEADER mode. State: All replicated index: 0, Majority replicated index: 0, Committed index: 0, Last appended: 0.0, Last appended by leader: 0, Current term: 0, Majority size: -1, State: 0, Mode: NON_LEADER, active raft config: opid_index: -1 OBSOLETE_local: false peers { permanent_uuid: "b2ec0a597e854972a119711b7b8ddce7" member_type: VOTER last_known_addr { host: "127.28.123.65" port: 39399 } } peers { permanent_uuid: "c7a045c5256d413591b8641a5fa617c4" member_type: VOTER last_known_addr { host: "127.28.123.66" port: 45707 } } peers { permanent_uuid: "db199f983060464bbbf6f4afc12f85d1" member_type: VOTER last_known_addr { host: "127.28.123.67" port: 37645 } }
I20260709 13:08:50.847860 30470 ts_tablet_manager.cc:1434] T fe3f5694d2954c5f85da4d48bc8d08b5 P b2ec0a597e854972a119711b7b8ddce7: Time spent starting tablet: real 0.015s	user 0.005s	sys 0.000s
I20260709 13:08:50.851079 30478 consensus_queue.cc:1048] T 359b6a55f69b4bd393ffd939bf5a5a6d P c7a045c5256d413591b8641a5fa617c4 [LEADER]: Connected to new peer: Peer: permanent_uuid: "b2ec0a597e854972a119711b7b8ddce7" member_type: VOTER last_known_addr { host: "127.28.123.65" port: 39399 }, Status: LMP_MISMATCH, Last received: 0.0, Next index: 1, Last known committed idx: 0, Time since last communication: 0.000s
I20260709 13:08:50.856436 30470 tablet_bootstrap.cc:492] T 4a674bdf5d544f92acca26c304002f17 P b2ec0a597e854972a119711b7b8ddce7: Bootstrap starting.
I20260709 13:08:50.874336 30470 tablet_bootstrap.cc:654] T 4a674bdf5d544f92acca26c304002f17 P b2ec0a597e854972a119711b7b8ddce7: Neither blocks nor log segments found. Creating new log.
I20260709 13:08:50.882413 30472 tablet_bootstrap.cc:492] T 9c6255d85ffb4c3a96cbeecad477cce5 P c7a045c5256d413591b8641a5fa617c4: No bootstrap required, opened a new log
I20260709 13:08:50.882871 30472 ts_tablet_manager.cc:1403] T 9c6255d85ffb4c3a96cbeecad477cce5 P c7a045c5256d413591b8641a5fa617c4: Time spent bootstrapping tablet: real 0.080s	user 0.037s	sys 0.025s
I20260709 13:08:50.883316 30469 tablet_bootstrap.cc:492] T e6953e8f39df4f41aa3906d4b9356ac0 P db199f983060464bbbf6f4afc12f85d1: No bootstrap required, opened a new log
I20260709 13:08:50.883747 30469 ts_tablet_manager.cc:1403] T e6953e8f39df4f41aa3906d4b9356ac0 P db199f983060464bbbf6f4afc12f85d1: Time spent bootstrapping tablet: real 0.080s	user 0.028s	sys 0.018s
I20260709 13:08:50.885385 30472 raft_consensus.cc:359] T 9c6255d85ffb4c3a96cbeecad477cce5 P c7a045c5256d413591b8641a5fa617c4 [term 0 FOLLOWER]: Replica starting. Triggering 0 pending ops. Active config: opid_index: -1 OBSOLETE_local: false peers { permanent_uuid: "b2ec0a597e854972a119711b7b8ddce7" member_type: VOTER last_known_addr { host: "127.28.123.65" port: 39399 } } peers { permanent_uuid: "c7a045c5256d413591b8641a5fa617c4" member_type: VOTER last_known_addr { host: "127.28.123.66" port: 45707 } } peers { permanent_uuid: "db199f983060464bbbf6f4afc12f85d1" member_type: VOTER last_known_addr { host: "127.28.123.67" port: 37645 } }
I20260709 13:08:50.886037 30472 raft_consensus.cc:385] T 9c6255d85ffb4c3a96cbeecad477cce5 P c7a045c5256d413591b8641a5fa617c4 [term 0 FOLLOWER]: Consensus starting up: Expiring failure detector timer to make a prompt election more likely
I20260709 13:08:50.886298 30472 raft_consensus.cc:740] T 9c6255d85ffb4c3a96cbeecad477cce5 P c7a045c5256d413591b8641a5fa617c4 [term 0 FOLLOWER]: Becoming Follower/Learner. State: Replica: c7a045c5256d413591b8641a5fa617c4, State: Initialized, Role: FOLLOWER
I20260709 13:08:50.886978 30472 consensus_queue.cc:260] T 9c6255d85ffb4c3a96cbeecad477cce5 P c7a045c5256d413591b8641a5fa617c4 [NON_LEADER]: Queue going to NON_LEADER mode. State: All replicated index: 0, Majority replicated index: 0, Committed index: 0, Last appended: 0.0, Last appended by leader: 0, Current term: 0, Majority size: -1, State: 0, Mode: NON_LEADER, active raft config: opid_index: -1 OBSOLETE_local: false peers { permanent_uuid: "b2ec0a597e854972a119711b7b8ddce7" member_type: VOTER last_known_addr { host: "127.28.123.65" port: 39399 } } peers { permanent_uuid: "c7a045c5256d413591b8641a5fa617c4" member_type: VOTER last_known_addr { host: "127.28.123.66" port: 45707 } } peers { permanent_uuid: "db199f983060464bbbf6f4afc12f85d1" member_type: VOTER last_known_addr { host: "127.28.123.67" port: 37645 } }
I20260709 13:08:50.887395 30469 raft_consensus.cc:359] T e6953e8f39df4f41aa3906d4b9356ac0 P db199f983060464bbbf6f4afc12f85d1 [term 0 FOLLOWER]: Replica starting. Triggering 0 pending ops. Active config: opid_index: -1 OBSOLETE_local: false peers { permanent_uuid: "b2ec0a597e854972a119711b7b8ddce7" member_type: VOTER last_known_addr { host: "127.28.123.65" port: 39399 } } peers { permanent_uuid: "c7a045c5256d413591b8641a5fa617c4" member_type: VOTER last_known_addr { host: "127.28.123.66" port: 45707 } } peers { permanent_uuid: "db199f983060464bbbf6f4afc12f85d1" member_type: VOTER last_known_addr { host: "127.28.123.67" port: 37645 } }
I20260709 13:08:50.888032 30469 raft_consensus.cc:385] T e6953e8f39df4f41aa3906d4b9356ac0 P db199f983060464bbbf6f4afc12f85d1 [term 0 FOLLOWER]: Consensus starting up: Expiring failure detector timer to make a prompt election more likely
I20260709 13:08:50.888322 30469 raft_consensus.cc:740] T e6953e8f39df4f41aa3906d4b9356ac0 P db199f983060464bbbf6f4afc12f85d1 [term 0 FOLLOWER]: Becoming Follower/Learner. State: Replica: db199f983060464bbbf6f4afc12f85d1, State: Initialized, Role: FOLLOWER
I20260709 13:08:50.888952 30469 consensus_queue.cc:260] T e6953e8f39df4f41aa3906d4b9356ac0 P db199f983060464bbbf6f4afc12f85d1 [NON_LEADER]: Queue going to NON_LEADER mode. State: All replicated index: 0, Majority replicated index: 0, Committed index: 0, Last appended: 0.0, Last appended by leader: 0, Current term: 0, Majority size: -1, State: 0, Mode: NON_LEADER, active raft config: opid_index: -1 OBSOLETE_local: false peers { permanent_uuid: "b2ec0a597e854972a119711b7b8ddce7" member_type: VOTER last_known_addr { host: "127.28.123.65" port: 39399 } } peers { permanent_uuid: "c7a045c5256d413591b8641a5fa617c4" member_type: VOTER last_known_addr { host: "127.28.123.66" port: 45707 } } peers { permanent_uuid: "db199f983060464bbbf6f4afc12f85d1" member_type: VOTER last_known_addr { host: "127.28.123.67" port: 37645 } }
I20260709 13:08:50.889837 30472 ts_tablet_manager.cc:1434] T 9c6255d85ffb4c3a96cbeecad477cce5 P c7a045c5256d413591b8641a5fa617c4: Time spent starting tablet: real 0.007s	user 0.006s	sys 0.001s
I20260709 13:08:50.890717 30472 tablet_bootstrap.cc:492] T 4a674bdf5d544f92acca26c304002f17 P c7a045c5256d413591b8641a5fa617c4: Bootstrap starting.
I20260709 13:08:50.891029 30470 tablet_bootstrap.cc:492] T 4a674bdf5d544f92acca26c304002f17 P b2ec0a597e854972a119711b7b8ddce7: No bootstrap required, opened a new log
I20260709 13:08:50.891429 30470 ts_tablet_manager.cc:1403] T 4a674bdf5d544f92acca26c304002f17 P b2ec0a597e854972a119711b7b8ddce7: Time spent bootstrapping tablet: real 0.035s	user 0.011s	sys 0.002s
I20260709 13:08:50.893873 30470 raft_consensus.cc:359] T 4a674bdf5d544f92acca26c304002f17 P b2ec0a597e854972a119711b7b8ddce7 [term 0 FOLLOWER]: Replica starting. Triggering 0 pending ops. Active config: opid_index: -1 OBSOLETE_local: false peers { permanent_uuid: "b2ec0a597e854972a119711b7b8ddce7" member_type: VOTER last_known_addr { host: "127.28.123.65" port: 39399 } } peers { permanent_uuid: "c7a045c5256d413591b8641a5fa617c4" member_type: VOTER last_known_addr { host: "127.28.123.66" port: 45707 } } peers { permanent_uuid: "db199f983060464bbbf6f4afc12f85d1" member_type: VOTER last_known_addr { host: "127.28.123.67" port: 37645 } }
I20260709 13:08:50.894507 30470 raft_consensus.cc:385] T 4a674bdf5d544f92acca26c304002f17 P b2ec0a597e854972a119711b7b8ddce7 [term 0 FOLLOWER]: Consensus starting up: Expiring failure detector timer to make a prompt election more likely
I20260709 13:08:50.894757 30470 raft_consensus.cc:740] T 4a674bdf5d544f92acca26c304002f17 P b2ec0a597e854972a119711b7b8ddce7 [term 0 FOLLOWER]: Becoming Follower/Learner. State: Replica: b2ec0a597e854972a119711b7b8ddce7, State: Initialized, Role: FOLLOWER
I20260709 13:08:50.895349 30470 consensus_queue.cc:260] T 4a674bdf5d544f92acca26c304002f17 P b2ec0a597e854972a119711b7b8ddce7 [NON_LEADER]: Queue going to NON_LEADER mode. State: All replicated index: 0, Majority replicated index: 0, Committed index: 0, Last appended: 0.0, Last appended by leader: 0, Current term: 0, Majority size: -1, State: 0, Mode: NON_LEADER, active raft config: opid_index: -1 OBSOLETE_local: false peers { permanent_uuid: "b2ec0a597e854972a119711b7b8ddce7" member_type: VOTER last_known_addr { host: "127.28.123.65" port: 39399 } } peers { permanent_uuid: "c7a045c5256d413591b8641a5fa617c4" member_type: VOTER last_known_addr { host: "127.28.123.66" port: 45707 } } peers { permanent_uuid: "db199f983060464bbbf6f4afc12f85d1" member_type: VOTER last_known_addr { host: "127.28.123.67" port: 37645 } }
I20260709 13:08:50.896201 30472 tablet_bootstrap.cc:654] T 4a674bdf5d544f92acca26c304002f17 P c7a045c5256d413591b8641a5fa617c4: Neither blocks nor log segments found. Creating new log.
I20260709 13:08:50.897614 30469 ts_tablet_manager.cc:1434] T e6953e8f39df4f41aa3906d4b9356ac0 P db199f983060464bbbf6f4afc12f85d1: Time spent starting tablet: real 0.014s	user 0.003s	sys 0.003s
I20260709 13:08:50.898509 30469 tablet_bootstrap.cc:492] T fe3f5694d2954c5f85da4d48bc8d08b5 P db199f983060464bbbf6f4afc12f85d1: Bootstrap starting.
I20260709 13:08:50.905862 30469 tablet_bootstrap.cc:654] T fe3f5694d2954c5f85da4d48bc8d08b5 P db199f983060464bbbf6f4afc12f85d1: Neither blocks nor log segments found. Creating new log.
I20260709 13:08:50.908727 30474 raft_consensus.cc:493] T fe3f5694d2954c5f85da4d48bc8d08b5 P b2ec0a597e854972a119711b7b8ddce7 [term 0 FOLLOWER]: Starting pre-election (no leader contacted us within the election timeout)
I20260709 13:08:50.909363 30474 raft_consensus.cc:515] T fe3f5694d2954c5f85da4d48bc8d08b5 P b2ec0a597e854972a119711b7b8ddce7 [term 0 FOLLOWER]: Starting pre-election with config: opid_index: -1 OBSOLETE_local: false peers { permanent_uuid: "b2ec0a597e854972a119711b7b8ddce7" member_type: VOTER last_known_addr { host: "127.28.123.65" port: 39399 } } peers { permanent_uuid: "c7a045c5256d413591b8641a5fa617c4" member_type: VOTER last_known_addr { host: "127.28.123.66" port: 45707 } } peers { permanent_uuid: "db199f983060464bbbf6f4afc12f85d1" member_type: VOTER last_known_addr { host: "127.28.123.67" port: 37645 } }
I20260709 13:08:50.912766 30474 leader_election.cc:290] T fe3f5694d2954c5f85da4d48bc8d08b5 P b2ec0a597e854972a119711b7b8ddce7 [CANDIDATE]: Term 1 pre-election: Requested pre-vote from peers c7a045c5256d413591b8641a5fa617c4 (127.28.123.66:45707), db199f983060464bbbf6f4afc12f85d1 (127.28.123.67:37645)
I20260709 13:08:50.912850 30352 tablet_service.cc:1917] Received RequestConsensusVote() RPC: tablet_id: "fe3f5694d2954c5f85da4d48bc8d08b5" candidate_uuid: "b2ec0a597e854972a119711b7b8ddce7" candidate_term: 1 candidate_status { last_received { term: 0 index: 0 } } ignore_live_leader: false dest_uuid: "c7a045c5256d413591b8641a5fa617c4" is_pre_election: true
W20260709 13:08:50.914355 30246 leader_election.cc:343] T fe3f5694d2954c5f85da4d48bc8d08b5 P b2ec0a597e854972a119711b7b8ddce7 [CANDIDATE]: Term 1 pre-election: Tablet error from VoteRequest() call to peer c7a045c5256d413591b8641a5fa617c4 (127.28.123.66:45707): Illegal state: must be running to vote when last-logged opid is not known
I20260709 13:08:50.915534 30426 tablet_service.cc:1917] Received RequestConsensusVote() RPC: tablet_id: "fe3f5694d2954c5f85da4d48bc8d08b5" candidate_uuid: "b2ec0a597e854972a119711b7b8ddce7" candidate_term: 1 candidate_status { last_received { term: 0 index: 0 } } ignore_live_leader: false dest_uuid: "db199f983060464bbbf6f4afc12f85d1" is_pre_election: true
W20260709 13:08:50.916951 30243 leader_election.cc:343] T fe3f5694d2954c5f85da4d48bc8d08b5 P b2ec0a597e854972a119711b7b8ddce7 [CANDIDATE]: Term 1 pre-election: Tablet error from VoteRequest() call to peer db199f983060464bbbf6f4afc12f85d1 (127.28.123.67:37645): Illegal state: must be running to vote when last-logged opid is not known
I20260709 13:08:50.917482 30243 leader_election.cc:304] T fe3f5694d2954c5f85da4d48bc8d08b5 P b2ec0a597e854972a119711b7b8ddce7 [CANDIDATE]: Term 1 pre-election: Election decided. Result: candidate lost. Election summary: received 3 responses out of 3 voters: 1 yes votes; 2 no votes. yes voters: b2ec0a597e854972a119711b7b8ddce7; no voters: c7a045c5256d413591b8641a5fa617c4, db199f983060464bbbf6f4afc12f85d1
I20260709 13:08:50.916373 30470 ts_tablet_manager.cc:1434] T 4a674bdf5d544f92acca26c304002f17 P b2ec0a597e854972a119711b7b8ddce7: Time spent starting tablet: real 0.025s	user 0.005s	sys 0.001s
I20260709 13:08:50.918744 30474 raft_consensus.cc:2749] T fe3f5694d2954c5f85da4d48bc8d08b5 P b2ec0a597e854972a119711b7b8ddce7 [term 0 FOLLOWER]: Leader pre-election lost for term 1. Reason: could not achieve majority
I20260709 13:08:50.919037 30470 tablet_bootstrap.cc:492] T 47d6dfc28a1a400aa7d7fba61a3ac45c P b2ec0a597e854972a119711b7b8ddce7: Bootstrap starting.
I20260709 13:08:50.926489 30472 tablet_bootstrap.cc:492] T 4a674bdf5d544f92acca26c304002f17 P c7a045c5256d413591b8641a5fa617c4: No bootstrap required, opened a new log
I20260709 13:08:50.927086 30472 ts_tablet_manager.cc:1403] T 4a674bdf5d544f92acca26c304002f17 P c7a045c5256d413591b8641a5fa617c4: Time spent bootstrapping tablet: real 0.037s	user 0.030s	sys 0.005s
I20260709 13:08:50.927721 30470 tablet_bootstrap.cc:654] T 47d6dfc28a1a400aa7d7fba61a3ac45c P b2ec0a597e854972a119711b7b8ddce7: Neither blocks nor log segments found. Creating new log.
I20260709 13:08:50.930027 30472 raft_consensus.cc:359] T 4a674bdf5d544f92acca26c304002f17 P c7a045c5256d413591b8641a5fa617c4 [term 0 FOLLOWER]: Replica starting. Triggering 0 pending ops. Active config: opid_index: -1 OBSOLETE_local: false peers { permanent_uuid: "b2ec0a597e854972a119711b7b8ddce7" member_type: VOTER last_known_addr { host: "127.28.123.65" port: 39399 } } peers { permanent_uuid: "c7a045c5256d413591b8641a5fa617c4" member_type: VOTER last_known_addr { host: "127.28.123.66" port: 45707 } } peers { permanent_uuid: "db199f983060464bbbf6f4afc12f85d1" member_type: VOTER last_known_addr { host: "127.28.123.67" port: 37645 } }
I20260709 13:08:50.930949 30472 raft_consensus.cc:385] T 4a674bdf5d544f92acca26c304002f17 P c7a045c5256d413591b8641a5fa617c4 [term 0 FOLLOWER]: Consensus starting up: Expiring failure detector timer to make a prompt election more likely
I20260709 13:08:50.931314 30472 raft_consensus.cc:740] T 4a674bdf5d544f92acca26c304002f17 P c7a045c5256d413591b8641a5fa617c4 [term 0 FOLLOWER]: Becoming Follower/Learner. State: Replica: c7a045c5256d413591b8641a5fa617c4, State: Initialized, Role: FOLLOWER
I20260709 13:08:50.932163 30661 raft_consensus.cc:493] T e6953e8f39df4f41aa3906d4b9356ac0 P db199f983060464bbbf6f4afc12f85d1 [term 0 FOLLOWER]: Starting pre-election (no leader contacted us within the election timeout)
I20260709 13:08:50.932271 30472 consensus_queue.cc:260] T 4a674bdf5d544f92acca26c304002f17 P c7a045c5256d413591b8641a5fa617c4 [NON_LEADER]: Queue going to NON_LEADER mode. State: All replicated index: 0, Majority replicated index: 0, Committed index: 0, Last appended: 0.0, Last appended by leader: 0, Current term: 0, Majority size: -1, State: 0, Mode: NON_LEADER, active raft config: opid_index: -1 OBSOLETE_local: false peers { permanent_uuid: "b2ec0a597e854972a119711b7b8ddce7" member_type: VOTER last_known_addr { host: "127.28.123.65" port: 39399 } } peers { permanent_uuid: "c7a045c5256d413591b8641a5fa617c4" member_type: VOTER last_known_addr { host: "127.28.123.66" port: 45707 } } peers { permanent_uuid: "db199f983060464bbbf6f4afc12f85d1" member_type: VOTER last_known_addr { host: "127.28.123.67" port: 37645 } }
I20260709 13:08:50.932772 30661 raft_consensus.cc:515] T e6953e8f39df4f41aa3906d4b9356ac0 P db199f983060464bbbf6f4afc12f85d1 [term 0 FOLLOWER]: Starting pre-election with config: opid_index: -1 OBSOLETE_local: false peers { permanent_uuid: "b2ec0a597e854972a119711b7b8ddce7" member_type: VOTER last_known_addr { host: "127.28.123.65" port: 39399 } } peers { permanent_uuid: "c7a045c5256d413591b8641a5fa617c4" member_type: VOTER last_known_addr { host: "127.28.123.66" port: 45707 } } peers { permanent_uuid: "db199f983060464bbbf6f4afc12f85d1" member_type: VOTER last_known_addr { host: "127.28.123.67" port: 37645 } }
I20260709 13:08:50.935046 30472 ts_tablet_manager.cc:1434] T 4a674bdf5d544f92acca26c304002f17 P c7a045c5256d413591b8641a5fa617c4: Time spent starting tablet: real 0.008s	user 0.006s	sys 0.000s
I20260709 13:08:50.936699 30352 tablet_service.cc:1917] Received RequestConsensusVote() RPC: tablet_id: "e6953e8f39df4f41aa3906d4b9356ac0" candidate_uuid: "db199f983060464bbbf6f4afc12f85d1" candidate_term: 1 candidate_status { last_received { term: 0 index: 0 } } ignore_live_leader: false dest_uuid: "c7a045c5256d413591b8641a5fa617c4" is_pre_election: true
I20260709 13:08:50.939383 30474 raft_consensus.cc:493] T 9c6255d85ffb4c3a96cbeecad477cce5 P b2ec0a597e854972a119711b7b8ddce7 [term 0 FOLLOWER]: Starting pre-election (no leader contacted us within the election timeout)
I20260709 13:08:50.939930 30474 raft_consensus.cc:515] T 9c6255d85ffb4c3a96cbeecad477cce5 P b2ec0a597e854972a119711b7b8ddce7 [term 0 FOLLOWER]: Starting pre-election with config: opid_index: -1 OBSOLETE_local: false peers { permanent_uuid: "b2ec0a597e854972a119711b7b8ddce7" member_type: VOTER last_known_addr { host: "127.28.123.65" port: 39399 } } peers { permanent_uuid: "c7a045c5256d413591b8641a5fa617c4" member_type: VOTER last_known_addr { host: "127.28.123.66" port: 45707 } } peers { permanent_uuid: "db199f983060464bbbf6f4afc12f85d1" member_type: VOTER last_known_addr { host: "127.28.123.67" port: 37645 } }
I20260709 13:08:50.941793 30279 tablet_service.cc:1917] Received RequestConsensusVote() RPC: tablet_id: "e6953e8f39df4f41aa3906d4b9356ac0" candidate_uuid: "db199f983060464bbbf6f4afc12f85d1" candidate_term: 1 candidate_status { last_received { term: 0 index: 0 } } ignore_live_leader: false dest_uuid: "b2ec0a597e854972a119711b7b8ddce7" is_pre_election: true
I20260709 13:08:50.942184 30474 leader_election.cc:290] T 9c6255d85ffb4c3a96cbeecad477cce5 P b2ec0a597e854972a119711b7b8ddce7 [CANDIDATE]: Term 1 pre-election: Requested pre-vote from peers c7a045c5256d413591b8641a5fa617c4 (127.28.123.66:45707), db199f983060464bbbf6f4afc12f85d1 (127.28.123.67:37645)
I20260709 13:08:50.942651 30279 raft_consensus.cc:2468] T e6953e8f39df4f41aa3906d4b9356ac0 P b2ec0a597e854972a119711b7b8ddce7 [term 0 FOLLOWER]: Leader pre-election vote request: Granting yes vote for candidate db199f983060464bbbf6f4afc12f85d1 in term 0.
I20260709 13:08:50.944274 30472 tablet_bootstrap.cc:492] T bfe1d57150a94e21b8c196a1ecfc8b36 P c7a045c5256d413591b8641a5fa617c4: Bootstrap starting.
I20260709 13:08:50.947093 30469 tablet_bootstrap.cc:492] T fe3f5694d2954c5f85da4d48bc8d08b5 P db199f983060464bbbf6f4afc12f85d1: No bootstrap required, opened a new log
I20260709 13:08:50.947641 30469 ts_tablet_manager.cc:1403] T fe3f5694d2954c5f85da4d48bc8d08b5 P db199f983060464bbbf6f4afc12f85d1: Time spent bootstrapping tablet: real 0.049s	user 0.018s	sys 0.013s
I20260709 13:08:50.948094 30352 tablet_service.cc:1917] Received RequestConsensusVote() RPC: tablet_id: "9c6255d85ffb4c3a96cbeecad477cce5" candidate_uuid: "b2ec0a597e854972a119711b7b8ddce7" candidate_term: 1 candidate_status { last_received { term: 0 index: 0 } } ignore_live_leader: false dest_uuid: "c7a045c5256d413591b8641a5fa617c4" is_pre_election: true
I20260709 13:08:50.947113 30429 tablet_service.cc:1917] Received RequestConsensusVote() RPC: tablet_id: "9c6255d85ffb4c3a96cbeecad477cce5" candidate_uuid: "b2ec0a597e854972a119711b7b8ddce7" candidate_term: 1 candidate_status { last_received { term: 0 index: 0 } } ignore_live_leader: false dest_uuid: "db199f983060464bbbf6f4afc12f85d1" is_pre_election: true
I20260709 13:08:50.948944 30352 raft_consensus.cc:2468] T 9c6255d85ffb4c3a96cbeecad477cce5 P c7a045c5256d413591b8641a5fa617c4 [term 0 FOLLOWER]: Leader pre-election vote request: Granting yes vote for candidate b2ec0a597e854972a119711b7b8ddce7 in term 0.
I20260709 13:08:50.949249 30429 raft_consensus.cc:2468] T 9c6255d85ffb4c3a96cbeecad477cce5 P db199f983060464bbbf6f4afc12f85d1 [term 0 FOLLOWER]: Leader pre-election vote request: Granting yes vote for candidate b2ec0a597e854972a119711b7b8ddce7 in term 0.
I20260709 13:08:50.950217 30469 raft_consensus.cc:359] T fe3f5694d2954c5f85da4d48bc8d08b5 P db199f983060464bbbf6f4afc12f85d1 [term 0 FOLLOWER]: Replica starting. Triggering 0 pending ops. Active config: opid_index: -1 OBSOLETE_local: false peers { permanent_uuid: "b2ec0a597e854972a119711b7b8ddce7" member_type: VOTER last_known_addr { host: "127.28.123.65" port: 39399 } } peers { permanent_uuid: "c7a045c5256d413591b8641a5fa617c4" member_type: VOTER last_known_addr { host: "127.28.123.66" port: 45707 } } peers { permanent_uuid: "db199f983060464bbbf6f4afc12f85d1" member_type: VOTER last_known_addr { host: "127.28.123.67" port: 37645 } }
I20260709 13:08:50.950490 30246 leader_election.cc:304] T 9c6255d85ffb4c3a96cbeecad477cce5 P b2ec0a597e854972a119711b7b8ddce7 [CANDIDATE]: Term 1 pre-election: Election decided. Result: candidate won. Election summary: received 2 responses out of 3 voters: 2 yes votes; 0 no votes. yes voters: b2ec0a597e854972a119711b7b8ddce7, c7a045c5256d413591b8641a5fa617c4; no voters: 
I20260709 13:08:50.950883 30469 raft_consensus.cc:385] T fe3f5694d2954c5f85da4d48bc8d08b5 P db199f983060464bbbf6f4afc12f85d1 [term 0 FOLLOWER]: Consensus starting up: Expiring failure detector timer to make a prompt election more likely
I20260709 13:08:50.951190 30469 raft_consensus.cc:740] T fe3f5694d2954c5f85da4d48bc8d08b5 P db199f983060464bbbf6f4afc12f85d1 [term 0 FOLLOWER]: Becoming Follower/Learner. State: Replica: db199f983060464bbbf6f4afc12f85d1, State: Initialized, Role: FOLLOWER
I20260709 13:08:50.951450 30638 raft_consensus.cc:493] T 5f5c039f792843ce918d3552f4760b61 P c7a045c5256d413591b8641a5fa617c4 [term 0 FOLLOWER]: Starting pre-election (no leader contacted us within the election timeout)
I20260709 13:08:50.951889 30638 raft_consensus.cc:515] T 5f5c039f792843ce918d3552f4760b61 P c7a045c5256d413591b8641a5fa617c4 [term 0 FOLLOWER]: Starting pre-election with config: opid_index: -1 OBSOLETE_local: false peers { permanent_uuid: "b2ec0a597e854972a119711b7b8ddce7" member_type: VOTER last_known_addr { host: "127.28.123.65" port: 39399 } } peers { permanent_uuid: "c7a045c5256d413591b8641a5fa617c4" member_type: VOTER last_known_addr { host: "127.28.123.66" port: 45707 } } peers { permanent_uuid: "db199f983060464bbbf6f4afc12f85d1" member_type: VOTER last_known_addr { host: "127.28.123.67" port: 37645 } }
I20260709 13:08:50.952019 30469 consensus_queue.cc:260] T fe3f5694d2954c5f85da4d48bc8d08b5 P db199f983060464bbbf6f4afc12f85d1 [NON_LEADER]: Queue going to NON_LEADER mode. State: All replicated index: 0, Majority replicated index: 0, Committed index: 0, Last appended: 0.0, Last appended by leader: 0, Current term: 0, Majority size: -1, State: 0, Mode: NON_LEADER, active raft config: opid_index: -1 OBSOLETE_local: false peers { permanent_uuid: "b2ec0a597e854972a119711b7b8ddce7" member_type: VOTER last_known_addr { host: "127.28.123.65" port: 39399 } } peers { permanent_uuid: "c7a045c5256d413591b8641a5fa617c4" member_type: VOTER last_known_addr { host: "127.28.123.66" port: 45707 } } peers { permanent_uuid: "db199f983060464bbbf6f4afc12f85d1" member_type: VOTER last_known_addr { host: "127.28.123.67" port: 37645 } }
I20260709 13:08:50.952987 30472 tablet_bootstrap.cc:654] T bfe1d57150a94e21b8c196a1ecfc8b36 P c7a045c5256d413591b8641a5fa617c4: Neither blocks nor log segments found. Creating new log.
I20260709 13:08:50.953861 30638 leader_election.cc:290] T 5f5c039f792843ce918d3552f4760b61 P c7a045c5256d413591b8641a5fa617c4 [CANDIDATE]: Term 1 pre-election: Requested pre-vote from peers b2ec0a597e854972a119711b7b8ddce7 (127.28.123.65:39399), db199f983060464bbbf6f4afc12f85d1 (127.28.123.67:37645)
I20260709 13:08:50.955466 30279 tablet_service.cc:1917] Received RequestConsensusVote() RPC: tablet_id: "5f5c039f792843ce918d3552f4760b61" candidate_uuid: "c7a045c5256d413591b8641a5fa617c4" candidate_term: 1 candidate_status { last_received { term: 0 index: 0 } } ignore_live_leader: false dest_uuid: "b2ec0a597e854972a119711b7b8ddce7" is_pre_election: true
I20260709 13:08:50.935000 30661 leader_election.cc:290] T e6953e8f39df4f41aa3906d4b9356ac0 P db199f983060464bbbf6f4afc12f85d1 [CANDIDATE]: Term 1 pre-election: Requested pre-vote from peers b2ec0a597e854972a119711b7b8ddce7 (127.28.123.65:39399), c7a045c5256d413591b8641a5fa617c4 (127.28.123.66:45707)
I20260709 13:08:50.947117 30470 tablet_bootstrap.cc:492] T 47d6dfc28a1a400aa7d7fba61a3ac45c P b2ec0a597e854972a119711b7b8ddce7: No bootstrap required, opened a new log
W20260709 13:08:50.939402 30395 leader_election.cc:343] T e6953e8f39df4f41aa3906d4b9356ac0 P db199f983060464bbbf6f4afc12f85d1 [CANDIDATE]: Term 1 pre-election: Tablet error from VoteRequest() call to peer c7a045c5256d413591b8641a5fa617c4 (127.28.123.66:45707): Illegal state: must be running to vote when last-logged opid is not known
I20260709 13:08:50.967029 30393 leader_election.cc:304] T e6953e8f39df4f41aa3906d4b9356ac0 P db199f983060464bbbf6f4afc12f85d1 [CANDIDATE]: Term 1 pre-election: Election decided. Result: candidate won. Election summary: received 3 responses out of 3 voters: 2 yes votes; 1 no votes. yes voters: b2ec0a597e854972a119711b7b8ddce7, db199f983060464bbbf6f4afc12f85d1; no voters: c7a045c5256d413591b8641a5fa617c4
I20260709 13:08:50.967571 30429 tablet_service.cc:1917] Received RequestConsensusVote() RPC: tablet_id: "5f5c039f792843ce918d3552f4760b61" candidate_uuid: "c7a045c5256d413591b8641a5fa617c4" candidate_term: 1 candidate_status { last_received { term: 0 index: 0 } } ignore_live_leader: false dest_uuid: "db199f983060464bbbf6f4afc12f85d1" is_pre_election: true
I20260709 13:08:50.968318 30429 raft_consensus.cc:2393] T 5f5c039f792843ce918d3552f4760b61 P db199f983060464bbbf6f4afc12f85d1 [term 1 FOLLOWER]: Leader pre-election vote request: Denying vote to candidate c7a045c5256d413591b8641a5fa617c4 in current term 1: Already voted for candidate b2ec0a597e854972a119711b7b8ddce7 in this term.
I20260709 13:08:50.969385 30661 raft_consensus.cc:2804] T e6953e8f39df4f41aa3906d4b9356ac0 P db199f983060464bbbf6f4afc12f85d1 [term 0 FOLLOWER]: Leader pre-election won for term 1
I20260709 13:08:50.969758 30661 raft_consensus.cc:493] T e6953e8f39df4f41aa3906d4b9356ac0 P db199f983060464bbbf6f4afc12f85d1 [term 0 FOLLOWER]: Starting leader election (no leader contacted us within the election timeout)
I20260709 13:08:50.970098 30661 raft_consensus.cc:3060] T e6953e8f39df4f41aa3906d4b9356ac0 P db199f983060464bbbf6f4afc12f85d1 [term 0 FOLLOWER]: Advancing to term 1
I20260709 13:08:50.971570 30318 leader_election.cc:304] T 5f5c039f792843ce918d3552f4760b61 P c7a045c5256d413591b8641a5fa617c4 [CANDIDATE]: Term 1 pre-election: Election decided. Result: candidate lost. Election summary: received 3 responses out of 3 voters: 1 yes votes; 2 no votes. yes voters: c7a045c5256d413591b8641a5fa617c4; no voters: b2ec0a597e854972a119711b7b8ddce7, db199f983060464bbbf6f4afc12f85d1
I20260709 13:08:50.974999 30640 raft_consensus.cc:3060] T 5f5c039f792843ce918d3552f4760b61 P c7a045c5256d413591b8641a5fa617c4 [term 0 FOLLOWER]: Advancing to term 1
I20260709 13:08:50.975487 30469 ts_tablet_manager.cc:1434] T fe3f5694d2954c5f85da4d48bc8d08b5 P db199f983060464bbbf6f4afc12f85d1: Time spent starting tablet: real 0.028s	user 0.007s	sys 0.000s
I20260709 13:08:50.976438 30469 tablet_bootstrap.cc:492] T fdc36836d8d546449c5313797f272f8a P db199f983060464bbbf6f4afc12f85d1: Bootstrap starting.
I20260709 13:08:50.982144 30469 tablet_bootstrap.cc:654] T fdc36836d8d546449c5313797f272f8a P db199f983060464bbbf6f4afc12f85d1: Neither blocks nor log segments found. Creating new log.
I20260709 13:08:50.984768 30474 raft_consensus.cc:2804] T 9c6255d85ffb4c3a96cbeecad477cce5 P b2ec0a597e854972a119711b7b8ddce7 [term 0 FOLLOWER]: Leader pre-election won for term 1
I20260709 13:08:50.985384 30474 raft_consensus.cc:493] T 9c6255d85ffb4c3a96cbeecad477cce5 P b2ec0a597e854972a119711b7b8ddce7 [term 0 FOLLOWER]: Starting leader election (no leader contacted us within the election timeout)
I20260709 13:08:50.985891 30474 raft_consensus.cc:3060] T 9c6255d85ffb4c3a96cbeecad477cce5 P b2ec0a597e854972a119711b7b8ddce7 [term 0 FOLLOWER]: Advancing to term 1
I20260709 13:08:50.964457 30470 ts_tablet_manager.cc:1403] T 47d6dfc28a1a400aa7d7fba61a3ac45c P b2ec0a597e854972a119711b7b8ddce7: Time spent bootstrapping tablet: real 0.046s	user 0.010s	sys 0.004s
I20260709 13:08:50.998867 30470 raft_consensus.cc:359] T 47d6dfc28a1a400aa7d7fba61a3ac45c P b2ec0a597e854972a119711b7b8ddce7 [term 0 FOLLOWER]: Replica starting. Triggering 0 pending ops. Active config: opid_index: -1 OBSOLETE_local: false peers { permanent_uuid: "b2ec0a597e854972a119711b7b8ddce7" member_type: VOTER last_known_addr { host: "127.28.123.65" port: 39399 } } peers { permanent_uuid: "c7a045c5256d413591b8641a5fa617c4" member_type: VOTER last_known_addr { host: "127.28.123.66" port: 45707 } } peers { permanent_uuid: "db199f983060464bbbf6f4afc12f85d1" member_type: VOTER last_known_addr { host: "127.28.123.67" port: 37645 } }
I20260709 13:08:50.999963 30470 raft_consensus.cc:385] T 47d6dfc28a1a400aa7d7fba61a3ac45c P b2ec0a597e854972a119711b7b8ddce7 [term 0 FOLLOWER]: Consensus starting up: Expiring failure detector timer to make a prompt election more likely
I20260709 13:08:51.000207 30661 raft_consensus.cc:515] T e6953e8f39df4f41aa3906d4b9356ac0 P db199f983060464bbbf6f4afc12f85d1 [term 1 FOLLOWER]: Starting leader election with config: opid_index: -1 OBSOLETE_local: false peers { permanent_uuid: "b2ec0a597e854972a119711b7b8ddce7" member_type: VOTER last_known_addr { host: "127.28.123.65" port: 39399 } } peers { permanent_uuid: "c7a045c5256d413591b8641a5fa617c4" member_type: VOTER last_known_addr { host: "127.28.123.66" port: 45707 } } peers { permanent_uuid: "db199f983060464bbbf6f4afc12f85d1" member_type: VOTER last_known_addr { host: "127.28.123.67" port: 37645 } }
I20260709 13:08:51.000348 30470 raft_consensus.cc:740] T 47d6dfc28a1a400aa7d7fba61a3ac45c P b2ec0a597e854972a119711b7b8ddce7 [term 0 FOLLOWER]: Becoming Follower/Learner. State: Replica: b2ec0a597e854972a119711b7b8ddce7, State: Initialized, Role: FOLLOWER
I20260709 13:08:51.009635 30470 consensus_queue.cc:260] T 47d6dfc28a1a400aa7d7fba61a3ac45c P b2ec0a597e854972a119711b7b8ddce7 [NON_LEADER]: Queue going to NON_LEADER mode. State: All replicated index: 0, Majority replicated index: 0, Committed index: 0, Last appended: 0.0, Last appended by leader: 0, Current term: 0, Majority size: -1, State: 0, Mode: NON_LEADER, active raft config: opid_index: -1 OBSOLETE_local: false peers { permanent_uuid: "b2ec0a597e854972a119711b7b8ddce7" member_type: VOTER last_known_addr { host: "127.28.123.65" port: 39399 } } peers { permanent_uuid: "c7a045c5256d413591b8641a5fa617c4" member_type: VOTER last_known_addr { host: "127.28.123.66" port: 45707 } } peers { permanent_uuid: "db199f983060464bbbf6f4afc12f85d1" member_type: VOTER last_known_addr { host: "127.28.123.67" port: 37645 } }
I20260709 13:08:51.010707 30276 tablet_service.cc:1917] Received RequestConsensusVote() RPC: tablet_id: "e6953e8f39df4f41aa3906d4b9356ac0" candidate_uuid: "db199f983060464bbbf6f4afc12f85d1" candidate_term: 1 candidate_status { last_received { term: 0 index: 0 } } ignore_live_leader: false dest_uuid: "b2ec0a597e854972a119711b7b8ddce7"
I20260709 13:08:51.011346 30276 raft_consensus.cc:3060] T e6953e8f39df4f41aa3906d4b9356ac0 P b2ec0a597e854972a119711b7b8ddce7 [term 0 FOLLOWER]: Advancing to term 1
I20260709 13:08:51.013845 30470 ts_tablet_manager.cc:1434] T 47d6dfc28a1a400aa7d7fba61a3ac45c P b2ec0a597e854972a119711b7b8ddce7: Time spent starting tablet: real 0.022s	user 0.006s	sys 0.002s
I20260709 13:08:51.015527 30470 tablet_bootstrap.cc:492] T eb1b032383904690a0eda1add3d817fc P b2ec0a597e854972a119711b7b8ddce7: Bootstrap starting.
I20260709 13:08:51.015837 30474 raft_consensus.cc:515] T 9c6255d85ffb4c3a96cbeecad477cce5 P b2ec0a597e854972a119711b7b8ddce7 [term 1 FOLLOWER]: Starting leader election with config: opid_index: -1 OBSOLETE_local: false peers { permanent_uuid: "b2ec0a597e854972a119711b7b8ddce7" member_type: VOTER last_known_addr { host: "127.28.123.65" port: 39399 } } peers { permanent_uuid: "c7a045c5256d413591b8641a5fa617c4" member_type: VOTER last_known_addr { host: "127.28.123.66" port: 45707 } } peers { permanent_uuid: "db199f983060464bbbf6f4afc12f85d1" member_type: VOTER last_known_addr { host: "127.28.123.67" port: 37645 } }
I20260709 13:08:51.019233 30276 raft_consensus.cc:2468] T e6953e8f39df4f41aa3906d4b9356ac0 P b2ec0a597e854972a119711b7b8ddce7 [term 1 FOLLOWER]: Leader election vote request: Granting yes vote for candidate db199f983060464bbbf6f4afc12f85d1 in term 1.
I20260709 13:08:51.019407 30426 tablet_service.cc:1917] Received RequestConsensusVote() RPC: tablet_id: "9c6255d85ffb4c3a96cbeecad477cce5" candidate_uuid: "b2ec0a597e854972a119711b7b8ddce7" candidate_term: 1 candidate_status { last_received { term: 0 index: 0 } } ignore_live_leader: false dest_uuid: "db199f983060464bbbf6f4afc12f85d1"
I20260709 13:08:51.019950 30426 raft_consensus.cc:3060] T 9c6255d85ffb4c3a96cbeecad477cce5 P db199f983060464bbbf6f4afc12f85d1 [term 0 FOLLOWER]: Advancing to term 1
