I20260709 13:08:51.020398 30393 leader_election.cc:304] T e6953e8f39df4f41aa3906d4b9356ac0 P db199f983060464bbbf6f4afc12f85d1 [CANDIDATE]: Term 1 election: Election decided. Result: candidate won. Election summary: received 2 responses out of 3 voters: 2 yes votes; 0 no votes. yes voters: b2ec0a597e854972a119711b7b8ddce7, db199f983060464bbbf6f4afc12f85d1; no voters: 
I20260709 13:08:51.021288 30591 raft_consensus.cc:2804] T e6953e8f39df4f41aa3906d4b9356ac0 P db199f983060464bbbf6f4afc12f85d1 [term 1 FOLLOWER]: Leader election won for term 1
I20260709 13:08:51.021413 30352 tablet_service.cc:1917] Received RequestConsensusVote() RPC: tablet_id: "9c6255d85ffb4c3a96cbeecad477cce5" candidate_uuid: "b2ec0a597e854972a119711b7b8ddce7" candidate_term: 1 candidate_status { last_received { term: 0 index: 0 } } ignore_live_leader: false dest_uuid: "c7a045c5256d413591b8641a5fa617c4"
I20260709 13:08:51.022286 30352 raft_consensus.cc:3060] T 9c6255d85ffb4c3a96cbeecad477cce5 P c7a045c5256d413591b8641a5fa617c4 [term 0 FOLLOWER]: Advancing to term 1
I20260709 13:08:51.022468 30591 raft_consensus.cc:697] T e6953e8f39df4f41aa3906d4b9356ac0 P db199f983060464bbbf6f4afc12f85d1 [term 1 LEADER]: Becoming Leader. State: Replica: db199f983060464bbbf6f4afc12f85d1, State: Running, Role: LEADER
I20260709 13:08:51.024544 30474 leader_election.cc:290] T 9c6255d85ffb4c3a96cbeecad477cce5 P b2ec0a597e854972a119711b7b8ddce7 [CANDIDATE]: Term 1 election: Requested vote from peers c7a045c5256d413591b8641a5fa617c4 (127.28.123.66:45707), db199f983060464bbbf6f4afc12f85d1 (127.28.123.67:37645)
I20260709 13:08:51.030198 30355 tablet_service.cc:1917] Received RequestConsensusVote() RPC: tablet_id: "e6953e8f39df4f41aa3906d4b9356ac0" candidate_uuid: "db199f983060464bbbf6f4afc12f85d1" candidate_term: 1 candidate_status { last_received { term: 0 index: 0 } } ignore_live_leader: false dest_uuid: "c7a045c5256d413591b8641a5fa617c4"
W20260709 13:08:51.031493 30395 leader_election.cc:343] T e6953e8f39df4f41aa3906d4b9356ac0 P db199f983060464bbbf6f4afc12f85d1 [CANDIDATE]: Term 1 election: Tablet error from VoteRequest() call to peer c7a045c5256d413591b8641a5fa617c4 (127.28.123.66:45707): Illegal state: must be running to vote when last-logged opid is not known
I20260709 13:08:51.024289 30591 consensus_queue.cc:237] T e6953e8f39df4f41aa3906d4b9356ac0 P db199f983060464bbbf6f4afc12f85d1 [LEADER]: Queue going to LEADER mode. State: All replicated index: 0, Majority replicated index: 0, Committed index: 0, Last appended: 0.0, Last appended by leader: 0, Current term: 1, Majority size: 2, State: 0, Mode: LEADER, active raft config: opid_index: -1 OBSOLETE_local: false peers { permanent_uuid: "b2ec0a597e854972a119711b7b8ddce7" member_type: VOTER last_known_addr { host: "127.28.123.65" port: 39399 } } peers { permanent_uuid: "c7a045c5256d413591b8641a5fa617c4" member_type: VOTER last_known_addr { host: "127.28.123.66" port: 45707 } } peers { permanent_uuid: "db199f983060464bbbf6f4afc12f85d1" member_type: VOTER last_known_addr { host: "127.28.123.67" port: 37645 } }
I20260709 13:08:51.028270 30661 leader_election.cc:290] T e6953e8f39df4f41aa3906d4b9356ac0 P db199f983060464bbbf6f4afc12f85d1 [CANDIDATE]: Term 1 election: Requested vote from peers b2ec0a597e854972a119711b7b8ddce7 (127.28.123.65:39399), c7a045c5256d413591b8641a5fa617c4 (127.28.123.66:45707)
I20260709 13:08:51.007941 30640 raft_consensus.cc:2749] T 5f5c039f792843ce918d3552f4760b61 P c7a045c5256d413591b8641a5fa617c4 [term 1 FOLLOWER]: Leader pre-election lost for term 1. Reason: could not achieve majority
I20260709 13:08:51.039983 30352 raft_consensus.cc:2468] T 9c6255d85ffb4c3a96cbeecad477cce5 P c7a045c5256d413591b8641a5fa617c4 [term 1 FOLLOWER]: Leader election vote request: Granting yes vote for candidate b2ec0a597e854972a119711b7b8ddce7 in term 1.
I20260709 13:08:51.041014 30246 leader_election.cc:304] T 9c6255d85ffb4c3a96cbeecad477cce5 P b2ec0a597e854972a119711b7b8ddce7 [CANDIDATE]: Term 1 election: Election decided. Result: candidate won. Election summary: received 2 responses out of 3 voters: 2 yes votes; 0 no votes. yes voters: b2ec0a597e854972a119711b7b8ddce7, c7a045c5256d413591b8641a5fa617c4; no voters: 
I20260709 13:08:51.041797 30474 raft_consensus.cc:2804] T 9c6255d85ffb4c3a96cbeecad477cce5 P b2ec0a597e854972a119711b7b8ddce7 [term 1 FOLLOWER]: Leader election won for term 1
I20260709 13:08:51.046836 30474 raft_consensus.cc:697] T 9c6255d85ffb4c3a96cbeecad477cce5 P b2ec0a597e854972a119711b7b8ddce7 [term 1 LEADER]: Becoming Leader. State: Replica: b2ec0a597e854972a119711b7b8ddce7, State: Running, Role: LEADER
I20260709 13:08:51.051290 30474 consensus_queue.cc:237] T 9c6255d85ffb4c3a96cbeecad477cce5 P b2ec0a597e854972a119711b7b8ddce7 [LEADER]: Queue going to LEADER mode. State: All replicated index: 0, Majority replicated index: 0, Committed index: 0, Last appended: 0.0, Last appended by leader: 0, Current term: 1, Majority size: 2, State: 0, Mode: LEADER, active raft config: opid_index: -1 OBSOLETE_local: false peers { permanent_uuid: "b2ec0a597e854972a119711b7b8ddce7" member_type: VOTER last_known_addr { host: "127.28.123.65" port: 39399 } } peers { permanent_uuid: "c7a045c5256d413591b8641a5fa617c4" member_type: VOTER last_known_addr { host: "127.28.123.66" port: 45707 } } peers { permanent_uuid: "db199f983060464bbbf6f4afc12f85d1" member_type: VOTER last_known_addr { host: "127.28.123.67" port: 37645 } }
I20260709 13:08:51.052614 30426 raft_consensus.cc:2468] T 9c6255d85ffb4c3a96cbeecad477cce5 P db199f983060464bbbf6f4afc12f85d1 [term 1 FOLLOWER]: Leader election vote request: Granting yes vote for candidate b2ec0a597e854972a119711b7b8ddce7 in term 1.
I20260709 13:08:51.055279 30469 tablet_bootstrap.cc:492] T fdc36836d8d546449c5313797f272f8a P db199f983060464bbbf6f4afc12f85d1: No bootstrap required, opened a new log
I20260709 13:08:51.055819 30469 ts_tablet_manager.cc:1403] T fdc36836d8d546449c5313797f272f8a P db199f983060464bbbf6f4afc12f85d1: Time spent bootstrapping tablet: real 0.080s	user 0.008s	sys 0.008s
I20260709 13:08:51.058301 30469 raft_consensus.cc:359] T fdc36836d8d546449c5313797f272f8a P db199f983060464bbbf6f4afc12f85d1 [term 0 FOLLOWER]: Replica starting. Triggering 0 pending ops. Active config: opid_index: -1 OBSOLETE_local: false peers { permanent_uuid: "b2ec0a597e854972a119711b7b8ddce7" member_type: VOTER last_known_addr { host: "127.28.123.65" port: 39399 } } peers { permanent_uuid: "c7a045c5256d413591b8641a5fa617c4" member_type: VOTER last_known_addr { host: "127.28.123.66" port: 45707 } } peers { permanent_uuid: "db199f983060464bbbf6f4afc12f85d1" member_type: VOTER last_known_addr { host: "127.28.123.67" port: 37645 } }
I20260709 13:08:51.058966 30469 raft_consensus.cc:385] T fdc36836d8d546449c5313797f272f8a P db199f983060464bbbf6f4afc12f85d1 [term 0 FOLLOWER]: Consensus starting up: Expiring failure detector timer to make a prompt election more likely
I20260709 13:08:51.059285 30469 raft_consensus.cc:740] T fdc36836d8d546449c5313797f272f8a P db199f983060464bbbf6f4afc12f85d1 [term 0 FOLLOWER]: Becoming Follower/Learner. State: Replica: db199f983060464bbbf6f4afc12f85d1, State: Initialized, Role: FOLLOWER
I20260709 13:08:51.061486 30177 catalog_manager.cc:5697] T e6953e8f39df4f41aa3906d4b9356ac0 P db199f983060464bbbf6f4afc12f85d1 reported cstate change: term changed from 0 to 1, leader changed from <none> to db199f983060464bbbf6f4afc12f85d1 (127.28.123.67). New cstate: current_term: 1 leader_uuid: "db199f983060464bbbf6f4afc12f85d1" committed_config { opid_index: -1 OBSOLETE_local: false peers { permanent_uuid: "b2ec0a597e854972a119711b7b8ddce7" member_type: VOTER last_known_addr { host: "127.28.123.65" port: 39399 } health_report { overall_health: UNKNOWN } } peers { permanent_uuid: "c7a045c5256d413591b8641a5fa617c4" member_type: VOTER last_known_addr { host: "127.28.123.66" port: 45707 } health_report { overall_health: UNKNOWN } } peers { permanent_uuid: "db199f983060464bbbf6f4afc12f85d1" member_type: VOTER last_known_addr { host: "127.28.123.67" port: 37645 } health_report { overall_health: HEALTHY } } }
I20260709 13:08:51.063352 30469 consensus_queue.cc:260] T fdc36836d8d546449c5313797f272f8a P db199f983060464bbbf6f4afc12f85d1 [NON_LEADER]: Queue going to NON_LEADER mode. State: All replicated index: 0, Majority replicated index: 0, Committed index: 0, Last appended: 0.0, Last appended by leader: 0, Current term: 0, Majority size: -1, State: 0, Mode: NON_LEADER, active raft config: opid_index: -1 OBSOLETE_local: false peers { permanent_uuid: "b2ec0a597e854972a119711b7b8ddce7" member_type: VOTER last_known_addr { host: "127.28.123.65" port: 39399 } } peers { permanent_uuid: "c7a045c5256d413591b8641a5fa617c4" member_type: VOTER last_known_addr { host: "127.28.123.66" port: 45707 } } peers { permanent_uuid: "db199f983060464bbbf6f4afc12f85d1" member_type: VOTER last_known_addr { host: "127.28.123.67" port: 37645 } }
I20260709 13:08:51.071899 30469 ts_tablet_manager.cc:1434] T fdc36836d8d546449c5313797f272f8a P db199f983060464bbbf6f4afc12f85d1: Time spent starting tablet: real 0.016s	user 0.007s	sys 0.000s
I20260709 13:08:51.072213 30472 tablet_bootstrap.cc:492] T bfe1d57150a94e21b8c196a1ecfc8b36 P c7a045c5256d413591b8641a5fa617c4: No bootstrap required, opened a new log
I20260709 13:08:51.072788 30472 ts_tablet_manager.cc:1403] T bfe1d57150a94e21b8c196a1ecfc8b36 P c7a045c5256d413591b8641a5fa617c4: Time spent bootstrapping tablet: real 0.129s	user 0.035s	sys 0.064s
I20260709 13:08:51.072822 30469 tablet_bootstrap.cc:492] T 4a674bdf5d544f92acca26c304002f17 P db199f983060464bbbf6f4afc12f85d1: Bootstrap starting.
I20260709 13:08:51.076118 30472 raft_consensus.cc:359] T bfe1d57150a94e21b8c196a1ecfc8b36 P c7a045c5256d413591b8641a5fa617c4 [term 0 FOLLOWER]: Replica starting. Triggering 0 pending ops. Active config: opid_index: -1 OBSOLETE_local: false peers { permanent_uuid: "b2ec0a597e854972a119711b7b8ddce7" member_type: VOTER last_known_addr { host: "127.28.123.65" port: 39399 } } peers { permanent_uuid: "c7a045c5256d413591b8641a5fa617c4" member_type: VOTER last_known_addr { host: "127.28.123.66" port: 45707 } } peers { permanent_uuid: "db199f983060464bbbf6f4afc12f85d1" member_type: VOTER last_known_addr { host: "127.28.123.67" port: 37645 } }
I20260709 13:08:51.076880 30591 raft_consensus.cc:493] T fdc36836d8d546449c5313797f272f8a P db199f983060464bbbf6f4afc12f85d1 [term 0 FOLLOWER]: Starting pre-election (no leader contacted us within the election timeout)
I20260709 13:08:51.076932 30472 raft_consensus.cc:385] T bfe1d57150a94e21b8c196a1ecfc8b36 P c7a045c5256d413591b8641a5fa617c4 [term 0 FOLLOWER]: Consensus starting up: Expiring failure detector timer to make a prompt election more likely
I20260709 13:08:51.077651 30472 raft_consensus.cc:740] T bfe1d57150a94e21b8c196a1ecfc8b36 P c7a045c5256d413591b8641a5fa617c4 [term 0 FOLLOWER]: Becoming Follower/Learner. State: Replica: c7a045c5256d413591b8641a5fa617c4, State: Initialized, Role: FOLLOWER
I20260709 13:08:51.077726 30591 raft_consensus.cc:515] T fdc36836d8d546449c5313797f272f8a P db199f983060464bbbf6f4afc12f85d1 [term 0 FOLLOWER]: Starting pre-election with config: opid_index: -1 OBSOLETE_local: false peers { permanent_uuid: "b2ec0a597e854972a119711b7b8ddce7" member_type: VOTER last_known_addr { host: "127.28.123.65" port: 39399 } } peers { permanent_uuid: "c7a045c5256d413591b8641a5fa617c4" member_type: VOTER last_known_addr { host: "127.28.123.66" port: 45707 } } peers { permanent_uuid: "db199f983060464bbbf6f4afc12f85d1" member_type: VOTER last_known_addr { host: "127.28.123.67" port: 37645 } }
I20260709 13:08:51.080689 30661 raft_consensus.cc:493] T fd16a00241b14aef8c7a2512d2c60886 P db199f983060464bbbf6f4afc12f85d1 [term 0 FOLLOWER]: Starting pre-election (no leader contacted us within the election timeout)
I20260709 13:08:51.078461 30472 consensus_queue.cc:260] T bfe1d57150a94e21b8c196a1ecfc8b36 P c7a045c5256d413591b8641a5fa617c4 [NON_LEADER]: Queue going to NON_LEADER mode. State: All replicated index: 0, Majority replicated index: 0, Committed index: 0, Last appended: 0.0, Last appended by leader: 0, Current term: 0, Majority size: -1, State: 0, Mode: NON_LEADER, active raft config: opid_index: -1 OBSOLETE_local: false peers { permanent_uuid: "b2ec0a597e854972a119711b7b8ddce7" member_type: VOTER last_known_addr { host: "127.28.123.65" port: 39399 } } peers { permanent_uuid: "c7a045c5256d413591b8641a5fa617c4" member_type: VOTER last_known_addr { host: "127.28.123.66" port: 45707 } } peers { permanent_uuid: "db199f983060464bbbf6f4afc12f85d1" member_type: VOTER last_known_addr { host: "127.28.123.67" port: 37645 } }
I20260709 13:08:51.081223 30661 raft_consensus.cc:515] T fd16a00241b14aef8c7a2512d2c60886 P db199f983060464bbbf6f4afc12f85d1 [term 0 FOLLOWER]: Starting pre-election with config: opid_index: -1 OBSOLETE_local: false peers { permanent_uuid: "b2ec0a597e854972a119711b7b8ddce7" member_type: VOTER last_known_addr { host: "127.28.123.65" port: 39399 } } peers { permanent_uuid: "c7a045c5256d413591b8641a5fa617c4" member_type: VOTER last_known_addr { host: "127.28.123.66" port: 45707 } } peers { permanent_uuid: "db199f983060464bbbf6f4afc12f85d1" member_type: VOTER last_known_addr { host: "127.28.123.67" port: 37645 } }
I20260709 13:08:51.083534 30276 tablet_service.cc:1917] Received RequestConsensusVote() RPC: tablet_id: "fdc36836d8d546449c5313797f272f8a" candidate_uuid: "db199f983060464bbbf6f4afc12f85d1" candidate_term: 1 candidate_status { last_received { term: 0 index: 0 } } ignore_live_leader: false dest_uuid: "b2ec0a597e854972a119711b7b8ddce7" is_pre_election: true
I20260709 13:08:51.084125 30279 tablet_service.cc:1917] Received RequestConsensusVote() RPC: tablet_id: "fd16a00241b14aef8c7a2512d2c60886" candidate_uuid: "db199f983060464bbbf6f4afc12f85d1" candidate_term: 1 candidate_status { last_received { term: 0 index: 0 } } ignore_live_leader: false dest_uuid: "b2ec0a597e854972a119711b7b8ddce7" is_pre_election: true
I20260709 13:08:51.085075 30591 leader_election.cc:290] T fdc36836d8d546449c5313797f272f8a P db199f983060464bbbf6f4afc12f85d1 [CANDIDATE]: Term 1 pre-election: Requested pre-vote from peers b2ec0a597e854972a119711b7b8ddce7 (127.28.123.65:39399), c7a045c5256d413591b8641a5fa617c4 (127.28.123.66:45707)
I20260709 13:08:51.085601 30352 tablet_service.cc:1917] Received RequestConsensusVote() RPC: tablet_id: "fdc36836d8d546449c5313797f272f8a" candidate_uuid: "db199f983060464bbbf6f4afc12f85d1" candidate_term: 1 candidate_status { last_received { term: 0 index: 0 } } ignore_live_leader: false dest_uuid: "c7a045c5256d413591b8641a5fa617c4" is_pre_election: true
I20260709 13:08:51.084189 30276 raft_consensus.cc:2468] T fdc36836d8d546449c5313797f272f8a P b2ec0a597e854972a119711b7b8ddce7 [term 0 FOLLOWER]: Leader pre-election vote request: Granting yes vote for candidate db199f983060464bbbf6f4afc12f85d1 in term 0.
W20260709 13:08:51.085743 30393 leader_election.cc:343] T fd16a00241b14aef8c7a2512d2c60886 P db199f983060464bbbf6f4afc12f85d1 [CANDIDATE]: Term 1 pre-election: Tablet error from VoteRequest() call to peer b2ec0a597e854972a119711b7b8ddce7 (127.28.123.65:39399): Illegal state: must be running to vote when last-logged opid is not known
W20260709 13:08:51.086788 30395 leader_election.cc:343] T fdc36836d8d546449c5313797f272f8a P db199f983060464bbbf6f4afc12f85d1 [CANDIDATE]: Term 1 pre-election: Tablet error from VoteRequest() call to peer c7a045c5256d413591b8641a5fa617c4 (127.28.123.66:45707): Illegal state: must be running to vote when last-logged opid is not known
I20260709 13:08:51.087590 30470 tablet_bootstrap.cc:654] T eb1b032383904690a0eda1add3d817fc P b2ec0a597e854972a119711b7b8ddce7: Neither blocks nor log segments found. Creating new log.
I20260709 13:08:51.087334 30393 leader_election.cc:304] T fdc36836d8d546449c5313797f272f8a P db199f983060464bbbf6f4afc12f85d1 [CANDIDATE]: Term 1 pre-election: Election decided. Result: candidate won. Election summary: received 3 responses out of 3 voters: 2 yes votes; 1 no votes. yes voters: b2ec0a597e854972a119711b7b8ddce7, db199f983060464bbbf6f4afc12f85d1; no voters: c7a045c5256d413591b8641a5fa617c4
I20260709 13:08:51.088213 30591 raft_consensus.cc:2804] T fdc36836d8d546449c5313797f272f8a P db199f983060464bbbf6f4afc12f85d1 [term 0 FOLLOWER]: Leader pre-election won for term 1
I20260709 13:08:51.088637 30591 raft_consensus.cc:493] T fdc36836d8d546449c5313797f272f8a P db199f983060464bbbf6f4afc12f85d1 [term 0 FOLLOWER]: Starting leader election (no leader contacted us within the election timeout)
I20260709 13:08:51.089002 30591 raft_consensus.cc:3060] T fdc36836d8d546449c5313797f272f8a P db199f983060464bbbf6f4afc12f85d1 [term 0 FOLLOWER]: Advancing to term 1
I20260709 13:08:51.090293 30352 tablet_service.cc:1917] Received RequestConsensusVote() RPC: tablet_id: "fd16a00241b14aef8c7a2512d2c60886" candidate_uuid: "db199f983060464bbbf6f4afc12f85d1" candidate_term: 1 candidate_status { last_received { term: 0 index: 0 } } ignore_live_leader: false dest_uuid: "c7a045c5256d413591b8641a5fa617c4" is_pre_election: true
I20260709 13:08:51.096807 30591 raft_consensus.cc:515] T fdc36836d8d546449c5313797f272f8a P db199f983060464bbbf6f4afc12f85d1 [term 1 FOLLOWER]: Starting leader election with config: opid_index: -1 OBSOLETE_local: false peers { permanent_uuid: "b2ec0a597e854972a119711b7b8ddce7" member_type: VOTER last_known_addr { host: "127.28.123.65" port: 39399 } } peers { permanent_uuid: "c7a045c5256d413591b8641a5fa617c4" member_type: VOTER last_known_addr { host: "127.28.123.66" port: 45707 } } peers { permanent_uuid: "db199f983060464bbbf6f4afc12f85d1" member_type: VOTER last_known_addr { host: "127.28.123.67" port: 37645 } }
I20260709 13:08:51.100232 30474 consensus_queue.cc:1048] T 5183a59de64040f1a4dcadd341fef251 P b2ec0a597e854972a119711b7b8ddce7 [LEADER]: Connected to new peer: Peer: permanent_uuid: "db199f983060464bbbf6f4afc12f85d1" member_type: VOTER last_known_addr { host: "127.28.123.67" port: 37645 }, Status: LMP_MISMATCH, Last received: 0.0, Next index: 1, Last known committed idx: 0, Time since last communication: 0.001s
I20260709 13:08:51.105556 30472 ts_tablet_manager.cc:1434] T bfe1d57150a94e21b8c196a1ecfc8b36 P c7a045c5256d413591b8641a5fa617c4: Time spent starting tablet: real 0.032s	user 0.007s	sys 0.000s
I20260709 13:08:51.108013 30276 tablet_service.cc:1917] Received RequestConsensusVote() RPC: tablet_id: "fdc36836d8d546449c5313797f272f8a" candidate_uuid: "db199f983060464bbbf6f4afc12f85d1" candidate_term: 1 candidate_status { last_received { term: 0 index: 0 } } ignore_live_leader: false dest_uuid: "b2ec0a597e854972a119711b7b8ddce7"
I20260709 13:08:51.117141 30276 raft_consensus.cc:3060] T fdc36836d8d546449c5313797f272f8a P b2ec0a597e854972a119711b7b8ddce7 [term 0 FOLLOWER]: Advancing to term 1
I20260709 13:08:51.117744 30472 tablet_bootstrap.cc:492] T 099d6fc91aeb41138f0955ebbc39cea8 P c7a045c5256d413591b8641a5fa617c4: Bootstrap starting.
W20260709 13:08:51.109926 30395 leader_election.cc:343] T fd16a00241b14aef8c7a2512d2c60886 P db199f983060464bbbf6f4afc12f85d1 [CANDIDATE]: Term 1 pre-election: Tablet error from VoteRequest() call to peer c7a045c5256d413591b8641a5fa617c4 (127.28.123.66:45707): Illegal state: must be running to vote when last-logged opid is not known
I20260709 13:08:51.119037 30395 leader_election.cc:304] T fd16a00241b14aef8c7a2512d2c60886 P db199f983060464bbbf6f4afc12f85d1 [CANDIDATE]: Term 1 pre-election: Election decided. Result: candidate lost. Election summary: received 3 responses out of 3 voters: 1 yes votes; 2 no votes. yes voters: db199f983060464bbbf6f4afc12f85d1; no voters: b2ec0a597e854972a119711b7b8ddce7, c7a045c5256d413591b8641a5fa617c4
I20260709 13:08:51.110456 30661 leader_election.cc:290] T fd16a00241b14aef8c7a2512d2c60886 P db199f983060464bbbf6f4afc12f85d1 [CANDIDATE]: Term 1 pre-election: Requested pre-vote from peers b2ec0a597e854972a119711b7b8ddce7 (127.28.123.65:39399), c7a045c5256d413591b8641a5fa617c4 (127.28.123.66:45707)
I20260709 13:08:51.110636 30638 consensus_queue.cc:1048] T 53ec8ef0f45a4de9b1ef5b3fe4bae6c5 P c7a045c5256d413591b8641a5fa617c4 [LEADER]: Connected to new peer: Peer: permanent_uuid: "b2ec0a597e854972a119711b7b8ddce7" member_type: VOTER last_known_addr { host: "127.28.123.65" port: 39399 }, Status: LMP_MISMATCH, Last received: 0.0, Next index: 1, Last known committed idx: 0, Time since last communication: 0.000s
I20260709 13:08:51.121002 30601 raft_consensus.cc:2749] T fd16a00241b14aef8c7a2512d2c60886 P db199f983060464bbbf6f4afc12f85d1 [term 0 FOLLOWER]: Leader pre-election lost for term 1. Reason: could not achieve majority
I20260709 13:08:51.124442 30352 tablet_service.cc:1917] Received RequestConsensusVote() RPC: tablet_id: "fdc36836d8d546449c5313797f272f8a" candidate_uuid: "db199f983060464bbbf6f4afc12f85d1" candidate_term: 1 candidate_status { last_received { term: 0 index: 0 } } ignore_live_leader: false dest_uuid: "c7a045c5256d413591b8641a5fa617c4"
W20260709 13:08:51.125819 30395 leader_election.cc:343] T fdc36836d8d546449c5313797f272f8a P db199f983060464bbbf6f4afc12f85d1 [CANDIDATE]: Term 1 election: Tablet error from VoteRequest() call to peer c7a045c5256d413591b8641a5fa617c4 (127.28.123.66:45707): Illegal state: must be running to vote when last-logged opid is not known
I20260709 13:08:51.128291 30470 tablet_bootstrap.cc:492] T eb1b032383904690a0eda1add3d817fc P b2ec0a597e854972a119711b7b8ddce7: No bootstrap required, opened a new log
I20260709 13:08:51.128994 30470 ts_tablet_manager.cc:1403] T eb1b032383904690a0eda1add3d817fc P b2ec0a597e854972a119711b7b8ddce7: Time spent bootstrapping tablet: real 0.114s	user 0.012s	sys 0.004s
I20260709 13:08:51.133471 30472 tablet_bootstrap.cc:654] T 099d6fc91aeb41138f0955ebbc39cea8 P c7a045c5256d413591b8641a5fa617c4: Neither blocks nor log segments found. Creating new log.
I20260709 13:08:51.138538 30276 raft_consensus.cc:2468] T fdc36836d8d546449c5313797f272f8a P b2ec0a597e854972a119711b7b8ddce7 [term 1 FOLLOWER]: Leader election vote request: Granting yes vote for candidate db199f983060464bbbf6f4afc12f85d1 in term 1.
I20260709 13:08:51.139606 30470 raft_consensus.cc:359] T eb1b032383904690a0eda1add3d817fc P b2ec0a597e854972a119711b7b8ddce7 [term 0 FOLLOWER]: Replica starting. Triggering 0 pending ops. Active config: opid_index: -1 OBSOLETE_local: false peers { permanent_uuid: "b2ec0a597e854972a119711b7b8ddce7" member_type: VOTER last_known_addr { host: "127.28.123.65" port: 39399 } } peers { permanent_uuid: "c7a045c5256d413591b8641a5fa617c4" member_type: VOTER last_known_addr { host: "127.28.123.66" port: 45707 } } peers { permanent_uuid: "db199f983060464bbbf6f4afc12f85d1" member_type: VOTER last_known_addr { host: "127.28.123.67" port: 37645 } }
I20260709 13:08:51.140309 30470 raft_consensus.cc:385] T eb1b032383904690a0eda1add3d817fc P b2ec0a597e854972a119711b7b8ddce7 [term 0 FOLLOWER]: Consensus starting up: Expiring failure detector timer to make a prompt election more likely
I20260709 13:08:51.111702 30469 tablet_bootstrap.cc:654] T 4a674bdf5d544f92acca26c304002f17 P db199f983060464bbbf6f4afc12f85d1: Neither blocks nor log segments found. Creating new log.
I20260709 13:08:51.111267 30177 catalog_manager.cc:5697] T 9c6255d85ffb4c3a96cbeecad477cce5 P b2ec0a597e854972a119711b7b8ddce7 reported cstate change: term changed from 0 to 1, leader changed from <none> to b2ec0a597e854972a119711b7b8ddce7 (127.28.123.65). New cstate: current_term: 1 leader_uuid: "b2ec0a597e854972a119711b7b8ddce7" committed_config { opid_index: -1 OBSOLETE_local: false peers { permanent_uuid: "b2ec0a597e854972a119711b7b8ddce7" member_type: VOTER last_known_addr { host: "127.28.123.65" port: 39399 } health_report { overall_health: HEALTHY } } peers { permanent_uuid: "c7a045c5256d413591b8641a5fa617c4" member_type: VOTER last_known_addr { host: "127.28.123.66" port: 45707 } health_report { overall_health: UNKNOWN } } peers { permanent_uuid: "db199f983060464bbbf6f4afc12f85d1" member_type: VOTER last_known_addr { host: "127.28.123.67" port: 37645 } health_report { overall_health: UNKNOWN } } }
I20260709 13:08:51.138303 30591 leader_election.cc:290] T fdc36836d8d546449c5313797f272f8a P db199f983060464bbbf6f4afc12f85d1 [CANDIDATE]: Term 1 election: Requested vote from peers b2ec0a597e854972a119711b7b8ddce7 (127.28.123.65:39399), c7a045c5256d413591b8641a5fa617c4 (127.28.123.66:45707)
I20260709 13:08:51.140579 30470 raft_consensus.cc:740] T eb1b032383904690a0eda1add3d817fc P b2ec0a597e854972a119711b7b8ddce7 [term 0 FOLLOWER]: Becoming Follower/Learner. State: Replica: b2ec0a597e854972a119711b7b8ddce7, State: Initialized, Role: FOLLOWER
I20260709 13:08:51.149020 30470 consensus_queue.cc:260] T eb1b032383904690a0eda1add3d817fc P b2ec0a597e854972a119711b7b8ddce7 [NON_LEADER]: Queue going to NON_LEADER mode. State: All replicated index: 0, Majority replicated index: 0, Committed index: 0, Last appended: 0.0, Last appended by leader: 0, Current term: 0, Majority size: -1, State: 0, Mode: NON_LEADER, active raft config: opid_index: -1 OBSOLETE_local: false peers { permanent_uuid: "b2ec0a597e854972a119711b7b8ddce7" member_type: VOTER last_known_addr { host: "127.28.123.65" port: 39399 } } peers { permanent_uuid: "c7a045c5256d413591b8641a5fa617c4" member_type: VOTER last_known_addr { host: "127.28.123.66" port: 45707 } } peers { permanent_uuid: "db199f983060464bbbf6f4afc12f85d1" member_type: VOTER last_known_addr { host: "127.28.123.67" port: 37645 } }
I20260709 13:08:51.173193 30638 consensus_queue.cc:1048] T 53ec8ef0f45a4de9b1ef5b3fe4bae6c5 P c7a045c5256d413591b8641a5fa617c4 [LEADER]: Connected to new peer: Peer: permanent_uuid: "db199f983060464bbbf6f4afc12f85d1" member_type: VOTER last_known_addr { host: "127.28.123.67" port: 37645 }, Status: LMP_MISMATCH, Last received: 0.0, Next index: 1, Last known committed idx: 0, Time since last communication: 0.001s
I20260709 13:08:51.140589 30393 leader_election.cc:304] T fdc36836d8d546449c5313797f272f8a P db199f983060464bbbf6f4afc12f85d1 [CANDIDATE]: Term 1 election: Election decided. Result: candidate won. Election summary: received 3 responses out of 3 voters: 2 yes votes; 1 no votes. yes voters: b2ec0a597e854972a119711b7b8ddce7, db199f983060464bbbf6f4afc12f85d1; no voters: c7a045c5256d413591b8641a5fa617c4
I20260709 13:08:51.182819 30649 raft_consensus.cc:2804] T fdc36836d8d546449c5313797f272f8a P db199f983060464bbbf6f4afc12f85d1 [term 1 FOLLOWER]: Leader election won for term 1
I20260709 13:08:51.185093 30649 raft_consensus.cc:697] T fdc36836d8d546449c5313797f272f8a P db199f983060464bbbf6f4afc12f85d1 [term 1 LEADER]: Becoming Leader. State: Replica: db199f983060464bbbf6f4afc12f85d1, State: Running, Role: LEADER
I20260709 13:08:51.204082 30649 consensus_queue.cc:237] T fdc36836d8d546449c5313797f272f8a P db199f983060464bbbf6f4afc12f85d1 [LEADER]: Queue going to LEADER mode. State: All replicated index: 0, Majority replicated index: 0, Committed index: 0, Last appended: 0.0, Last appended by leader: 0, Current term: 1, Majority size: 2, State: 0, Mode: LEADER, active raft config: opid_index: -1 OBSOLETE_local: false peers { permanent_uuid: "b2ec0a597e854972a119711b7b8ddce7" member_type: VOTER last_known_addr { host: "127.28.123.65" port: 39399 } } peers { permanent_uuid: "c7a045c5256d413591b8641a5fa617c4" member_type: VOTER last_known_addr { host: "127.28.123.66" port: 45707 } } peers { permanent_uuid: "db199f983060464bbbf6f4afc12f85d1" member_type: VOTER last_known_addr { host: "127.28.123.67" port: 37645 } }
I20260709 13:08:51.218513 30671 raft_consensus.cc:493] T 47d6dfc28a1a400aa7d7fba61a3ac45c P b2ec0a597e854972a119711b7b8ddce7 [term 0 FOLLOWER]: Starting pre-election (no leader contacted us within the election timeout)
I20260709 13:08:51.219197 30671 raft_consensus.cc:515] T 47d6dfc28a1a400aa7d7fba61a3ac45c P b2ec0a597e854972a119711b7b8ddce7 [term 0 FOLLOWER]: Starting pre-election with config: opid_index: -1 OBSOLETE_local: false peers { permanent_uuid: "b2ec0a597e854972a119711b7b8ddce7" member_type: VOTER last_known_addr { host: "127.28.123.65" port: 39399 } } peers { permanent_uuid: "c7a045c5256d413591b8641a5fa617c4" member_type: VOTER last_known_addr { host: "127.28.123.66" port: 45707 } } peers { permanent_uuid: "db199f983060464bbbf6f4afc12f85d1" member_type: VOTER last_known_addr { host: "127.28.123.67" port: 37645 } }
I20260709 13:08:51.223769 30427 tablet_service.cc:1917] Received RequestConsensusVote() RPC: tablet_id: "47d6dfc28a1a400aa7d7fba61a3ac45c" candidate_uuid: "b2ec0a597e854972a119711b7b8ddce7" candidate_term: 1 candidate_status { last_received { term: 0 index: 0 } } ignore_live_leader: false dest_uuid: "db199f983060464bbbf6f4afc12f85d1" is_pre_election: true
I20260709 13:08:51.225716 30427 raft_consensus.cc:2468] T 47d6dfc28a1a400aa7d7fba61a3ac45c P db199f983060464bbbf6f4afc12f85d1 [term 0 FOLLOWER]: Leader pre-election vote request: Granting yes vote for candidate b2ec0a597e854972a119711b7b8ddce7 in term 0.
I20260709 13:08:51.227568 30243 leader_election.cc:304] T 47d6dfc28a1a400aa7d7fba61a3ac45c P b2ec0a597e854972a119711b7b8ddce7 [CANDIDATE]: Term 1 pre-election: Election decided. Result: candidate won. Election summary: received 2 responses out of 3 voters: 2 yes votes; 0 no votes. yes voters: b2ec0a597e854972a119711b7b8ddce7, db199f983060464bbbf6f4afc12f85d1; no voters: 
I20260709 13:08:51.216063 30474 consensus_queue.cc:1048] T 5f5c039f792843ce918d3552f4760b61 P b2ec0a597e854972a119711b7b8ddce7 [LEADER]: Connected to new peer: Peer: permanent_uuid: "c7a045c5256d413591b8641a5fa617c4" member_type: VOTER last_known_addr { host: "127.28.123.66" port: 45707 }, Status: LMP_MISMATCH, Last received: 0.0, Next index: 1, Last known committed idx: 0, Time since last communication: 0.013s
I20260709 13:08:51.230281 30474 raft_consensus.cc:2804] T 47d6dfc28a1a400aa7d7fba61a3ac45c P b2ec0a597e854972a119711b7b8ddce7 [term 0 FOLLOWER]: Leader pre-election won for term 1
I20260709 13:08:51.230753 30474 raft_consensus.cc:493] T 47d6dfc28a1a400aa7d7fba61a3ac45c P b2ec0a597e854972a119711b7b8ddce7 [term 0 FOLLOWER]: Starting leader election (no leader contacted us within the election timeout)
I20260709 13:08:51.231194 30474 raft_consensus.cc:3060] T 47d6dfc28a1a400aa7d7fba61a3ac45c P b2ec0a597e854972a119711b7b8ddce7 [term 0 FOLLOWER]: Advancing to term 1
I20260709 13:08:51.233865 30671 leader_election.cc:290] T 47d6dfc28a1a400aa7d7fba61a3ac45c P b2ec0a597e854972a119711b7b8ddce7 [CANDIDATE]: Term 1 pre-election: Requested pre-vote from peers c7a045c5256d413591b8641a5fa617c4 (127.28.123.66:45707), db199f983060464bbbf6f4afc12f85d1 (127.28.123.67:37645)
I20260709 13:08:51.239365 30355 tablet_service.cc:1917] Received RequestConsensusVote() RPC: tablet_id: "47d6dfc28a1a400aa7d7fba61a3ac45c" candidate_uuid: "b2ec0a597e854972a119711b7b8ddce7" candidate_term: 1 candidate_status { last_received { term: 0 index: 0 } } ignore_live_leader: false dest_uuid: "c7a045c5256d413591b8641a5fa617c4" is_pre_election: true
I20260709 13:08:51.261745 30470 ts_tablet_manager.cc:1434] T eb1b032383904690a0eda1add3d817fc P b2ec0a597e854972a119711b7b8ddce7: Time spent starting tablet: real 0.132s	user 0.007s	sys 0.000s
I20260709 13:08:51.263353 30470 tablet_bootstrap.cc:492] T acc58ddb4a144458b8a6206720c8ccdf P b2ec0a597e854972a119711b7b8ddce7: Bootstrap starting.
W20260709 13:08:51.261104 30712 log.cc:927] Time spent T 53ec8ef0f45a4de9b1ef5b3fe4bae6c5 P db199f983060464bbbf6f4afc12f85d1: Append to log took a long time: real 0.072s	user 0.009s	sys 0.024s
W20260709 13:08:51.263819 30508 log.cc:927] Time spent T 00000000000000000000000000000000 P 0d1948843ed74e7199c1fcc8d1e92d70: Append to log took a long time: real 0.075s	user 0.000s	sys 0.004s
W20260709 13:08:51.272886 30246 leader_election.cc:343] T 47d6dfc28a1a400aa7d7fba61a3ac45c P b2ec0a597e854972a119711b7b8ddce7 [CANDIDATE]: Term 1 pre-election: Tablet error from VoteRequest() call to peer c7a045c5256d413591b8641a5fa617c4 (127.28.123.66:45707): Illegal state: must be running to vote when last-logged opid is not known
I20260709 13:08:51.332479 30478 raft_consensus.cc:493] T bfe1d57150a94e21b8c196a1ecfc8b36 P c7a045c5256d413591b8641a5fa617c4 [term 0 FOLLOWER]: Starting pre-election (no leader contacted us within the election timeout)
I20260709 13:08:51.337499 30478 raft_consensus.cc:515] T bfe1d57150a94e21b8c196a1ecfc8b36 P c7a045c5256d413591b8641a5fa617c4 [term 0 FOLLOWER]: Starting pre-election with config: opid_index: -1 OBSOLETE_local: false peers { permanent_uuid: "b2ec0a597e854972a119711b7b8ddce7" member_type: VOTER last_known_addr { host: "127.28.123.65" port: 39399 } } peers { permanent_uuid: "c7a045c5256d413591b8641a5fa617c4" member_type: VOTER last_known_addr { host: "127.28.123.66" port: 45707 } } peers { permanent_uuid: "db199f983060464bbbf6f4afc12f85d1" member_type: VOTER last_known_addr { host: "127.28.123.67" port: 37645 } }
I20260709 13:08:51.343396 30671 consensus_queue.cc:1048] T 5183a59de64040f1a4dcadd341fef251 P b2ec0a597e854972a119711b7b8ddce7 [LEADER]: Connected to new peer: Peer: permanent_uuid: "c7a045c5256d413591b8641a5fa617c4" member_type: VOTER last_known_addr { host: "127.28.123.66" port: 45707 }, Status: LMP_MISMATCH, Last received: 0.0, Next index: 1, Last known committed idx: 0, Time since last communication: 0.000s
W20260709 13:08:51.406651 30246 outbound_call.cc:321] RPC callback for RPC call kudu.consensus.ConsensusService.UpdateConsensus -> {remote=127.28.123.66:45707, user_credentials={real_user=slave}} blocked reactor thread for 108362us
I20260709 13:08:51.432281 30591 raft_consensus.cc:493] T fe3f5694d2954c5f85da4d48bc8d08b5 P db199f983060464bbbf6f4afc12f85d1 [term 0 FOLLOWER]: Starting pre-election (no leader contacted us within the election timeout)
I20260709 13:08:51.421779 30474 raft_consensus.cc:515] T 47d6dfc28a1a400aa7d7fba61a3ac45c P b2ec0a597e854972a119711b7b8ddce7 [term 1 FOLLOWER]: Starting leader election with config: opid_index: -1 OBSOLETE_local: false peers { permanent_uuid: "b2ec0a597e854972a119711b7b8ddce7" member_type: VOTER last_known_addr { host: "127.28.123.65" port: 39399 } } peers { permanent_uuid: "c7a045c5256d413591b8641a5fa617c4" member_type: VOTER last_known_addr { host: "127.28.123.66" port: 45707 } } peers { permanent_uuid: "db199f983060464bbbf6f4afc12f85d1" member_type: VOTER last_known_addr { host: "127.28.123.67" port: 37645 } }
I20260709 13:08:51.432953 30591 raft_consensus.cc:515] T fe3f5694d2954c5f85da4d48bc8d08b5 P db199f983060464bbbf6f4afc12f85d1 [term 0 FOLLOWER]: Starting pre-election with config: opid_index: -1 OBSOLETE_local: false peers { permanent_uuid: "b2ec0a597e854972a119711b7b8ddce7" member_type: VOTER last_known_addr { host: "127.28.123.65" port: 39399 } } peers { permanent_uuid: "c7a045c5256d413591b8641a5fa617c4" member_type: VOTER last_known_addr { host: "127.28.123.66" port: 45707 } } peers { permanent_uuid: "db199f983060464bbbf6f4afc12f85d1" member_type: VOTER last_known_addr { host: "127.28.123.67" port: 37645 } }
I20260709 13:08:51.438055 30427 tablet_service.cc:1917] Received RequestConsensusVote() RPC: tablet_id: "bfe1d57150a94e21b8c196a1ecfc8b36" candidate_uuid: "c7a045c5256d413591b8641a5fa617c4" candidate_term: 1 candidate_status { last_received { term: 0 index: 0 } } ignore_live_leader: false dest_uuid: "db199f983060464bbbf6f4afc12f85d1" is_pre_election: true
I20260709 13:08:51.439078 30474 leader_election.cc:290] T 47d6dfc28a1a400aa7d7fba61a3ac45c P b2ec0a597e854972a119711b7b8ddce7 [CANDIDATE]: Term 1 election: Requested vote from peers c7a045c5256d413591b8641a5fa617c4 (127.28.123.66:45707), db199f983060464bbbf6f4afc12f85d1 (127.28.123.67:37645)
I20260709 13:08:51.443248 30591 leader_election.cc:290] T fe3f5694d2954c5f85da4d48bc8d08b5 P db199f983060464bbbf6f4afc12f85d1 [CANDIDATE]: Term 1 pre-election: Requested pre-vote from peers b2ec0a597e854972a119711b7b8ddce7 (127.28.123.65:39399), c7a045c5256d413591b8641a5fa617c4 (127.28.123.66:45707)
I20260709 13:08:51.443418 30472 tablet_bootstrap.cc:492] T 099d6fc91aeb41138f0955ebbc39cea8 P c7a045c5256d413591b8641a5fa617c4: No bootstrap required, opened a new log
I20260709 13:08:51.443945 30472 ts_tablet_manager.cc:1403] T 099d6fc91aeb41138f0955ebbc39cea8 P c7a045c5256d413591b8641a5fa617c4: Time spent bootstrapping tablet: real 0.326s	user 0.086s	sys 0.073s
I20260709 13:08:51.444095 30470 tablet_bootstrap.cc:654] T acc58ddb4a144458b8a6206720c8ccdf P b2ec0a597e854972a119711b7b8ddce7: Neither blocks nor log segments found. Creating new log.
I20260709 13:08:51.447357 30472 raft_consensus.cc:359] T 099d6fc91aeb41138f0955ebbc39cea8 P c7a045c5256d413591b8641a5fa617c4 [term 0 FOLLOWER]: Replica starting. Triggering 0 pending ops. Active config: opid_index: -1 OBSOLETE_local: false peers { permanent_uuid: "b2ec0a597e854972a119711b7b8ddce7" member_type: VOTER last_known_addr { host: "127.28.123.65" port: 39399 } } peers { permanent_uuid: "c7a045c5256d413591b8641a5fa617c4" member_type: VOTER last_known_addr { host: "127.28.123.66" port: 45707 } } peers { permanent_uuid: "db199f983060464bbbf6f4afc12f85d1" member_type: VOTER last_known_addr { host: "127.28.123.67" port: 37645 } }
I20260709 13:08:51.448066 30472 raft_consensus.cc:385] T 099d6fc91aeb41138f0955ebbc39cea8 P c7a045c5256d413591b8641a5fa617c4 [term 0 FOLLOWER]: Consensus starting up: Expiring failure detector timer to make a prompt election more likely
I20260709 13:08:51.448307 30472 raft_consensus.cc:740] T 099d6fc91aeb41138f0955ebbc39cea8 P c7a045c5256d413591b8641a5fa617c4 [term 0 FOLLOWER]: Becoming Follower/Learner. State: Replica: c7a045c5256d413591b8641a5fa617c4, State: Initialized, Role: FOLLOWER
I20260709 13:08:51.490468 30472 consensus_queue.cc:260] T 099d6fc91aeb41138f0955ebbc39cea8 P c7a045c5256d413591b8641a5fa617c4 [NON_LEADER]: Queue going to NON_LEADER mode. State: All replicated index: 0, Majority replicated index: 0, Committed index: 0, Last appended: 0.0, Last appended by leader: 0, Current term: 0, Majority size: -1, State: 0, Mode: NON_LEADER, active raft config: opid_index: -1 OBSOLETE_local: false peers { permanent_uuid: "b2ec0a597e854972a119711b7b8ddce7" member_type: VOTER last_known_addr { host: "127.28.123.65" port: 39399 } } peers { permanent_uuid: "c7a045c5256d413591b8641a5fa617c4" member_type: VOTER last_known_addr { host: "127.28.123.66" port: 45707 } } peers { permanent_uuid: "db199f983060464bbbf6f4afc12f85d1" member_type: VOTER last_known_addr { host: "127.28.123.67" port: 37645 } }
I20260709 13:08:51.428277 30279 tablet_service.cc:1917] Received RequestConsensusVote() RPC: tablet_id: "bfe1d57150a94e21b8c196a1ecfc8b36" candidate_uuid: "c7a045c5256d413591b8641a5fa617c4" candidate_term: 1 candidate_status { last_received { term: 0 index: 0 } } ignore_live_leader: false dest_uuid: "b2ec0a597e854972a119711b7b8ddce7" is_pre_election: true
W20260709 13:08:51.496637 30318 leader_election.cc:343] T bfe1d57150a94e21b8c196a1ecfc8b36 P c7a045c5256d413591b8641a5fa617c4 [CANDIDATE]: Term 1 pre-election: Tablet error from VoteRequest() call to peer db199f983060464bbbf6f4afc12f85d1 (127.28.123.67:37645): Illegal state: must be running to vote when last-logged opid is not known
I20260709 13:08:51.497797 30472 ts_tablet_manager.cc:1434] T 099d6fc91aeb41138f0955ebbc39cea8 P c7a045c5256d413591b8641a5fa617c4: Time spent starting tablet: real 0.054s	user 0.010s	sys 0.002s
I20260709 13:08:51.497900 30429 tablet_service.cc:1917] Received RequestConsensusVote() RPC: tablet_id: "47d6dfc28a1a400aa7d7fba61a3ac45c" candidate_uuid: "b2ec0a597e854972a119711b7b8ddce7" candidate_term: 1 candidate_status { last_received { term: 0 index: 0 } } ignore_live_leader: false dest_uuid: "db199f983060464bbbf6f4afc12f85d1"
I20260709 13:08:51.511323 30429 raft_consensus.cc:3060] T 47d6dfc28a1a400aa7d7fba61a3ac45c P db199f983060464bbbf6f4afc12f85d1 [term 0 FOLLOWER]: Advancing to term 1
W20260709 13:08:51.516922 30319 leader_election.cc:343] T bfe1d57150a94e21b8c196a1ecfc8b36 P c7a045c5256d413591b8641a5fa617c4 [CANDIDATE]: Term 1 pre-election: Tablet error from VoteRequest() call to peer b2ec0a597e854972a119711b7b8ddce7 (127.28.123.65:39399): Illegal state: must be running to vote when last-logged opid is not known
I20260709 13:08:51.507000 30716 raft_consensus.cc:493] T 4a674bdf5d544f92acca26c304002f17 P b2ec0a597e854972a119711b7b8ddce7 [term 0 FOLLOWER]: Starting pre-election (no leader contacted us within the election timeout)
I20260709 13:08:51.519440 30716 raft_consensus.cc:515] T 4a674bdf5d544f92acca26c304002f17 P b2ec0a597e854972a119711b7b8ddce7 [term 0 FOLLOWER]: Starting pre-election with config: opid_index: -1 OBSOLETE_local: false peers { permanent_uuid: "b2ec0a597e854972a119711b7b8ddce7" member_type: VOTER last_known_addr { host: "127.28.123.65" port: 39399 } } peers { permanent_uuid: "c7a045c5256d413591b8641a5fa617c4" member_type: VOTER last_known_addr { host: "127.28.123.66" port: 45707 } } peers { permanent_uuid: "db199f983060464bbbf6f4afc12f85d1" member_type: VOTER last_known_addr { host: "127.28.123.67" port: 37645 } }
I20260709 13:08:51.523187 30719 raft_consensus.cc:493] T 4a674bdf5d544f92acca26c304002f17 P c7a045c5256d413591b8641a5fa617c4 [term 0 FOLLOWER]: Starting pre-election (no leader contacted us within the election timeout)
I20260709 13:08:51.526472 30719 raft_consensus.cc:515] T 4a674bdf5d544f92acca26c304002f17 P c7a045c5256d413591b8641a5fa617c4 [term 0 FOLLOWER]: Starting pre-election with config: opid_index: -1 OBSOLETE_local: false peers { permanent_uuid: "b2ec0a597e854972a119711b7b8ddce7" member_type: VOTER last_known_addr { host: "127.28.123.65" port: 39399 } } peers { permanent_uuid: "c7a045c5256d413591b8641a5fa617c4" member_type: VOTER last_known_addr { host: "127.28.123.66" port: 45707 } } peers { permanent_uuid: "db199f983060464bbbf6f4afc12f85d1" member_type: VOTER last_known_addr { host: "127.28.123.67" port: 37645 } }
I20260709 13:08:51.535575 30348 tablet_service.cc:1917] Received RequestConsensusVote() RPC: tablet_id: "47d6dfc28a1a400aa7d7fba61a3ac45c" candidate_uuid: "b2ec0a597e854972a119711b7b8ddce7" candidate_term: 1 candidate_status { last_received { term: 0 index: 0 } } ignore_live_leader: false dest_uuid: "c7a045c5256d413591b8641a5fa617c4"
I20260709 13:08:51.538507 30354 tablet_service.cc:1917] Received RequestConsensusVote() RPC: tablet_id: "fe3f5694d2954c5f85da4d48bc8d08b5" candidate_uuid: "db199f983060464bbbf6f4afc12f85d1" candidate_term: 1 candidate_status { last_received { term: 0 index: 0 } } ignore_live_leader: false dest_uuid: "c7a045c5256d413591b8641a5fa617c4" is_pre_election: true
I20260709 13:08:51.542212 30275 tablet_service.cc:1917] Received RequestConsensusVote() RPC: tablet_id: "fe3f5694d2954c5f85da4d48bc8d08b5" candidate_uuid: "db199f983060464bbbf6f4afc12f85d1" candidate_term: 1 candidate_status { last_received { term: 0 index: 0 } } ignore_live_leader: false dest_uuid: "b2ec0a597e854972a119711b7b8ddce7" is_pre_election: true
I20260709 13:08:51.542997 30472 tablet_bootstrap.cc:492] T fd16a00241b14aef8c7a2512d2c60886 P c7a045c5256d413591b8641a5fa617c4: Bootstrap starting.
I20260709 13:08:51.543291 30275 raft_consensus.cc:2468] T fe3f5694d2954c5f85da4d48bc8d08b5 P b2ec0a597e854972a119711b7b8ddce7 [term 0 FOLLOWER]: Leader pre-election vote request: Granting yes vote for candidate db199f983060464bbbf6f4afc12f85d1 in term 0.
I20260709 13:08:51.545882 30177 catalog_manager.cc:5697] T fdc36836d8d546449c5313797f272f8a P db199f983060464bbbf6f4afc12f85d1 reported cstate change: term changed from 0 to 1, leader changed from <none> to db199f983060464bbbf6f4afc12f85d1 (127.28.123.67). New cstate: current_term: 1 leader_uuid: "db199f983060464bbbf6f4afc12f85d1" committed_config { opid_index: -1 OBSOLETE_local: false peers { permanent_uuid: "b2ec0a597e854972a119711b7b8ddce7" member_type: VOTER last_known_addr { host: "127.28.123.65" port: 39399 } health_report { overall_health: UNKNOWN } } peers { permanent_uuid: "c7a045c5256d413591b8641a5fa617c4" member_type: VOTER last_known_addr { host: "127.28.123.66" port: 45707 } health_report { overall_health: UNKNOWN } } peers { permanent_uuid: "db199f983060464bbbf6f4afc12f85d1" member_type: VOTER last_known_addr { host: "127.28.123.67" port: 37645 } health_report { overall_health: HEALTHY } } }
W20260709 13:08:51.547530 30395 leader_election.cc:343] T fe3f5694d2954c5f85da4d48bc8d08b5 P db199f983060464bbbf6f4afc12f85d1 [CANDIDATE]: Term 1 pre-election: Tablet error from VoteRequest() call to peer c7a045c5256d413591b8641a5fa617c4 (127.28.123.66:45707): Illegal state: must be running to vote when last-logged opid is not known
I20260709 13:08:51.547745 30353 tablet_service.cc:1917] Received RequestConsensusVote() RPC: tablet_id: "4a674bdf5d544f92acca26c304002f17" candidate_uuid: "b2ec0a597e854972a119711b7b8ddce7" candidate_term: 1 candidate_status { last_received { term: 0 index: 0 } } ignore_live_leader: false dest_uuid: "c7a045c5256d413591b8641a5fa617c4" is_pre_election: true
I20260709 13:08:51.548624 30353 raft_consensus.cc:2468] T 4a674bdf5d544f92acca26c304002f17 P c7a045c5256d413591b8641a5fa617c4 [term 0 FOLLOWER]: Leader pre-election vote request: Granting yes vote for candidate b2ec0a597e854972a119711b7b8ddce7 in term 0.
W20260709 13:08:51.551729 30395 consensus_peers.cc:597] T e6953e8f39df4f41aa3906d4b9356ac0 P db199f983060464bbbf6f4afc12f85d1 -> Peer c7a045c5256d413591b8641a5fa617c4 (127.28.123.66:45707): Couldn't send request to peer c7a045c5256d413591b8641a5fa617c4. Error code: TABLET_NOT_RUNNING (12). Status: Illegal state: Tablet not RUNNING: INITIALIZED. This is attempt 1: this message will repeat every 5th retry.
I20260709 13:08:51.551885 30478 leader_election.cc:290] T bfe1d57150a94e21b8c196a1ecfc8b36 P c7a045c5256d413591b8641a5fa617c4 [CANDIDATE]: Term 1 pre-election: Requested pre-vote from peers b2ec0a597e854972a119711b7b8ddce7 (127.28.123.65:39399), db199f983060464bbbf6f4afc12f85d1 (127.28.123.67:37645)
I20260709 13:08:51.553486 30319 leader_election.cc:304] T bfe1d57150a94e21b8c196a1ecfc8b36 P c7a045c5256d413591b8641a5fa617c4 [CANDIDATE]: Term 1 pre-election: Election decided. Result: candidate lost. Election summary: received 3 responses out of 3 voters: 1 yes votes; 2 no votes. yes voters: c7a045c5256d413591b8641a5fa617c4; no voters: b2ec0a597e854972a119711b7b8ddce7, db199f983060464bbbf6f4afc12f85d1
W20260709 13:08:51.556602 30319 outbound_call.cc:321] RPC callback for RPC call kudu.consensus.ConsensusService.RequestConsensusVote -> {remote=127.28.123.65:39399, user_credentials={real_user=slave}} blocked reactor thread for 49374.5us
W20260709 13:08:51.557116 30246 leader_election.cc:343] T 47d6dfc28a1a400aa7d7fba61a3ac45c P b2ec0a597e854972a119711b7b8ddce7 [CANDIDATE]: Term 1 election: Tablet error from VoteRequest() call to peer c7a045c5256d413591b8641a5fa617c4 (127.28.123.66:45707): Illegal state: must be running to vote when last-logged opid is not known
I20260709 13:08:51.558526 30582 raft_consensus.cc:2749] T bfe1d57150a94e21b8c196a1ecfc8b36 P c7a045c5256d413591b8641a5fa617c4 [term 0 FOLLOWER]: Leader pre-election lost for term 1. Reason: could not achieve majority
I20260709 13:08:51.558640 30474 raft_consensus.cc:493] T eb1b032383904690a0eda1add3d817fc P b2ec0a597e854972a119711b7b8ddce7 [term 0 FOLLOWER]: Starting pre-election (no leader contacted us within the election timeout)
I20260709 13:08:51.559563 30474 raft_consensus.cc:515] T eb1b032383904690a0eda1add3d817fc P b2ec0a597e854972a119711b7b8ddce7 [term 0 FOLLOWER]: Starting pre-election with config: opid_index: -1 OBSOLETE_local: false peers { permanent_uuid: "b2ec0a597e854972a119711b7b8ddce7" member_type: VOTER last_known_addr { host: "127.28.123.65" port: 39399 } } peers { permanent_uuid: "c7a045c5256d413591b8641a5fa617c4" member_type: VOTER last_known_addr { host: "127.28.123.66" port: 45707 } } peers { permanent_uuid: "db199f983060464bbbf6f4afc12f85d1" member_type: VOTER last_known_addr { host: "127.28.123.67" port: 37645 } }
I20260709 13:08:51.564921 30246 leader_election.cc:304] T 4a674bdf5d544f92acca26c304002f17 P b2ec0a597e854972a119711b7b8ddce7 [CANDIDATE]: Term 1 pre-election: Election decided. Result: candidate won. Election summary: received 2 responses out of 3 voters: 2 yes votes; 0 no votes. yes voters: b2ec0a597e854972a119711b7b8ddce7, c7a045c5256d413591b8641a5fa617c4; no voters: 
I20260709 13:08:51.572626 30713 raft_consensus.cc:2804] T 4a674bdf5d544f92acca26c304002f17 P b2ec0a597e854972a119711b7b8ddce7 [term 0 FOLLOWER]: Leader pre-election won for term 1
I20260709 13:08:51.573107 30713 raft_consensus.cc:493] T 4a674bdf5d544f92acca26c304002f17 P b2ec0a597e854972a119711b7b8ddce7 [term 0 FOLLOWER]: Starting leader election (no leader contacted us within the election timeout)
I20260709 13:08:51.573546 30713 raft_consensus.cc:3060] T 4a674bdf5d544f92acca26c304002f17 P b2ec0a597e854972a119711b7b8ddce7 [term 0 FOLLOWER]: Advancing to term 1
W20260709 13:08:51.580999 30226 auto_rebalancer.cc:288] Could not retrieve cluster info: Service unavailable: Tablet not running
I20260709 13:08:51.596850 30716 leader_election.cc:290] T 4a674bdf5d544f92acca26c304002f17 P b2ec0a597e854972a119711b7b8ddce7 [CANDIDATE]: Term 1 pre-election: Requested pre-vote from peers c7a045c5256d413591b8641a5fa617c4 (127.28.123.66:45707), db199f983060464bbbf6f4afc12f85d1 (127.28.123.67:37645)
I20260709 13:08:51.598964 30474 leader_election.cc:290] T eb1b032383904690a0eda1add3d817fc P b2ec0a597e854972a119711b7b8ddce7 [CANDIDATE]: Term 1 pre-election: Requested pre-vote from peers c7a045c5256d413591b8641a5fa617c4 (127.28.123.66:45707), db199f983060464bbbf6f4afc12f85d1 (127.28.123.67:37645)
I20260709 13:08:51.587726 30719 leader_election.cc:290] T 4a674bdf5d544f92acca26c304002f17 P c7a045c5256d413591b8641a5fa617c4 [CANDIDATE]: Term 1 pre-election: Requested pre-vote from peers b2ec0a597e854972a119711b7b8ddce7 (127.28.123.65:39399), db199f983060464bbbf6f4afc12f85d1 (127.28.123.67:37645)
