I20260709 13:08:40.471799 22435 raft_consensus.cc:515] T 99c01031a0074ac1bfccedd467879d17 P 566a6e47aff04677b4ad45558ff837eb [term 0 FOLLOWER]: Starting pre-election with config: opid_index: -1 OBSOLETE_local: false peers { permanent_uuid: "566a6e47aff04677b4ad45558ff837eb" member_type: VOTER last_known_addr { host: "127.20.159.193" port: 37603 } } peers { permanent_uuid: "98b789915cac4e01aed9a826b076ed14" member_type: VOTER last_known_addr { host: "127.20.159.194" port: 38797 } } peers { permanent_uuid: "d547c1b49082486a84791838e332c0c0" member_type: VOTER last_known_addr { host: "127.20.159.195" port: 43249 } }
I20260709 13:08:40.476078 22367 raft_consensus.cc:2468] T 30eea31c865241e09deb8dd40730e7f0 P d547c1b49082486a84791838e332c0c0 [term 1 FOLLOWER]: Leader election vote request: Granting yes vote for candidate 98b789915cac4e01aed9a826b076ed14 in term 1.
I20260709 13:08:40.477018 22293 tablet_service.cc:1917] Received RequestConsensusVote() RPC: tablet_id: "99c01031a0074ac1bfccedd467879d17" candidate_uuid: "566a6e47aff04677b4ad45558ff837eb" candidate_term: 1 candidate_status { last_received { term: 0 index: 0 } } ignore_live_leader: false dest_uuid: "98b789915cac4e01aed9a826b076ed14" is_pre_election: true
I20260709 13:08:40.477267 22257 leader_election.cc:304] T 30eea31c865241e09deb8dd40730e7f0 P 98b789915cac4e01aed9a826b076ed14 [CANDIDATE]: Term 1 election: Election decided. Result: candidate won. Election summary: received 3 responses out of 3 voters: 2 yes votes; 1 no votes. yes voters: 98b789915cac4e01aed9a826b076ed14, d547c1b49082486a84791838e332c0c0; no voters: 566a6e47aff04677b4ad45558ff837eb
I20260709 13:08:40.477844 22293 raft_consensus.cc:2468] T 99c01031a0074ac1bfccedd467879d17 P 98b789915cac4e01aed9a826b076ed14 [term 0 FOLLOWER]: Leader pre-election vote request: Granting yes vote for candidate 566a6e47aff04677b4ad45558ff837eb in term 0.
I20260709 13:08:40.494349 22414 raft_consensus.cc:2804] T 30eea31c865241e09deb8dd40730e7f0 P 98b789915cac4e01aed9a826b076ed14 [term 1 FOLLOWER]: Leader election won for term 1
I20260709 13:08:40.495375 22414 raft_consensus.cc:697] T 30eea31c865241e09deb8dd40730e7f0 P 98b789915cac4e01aed9a826b076ed14 [term 1 LEADER]: Becoming Leader. State: Replica: 98b789915cac4e01aed9a826b076ed14, State: Running, Role: LEADER
I20260709 13:08:40.496268 22439 consensus_queue.cc:1048] T d27cdd5941df4f519fb0df992ce9178b P 98b789915cac4e01aed9a826b076ed14 [LEADER]: Connected to new peer: Peer: permanent_uuid: "d547c1b49082486a84791838e332c0c0" member_type: VOTER last_known_addr { host: "127.20.159.195" port: 43249 }, Status: LMP_MISMATCH, Last received: 0.0, Next index: 1, Last known committed idx: 0, Time since last communication: 0.000s
I20260709 13:08:40.496192 22414 consensus_queue.cc:237] T 30eea31c865241e09deb8dd40730e7f0 P 98b789915cac4e01aed9a826b076ed14 [LEADER]: Queue going to LEADER mode. State: All replicated index: 0, Majority replicated index: 0, Committed index: 0, Last appended: 0.0, Last appended by leader: 0, Current term: 1, Majority size: 2, State: 0, Mode: LEADER, active raft config: opid_index: -1 OBSOLETE_local: false peers { permanent_uuid: "566a6e47aff04677b4ad45558ff837eb" member_type: VOTER last_known_addr { host: "127.20.159.193" port: 37603 } } peers { permanent_uuid: "98b789915cac4e01aed9a826b076ed14" member_type: VOTER last_known_addr { host: "127.20.159.194" port: 38797 } } peers { permanent_uuid: "d547c1b49082486a84791838e332c0c0" member_type: VOTER last_known_addr { host: "127.20.159.195" port: 43249 } }
I20260709 13:08:40.508375 22407 tablet_bootstrap.cc:492] T 2555cc67415040cfa140c5b718db487b P d547c1b49082486a84791838e332c0c0: No bootstrap required, opened a new log
I20260709 13:08:40.509114 22407 ts_tablet_manager.cc:1403] T 2555cc67415040cfa140c5b718db487b P d547c1b49082486a84791838e332c0c0: Time spent bootstrapping tablet: real 0.096s	user 0.011s	sys 0.005s
I20260709 13:08:40.512409 22182 leader_election.cc:304] T 99c01031a0074ac1bfccedd467879d17 P 566a6e47aff04677b4ad45558ff837eb [CANDIDATE]: Term 1 pre-election: Election decided. Result: candidate won. Election summary: received 2 responses out of 3 voters: 2 yes votes; 0 no votes. yes voters: 566a6e47aff04677b4ad45558ff837eb, 98b789915cac4e01aed9a826b076ed14; no voters: 
I20260709 13:08:40.518962 22435 leader_election.cc:290] T 99c01031a0074ac1bfccedd467879d17 P 566a6e47aff04677b4ad45558ff837eb [CANDIDATE]: Term 1 pre-election: Requested pre-vote from peers 98b789915cac4e01aed9a826b076ed14 (127.20.159.194:38797), d547c1b49082486a84791838e332c0c0 (127.20.159.195:43249)
I20260709 13:08:40.521456 22367 tablet_service.cc:1917] Received RequestConsensusVote() RPC: tablet_id: "99c01031a0074ac1bfccedd467879d17" candidate_uuid: "566a6e47aff04677b4ad45558ff837eb" candidate_term: 1 candidate_status { last_received { term: 0 index: 0 } } ignore_live_leader: false dest_uuid: "d547c1b49082486a84791838e332c0c0" is_pre_election: true
I20260709 13:08:40.523648 22367 raft_consensus.cc:2468] T 99c01031a0074ac1bfccedd467879d17 P d547c1b49082486a84791838e332c0c0 [term 0 FOLLOWER]: Leader pre-election vote request: Granting yes vote for candidate 566a6e47aff04677b4ad45558ff837eb in term 0.
I20260709 13:08:40.525385 22436 raft_consensus.cc:2804] T 99c01031a0074ac1bfccedd467879d17 P 566a6e47aff04677b4ad45558ff837eb [term 0 FOLLOWER]: Leader pre-election won for term 1
I20260709 13:08:40.525866 22436 raft_consensus.cc:493] T 99c01031a0074ac1bfccedd467879d17 P 566a6e47aff04677b4ad45558ff837eb [term 0 FOLLOWER]: Starting leader election (no leader contacted us within the election timeout)
I20260709 13:08:40.526896 22436 raft_consensus.cc:3060] T 99c01031a0074ac1bfccedd467879d17 P 566a6e47aff04677b4ad45558ff837eb [term 0 FOLLOWER]: Advancing to term 1
I20260709 13:08:40.529893 22409 tablet_bootstrap.cc:492] T 549b68bdda3e4896802ddc83d2d19035 P 566a6e47aff04677b4ad45558ff837eb: No bootstrap required, opened a new log
I20260709 13:08:40.530640 22409 ts_tablet_manager.cc:1403] T 549b68bdda3e4896802ddc83d2d19035 P 566a6e47aff04677b4ad45558ff837eb: Time spent bootstrapping tablet: real 0.103s	user 0.018s	sys 0.017s
I20260709 13:08:40.534222 22409 raft_consensus.cc:359] T 549b68bdda3e4896802ddc83d2d19035 P 566a6e47aff04677b4ad45558ff837eb [term 0 FOLLOWER]: Replica starting. Triggering 0 pending ops. Active config: opid_index: -1 OBSOLETE_local: false peers { permanent_uuid: "566a6e47aff04677b4ad45558ff837eb" member_type: VOTER last_known_addr { host: "127.20.159.193" port: 37603 } } peers { permanent_uuid: "98b789915cac4e01aed9a826b076ed14" member_type: VOTER last_known_addr { host: "127.20.159.194" port: 38797 } } peers { permanent_uuid: "d547c1b49082486a84791838e332c0c0" member_type: VOTER last_known_addr { host: "127.20.159.195" port: 43249 } }
I20260709 13:08:40.529893 22408 tablet_bootstrap.cc:492] T e251a8cd378c49a0bf6b60d1c2a8a850 P 98b789915cac4e01aed9a826b076ed14: No bootstrap required, opened a new log
I20260709 13:08:40.535513 22408 ts_tablet_manager.cc:1403] T e251a8cd378c49a0bf6b60d1c2a8a850 P 98b789915cac4e01aed9a826b076ed14: Time spent bootstrapping tablet: real 0.115s	user 0.026s	sys 0.036s
I20260709 13:08:40.538805 22408 raft_consensus.cc:359] T e251a8cd378c49a0bf6b60d1c2a8a850 P 98b789915cac4e01aed9a826b076ed14 [term 0 FOLLOWER]: Replica starting. Triggering 0 pending ops. Active config: opid_index: -1 OBSOLETE_local: false peers { permanent_uuid: "566a6e47aff04677b4ad45558ff837eb" member_type: VOTER last_known_addr { host: "127.20.159.193" port: 37603 } } peers { permanent_uuid: "98b789915cac4e01aed9a826b076ed14" member_type: VOTER last_known_addr { host: "127.20.159.194" port: 38797 } } peers { permanent_uuid: "d547c1b49082486a84791838e332c0c0" member_type: VOTER last_known_addr { host: "127.20.159.195" port: 43249 } }
I20260709 13:08:40.539963 22408 raft_consensus.cc:385] T e251a8cd378c49a0bf6b60d1c2a8a850 P 98b789915cac4e01aed9a826b076ed14 [term 0 FOLLOWER]: Consensus starting up: Expiring failure detector timer to make a prompt election more likely
I20260709 13:08:40.540400 22408 raft_consensus.cc:740] T e251a8cd378c49a0bf6b60d1c2a8a850 P 98b789915cac4e01aed9a826b076ed14 [term 0 FOLLOWER]: Becoming Follower/Learner. State: Replica: 98b789915cac4e01aed9a826b076ed14, State: Initialized, Role: FOLLOWER
I20260709 13:08:40.539536 22409 raft_consensus.cc:385] T 549b68bdda3e4896802ddc83d2d19035 P 566a6e47aff04677b4ad45558ff837eb [term 0 FOLLOWER]: Consensus starting up: Expiring failure detector timer to make a prompt election more likely
I20260709 13:08:40.541358 22409 raft_consensus.cc:740] T 549b68bdda3e4896802ddc83d2d19035 P 566a6e47aff04677b4ad45558ff837eb [term 0 FOLLOWER]: Becoming Follower/Learner. State: Replica: 566a6e47aff04677b4ad45558ff837eb, State: Initialized, Role: FOLLOWER
I20260709 13:08:40.542302 22409 consensus_queue.cc:260] T 549b68bdda3e4896802ddc83d2d19035 P 566a6e47aff04677b4ad45558ff837eb [NON_LEADER]: Queue going to NON_LEADER mode. State: All replicated index: 0, Majority replicated index: 0, Committed index: 0, Last appended: 0.0, Last appended by leader: 0, Current term: 0, Majority size: -1, State: 0, Mode: NON_LEADER, active raft config: opid_index: -1 OBSOLETE_local: false peers { permanent_uuid: "566a6e47aff04677b4ad45558ff837eb" member_type: VOTER last_known_addr { host: "127.20.159.193" port: 37603 } } peers { permanent_uuid: "98b789915cac4e01aed9a826b076ed14" member_type: VOTER last_known_addr { host: "127.20.159.194" port: 38797 } } peers { permanent_uuid: "d547c1b49082486a84791838e332c0c0" member_type: VOTER last_known_addr { host: "127.20.159.195" port: 43249 } }
I20260709 13:08:40.543030 22478 consensus_queue.cc:1048] T d27cdd5941df4f519fb0df992ce9178b P 98b789915cac4e01aed9a826b076ed14 [LEADER]: Connected to new peer: Peer: permanent_uuid: "566a6e47aff04677b4ad45558ff837eb" member_type: VOTER last_known_addr { host: "127.20.159.193" port: 37603 }, Status: LMP_MISMATCH, Last received: 0.0, Next index: 1, Last known committed idx: 0, Time since last communication: 0.001s
I20260709 13:08:40.543936 22436 raft_consensus.cc:515] T 99c01031a0074ac1bfccedd467879d17 P 566a6e47aff04677b4ad45558ff837eb [term 1 FOLLOWER]: Starting leader election with config: opid_index: -1 OBSOLETE_local: false peers { permanent_uuid: "566a6e47aff04677b4ad45558ff837eb" member_type: VOTER last_known_addr { host: "127.20.159.193" port: 37603 } } peers { permanent_uuid: "98b789915cac4e01aed9a826b076ed14" member_type: VOTER last_known_addr { host: "127.20.159.194" port: 38797 } } peers { permanent_uuid: "d547c1b49082486a84791838e332c0c0" member_type: VOTER last_known_addr { host: "127.20.159.195" port: 43249 } }
I20260709 13:08:40.522095 22407 raft_consensus.cc:359] T 2555cc67415040cfa140c5b718db487b P d547c1b49082486a84791838e332c0c0 [term 0 FOLLOWER]: Replica starting. Triggering 0 pending ops. Active config: opid_index: -1 OBSOLETE_local: false peers { permanent_uuid: "566a6e47aff04677b4ad45558ff837eb" member_type: VOTER last_known_addr { host: "127.20.159.193" port: 37603 } } peers { permanent_uuid: "98b789915cac4e01aed9a826b076ed14" member_type: VOTER last_known_addr { host: "127.20.159.194" port: 38797 } } peers { permanent_uuid: "d547c1b49082486a84791838e332c0c0" member_type: VOTER last_known_addr { host: "127.20.159.195" port: 43249 } }
I20260709 13:08:40.547710 22367 tablet_service.cc:1917] Received RequestConsensusVote() RPC: tablet_id: "99c01031a0074ac1bfccedd467879d17" candidate_uuid: "566a6e47aff04677b4ad45558ff837eb" candidate_term: 1 candidate_status { last_received { term: 0 index: 0 } } ignore_live_leader: false dest_uuid: "d547c1b49082486a84791838e332c0c0"
I20260709 13:08:40.543538 22408 consensus_queue.cc:260] T e251a8cd378c49a0bf6b60d1c2a8a850 P 98b789915cac4e01aed9a826b076ed14 [NON_LEADER]: Queue going to NON_LEADER mode. State: All replicated index: 0, Majority replicated index: 0, Committed index: 0, Last appended: 0.0, Last appended by leader: 0, Current term: 0, Majority size: -1, State: 0, Mode: NON_LEADER, active raft config: opid_index: -1 OBSOLETE_local: false peers { permanent_uuid: "566a6e47aff04677b4ad45558ff837eb" member_type: VOTER last_known_addr { host: "127.20.159.193" port: 37603 } } peers { permanent_uuid: "98b789915cac4e01aed9a826b076ed14" member_type: VOTER last_known_addr { host: "127.20.159.194" port: 38797 } } peers { permanent_uuid: "d547c1b49082486a84791838e332c0c0" member_type: VOTER last_known_addr { host: "127.20.159.195" port: 43249 } }
I20260709 13:08:40.548326 22367 raft_consensus.cc:3060] T 99c01031a0074ac1bfccedd467879d17 P d547c1b49082486a84791838e332c0c0 [term 0 FOLLOWER]: Advancing to term 1
I20260709 13:08:40.550879 22293 tablet_service.cc:1917] Received RequestConsensusVote() RPC: tablet_id: "99c01031a0074ac1bfccedd467879d17" candidate_uuid: "566a6e47aff04677b4ad45558ff837eb" candidate_term: 1 candidate_status { last_received { term: 0 index: 0 } } ignore_live_leader: false dest_uuid: "98b789915cac4e01aed9a826b076ed14"
I20260709 13:08:40.551589 22293 raft_consensus.cc:3060] T 99c01031a0074ac1bfccedd467879d17 P 98b789915cac4e01aed9a826b076ed14 [term 0 FOLLOWER]: Advancing to term 1
I20260709 13:08:40.554868 22366 raft_consensus.cc:3060] T f2b2bb951d2d4d4ca06b7d92348e030e P d547c1b49082486a84791838e332c0c0 [term 0 FOLLOWER]: Advancing to term 1
I20260709 13:08:40.561695 22293 raft_consensus.cc:2468] T 99c01031a0074ac1bfccedd467879d17 P 98b789915cac4e01aed9a826b076ed14 [term 1 FOLLOWER]: Leader election vote request: Granting yes vote for candidate 566a6e47aff04677b4ad45558ff837eb in term 1.
I20260709 13:08:40.562778 22408 ts_tablet_manager.cc:1434] T e251a8cd378c49a0bf6b60d1c2a8a850 P 98b789915cac4e01aed9a826b076ed14: Time spent starting tablet: real 0.027s	user 0.006s	sys 0.001s
I20260709 13:08:40.563957 22182 leader_election.cc:304] T 99c01031a0074ac1bfccedd467879d17 P 566a6e47aff04677b4ad45558ff837eb [CANDIDATE]: Term 1 election: Election decided. Result: candidate won. Election summary: received 2 responses out of 3 voters: 2 yes votes; 0 no votes. yes voters: 566a6e47aff04677b4ad45558ff837eb, 98b789915cac4e01aed9a826b076ed14; no voters: 
I20260709 13:08:40.547915 22409 ts_tablet_manager.cc:1434] T 549b68bdda3e4896802ddc83d2d19035 P 566a6e47aff04677b4ad45558ff837eb: Time spent starting tablet: real 0.017s	user 0.005s	sys 0.001s
I20260709 13:08:40.564862 22435 raft_consensus.cc:2804] T 99c01031a0074ac1bfccedd467879d17 P 566a6e47aff04677b4ad45558ff837eb [term 1 FOLLOWER]: Leader election won for term 1
I20260709 13:08:40.565527 22409 tablet_bootstrap.cc:492] T 30eea31c865241e09deb8dd40730e7f0 P 566a6e47aff04677b4ad45558ff837eb: Bootstrap starting.
I20260709 13:08:40.565515 22435 raft_consensus.cc:697] T 99c01031a0074ac1bfccedd467879d17 P 566a6e47aff04677b4ad45558ff837eb [term 1 LEADER]: Becoming Leader. State: Replica: 566a6e47aff04677b4ad45558ff837eb, State: Running, Role: LEADER
I20260709 13:08:40.567443 22435 consensus_queue.cc:237] T 99c01031a0074ac1bfccedd467879d17 P 566a6e47aff04677b4ad45558ff837eb [LEADER]: Queue going to LEADER mode. State: All replicated index: 0, Majority replicated index: 0, Committed index: 0, Last appended: 0.0, Last appended by leader: 0, Current term: 1, Majority size: 2, State: 0, Mode: LEADER, active raft config: opid_index: -1 OBSOLETE_local: false peers { permanent_uuid: "566a6e47aff04677b4ad45558ff837eb" member_type: VOTER last_known_addr { host: "127.20.159.193" port: 37603 } } peers { permanent_uuid: "98b789915cac4e01aed9a826b076ed14" member_type: VOTER last_known_addr { host: "127.20.159.194" port: 38797 } } peers { permanent_uuid: "d547c1b49082486a84791838e332c0c0" member_type: VOTER last_known_addr { host: "127.20.159.195" port: 43249 } }
I20260709 13:08:40.566586 22408 tablet_bootstrap.cc:492] T 2f4d0521cd5f4a118d868601b869cd0c P 98b789915cac4e01aed9a826b076ed14: Bootstrap starting.
I20260709 13:08:40.570699 22367 raft_consensus.cc:2468] T 99c01031a0074ac1bfccedd467879d17 P d547c1b49082486a84791838e332c0c0 [term 1 FOLLOWER]: Leader election vote request: Granting yes vote for candidate 566a6e47aff04677b4ad45558ff837eb in term 1.
I20260709 13:08:40.575975 22408 tablet_bootstrap.cc:654] T 2f4d0521cd5f4a118d868601b869cd0c P 98b789915cac4e01aed9a826b076ed14: Neither blocks nor log segments found. Creating new log.
I20260709 13:08:40.546095 22407 raft_consensus.cc:385] T 2555cc67415040cfa140c5b718db487b P d547c1b49082486a84791838e332c0c0 [term 0 FOLLOWER]: Consensus starting up: Expiring failure detector timer to make a prompt election more likely
I20260709 13:08:40.582499 22407 raft_consensus.cc:740] T 2555cc67415040cfa140c5b718db487b P d547c1b49082486a84791838e332c0c0 [term 0 FOLLOWER]: Becoming Follower/Learner. State: Replica: d547c1b49082486a84791838e332c0c0, State: Initialized, Role: FOLLOWER
I20260709 13:08:40.587128 22407 consensus_queue.cc:260] T 2555cc67415040cfa140c5b718db487b P d547c1b49082486a84791838e332c0c0 [NON_LEADER]: Queue going to NON_LEADER mode. State: All replicated index: 0, Majority replicated index: 0, Committed index: 0, Last appended: 0.0, Last appended by leader: 0, Current term: 0, Majority size: -1, State: 0, Mode: NON_LEADER, active raft config: opid_index: -1 OBSOLETE_local: false peers { permanent_uuid: "566a6e47aff04677b4ad45558ff837eb" member_type: VOTER last_known_addr { host: "127.20.159.193" port: 37603 } } peers { permanent_uuid: "98b789915cac4e01aed9a826b076ed14" member_type: VOTER last_known_addr { host: "127.20.159.194" port: 38797 } } peers { permanent_uuid: "d547c1b49082486a84791838e332c0c0" member_type: VOTER last_known_addr { host: "127.20.159.195" port: 43249 } }
I20260709 13:08:40.591217 22407 ts_tablet_manager.cc:1434] T 2555cc67415040cfa140c5b718db487b P d547c1b49082486a84791838e332c0c0: Time spent starting tablet: real 0.082s	user 0.008s	sys 0.000s
I20260709 13:08:40.592166 22407 tablet_bootstrap.cc:492] T c1fae785f56d40d6b09c1854460599bc P d547c1b49082486a84791838e332c0c0: Bootstrap starting.
I20260709 13:08:40.591329 22470 raft_consensus.cc:493] T e251a8cd378c49a0bf6b60d1c2a8a850 P d547c1b49082486a84791838e332c0c0 [term 0 FOLLOWER]: Starting pre-election (no leader contacted us within the election timeout)
I20260709 13:08:40.592753 22470 raft_consensus.cc:515] T e251a8cd378c49a0bf6b60d1c2a8a850 P d547c1b49082486a84791838e332c0c0 [term 0 FOLLOWER]: Starting pre-election with config: opid_index: -1 OBSOLETE_local: false peers { permanent_uuid: "566a6e47aff04677b4ad45558ff837eb" member_type: VOTER last_known_addr { host: "127.20.159.193" port: 37603 } } peers { permanent_uuid: "98b789915cac4e01aed9a826b076ed14" member_type: VOTER last_known_addr { host: "127.20.159.194" port: 38797 } } peers { permanent_uuid: "d547c1b49082486a84791838e332c0c0" member_type: VOTER last_known_addr { host: "127.20.159.195" port: 43249 } }
I20260709 13:08:40.584056 22436 leader_election.cc:290] T 99c01031a0074ac1bfccedd467879d17 P 566a6e47aff04677b4ad45558ff837eb [CANDIDATE]: Term 1 election: Requested vote from peers 98b789915cac4e01aed9a826b076ed14 (127.20.159.194:38797), d547c1b49082486a84791838e332c0c0 (127.20.159.195:43249)
I20260709 13:08:40.586395 22446 raft_consensus.cc:493] T e96d66225e344b5098bf514369dcb65f P d547c1b49082486a84791838e332c0c0 [term 0 FOLLOWER]: Starting pre-election (no leader contacted us within the election timeout)
I20260709 13:08:40.599339 22216 tablet_service.cc:1917] Received RequestConsensusVote() RPC: tablet_id: "e251a8cd378c49a0bf6b60d1c2a8a850" candidate_uuid: "d547c1b49082486a84791838e332c0c0" candidate_term: 1 candidate_status { last_received { term: 0 index: 0 } } ignore_live_leader: false dest_uuid: "566a6e47aff04677b4ad45558ff837eb" is_pre_election: true
I20260709 13:08:40.622946 22216 raft_consensus.cc:2468] T e251a8cd378c49a0bf6b60d1c2a8a850 P 566a6e47aff04677b4ad45558ff837eb [term 0 FOLLOWER]: Leader pre-election vote request: Granting yes vote for candidate d547c1b49082486a84791838e332c0c0 in term 0.
I20260709 13:08:40.622838 22446 raft_consensus.cc:515] T e96d66225e344b5098bf514369dcb65f P d547c1b49082486a84791838e332c0c0 [term 0 FOLLOWER]: Starting pre-election with config: opid_index: -1 OBSOLETE_local: false peers { permanent_uuid: "566a6e47aff04677b4ad45558ff837eb" member_type: VOTER last_known_addr { host: "127.20.159.193" port: 37603 } } peers { permanent_uuid: "98b789915cac4e01aed9a826b076ed14" member_type: VOTER last_known_addr { host: "127.20.159.194" port: 38797 } } peers { permanent_uuid: "d547c1b49082486a84791838e332c0c0" member_type: VOTER last_known_addr { host: "127.20.159.195" port: 43249 } }
I20260709 13:08:40.625463 22446 leader_election.cc:290] T e96d66225e344b5098bf514369dcb65f P d547c1b49082486a84791838e332c0c0 [CANDIDATE]: Term 1 pre-election: Requested pre-vote from peers 566a6e47aff04677b4ad45558ff837eb (127.20.159.193:37603), 98b789915cac4e01aed9a826b076ed14 (127.20.159.194:38797)
I20260709 13:08:40.645164 22293 tablet_service.cc:1917] Received RequestConsensusVote() RPC: tablet_id: "e96d66225e344b5098bf514369dcb65f" candidate_uuid: "d547c1b49082486a84791838e332c0c0" candidate_term: 1 candidate_status { last_received { term: 0 index: 0 } } ignore_live_leader: false dest_uuid: "98b789915cac4e01aed9a826b076ed14" is_pre_election: true
I20260709 13:08:40.646118 22293 raft_consensus.cc:2468] T e96d66225e344b5098bf514369dcb65f P 98b789915cac4e01aed9a826b076ed14 [term 0 FOLLOWER]: Leader pre-election vote request: Granting yes vote for candidate d547c1b49082486a84791838e332c0c0 in term 0.
I20260709 13:08:40.648233 22333 leader_election.cc:304] T e251a8cd378c49a0bf6b60d1c2a8a850 P d547c1b49082486a84791838e332c0c0 [CANDIDATE]: Term 1 pre-election: Election decided. Result: candidate won. Election summary: received 2 responses out of 3 voters: 2 yes votes; 0 no votes. yes voters: 566a6e47aff04677b4ad45558ff837eb, d547c1b49082486a84791838e332c0c0; no voters: 
I20260709 13:08:40.649739 22331 leader_election.cc:304] T e96d66225e344b5098bf514369dcb65f P d547c1b49082486a84791838e332c0c0 [CANDIDATE]: Term 1 pre-election: Election decided. Result: candidate won. Election summary: received 2 responses out of 3 voters: 2 yes votes; 0 no votes. yes voters: 98b789915cac4e01aed9a826b076ed14, d547c1b49082486a84791838e332c0c0; no voters: 
I20260709 13:08:40.650115 22446 raft_consensus.cc:2804] T e251a8cd378c49a0bf6b60d1c2a8a850 P d547c1b49082486a84791838e332c0c0 [term 0 FOLLOWER]: Leader pre-election won for term 1
I20260709 13:08:40.650487 22446 raft_consensus.cc:493] T e251a8cd378c49a0bf6b60d1c2a8a850 P d547c1b49082486a84791838e332c0c0 [term 0 FOLLOWER]: Starting leader election (no leader contacted us within the election timeout)
I20260709 13:08:40.650619 22413 raft_consensus.cc:2804] T e96d66225e344b5098bf514369dcb65f P d547c1b49082486a84791838e332c0c0 [term 0 FOLLOWER]: Leader pre-election won for term 1
I20260709 13:08:40.650858 22446 raft_consensus.cc:3060] T e251a8cd378c49a0bf6b60d1c2a8a850 P d547c1b49082486a84791838e332c0c0 [term 0 FOLLOWER]: Advancing to term 1
I20260709 13:08:40.651060 22413 raft_consensus.cc:493] T e96d66225e344b5098bf514369dcb65f P d547c1b49082486a84791838e332c0c0 [term 0 FOLLOWER]: Starting leader election (no leader contacted us within the election timeout)
I20260709 13:08:40.651461 22413 raft_consensus.cc:3060] T e96d66225e344b5098bf514369dcb65f P d547c1b49082486a84791838e332c0c0 [term 0 FOLLOWER]: Advancing to term 1
I20260709 13:08:40.677071 22413 raft_consensus.cc:515] T e96d66225e344b5098bf514369dcb65f P d547c1b49082486a84791838e332c0c0 [term 1 FOLLOWER]: Starting leader election with config: opid_index: -1 OBSOLETE_local: false peers { permanent_uuid: "566a6e47aff04677b4ad45558ff837eb" member_type: VOTER last_known_addr { host: "127.20.159.193" port: 37603 } } peers { permanent_uuid: "98b789915cac4e01aed9a826b076ed14" member_type: VOTER last_known_addr { host: "127.20.159.194" port: 38797 } } peers { permanent_uuid: "d547c1b49082486a84791838e332c0c0" member_type: VOTER last_known_addr { host: "127.20.159.195" port: 43249 } }
I20260709 13:08:40.679698 22446 raft_consensus.cc:515] T e251a8cd378c49a0bf6b60d1c2a8a850 P d547c1b49082486a84791838e332c0c0 [term 1 FOLLOWER]: Starting leader election with config: opid_index: -1 OBSOLETE_local: false peers { permanent_uuid: "566a6e47aff04677b4ad45558ff837eb" member_type: VOTER last_known_addr { host: "127.20.159.193" port: 37603 } } peers { permanent_uuid: "98b789915cac4e01aed9a826b076ed14" member_type: VOTER last_known_addr { host: "127.20.159.194" port: 38797 } } peers { permanent_uuid: "d547c1b49082486a84791838e332c0c0" member_type: VOTER last_known_addr { host: "127.20.159.195" port: 43249 } }
I20260709 13:08:40.680100 22217 tablet_service.cc:1917] Received RequestConsensusVote() RPC: tablet_id: "e96d66225e344b5098bf514369dcb65f" candidate_uuid: "d547c1b49082486a84791838e332c0c0" candidate_term: 1 candidate_status { last_received { term: 0 index: 0 } } ignore_live_leader: false dest_uuid: "566a6e47aff04677b4ad45558ff837eb"
I20260709 13:08:40.680130 22413 leader_election.cc:290] T e96d66225e344b5098bf514369dcb65f P d547c1b49082486a84791838e332c0c0 [CANDIDATE]: Term 1 election: Requested vote from peers 566a6e47aff04677b4ad45558ff837eb (127.20.159.193:37603), 98b789915cac4e01aed9a826b076ed14 (127.20.159.194:38797)
I20260709 13:08:40.711678 22519 raft_consensus.cc:493] T 9616ce4d70434d33b7c80d72d7dcf188 P d547c1b49082486a84791838e332c0c0 [term 0 FOLLOWER]: Starting pre-election (no leader contacted us within the election timeout)
I20260709 13:08:40.712337 22519 raft_consensus.cc:515] T 9616ce4d70434d33b7c80d72d7dcf188 P d547c1b49082486a84791838e332c0c0 [term 0 FOLLOWER]: Starting pre-election with config: opid_index: -1 OBSOLETE_local: false peers { permanent_uuid: "566a6e47aff04677b4ad45558ff837eb" member_type: VOTER last_known_addr { host: "127.20.159.193" port: 37603 } } peers { permanent_uuid: "98b789915cac4e01aed9a826b076ed14" member_type: VOTER last_known_addr { host: "127.20.159.194" port: 38797 } } peers { permanent_uuid: "d547c1b49082486a84791838e332c0c0" member_type: VOTER last_known_addr { host: "127.20.159.195" port: 43249 } }
I20260709 13:08:40.712981 22436 consensus_queue.cc:1048] T 02374ac04e9f4ec181e79274ed681fee P 566a6e47aff04677b4ad45558ff837eb [LEADER]: Connected to new peer: Peer: permanent_uuid: "98b789915cac4e01aed9a826b076ed14" member_type: VOTER last_known_addr { host: "127.20.159.194" port: 38797 }, Status: LMP_MISMATCH, Last received: 0.0, Next index: 1, Last known committed idx: 0, Time since last communication: 0.000s
I20260709 13:08:40.717134 22216 tablet_service.cc:1917] Received RequestConsensusVote() RPC: tablet_id: "e96d66225e344b5098bf514369dcb65f" candidate_uuid: "d547c1b49082486a84791838e332c0c0" candidate_term: 1 candidate_status { last_received { term: 0 index: 0 } } ignore_live_leader: false dest_uuid: "566a6e47aff04677b4ad45558ff837eb" is_pre_election: true
I20260709 13:08:40.718012 22293 tablet_service.cc:1917] Received RequestConsensusVote() RPC: tablet_id: "e96d66225e344b5098bf514369dcb65f" candidate_uuid: "d547c1b49082486a84791838e332c0c0" candidate_term: 1 candidate_status { last_received { term: 0 index: 0 } } ignore_live_leader: false dest_uuid: "98b789915cac4e01aed9a826b076ed14"
I20260709 13:08:40.718637 22293 raft_consensus.cc:3060] T e96d66225e344b5098bf514369dcb65f P 98b789915cac4e01aed9a826b076ed14 [term 0 FOLLOWER]: Advancing to term 1
I20260709 13:08:40.720853 22470 leader_election.cc:290] T e251a8cd378c49a0bf6b60d1c2a8a850 P d547c1b49082486a84791838e332c0c0 [CANDIDATE]: Term 1 pre-election: Requested pre-vote from peers 566a6e47aff04677b4ad45558ff837eb (127.20.159.193:37603), 98b789915cac4e01aed9a826b076ed14 (127.20.159.194:38797)
I20260709 13:08:40.730506 22409 tablet_bootstrap.cc:654] T 30eea31c865241e09deb8dd40730e7f0 P 566a6e47aff04677b4ad45558ff837eb: Neither blocks nor log segments found. Creating new log.
W20260709 13:08:40.724736 22333 leader_election.cc:343] T e96d66225e344b5098bf514369dcb65f P d547c1b49082486a84791838e332c0c0 [CANDIDATE]: Term 1 election: Tablet error from VoteRequest() call to peer 566a6e47aff04677b4ad45558ff837eb (127.20.159.193:37603): Illegal state: must be running to vote when last-logged opid is not known
I20260709 13:08:40.733055 22290 tablet_service.cc:1917] Received RequestConsensusVote() RPC: tablet_id: "e251a8cd378c49a0bf6b60d1c2a8a850" candidate_uuid: "d547c1b49082486a84791838e332c0c0" candidate_term: 1 candidate_status { last_received { term: 0 index: 0 } } ignore_live_leader: false dest_uuid: "98b789915cac4e01aed9a826b076ed14" is_pre_election: true
I20260709 13:08:40.731528 22115 catalog_manager.cc:5697] T 30eea31c865241e09deb8dd40730e7f0 P 98b789915cac4e01aed9a826b076ed14 reported cstate change: term changed from 0 to 1, leader changed from <none> to 98b789915cac4e01aed9a826b076ed14 (127.20.159.194). New cstate: current_term: 1 leader_uuid: "98b789915cac4e01aed9a826b076ed14" committed_config { opid_index: -1 OBSOLETE_local: false peers { permanent_uuid: "566a6e47aff04677b4ad45558ff837eb" member_type: VOTER last_known_addr { host: "127.20.159.193" port: 37603 } health_report { overall_health: UNKNOWN } } peers { permanent_uuid: "98b789915cac4e01aed9a826b076ed14" member_type: VOTER last_known_addr { host: "127.20.159.194" port: 38797 } health_report { overall_health: HEALTHY } } peers { permanent_uuid: "d547c1b49082486a84791838e332c0c0" member_type: VOTER last_known_addr { host: "127.20.159.195" port: 43249 } health_report { overall_health: UNKNOWN } } }
I20260709 13:08:40.733662 22290 raft_consensus.cc:2468] T e251a8cd378c49a0bf6b60d1c2a8a850 P 98b789915cac4e01aed9a826b076ed14 [term 0 FOLLOWER]: Leader pre-election vote request: Granting yes vote for candidate d547c1b49082486a84791838e332c0c0 in term 0.
I20260709 13:08:40.729552 22435 raft_consensus.cc:493] T 549b68bdda3e4896802ddc83d2d19035 P 566a6e47aff04677b4ad45558ff837eb [term 0 FOLLOWER]: Starting pre-election (no leader contacted us within the election timeout)
I20260709 13:08:40.734588 22217 tablet_service.cc:1917] Received RequestConsensusVote() RPC: tablet_id: "e251a8cd378c49a0bf6b60d1c2a8a850" candidate_uuid: "d547c1b49082486a84791838e332c0c0" candidate_term: 1 candidate_status { last_received { term: 0 index: 0 } } ignore_live_leader: false dest_uuid: "566a6e47aff04677b4ad45558ff837eb"
I20260709 13:08:40.735184 22217 raft_consensus.cc:3060] T e251a8cd378c49a0bf6b60d1c2a8a850 P 566a6e47aff04677b4ad45558ff837eb [term 0 FOLLOWER]: Advancing to term 1
I20260709 13:08:40.734977 22435 raft_consensus.cc:515] T 549b68bdda3e4896802ddc83d2d19035 P 566a6e47aff04677b4ad45558ff837eb [term 0 FOLLOWER]: Starting pre-election with config: opid_index: -1 OBSOLETE_local: false peers { permanent_uuid: "566a6e47aff04677b4ad45558ff837eb" member_type: VOTER last_known_addr { host: "127.20.159.193" port: 37603 } } peers { permanent_uuid: "98b789915cac4e01aed9a826b076ed14" member_type: VOTER last_known_addr { host: "127.20.159.194" port: 38797 } } peers { permanent_uuid: "d547c1b49082486a84791838e332c0c0" member_type: VOTER last_known_addr { host: "127.20.159.195" port: 43249 } }
I20260709 13:08:40.736964 22435 leader_election.cc:290] T 549b68bdda3e4896802ddc83d2d19035 P 566a6e47aff04677b4ad45558ff837eb [CANDIDATE]: Term 1 pre-election: Requested pre-vote from peers 98b789915cac4e01aed9a826b076ed14 (127.20.159.194:38797), d547c1b49082486a84791838e332c0c0 (127.20.159.195:43249)
I20260709 13:08:40.737457 22446 leader_election.cc:290] T e251a8cd378c49a0bf6b60d1c2a8a850 P d547c1b49082486a84791838e332c0c0 [CANDIDATE]: Term 1 election: Requested vote from peers 566a6e47aff04677b4ad45558ff837eb (127.20.159.193:37603), 98b789915cac4e01aed9a826b076ed14 (127.20.159.194:38797)
I20260709 13:08:40.738124 22519 leader_election.cc:290] T 9616ce4d70434d33b7c80d72d7dcf188 P d547c1b49082486a84791838e332c0c0 [CANDIDATE]: Term 1 pre-election: Requested pre-vote from peers 566a6e47aff04677b4ad45558ff837eb (127.20.159.193:37603), 98b789915cac4e01aed9a826b076ed14 (127.20.159.194:38797)
I20260709 13:08:40.738019 22367 tablet_service.cc:1917] Received RequestConsensusVote() RPC: tablet_id: "549b68bdda3e4896802ddc83d2d19035" candidate_uuid: "566a6e47aff04677b4ad45558ff837eb" candidate_term: 1 candidate_status { last_received { term: 0 index: 0 } } ignore_live_leader: false dest_uuid: "d547c1b49082486a84791838e332c0c0" is_pre_election: true
I20260709 13:08:40.738711 22367 raft_consensus.cc:2468] T 549b68bdda3e4896802ddc83d2d19035 P d547c1b49082486a84791838e332c0c0 [term 0 FOLLOWER]: Leader pre-election vote request: Granting yes vote for candidate 566a6e47aff04677b4ad45558ff837eb in term 0.
I20260709 13:08:40.738741 22293 raft_consensus.cc:2468] T e96d66225e344b5098bf514369dcb65f P 98b789915cac4e01aed9a826b076ed14 [term 1 FOLLOWER]: Leader election vote request: Granting yes vote for candidate d547c1b49082486a84791838e332c0c0 in term 1.
I20260709 13:08:40.739552 22291 tablet_service.cc:1917] Received RequestConsensusVote() RPC: tablet_id: "549b68bdda3e4896802ddc83d2d19035" candidate_uuid: "566a6e47aff04677b4ad45558ff837eb" candidate_term: 1 candidate_status { last_received { term: 0 index: 0 } } ignore_live_leader: false dest_uuid: "98b789915cac4e01aed9a826b076ed14" is_pre_election: true
I20260709 13:08:40.740082 22182 leader_election.cc:304] T 549b68bdda3e4896802ddc83d2d19035 P 566a6e47aff04677b4ad45558ff837eb [CANDIDATE]: Term 1 pre-election: Election decided. Result: candidate won. Election summary: received 2 responses out of 3 voters: 2 yes votes; 0 no votes. yes voters: 566a6e47aff04677b4ad45558ff837eb, d547c1b49082486a84791838e332c0c0; no voters: 
W20260709 13:08:40.740931 22182 leader_election.cc:343] T 549b68bdda3e4896802ddc83d2d19035 P 566a6e47aff04677b4ad45558ff837eb [CANDIDATE]: Term 1 pre-election: Tablet error from VoteRequest() call to peer 98b789915cac4e01aed9a826b076ed14 (127.20.159.194:38797): Illegal state: must be running to vote when last-logged opid is not known
I20260709 13:08:40.741859 22435 raft_consensus.cc:2804] T 549b68bdda3e4896802ddc83d2d19035 P 566a6e47aff04677b4ad45558ff837eb [term 0 FOLLOWER]: Leader pre-election won for term 1
I20260709 13:08:40.742321 22435 raft_consensus.cc:493] T 549b68bdda3e4896802ddc83d2d19035 P 566a6e47aff04677b4ad45558ff837eb [term 0 FOLLOWER]: Starting leader election (no leader contacted us within the election timeout)
I20260709 13:08:40.742703 22435 raft_consensus.cc:3060] T 549b68bdda3e4896802ddc83d2d19035 P 566a6e47aff04677b4ad45558ff837eb [term 0 FOLLOWER]: Advancing to term 1
I20260709 13:08:40.743088 22216 tablet_service.cc:1917] Received RequestConsensusVote() RPC: tablet_id: "9616ce4d70434d33b7c80d72d7dcf188" candidate_uuid: "d547c1b49082486a84791838e332c0c0" candidate_term: 1 candidate_status { last_received { term: 0 index: 0 } } ignore_live_leader: false dest_uuid: "566a6e47aff04677b4ad45558ff837eb" is_pre_election: true
I20260709 13:08:40.747783 22407 tablet_bootstrap.cc:654] T c1fae785f56d40d6b09c1854460599bc P d547c1b49082486a84791838e332c0c0: Neither blocks nor log segments found. Creating new log.
W20260709 13:08:40.752893 22333 leader_election.cc:343] T 9616ce4d70434d33b7c80d72d7dcf188 P d547c1b49082486a84791838e332c0c0 [CANDIDATE]: Term 1 pre-election: Tablet error from VoteRequest() call to peer 566a6e47aff04677b4ad45558ff837eb (127.20.159.193:37603): Illegal state: must be running to vote when last-logged opid is not known
I20260709 13:08:40.750458 22291 tablet_service.cc:1917] Received RequestConsensusVote() RPC: tablet_id: "e251a8cd378c49a0bf6b60d1c2a8a850" candidate_uuid: "d547c1b49082486a84791838e332c0c0" candidate_term: 1 candidate_status { last_received { term: 0 index: 0 } } ignore_live_leader: false dest_uuid: "98b789915cac4e01aed9a826b076ed14"
I20260709 13:08:40.749346 22217 raft_consensus.cc:2468] T e251a8cd378c49a0bf6b60d1c2a8a850 P 566a6e47aff04677b4ad45558ff837eb [term 1 FOLLOWER]: Leader election vote request: Granting yes vote for candidate d547c1b49082486a84791838e332c0c0 in term 1.
I20260709 13:08:40.753693 22291 raft_consensus.cc:3060] T e251a8cd378c49a0bf6b60d1c2a8a850 P 98b789915cac4e01aed9a826b076ed14 [term 0 FOLLOWER]: Advancing to term 1
I20260709 13:08:40.754700 22333 leader_election.cc:304] T e251a8cd378c49a0bf6b60d1c2a8a850 P d547c1b49082486a84791838e332c0c0 [CANDIDATE]: Term 1 election: Election decided. Result: candidate won. Election summary: received 2 responses out of 3 voters: 2 yes votes; 0 no votes. yes voters: 566a6e47aff04677b4ad45558ff837eb, d547c1b49082486a84791838e332c0c0; no voters: 
I20260709 13:08:40.755913 22519 raft_consensus.cc:2804] T e251a8cd378c49a0bf6b60d1c2a8a850 P d547c1b49082486a84791838e332c0c0 [term 1 FOLLOWER]: Leader election won for term 1
I20260709 13:08:40.756773 22519 raft_consensus.cc:697] T e251a8cd378c49a0bf6b60d1c2a8a850 P d547c1b49082486a84791838e332c0c0 [term 1 LEADER]: Becoming Leader. State: Replica: d547c1b49082486a84791838e332c0c0, State: Running, Role: LEADER
I20260709 13:08:40.752972 22408 tablet_bootstrap.cc:492] T 2f4d0521cd5f4a118d868601b869cd0c P 98b789915cac4e01aed9a826b076ed14: No bootstrap required, opened a new log
I20260709 13:08:40.760917 22408 ts_tablet_manager.cc:1403] T 2f4d0521cd5f4a118d868601b869cd0c P 98b789915cac4e01aed9a826b076ed14: Time spent bootstrapping tablet: real 0.195s	user 0.023s	sys 0.000s
I20260709 13:08:40.764446 22408 raft_consensus.cc:359] T 2f4d0521cd5f4a118d868601b869cd0c P 98b789915cac4e01aed9a826b076ed14 [term 0 FOLLOWER]: Replica starting. Triggering 0 pending ops. Active config: opid_index: -1 OBSOLETE_local: false peers { permanent_uuid: "566a6e47aff04677b4ad45558ff837eb" member_type: VOTER last_known_addr { host: "127.20.159.193" port: 37603 } } peers { permanent_uuid: "98b789915cac4e01aed9a826b076ed14" member_type: VOTER last_known_addr { host: "127.20.159.194" port: 38797 } } peers { permanent_uuid: "d547c1b49082486a84791838e332c0c0" member_type: VOTER last_known_addr { host: "127.20.159.195" port: 43249 } }
I20260709 13:08:40.765093 22408 raft_consensus.cc:385] T 2f4d0521cd5f4a118d868601b869cd0c P 98b789915cac4e01aed9a826b076ed14 [term 0 FOLLOWER]: Consensus starting up: Expiring failure detector timer to make a prompt election more likely
I20260709 13:08:40.765479 22408 raft_consensus.cc:740] T 2f4d0521cd5f4a118d868601b869cd0c P 98b789915cac4e01aed9a826b076ed14 [term 0 FOLLOWER]: Becoming Follower/Learner. State: Replica: 98b789915cac4e01aed9a826b076ed14, State: Initialized, Role: FOLLOWER
I20260709 13:08:40.766345 22408 consensus_queue.cc:260] T 2f4d0521cd5f4a118d868601b869cd0c P 98b789915cac4e01aed9a826b076ed14 [NON_LEADER]: Queue going to NON_LEADER mode. State: All replicated index: 0, Majority replicated index: 0, Committed index: 0, Last appended: 0.0, Last appended by leader: 0, Current term: 0, Majority size: -1, State: 0, Mode: NON_LEADER, active raft config: opid_index: -1 OBSOLETE_local: false peers { permanent_uuid: "566a6e47aff04677b4ad45558ff837eb" member_type: VOTER last_known_addr { host: "127.20.159.193" port: 37603 } } peers { permanent_uuid: "98b789915cac4e01aed9a826b076ed14" member_type: VOTER last_known_addr { host: "127.20.159.194" port: 38797 } } peers { permanent_uuid: "d547c1b49082486a84791838e332c0c0" member_type: VOTER last_known_addr { host: "127.20.159.195" port: 43249 } }
I20260709 13:08:40.767455 22293 tablet_service.cc:1917] Received RequestConsensusVote() RPC: tablet_id: "9616ce4d70434d33b7c80d72d7dcf188" candidate_uuid: "d547c1b49082486a84791838e332c0c0" candidate_term: 1 candidate_status { last_received { term: 0 index: 0 } } ignore_live_leader: false dest_uuid: "98b789915cac4e01aed9a826b076ed14" is_pre_election: true
I20260709 13:08:40.767491 22116 catalog_manager.cc:5697] T 99c01031a0074ac1bfccedd467879d17 P 566a6e47aff04677b4ad45558ff837eb reported cstate change: term changed from 0 to 1, leader changed from <none> to 566a6e47aff04677b4ad45558ff837eb (127.20.159.193). New cstate: current_term: 1 leader_uuid: "566a6e47aff04677b4ad45558ff837eb" committed_config { opid_index: -1 OBSOLETE_local: false peers { permanent_uuid: "566a6e47aff04677b4ad45558ff837eb" member_type: VOTER last_known_addr { host: "127.20.159.193" port: 37603 } health_report { overall_health: HEALTHY } } peers { permanent_uuid: "98b789915cac4e01aed9a826b076ed14" member_type: VOTER last_known_addr { host: "127.20.159.194" port: 38797 } health_report { overall_health: UNKNOWN } } peers { permanent_uuid: "d547c1b49082486a84791838e332c0c0" member_type: VOTER last_known_addr { host: "127.20.159.195" port: 43249 } health_report { overall_health: UNKNOWN } } }
I20260709 13:08:40.769480 22331 leader_election.cc:304] T e96d66225e344b5098bf514369dcb65f P d547c1b49082486a84791838e332c0c0 [CANDIDATE]: Term 1 election: Election decided. Result: candidate won. Election summary: received 3 responses out of 3 voters: 2 yes votes; 1 no votes. yes voters: 98b789915cac4e01aed9a826b076ed14, d547c1b49082486a84791838e332c0c0; no voters: 566a6e47aff04677b4ad45558ff837eb
I20260709 13:08:40.770388 22446 raft_consensus.cc:2804] T e96d66225e344b5098bf514369dcb65f P d547c1b49082486a84791838e332c0c0 [term 1 FOLLOWER]: Leader election won for term 1
W20260709 13:08:40.770655 22331 leader_election.cc:343] T 9616ce4d70434d33b7c80d72d7dcf188 P d547c1b49082486a84791838e332c0c0 [CANDIDATE]: Term 1 pre-election: Tablet error from VoteRequest() call to peer 98b789915cac4e01aed9a826b076ed14 (127.20.159.194:38797): Illegal state: must be running to vote when last-logged opid is not known
I20260709 13:08:40.771051 22446 raft_consensus.cc:697] T e96d66225e344b5098bf514369dcb65f P d547c1b49082486a84791838e332c0c0 [term 1 LEADER]: Becoming Leader. State: Replica: d547c1b49082486a84791838e332c0c0, State: Running, Role: LEADER
I20260709 13:08:40.771262 22331 leader_election.cc:304] T 9616ce4d70434d33b7c80d72d7dcf188 P d547c1b49082486a84791838e332c0c0 [CANDIDATE]: Term 1 pre-election: Election decided. Result: candidate lost. Election summary: received 3 responses out of 3 voters: 1 yes votes; 2 no votes. yes voters: d547c1b49082486a84791838e332c0c0; no voters: 566a6e47aff04677b4ad45558ff837eb, 98b789915cac4e01aed9a826b076ed14
I20260709 13:08:40.772915 22520 raft_consensus.cc:2749] T 9616ce4d70434d33b7c80d72d7dcf188 P d547c1b49082486a84791838e332c0c0 [term 0 FOLLOWER]: Leader pre-election lost for term 1. Reason: could not achieve majority
I20260709 13:08:40.772152 22446 consensus_queue.cc:237] T e96d66225e344b5098bf514369dcb65f P d547c1b49082486a84791838e332c0c0 [LEADER]: Queue going to LEADER mode. State: All replicated index: 0, Majority replicated index: 0, Committed index: 0, Last appended: 0.0, Last appended by leader: 0, Current term: 1, Majority size: 2, State: 0, Mode: LEADER, active raft config: opid_index: -1 OBSOLETE_local: false peers { permanent_uuid: "566a6e47aff04677b4ad45558ff837eb" member_type: VOTER last_known_addr { host: "127.20.159.193" port: 37603 } } peers { permanent_uuid: "98b789915cac4e01aed9a826b076ed14" member_type: VOTER last_known_addr { host: "127.20.159.194" port: 38797 } } peers { permanent_uuid: "d547c1b49082486a84791838e332c0c0" member_type: VOTER last_known_addr { host: "127.20.159.195" port: 43249 } }
I20260709 13:08:40.775192 22436 consensus_queue.cc:1048] T 02374ac04e9f4ec181e79274ed681fee P 566a6e47aff04677b4ad45558ff837eb [LEADER]: Connected to new peer: Peer: permanent_uuid: "d547c1b49082486a84791838e332c0c0" member_type: VOTER last_known_addr { host: "127.20.159.195" port: 43249 }, Status: LMP_MISMATCH, Last received: 0.0, Next index: 1, Last known committed idx: 0, Time since last communication: 0.001s
I20260709 13:08:40.775568 22435 raft_consensus.cc:515] T 549b68bdda3e4896802ddc83d2d19035 P 566a6e47aff04677b4ad45558ff837eb [term 1 FOLLOWER]: Starting leader election with config: opid_index: -1 OBSOLETE_local: false peers { permanent_uuid: "566a6e47aff04677b4ad45558ff837eb" member_type: VOTER last_known_addr { host: "127.20.159.193" port: 37603 } } peers { permanent_uuid: "98b789915cac4e01aed9a826b076ed14" member_type: VOTER last_known_addr { host: "127.20.159.194" port: 38797 } } peers { permanent_uuid: "d547c1b49082486a84791838e332c0c0" member_type: VOTER last_known_addr { host: "127.20.159.195" port: 43249 } }
I20260709 13:08:40.777999 22435 leader_election.cc:290] T 549b68bdda3e4896802ddc83d2d19035 P 566a6e47aff04677b4ad45558ff837eb [CANDIDATE]: Term 1 election: Requested vote from peers 98b789915cac4e01aed9a826b076ed14 (127.20.159.194:38797), d547c1b49082486a84791838e332c0c0 (127.20.159.195:43249)
I20260709 13:08:40.780134 22408 ts_tablet_manager.cc:1434] T 2f4d0521cd5f4a118d868601b869cd0c P 98b789915cac4e01aed9a826b076ed14: Time spent starting tablet: real 0.019s	user 0.007s	sys 0.000s
I20260709 13:08:40.781270 22408 tablet_bootstrap.cc:492] T 9616ce4d70434d33b7c80d72d7dcf188 P 98b789915cac4e01aed9a826b076ed14: Bootstrap starting.
I20260709 13:08:40.788818 22409 tablet_bootstrap.cc:492] T 30eea31c865241e09deb8dd40730e7f0 P 566a6e47aff04677b4ad45558ff837eb: No bootstrap required, opened a new log
I20260709 13:08:40.789316 22409 ts_tablet_manager.cc:1403] T 30eea31c865241e09deb8dd40730e7f0 P 566a6e47aff04677b4ad45558ff837eb: Time spent bootstrapping tablet: real 0.224s	user 0.014s	sys 0.025s
I20260709 13:08:40.793212 22293 tablet_service.cc:1917] Received RequestConsensusVote() RPC: tablet_id: "549b68bdda3e4896802ddc83d2d19035" candidate_uuid: "566a6e47aff04677b4ad45558ff837eb" candidate_term: 1 candidate_status { last_received { term: 0 index: 0 } } ignore_live_leader: false dest_uuid: "98b789915cac4e01aed9a826b076ed14"
I20260709 13:08:40.793901 22365 tablet_service.cc:1917] Received RequestConsensusVote() RPC: tablet_id: "549b68bdda3e4896802ddc83d2d19035" candidate_uuid: "566a6e47aff04677b4ad45558ff837eb" candidate_term: 1 candidate_status { last_received { term: 0 index: 0 } } ignore_live_leader: false dest_uuid: "d547c1b49082486a84791838e332c0c0"
I20260709 13:08:40.794559 22365 raft_consensus.cc:3060] T 549b68bdda3e4896802ddc83d2d19035 P d547c1b49082486a84791838e332c0c0 [term 0 FOLLOWER]: Advancing to term 1
I20260709 13:08:40.796381 22291 raft_consensus.cc:2468] T e251a8cd378c49a0bf6b60d1c2a8a850 P 98b789915cac4e01aed9a826b076ed14 [term 1 FOLLOWER]: Leader election vote request: Granting yes vote for candidate d547c1b49082486a84791838e332c0c0 in term 1.
I20260709 13:08:40.758648 22519 consensus_queue.cc:237] T e251a8cd378c49a0bf6b60d1c2a8a850 P d547c1b49082486a84791838e332c0c0 [LEADER]: Queue going to LEADER mode. State: All replicated index: 0, Majority replicated index: 0, Committed index: 0, Last appended: 0.0, Last appended by leader: 0, Current term: 1, Majority size: 2, State: 0, Mode: LEADER, active raft config: opid_index: -1 OBSOLETE_local: false peers { permanent_uuid: "566a6e47aff04677b4ad45558ff837eb" member_type: VOTER last_known_addr { host: "127.20.159.193" port: 37603 } } peers { permanent_uuid: "98b789915cac4e01aed9a826b076ed14" member_type: VOTER last_known_addr { host: "127.20.159.194" port: 38797 } } peers { permanent_uuid: "d547c1b49082486a84791838e332c0c0" member_type: VOTER last_known_addr { host: "127.20.159.195" port: 43249 } }
I20260709 13:08:40.815141 22414 raft_consensus.cc:493] T 2f4d0521cd5f4a118d868601b869cd0c P 98b789915cac4e01aed9a826b076ed14 [term 0 FOLLOWER]: Starting pre-election (no leader contacted us within the election timeout)
W20260709 13:08:40.812659 22182 leader_election.cc:343] T 549b68bdda3e4896802ddc83d2d19035 P 566a6e47aff04677b4ad45558ff837eb [CANDIDATE]: Term 1 election: Tablet error from VoteRequest() call to peer 98b789915cac4e01aed9a826b076ed14 (127.20.159.194:38797): Illegal state: must be running to vote when last-logged opid is not known
I20260709 13:08:40.815994 22414 raft_consensus.cc:515] T 2f4d0521cd5f4a118d868601b869cd0c P 98b789915cac4e01aed9a826b076ed14 [term 0 FOLLOWER]: Starting pre-election with config: opid_index: -1 OBSOLETE_local: false peers { permanent_uuid: "566a6e47aff04677b4ad45558ff837eb" member_type: VOTER last_known_addr { host: "127.20.159.193" port: 37603 } } peers { permanent_uuid: "98b789915cac4e01aed9a826b076ed14" member_type: VOTER last_known_addr { host: "127.20.159.194" port: 38797 } } peers { permanent_uuid: "d547c1b49082486a84791838e332c0c0" member_type: VOTER last_known_addr { host: "127.20.159.195" port: 43249 } }
I20260709 13:08:40.818104 22414 leader_election.cc:290] T 2f4d0521cd5f4a118d868601b869cd0c P 98b789915cac4e01aed9a826b076ed14 [CANDIDATE]: Term 1 pre-election: Requested pre-vote from peers 566a6e47aff04677b4ad45558ff837eb (127.20.159.193:37603), d547c1b49082486a84791838e332c0c0 (127.20.159.195:43249)
I20260709 13:08:40.820070 22217 tablet_service.cc:1917] Received RequestConsensusVote() RPC: tablet_id: "2f4d0521cd5f4a118d868601b869cd0c" candidate_uuid: "98b789915cac4e01aed9a826b076ed14" candidate_term: 1 candidate_status { last_received { term: 0 index: 0 } } ignore_live_leader: false dest_uuid: "566a6e47aff04677b4ad45558ff837eb" is_pre_election: true
I20260709 13:08:40.820253 22409 raft_consensus.cc:359] T 30eea31c865241e09deb8dd40730e7f0 P 566a6e47aff04677b4ad45558ff837eb [term 0 FOLLOWER]: Replica starting. Triggering 0 pending ops. Active config: opid_index: -1 OBSOLETE_local: false peers { permanent_uuid: "566a6e47aff04677b4ad45558ff837eb" member_type: VOTER last_known_addr { host: "127.20.159.193" port: 37603 } } peers { permanent_uuid: "98b789915cac4e01aed9a826b076ed14" member_type: VOTER last_known_addr { host: "127.20.159.194" port: 38797 } } peers { permanent_uuid: "d547c1b49082486a84791838e332c0c0" member_type: VOTER last_known_addr { host: "127.20.159.195" port: 43249 } }
I20260709 13:08:40.820904 22409 raft_consensus.cc:385] T 30eea31c865241e09deb8dd40730e7f0 P 566a6e47aff04677b4ad45558ff837eb [term 0 FOLLOWER]: Consensus starting up: Expiring failure detector timer to make a prompt election more likely
I20260709 13:08:40.821187 22409 raft_consensus.cc:740] T 30eea31c865241e09deb8dd40730e7f0 P 566a6e47aff04677b4ad45558ff837eb [term 0 FOLLOWER]: Becoming Follower/Learner. State: Replica: 566a6e47aff04677b4ad45558ff837eb, State: Initialized, Role: FOLLOWER
