I20260709 13:08:39.446146 27499 leader_election.cc:304] T c5e1b6e3b5624e8c997be6908ecff27a P a6adff3ca81a47a9afa7445f75fb9e00 [CANDIDATE]: Term 1 pre-election: Election decided. Result: candidate won. Election summary: received 2 responses out of 3 voters: 2 yes votes; 0 no votes. yes voters: 2d80c586944343b39c9b3edae37c9c2c, a6adff3ca81a47a9afa7445f75fb9e00; no voters: 
I20260709 13:08:39.446784 27730 raft_consensus.cc:2804] T c5e1b6e3b5624e8c997be6908ecff27a P a6adff3ca81a47a9afa7445f75fb9e00 [term 0 FOLLOWER]: Leader pre-election won for term 1
I20260709 13:08:39.447255 27730 raft_consensus.cc:493] T c5e1b6e3b5624e8c997be6908ecff27a P a6adff3ca81a47a9afa7445f75fb9e00 [term 0 FOLLOWER]: Starting leader election (no leader contacted us within the election timeout)
I20260709 13:08:39.447700 27730 raft_consensus.cc:3060] T c5e1b6e3b5624e8c997be6908ecff27a P a6adff3ca81a47a9afa7445f75fb9e00 [term 0 FOLLOWER]: Advancing to term 1
I20260709 13:08:39.447926 27927 consensus_queue.cc:1048] T 7e93e8448e744cdca4ac0afd8e5e6bb8 P 4fc1c13dde83469bb95aede8607b18c8 [LEADER]: Connected to new peer: Peer: permanent_uuid: "a6adff3ca81a47a9afa7445f75fb9e00" member_type: VOTER last_known_addr { host: "127.25.201.129" port: 40217 }, Status: LMP_MISMATCH, Last received: 0.0, Next index: 1, Last known committed idx: 0, Time since last communication: 0.000s
I20260709 13:08:39.452721 27728 tablet_bootstrap.cc:492] T c5e1b6e3b5624e8c997be6908ecff27a P 4fc1c13dde83469bb95aede8607b18c8: No bootstrap required, opened a new log
I20260709 13:08:39.453274 27728 ts_tablet_manager.cc:1403] T c5e1b6e3b5624e8c997be6908ecff27a P 4fc1c13dde83469bb95aede8607b18c8: Time spent bootstrapping tablet: real 0.084s	user 0.024s	sys 0.031s
I20260709 13:08:39.453719 27725 tablet_bootstrap.cc:492] T ddd84b0f966946ef90b5d33659bf437e P a6adff3ca81a47a9afa7445f75fb9e00: No bootstrap required, opened a new log
I20260709 13:08:39.454285 27725 ts_tablet_manager.cc:1403] T ddd84b0f966946ef90b5d33659bf437e P a6adff3ca81a47a9afa7445f75fb9e00: Time spent bootstrapping tablet: real 0.027s	user 0.010s	sys 0.000s
I20260709 13:08:39.454917 27724 consensus_queue.cc:260] T e67a3bcf069745fa8e2482fa4d9627dc P 2d80c586944343b39c9b3edae37c9c2c [NON_LEADER]: Queue going to NON_LEADER mode. State: All replicated index: 0, Majority replicated index: 0, Committed index: 0, Last appended: 0.0, Last appended by leader: 0, Current term: 0, Majority size: -1, State: 0, Mode: NON_LEADER, active raft config: opid_index: -1 OBSOLETE_local: false peers { permanent_uuid: "a6adff3ca81a47a9afa7445f75fb9e00" member_type: VOTER last_known_addr { host: "127.25.201.129" port: 40217 } } peers { permanent_uuid: "2d80c586944343b39c9b3edae37c9c2c" member_type: VOTER last_known_addr { host: "127.25.201.130" port: 46303 } } peers { permanent_uuid: "4fc1c13dde83469bb95aede8607b18c8" member_type: VOTER last_known_addr { host: "127.25.201.131" port: 33067 } }
I20260709 13:08:39.455704 27927 raft_consensus.cc:493] T ced275a1a44947abbfb27ef4a3a17c1c P 4fc1c13dde83469bb95aede8607b18c8 [term 0 FOLLOWER]: Starting pre-election (no leader contacted us within the election timeout)
I20260709 13:08:39.456279 27927 raft_consensus.cc:515] T ced275a1a44947abbfb27ef4a3a17c1c P 4fc1c13dde83469bb95aede8607b18c8 [term 0 FOLLOWER]: Starting pre-election with config: opid_index: -1 OBSOLETE_local: false peers { permanent_uuid: "a6adff3ca81a47a9afa7445f75fb9e00" member_type: VOTER last_known_addr { host: "127.25.201.129" port: 40217 } } peers { permanent_uuid: "2d80c586944343b39c9b3edae37c9c2c" member_type: VOTER last_known_addr { host: "127.25.201.130" port: 46303 } } peers { permanent_uuid: "4fc1c13dde83469bb95aede8607b18c8" member_type: VOTER last_known_addr { host: "127.25.201.131" port: 33067 } }
I20260709 13:08:39.457367 27724 ts_tablet_manager.cc:1434] T e67a3bcf069745fa8e2482fa4d9627dc P 2d80c586944343b39c9b3edae37c9c2c: Time spent starting tablet: real 0.034s	user 0.006s	sys 0.000s
I20260709 13:08:39.455700 27682 tablet_service.cc:1917] Received RequestConsensusVote() RPC: tablet_id: "c5e1b6e3b5624e8c997be6908ecff27a" candidate_uuid: "a6adff3ca81a47a9afa7445f75fb9e00" candidate_term: 1 candidate_status { last_received { term: 0 index: 0 } } ignore_live_leader: false dest_uuid: "4fc1c13dde83469bb95aede8607b18c8" is_pre_election: true
I20260709 13:08:39.458819 27728 raft_consensus.cc:359] T c5e1b6e3b5624e8c997be6908ecff27a P 4fc1c13dde83469bb95aede8607b18c8 [term 0 FOLLOWER]: Replica starting. Triggering 0 pending ops. Active config: opid_index: -1 OBSOLETE_local: false peers { permanent_uuid: "a6adff3ca81a47a9afa7445f75fb9e00" member_type: VOTER last_known_addr { host: "127.25.201.129" port: 40217 } } peers { permanent_uuid: "2d80c586944343b39c9b3edae37c9c2c" member_type: VOTER last_known_addr { host: "127.25.201.130" port: 46303 } } peers { permanent_uuid: "4fc1c13dde83469bb95aede8607b18c8" member_type: VOTER last_known_addr { host: "127.25.201.131" port: 33067 } }
I20260709 13:08:39.459756 27728 raft_consensus.cc:385] T c5e1b6e3b5624e8c997be6908ecff27a P 4fc1c13dde83469bb95aede8607b18c8 [term 0 FOLLOWER]: Consensus starting up: Expiring failure detector timer to make a prompt election more likely
I20260709 13:08:39.460131 27728 raft_consensus.cc:740] T c5e1b6e3b5624e8c997be6908ecff27a P 4fc1c13dde83469bb95aede8607b18c8 [term 0 FOLLOWER]: Becoming Follower/Learner. State: Replica: 4fc1c13dde83469bb95aede8607b18c8, State: Initialized, Role: FOLLOWER
I20260709 13:08:39.460597 27724 tablet_bootstrap.cc:492] T 03107f01485c458f83c7254370039baa P 2d80c586944343b39c9b3edae37c9c2c: Bootstrap starting.
I20260709 13:08:39.461216 27606 tablet_service.cc:1917] Received RequestConsensusVote() RPC: tablet_id: "ced275a1a44947abbfb27ef4a3a17c1c" candidate_uuid: "4fc1c13dde83469bb95aede8607b18c8" candidate_term: 1 candidate_status { last_received { term: 0 index: 0 } } ignore_live_leader: false dest_uuid: "2d80c586944343b39c9b3edae37c9c2c" is_pre_election: true
I20260709 13:08:39.461282 27728 consensus_queue.cc:260] T c5e1b6e3b5624e8c997be6908ecff27a P 4fc1c13dde83469bb95aede8607b18c8 [NON_LEADER]: Queue going to NON_LEADER mode. State: All replicated index: 0, Majority replicated index: 0, Committed index: 0, Last appended: 0.0, Last appended by leader: 0, Current term: 0, Majority size: -1, State: 0, Mode: NON_LEADER, active raft config: opid_index: -1 OBSOLETE_local: false peers { permanent_uuid: "a6adff3ca81a47a9afa7445f75fb9e00" member_type: VOTER last_known_addr { host: "127.25.201.129" port: 40217 } } peers { permanent_uuid: "2d80c586944343b39c9b3edae37c9c2c" member_type: VOTER last_known_addr { host: "127.25.201.130" port: 46303 } } peers { permanent_uuid: "4fc1c13dde83469bb95aede8607b18c8" member_type: VOTER last_known_addr { host: "127.25.201.131" port: 33067 } }
I20260709 13:08:39.460063 27531 tablet_service.cc:1917] Received RequestConsensusVote() RPC: tablet_id: "ced275a1a44947abbfb27ef4a3a17c1c" candidate_uuid: "4fc1c13dde83469bb95aede8607b18c8" candidate_term: 1 candidate_status { last_received { term: 0 index: 0 } } ignore_live_leader: false dest_uuid: "a6adff3ca81a47a9afa7445f75fb9e00" is_pre_election: true
I20260709 13:08:39.463856 27682 raft_consensus.cc:2468] T c5e1b6e3b5624e8c997be6908ecff27a P 4fc1c13dde83469bb95aede8607b18c8 [term 0 FOLLOWER]: Leader pre-election vote request: Granting yes vote for candidate a6adff3ca81a47a9afa7445f75fb9e00 in term 0.
I20260709 13:08:39.468058 27927 leader_election.cc:290] T ced275a1a44947abbfb27ef4a3a17c1c P 4fc1c13dde83469bb95aede8607b18c8 [CANDIDATE]: Term 1 pre-election: Requested pre-vote from peers a6adff3ca81a47a9afa7445f75fb9e00 (127.25.201.129:40217), 2d80c586944343b39c9b3edae37c9c2c (127.25.201.130:46303)
I20260709 13:08:39.468494 27724 tablet_bootstrap.cc:654] T 03107f01485c458f83c7254370039baa P 2d80c586944343b39c9b3edae37c9c2c: Neither blocks nor log segments found. Creating new log.
I20260709 13:08:39.469095 27725 raft_consensus.cc:359] T ddd84b0f966946ef90b5d33659bf437e P a6adff3ca81a47a9afa7445f75fb9e00 [term 0 FOLLOWER]: Replica starting. Triggering 0 pending ops. Active config: opid_index: -1 OBSOLETE_local: false peers { permanent_uuid: "a6adff3ca81a47a9afa7445f75fb9e00" member_type: VOTER last_known_addr { host: "127.25.201.129" port: 40217 } } peers { permanent_uuid: "2d80c586944343b39c9b3edae37c9c2c" member_type: VOTER last_known_addr { host: "127.25.201.130" port: 46303 } } peers { permanent_uuid: "4fc1c13dde83469bb95aede8607b18c8" member_type: VOTER last_known_addr { host: "127.25.201.131" port: 33067 } }
I20260709 13:08:39.469832 27725 raft_consensus.cc:385] T ddd84b0f966946ef90b5d33659bf437e P a6adff3ca81a47a9afa7445f75fb9e00 [term 0 FOLLOWER]: Consensus starting up: Expiring failure detector timer to make a prompt election more likely
I20260709 13:08:39.470139 27725 raft_consensus.cc:740] T ddd84b0f966946ef90b5d33659bf437e P a6adff3ca81a47a9afa7445f75fb9e00 [term 0 FOLLOWER]: Becoming Follower/Learner. State: Replica: a6adff3ca81a47a9afa7445f75fb9e00, State: Initialized, Role: FOLLOWER
I20260709 13:08:39.471336 27730 raft_consensus.cc:515] T c5e1b6e3b5624e8c997be6908ecff27a P a6adff3ca81a47a9afa7445f75fb9e00 [term 1 FOLLOWER]: Starting leader election with config: opid_index: -1 OBSOLETE_local: false peers { permanent_uuid: "a6adff3ca81a47a9afa7445f75fb9e00" member_type: VOTER last_known_addr { host: "127.25.201.129" port: 40217 } } peers { permanent_uuid: "2d80c586944343b39c9b3edae37c9c2c" member_type: VOTER last_known_addr { host: "127.25.201.130" port: 46303 } } peers { permanent_uuid: "4fc1c13dde83469bb95aede8607b18c8" member_type: VOTER last_known_addr { host: "127.25.201.131" port: 33067 } }
I20260709 13:08:39.474166 27728 ts_tablet_manager.cc:1434] T c5e1b6e3b5624e8c997be6908ecff27a P 4fc1c13dde83469bb95aede8607b18c8: Time spent starting tablet: real 0.021s	user 0.002s	sys 0.010s
I20260709 13:08:39.475374 27728 tablet_bootstrap.cc:492] T e67a3bcf069745fa8e2482fa4d9627dc P 4fc1c13dde83469bb95aede8607b18c8: Bootstrap starting.
I20260709 13:08:39.475814 27730 leader_election.cc:290] T c5e1b6e3b5624e8c997be6908ecff27a P a6adff3ca81a47a9afa7445f75fb9e00 [CANDIDATE]: Term 1 election: Requested vote from peers 2d80c586944343b39c9b3edae37c9c2c (127.25.201.130:46303), 4fc1c13dde83469bb95aede8607b18c8 (127.25.201.131:33067)
I20260709 13:08:39.478128 27606 tablet_service.cc:1917] Received RequestConsensusVote() RPC: tablet_id: "c5e1b6e3b5624e8c997be6908ecff27a" candidate_uuid: "a6adff3ca81a47a9afa7445f75fb9e00" candidate_term: 1 candidate_status { last_received { term: 0 index: 0 } } ignore_live_leader: false dest_uuid: "2d80c586944343b39c9b3edae37c9c2c"
I20260709 13:08:39.478971 27606 raft_consensus.cc:3060] T c5e1b6e3b5624e8c997be6908ecff27a P 2d80c586944343b39c9b3edae37c9c2c [term 0 FOLLOWER]: Advancing to term 1
I20260709 13:08:39.479092 27725 consensus_queue.cc:260] T ddd84b0f966946ef90b5d33659bf437e P a6adff3ca81a47a9afa7445f75fb9e00 [NON_LEADER]: Queue going to NON_LEADER mode. State: All replicated index: 0, Majority replicated index: 0, Committed index: 0, Last appended: 0.0, Last appended by leader: 0, Current term: 0, Majority size: -1, State: 0, Mode: NON_LEADER, active raft config: opid_index: -1 OBSOLETE_local: false peers { permanent_uuid: "a6adff3ca81a47a9afa7445f75fb9e00" member_type: VOTER last_known_addr { host: "127.25.201.129" port: 40217 } } peers { permanent_uuid: "2d80c586944343b39c9b3edae37c9c2c" member_type: VOTER last_known_addr { host: "127.25.201.130" port: 46303 } } peers { permanent_uuid: "4fc1c13dde83469bb95aede8607b18c8" member_type: VOTER last_known_addr { host: "127.25.201.131" port: 33067 } }
I20260709 13:08:39.483683 27725 ts_tablet_manager.cc:1434] T ddd84b0f966946ef90b5d33659bf437e P a6adff3ca81a47a9afa7445f75fb9e00: Time spent starting tablet: real 0.029s	user 0.008s	sys 0.000s
I20260709 13:08:39.475303 27650 leader_election.cc:304] T ced275a1a44947abbfb27ef4a3a17c1c P 4fc1c13dde83469bb95aede8607b18c8 [CANDIDATE]: Term 1 pre-election: Election decided. Result: candidate lost. Election summary: received 3 responses out of 3 voters: 1 yes votes; 2 no votes. yes voters: 4fc1c13dde83469bb95aede8607b18c8; no voters: 2d80c586944343b39c9b3edae37c9c2c, a6adff3ca81a47a9afa7445f75fb9e00
I20260709 13:08:39.484807 27728 tablet_bootstrap.cc:654] T e67a3bcf069745fa8e2482fa4d9627dc P 4fc1c13dde83469bb95aede8607b18c8: Neither blocks nor log segments found. Creating new log.
I20260709 13:08:39.488297 27927 raft_consensus.cc:2749] T ced275a1a44947abbfb27ef4a3a17c1c P 4fc1c13dde83469bb95aede8607b18c8 [term 0 FOLLOWER]: Leader pre-election lost for term 1. Reason: could not achieve majority
I20260709 13:08:39.489084 27725 tablet_bootstrap.cc:492] T 03107f01485c458f83c7254370039baa P a6adff3ca81a47a9afa7445f75fb9e00: Bootstrap starting.
I20260709 13:08:39.493867 27823 consensus_queue.cc:1048] T 7e93e8448e744cdca4ac0afd8e5e6bb8 P 4fc1c13dde83469bb95aede8607b18c8 [LEADER]: Connected to new peer: Peer: permanent_uuid: "2d80c586944343b39c9b3edae37c9c2c" member_type: VOTER last_known_addr { host: "127.25.201.130" port: 46303 }, Status: LMP_MISMATCH, Last received: 0.0, Next index: 1, Last known committed idx: 0, Time since last communication: 0.001s
I20260709 13:08:39.494670 27682 tablet_service.cc:1917] Received RequestConsensusVote() RPC: tablet_id: "c5e1b6e3b5624e8c997be6908ecff27a" candidate_uuid: "a6adff3ca81a47a9afa7445f75fb9e00" candidate_term: 1 candidate_status { last_received { term: 0 index: 0 } } ignore_live_leader: false dest_uuid: "4fc1c13dde83469bb95aede8607b18c8"
I20260709 13:08:39.495450 27682 raft_consensus.cc:3060] T c5e1b6e3b5624e8c997be6908ecff27a P 4fc1c13dde83469bb95aede8607b18c8 [term 0 FOLLOWER]: Advancing to term 1
I20260709 13:08:39.497437 27725 tablet_bootstrap.cc:654] T 03107f01485c458f83c7254370039baa P a6adff3ca81a47a9afa7445f75fb9e00: Neither blocks nor log segments found. Creating new log.
I20260709 13:08:39.500021 27683 raft_consensus.cc:3060] T ced275a1a44947abbfb27ef4a3a17c1c P 4fc1c13dde83469bb95aede8607b18c8 [term 0 FOLLOWER]: Advancing to term 1
I20260709 13:08:39.503567 27730 raft_consensus.cc:493] T ddd84b0f966946ef90b5d33659bf437e P a6adff3ca81a47a9afa7445f75fb9e00 [term 0 FOLLOWER]: Starting pre-election (no leader contacted us within the election timeout)
I20260709 13:08:39.504000 27730 raft_consensus.cc:515] T ddd84b0f966946ef90b5d33659bf437e P a6adff3ca81a47a9afa7445f75fb9e00 [term 0 FOLLOWER]: Starting pre-election with config: opid_index: -1 OBSOLETE_local: false peers { permanent_uuid: "a6adff3ca81a47a9afa7445f75fb9e00" member_type: VOTER last_known_addr { host: "127.25.201.129" port: 40217 } } peers { permanent_uuid: "2d80c586944343b39c9b3edae37c9c2c" member_type: VOTER last_known_addr { host: "127.25.201.130" port: 46303 } } peers { permanent_uuid: "4fc1c13dde83469bb95aede8607b18c8" member_type: VOTER last_known_addr { host: "127.25.201.131" port: 33067 } }
I20260709 13:08:39.505718 27730 leader_election.cc:290] T ddd84b0f966946ef90b5d33659bf437e P a6adff3ca81a47a9afa7445f75fb9e00 [CANDIDATE]: Term 1 pre-election: Requested pre-vote from peers 2d80c586944343b39c9b3edae37c9c2c (127.25.201.130:46303), 4fc1c13dde83469bb95aede8607b18c8 (127.25.201.131:33067)
I20260709 13:08:39.511397 27684 tablet_service.cc:1917] Received RequestConsensusVote() RPC: tablet_id: "ddd84b0f966946ef90b5d33659bf437e" candidate_uuid: "a6adff3ca81a47a9afa7445f75fb9e00" candidate_term: 1 candidate_status { last_received { term: 0 index: 0 } } ignore_live_leader: false dest_uuid: "4fc1c13dde83469bb95aede8607b18c8" is_pre_election: true
I20260709 13:08:39.512674 27606 raft_consensus.cc:2468] T c5e1b6e3b5624e8c997be6908ecff27a P 2d80c586944343b39c9b3edae37c9c2c [term 1 FOLLOWER]: Leader election vote request: Granting yes vote for candidate a6adff3ca81a47a9afa7445f75fb9e00 in term 1.
I20260709 13:08:39.516479 27607 tablet_service.cc:1917] Received RequestConsensusVote() RPC: tablet_id: "ddd84b0f966946ef90b5d33659bf437e" candidate_uuid: "a6adff3ca81a47a9afa7445f75fb9e00" candidate_term: 1 candidate_status { last_received { term: 0 index: 0 } } ignore_live_leader: false dest_uuid: "2d80c586944343b39c9b3edae37c9c2c" is_pre_election: true
I20260709 13:08:39.517402 27607 raft_consensus.cc:2468] T ddd84b0f966946ef90b5d33659bf437e P 2d80c586944343b39c9b3edae37c9c2c [term 0 FOLLOWER]: Leader pre-election vote request: Granting yes vote for candidate a6adff3ca81a47a9afa7445f75fb9e00 in term 0.
I20260709 13:08:39.516597 27499 leader_election.cc:304] T c5e1b6e3b5624e8c997be6908ecff27a P a6adff3ca81a47a9afa7445f75fb9e00 [CANDIDATE]: Term 1 election: Election decided. Result: candidate won. Election summary: received 2 responses out of 3 voters: 2 yes votes; 0 no votes. yes voters: 2d80c586944343b39c9b3edae37c9c2c, a6adff3ca81a47a9afa7445f75fb9e00; no voters: 
I20260709 13:08:39.519685 27499 leader_election.cc:304] T ddd84b0f966946ef90b5d33659bf437e P a6adff3ca81a47a9afa7445f75fb9e00 [CANDIDATE]: Term 1 pre-election: Election decided. Result: candidate won. Election summary: received 2 responses out of 3 voters: 2 yes votes; 0 no votes. yes voters: 2d80c586944343b39c9b3edae37c9c2c, a6adff3ca81a47a9afa7445f75fb9e00; no voters: 
I20260709 13:08:39.520392 27892 raft_consensus.cc:2804] T c5e1b6e3b5624e8c997be6908ecff27a P a6adff3ca81a47a9afa7445f75fb9e00 [term 1 FOLLOWER]: Leader election won for term 1
I20260709 13:08:39.520404 27730 raft_consensus.cc:2804] T ddd84b0f966946ef90b5d33659bf437e P a6adff3ca81a47a9afa7445f75fb9e00 [term 0 FOLLOWER]: Leader pre-election won for term 1
I20260709 13:08:39.521080 27730 raft_consensus.cc:493] T ddd84b0f966946ef90b5d33659bf437e P a6adff3ca81a47a9afa7445f75fb9e00 [term 0 FOLLOWER]: Starting leader election (no leader contacted us within the election timeout)
I20260709 13:08:39.521123 27892 raft_consensus.cc:697] T c5e1b6e3b5624e8c997be6908ecff27a P a6adff3ca81a47a9afa7445f75fb9e00 [term 1 LEADER]: Becoming Leader. State: Replica: a6adff3ca81a47a9afa7445f75fb9e00, State: Running, Role: LEADER
I20260709 13:08:39.521495 27730 raft_consensus.cc:3060] T ddd84b0f966946ef90b5d33659bf437e P a6adff3ca81a47a9afa7445f75fb9e00 [term 0 FOLLOWER]: Advancing to term 1
I20260709 13:08:39.522574 27892 consensus_queue.cc:237] T c5e1b6e3b5624e8c997be6908ecff27a P a6adff3ca81a47a9afa7445f75fb9e00 [LEADER]: Queue going to LEADER mode. State: All replicated index: 0, Majority replicated index: 0, Committed index: 0, Last appended: 0.0, Last appended by leader: 0, Current term: 1, Majority size: 2, State: 0, Mode: LEADER, active raft config: opid_index: -1 OBSOLETE_local: false peers { permanent_uuid: "a6adff3ca81a47a9afa7445f75fb9e00" member_type: VOTER last_known_addr { host: "127.25.201.129" port: 40217 } } peers { permanent_uuid: "2d80c586944343b39c9b3edae37c9c2c" member_type: VOTER last_known_addr { host: "127.25.201.130" port: 46303 } } peers { permanent_uuid: "4fc1c13dde83469bb95aede8607b18c8" member_type: VOTER last_known_addr { host: "127.25.201.131" port: 33067 } }
I20260709 13:08:39.532183 27730 raft_consensus.cc:515] T ddd84b0f966946ef90b5d33659bf437e P a6adff3ca81a47a9afa7445f75fb9e00 [term 1 FOLLOWER]: Starting leader election with config: opid_index: -1 OBSOLETE_local: false peers { permanent_uuid: "a6adff3ca81a47a9afa7445f75fb9e00" member_type: VOTER last_known_addr { host: "127.25.201.129" port: 40217 } } peers { permanent_uuid: "2d80c586944343b39c9b3edae37c9c2c" member_type: VOTER last_known_addr { host: "127.25.201.130" port: 46303 } } peers { permanent_uuid: "4fc1c13dde83469bb95aede8607b18c8" member_type: VOTER last_known_addr { host: "127.25.201.131" port: 33067 } }
I20260709 13:08:39.535567 27607 tablet_service.cc:1917] Received RequestConsensusVote() RPC: tablet_id: "ddd84b0f966946ef90b5d33659bf437e" candidate_uuid: "a6adff3ca81a47a9afa7445f75fb9e00" candidate_term: 1 candidate_status { last_received { term: 0 index: 0 } } ignore_live_leader: false dest_uuid: "2d80c586944343b39c9b3edae37c9c2c"
I20260709 13:08:39.536356 27607 raft_consensus.cc:3060] T ddd84b0f966946ef90b5d33659bf437e P 2d80c586944343b39c9b3edae37c9c2c [term 0 FOLLOWER]: Advancing to term 1
I20260709 13:08:39.537667 27684 tablet_service.cc:1917] Received RequestConsensusVote() RPC: tablet_id: "ddd84b0f966946ef90b5d33659bf437e" candidate_uuid: "a6adff3ca81a47a9afa7445f75fb9e00" candidate_term: 1 candidate_status { last_received { term: 0 index: 0 } } ignore_live_leader: false dest_uuid: "4fc1c13dde83469bb95aede8607b18c8"
I20260709 13:08:39.546993 27907 raft_consensus.cc:493] T e67a3bcf069745fa8e2482fa4d9627dc P 2d80c586944343b39c9b3edae37c9c2c [term 0 FOLLOWER]: Starting pre-election (no leader contacted us within the election timeout)
I20260709 13:08:39.547685 27907 raft_consensus.cc:515] T e67a3bcf069745fa8e2482fa4d9627dc P 2d80c586944343b39c9b3edae37c9c2c [term 0 FOLLOWER]: Starting pre-election with config: opid_index: -1 OBSOLETE_local: false peers { permanent_uuid: "a6adff3ca81a47a9afa7445f75fb9e00" member_type: VOTER last_known_addr { host: "127.25.201.129" port: 40217 } } peers { permanent_uuid: "2d80c586944343b39c9b3edae37c9c2c" member_type: VOTER last_known_addr { host: "127.25.201.130" port: 46303 } } peers { permanent_uuid: "4fc1c13dde83469bb95aede8607b18c8" member_type: VOTER last_known_addr { host: "127.25.201.131" port: 33067 } }
I20260709 13:08:39.552647 27907 leader_election.cc:290] T e67a3bcf069745fa8e2482fa4d9627dc P 2d80c586944343b39c9b3edae37c9c2c [CANDIDATE]: Term 1 pre-election: Requested pre-vote from peers a6adff3ca81a47a9afa7445f75fb9e00 (127.25.201.129:40217), 4fc1c13dde83469bb95aede8607b18c8 (127.25.201.131:33067)
I20260709 13:08:39.559152 27730 leader_election.cc:290] T ddd84b0f966946ef90b5d33659bf437e P a6adff3ca81a47a9afa7445f75fb9e00 [CANDIDATE]: Term 1 election: Requested vote from peers 2d80c586944343b39c9b3edae37c9c2c (127.25.201.130:46303), 4fc1c13dde83469bb95aede8607b18c8 (127.25.201.131:33067)
I20260709 13:08:39.565909 27684 tablet_service.cc:1917] Received RequestConsensusVote() RPC: tablet_id: "e67a3bcf069745fa8e2482fa4d9627dc" candidate_uuid: "2d80c586944343b39c9b3edae37c9c2c" candidate_term: 1 candidate_status { last_received { term: 0 index: 0 } } ignore_live_leader: false dest_uuid: "4fc1c13dde83469bb95aede8607b18c8" is_pre_election: true
I20260709 13:08:39.567099 27607 raft_consensus.cc:2468] T ddd84b0f966946ef90b5d33659bf437e P 2d80c586944343b39c9b3edae37c9c2c [term 1 FOLLOWER]: Leader election vote request: Granting yes vote for candidate a6adff3ca81a47a9afa7445f75fb9e00 in term 1.
W20260709 13:08:39.567391 27575 leader_election.cc:343] T e67a3bcf069745fa8e2482fa4d9627dc P 2d80c586944343b39c9b3edae37c9c2c [CANDIDATE]: Term 1 pre-election: Tablet error from VoteRequest() call to peer 4fc1c13dde83469bb95aede8607b18c8 (127.25.201.131:33067): Illegal state: must be running to vote when last-logged opid is not known
I20260709 13:08:39.572907 27499 leader_election.cc:304] T ddd84b0f966946ef90b5d33659bf437e P a6adff3ca81a47a9afa7445f75fb9e00 [CANDIDATE]: Term 1 election: Election decided. Result: candidate won. Election summary: received 2 responses out of 3 voters: 2 yes votes; 0 no votes. yes voters: 2d80c586944343b39c9b3edae37c9c2c, a6adff3ca81a47a9afa7445f75fb9e00; no voters: 
I20260709 13:08:39.573972 27730 raft_consensus.cc:2804] T ddd84b0f966946ef90b5d33659bf437e P a6adff3ca81a47a9afa7445f75fb9e00 [term 1 FOLLOWER]: Leader election won for term 1
I20260709 13:08:39.574636 27730 raft_consensus.cc:697] T ddd84b0f966946ef90b5d33659bf437e P a6adff3ca81a47a9afa7445f75fb9e00 [term 1 LEADER]: Becoming Leader. State: Replica: a6adff3ca81a47a9afa7445f75fb9e00, State: Running, Role: LEADER
I20260709 13:08:39.575543 27730 consensus_queue.cc:237] T ddd84b0f966946ef90b5d33659bf437e P a6adff3ca81a47a9afa7445f75fb9e00 [LEADER]: Queue going to LEADER mode. State: All replicated index: 0, Majority replicated index: 0, Committed index: 0, Last appended: 0.0, Last appended by leader: 0, Current term: 1, Majority size: 2, State: 0, Mode: LEADER, active raft config: opid_index: -1 OBSOLETE_local: false peers { permanent_uuid: "a6adff3ca81a47a9afa7445f75fb9e00" member_type: VOTER last_known_addr { host: "127.25.201.129" port: 40217 } } peers { permanent_uuid: "2d80c586944343b39c9b3edae37c9c2c" member_type: VOTER last_known_addr { host: "127.25.201.130" port: 46303 } } peers { permanent_uuid: "4fc1c13dde83469bb95aede8607b18c8" member_type: VOTER last_known_addr { host: "127.25.201.131" port: 33067 } }
I20260709 13:08:39.579150 27533 tablet_service.cc:1917] Received RequestConsensusVote() RPC: tablet_id: "e67a3bcf069745fa8e2482fa4d9627dc" candidate_uuid: "2d80c586944343b39c9b3edae37c9c2c" candidate_term: 1 candidate_status { last_received { term: 0 index: 0 } } ignore_live_leader: false dest_uuid: "a6adff3ca81a47a9afa7445f75fb9e00" is_pre_election: true
I20260709 13:08:39.579792 27533 raft_consensus.cc:2468] T e67a3bcf069745fa8e2482fa4d9627dc P a6adff3ca81a47a9afa7445f75fb9e00 [term 0 FOLLOWER]: Leader pre-election vote request: Granting yes vote for candidate 2d80c586944343b39c9b3edae37c9c2c in term 0.
W20260709 13:08:39.582134 27500 leader_election.cc:343] T ddd84b0f966946ef90b5d33659bf437e P a6adff3ca81a47a9afa7445f75fb9e00 [CANDIDATE]: Term 1 pre-election: Tablet error from VoteRequest() call to peer 4fc1c13dde83469bb95aede8607b18c8 (127.25.201.131:33067): Illegal state: must be running to vote when last-logged opid is not known
I20260709 13:08:39.542476 27682 raft_consensus.cc:2468] T c5e1b6e3b5624e8c997be6908ecff27a P 4fc1c13dde83469bb95aede8607b18c8 [term 1 FOLLOWER]: Leader election vote request: Granting yes vote for candidate a6adff3ca81a47a9afa7445f75fb9e00 in term 1.
I20260709 13:08:39.590238 27576 leader_election.cc:304] T e67a3bcf069745fa8e2482fa4d9627dc P 2d80c586944343b39c9b3edae37c9c2c [CANDIDATE]: Term 1 pre-election: Election decided. Result: candidate won. Election summary: received 3 responses out of 3 voters: 2 yes votes; 1 no votes. yes voters: 2d80c586944343b39c9b3edae37c9c2c, a6adff3ca81a47a9afa7445f75fb9e00; no voters: 4fc1c13dde83469bb95aede8607b18c8
I20260709 13:08:39.592600 27907 raft_consensus.cc:2804] T e67a3bcf069745fa8e2482fa4d9627dc P 2d80c586944343b39c9b3edae37c9c2c [term 0 FOLLOWER]: Leader pre-election won for term 1
I20260709 13:08:39.592988 27907 raft_consensus.cc:493] T e67a3bcf069745fa8e2482fa4d9627dc P 2d80c586944343b39c9b3edae37c9c2c [term 0 FOLLOWER]: Starting leader election (no leader contacted us within the election timeout)
I20260709 13:08:39.593334 27907 raft_consensus.cc:3060] T e67a3bcf069745fa8e2482fa4d9627dc P 2d80c586944343b39c9b3edae37c9c2c [term 0 FOLLOWER]: Advancing to term 1
I20260709 13:08:39.595503 27725 tablet_bootstrap.cc:492] T 03107f01485c458f83c7254370039baa P a6adff3ca81a47a9afa7445f75fb9e00: No bootstrap required, opened a new log
I20260709 13:08:39.595983 27725 ts_tablet_manager.cc:1403] T 03107f01485c458f83c7254370039baa P a6adff3ca81a47a9afa7445f75fb9e00: Time spent bootstrapping tablet: real 0.107s	user 0.018s	sys 0.009s
W20260709 13:08:39.583465 27500 leader_election.cc:343] T ddd84b0f966946ef90b5d33659bf437e P a6adff3ca81a47a9afa7445f75fb9e00 [CANDIDATE]: Term 1 election: Tablet error from VoteRequest() call to peer 4fc1c13dde83469bb95aede8607b18c8 (127.25.201.131:33067): Illegal state: must be running to vote when last-logged opid is not known
I20260709 13:08:39.634763 27907 raft_consensus.cc:515] T e67a3bcf069745fa8e2482fa4d9627dc P 2d80c586944343b39c9b3edae37c9c2c [term 1 FOLLOWER]: Starting leader election with config: opid_index: -1 OBSOLETE_local: false peers { permanent_uuid: "a6adff3ca81a47a9afa7445f75fb9e00" member_type: VOTER last_known_addr { host: "127.25.201.129" port: 40217 } } peers { permanent_uuid: "2d80c586944343b39c9b3edae37c9c2c" member_type: VOTER last_known_addr { host: "127.25.201.130" port: 46303 } } peers { permanent_uuid: "4fc1c13dde83469bb95aede8607b18c8" member_type: VOTER last_known_addr { host: "127.25.201.131" port: 33067 } }
I20260709 13:08:39.636050 27724 tablet_bootstrap.cc:492] T 03107f01485c458f83c7254370039baa P 2d80c586944343b39c9b3edae37c9c2c: No bootstrap required, opened a new log
I20260709 13:08:39.702438 27724 ts_tablet_manager.cc:1403] T 03107f01485c458f83c7254370039baa P 2d80c586944343b39c9b3edae37c9c2c: Time spent bootstrapping tablet: real 0.242s	user 0.042s	sys 0.032s
W20260709 13:08:39.659505 27500 outbound_call.cc:321] RPC callback for RPC call kudu.consensus.ConsensusService.RequestConsensusVote -> {remote=127.25.201.131:33067, user_credentials={real_user=slave}} blocked reactor thread for 76071.8us
I20260709 13:08:39.706548 27728 tablet_bootstrap.cc:492] T e67a3bcf069745fa8e2482fa4d9627dc P 4fc1c13dde83469bb95aede8607b18c8: No bootstrap required, opened a new log
I20260709 13:08:39.707023 27728 ts_tablet_manager.cc:1403] T e67a3bcf069745fa8e2482fa4d9627dc P 4fc1c13dde83469bb95aede8607b18c8: Time spent bootstrapping tablet: real 0.232s	user 0.017s	sys 0.023s
I20260709 13:08:39.706002 27531 tablet_service.cc:1917] Received RequestConsensusVote() RPC: tablet_id: "e67a3bcf069745fa8e2482fa4d9627dc" candidate_uuid: "2d80c586944343b39c9b3edae37c9c2c" candidate_term: 1 candidate_status { last_received { term: 0 index: 0 } } ignore_live_leader: false dest_uuid: "a6adff3ca81a47a9afa7445f75fb9e00"
I20260709 13:08:39.708168 27531 raft_consensus.cc:3060] T e67a3bcf069745fa8e2482fa4d9627dc P a6adff3ca81a47a9afa7445f75fb9e00 [term 0 FOLLOWER]: Advancing to term 1
I20260709 13:08:39.653147 27907 leader_election.cc:290] T e67a3bcf069745fa8e2482fa4d9627dc P 2d80c586944343b39c9b3edae37c9c2c [CANDIDATE]: Term 1 election: Requested vote from peers a6adff3ca81a47a9afa7445f75fb9e00 (127.25.201.129:40217), 4fc1c13dde83469bb95aede8607b18c8 (127.25.201.131:33067)
I20260709 13:08:39.714287 27927 raft_consensus.cc:493] T 31f8091b8cb6446d9d14b5588325bce8 P 4fc1c13dde83469bb95aede8607b18c8 [term 0 FOLLOWER]: Starting pre-election (no leader contacted us within the election timeout)
I20260709 13:08:39.691087 27903 raft_consensus.cc:493] T 53855d55d0a74cfa9f9cb5c506b573f9 P 4fc1c13dde83469bb95aede8607b18c8 [term 0 FOLLOWER]: Starting pre-election (no leader contacted us within the election timeout)
I20260709 13:08:39.715454 27927 raft_consensus.cc:515] T 31f8091b8cb6446d9d14b5588325bce8 P 4fc1c13dde83469bb95aede8607b18c8 [term 0 FOLLOWER]: Starting pre-election with config: opid_index: -1 OBSOLETE_local: false peers { permanent_uuid: "a6adff3ca81a47a9afa7445f75fb9e00" member_type: VOTER last_known_addr { host: "127.25.201.129" port: 40217 } } peers { permanent_uuid: "2d80c586944343b39c9b3edae37c9c2c" member_type: VOTER last_known_addr { host: "127.25.201.130" port: 46303 } } peers { permanent_uuid: "4fc1c13dde83469bb95aede8607b18c8" member_type: VOTER last_known_addr { host: "127.25.201.131" port: 33067 } }
I20260709 13:08:39.723688 27916 raft_consensus.cc:493] T 53855d55d0a74cfa9f9cb5c506b573f9 P 2d80c586944343b39c9b3edae37c9c2c [term 0 FOLLOWER]: Starting pre-election (no leader contacted us within the election timeout)
I20260709 13:08:39.724368 27916 raft_consensus.cc:515] T 53855d55d0a74cfa9f9cb5c506b573f9 P 2d80c586944343b39c9b3edae37c9c2c [term 0 FOLLOWER]: Starting pre-election with config: opid_index: -1 OBSOLETE_local: false peers { permanent_uuid: "a6adff3ca81a47a9afa7445f75fb9e00" member_type: VOTER last_known_addr { host: "127.25.201.129" port: 40217 } } peers { permanent_uuid: "2d80c586944343b39c9b3edae37c9c2c" member_type: VOTER last_known_addr { host: "127.25.201.130" port: 46303 } } peers { permanent_uuid: "4fc1c13dde83469bb95aede8607b18c8" member_type: VOTER last_known_addr { host: "127.25.201.131" port: 33067 } }
I20260709 13:08:39.726485 27916 leader_election.cc:290] T 53855d55d0a74cfa9f9cb5c506b573f9 P 2d80c586944343b39c9b3edae37c9c2c [CANDIDATE]: Term 1 pre-election: Requested pre-vote from peers a6adff3ca81a47a9afa7445f75fb9e00 (127.25.201.129:40217), 4fc1c13dde83469bb95aede8607b18c8 (127.25.201.131:33067)
I20260709 13:08:39.728570 27728 raft_consensus.cc:359] T e67a3bcf069745fa8e2482fa4d9627dc P 4fc1c13dde83469bb95aede8607b18c8 [term 0 FOLLOWER]: Replica starting. Triggering 0 pending ops. Active config: opid_index: -1 OBSOLETE_local: false peers { permanent_uuid: "a6adff3ca81a47a9afa7445f75fb9e00" member_type: VOTER last_known_addr { host: "127.25.201.129" port: 40217 } } peers { permanent_uuid: "2d80c586944343b39c9b3edae37c9c2c" member_type: VOTER last_known_addr { host: "127.25.201.130" port: 46303 } } peers { permanent_uuid: "4fc1c13dde83469bb95aede8607b18c8" member_type: VOTER last_known_addr { host: "127.25.201.131" port: 33067 } }
I20260709 13:08:39.730386 27728 raft_consensus.cc:385] T e67a3bcf069745fa8e2482fa4d9627dc P 4fc1c13dde83469bb95aede8607b18c8 [term 0 FOLLOWER]: Consensus starting up: Expiring failure detector timer to make a prompt election more likely
I20260709 13:08:39.730700 27728 raft_consensus.cc:740] T e67a3bcf069745fa8e2482fa4d9627dc P 4fc1c13dde83469bb95aede8607b18c8 [term 0 FOLLOWER]: Becoming Follower/Learner. State: Replica: 4fc1c13dde83469bb95aede8607b18c8, State: Initialized, Role: FOLLOWER
I20260709 13:08:39.731376 27728 consensus_queue.cc:260] T e67a3bcf069745fa8e2482fa4d9627dc P 4fc1c13dde83469bb95aede8607b18c8 [NON_LEADER]: Queue going to NON_LEADER mode. State: All replicated index: 0, Majority replicated index: 0, Committed index: 0, Last appended: 0.0, Last appended by leader: 0, Current term: 0, Majority size: -1, State: 0, Mode: NON_LEADER, active raft config: opid_index: -1 OBSOLETE_local: false peers { permanent_uuid: "a6adff3ca81a47a9afa7445f75fb9e00" member_type: VOTER last_known_addr { host: "127.25.201.129" port: 40217 } } peers { permanent_uuid: "2d80c586944343b39c9b3edae37c9c2c" member_type: VOTER last_known_addr { host: "127.25.201.130" port: 46303 } } peers { permanent_uuid: "4fc1c13dde83469bb95aede8607b18c8" member_type: VOTER last_known_addr { host: "127.25.201.131" port: 33067 } }
I20260709 13:08:39.731452 27724 raft_consensus.cc:359] T 03107f01485c458f83c7254370039baa P 2d80c586944343b39c9b3edae37c9c2c [term 0 FOLLOWER]: Replica starting. Triggering 0 pending ops. Active config: opid_index: -1 OBSOLETE_local: false peers { permanent_uuid: "a6adff3ca81a47a9afa7445f75fb9e00" member_type: VOTER last_known_addr { host: "127.25.201.129" port: 40217 } } peers { permanent_uuid: "2d80c586944343b39c9b3edae37c9c2c" member_type: VOTER last_known_addr { host: "127.25.201.130" port: 46303 } } peers { permanent_uuid: "4fc1c13dde83469bb95aede8607b18c8" member_type: VOTER last_known_addr { host: "127.25.201.131" port: 33067 } }
I20260709 13:08:39.732607 27724 raft_consensus.cc:385] T 03107f01485c458f83c7254370039baa P 2d80c586944343b39c9b3edae37c9c2c [term 0 FOLLOWER]: Consensus starting up: Expiring failure detector timer to make a prompt election more likely
I20260709 13:08:39.732910 27724 raft_consensus.cc:740] T 03107f01485c458f83c7254370039baa P 2d80c586944343b39c9b3edae37c9c2c [term 0 FOLLOWER]: Becoming Follower/Learner. State: Replica: 2d80c586944343b39c9b3edae37c9c2c, State: Initialized, Role: FOLLOWER
I20260709 13:08:39.733487 27724 consensus_queue.cc:260] T 03107f01485c458f83c7254370039baa P 2d80c586944343b39c9b3edae37c9c2c [NON_LEADER]: Queue going to NON_LEADER mode. State: All replicated index: 0, Majority replicated index: 0, Committed index: 0, Last appended: 0.0, Last appended by leader: 0, Current term: 0, Majority size: -1, State: 0, Mode: NON_LEADER, active raft config: opid_index: -1 OBSOLETE_local: false peers { permanent_uuid: "a6adff3ca81a47a9afa7445f75fb9e00" member_type: VOTER last_known_addr { host: "127.25.201.129" port: 40217 } } peers { permanent_uuid: "2d80c586944343b39c9b3edae37c9c2c" member_type: VOTER last_known_addr { host: "127.25.201.130" port: 46303 } } peers { permanent_uuid: "4fc1c13dde83469bb95aede8607b18c8" member_type: VOTER last_known_addr { host: "127.25.201.131" port: 33067 } }
I20260709 13:08:39.733763 27684 tablet_service.cc:1917] Received RequestConsensusVote() RPC: tablet_id: "e67a3bcf069745fa8e2482fa4d9627dc" candidate_uuid: "2d80c586944343b39c9b3edae37c9c2c" candidate_term: 1 candidate_status { last_received { term: 0 index: 0 } } ignore_live_leader: false dest_uuid: "4fc1c13dde83469bb95aede8607b18c8"
I20260709 13:08:39.734309 27684 raft_consensus.cc:3060] T e67a3bcf069745fa8e2482fa4d9627dc P 4fc1c13dde83469bb95aede8607b18c8 [term 0 FOLLOWER]: Advancing to term 1
I20260709 13:08:39.736351 27728 ts_tablet_manager.cc:1434] T e67a3bcf069745fa8e2482fa4d9627dc P 4fc1c13dde83469bb95aede8607b18c8: Time spent starting tablet: real 0.029s	user 0.007s	sys 0.000s
I20260709 13:08:39.726354 27725 raft_consensus.cc:359] T 03107f01485c458f83c7254370039baa P a6adff3ca81a47a9afa7445f75fb9e00 [term 0 FOLLOWER]: Replica starting. Triggering 0 pending ops. Active config: opid_index: -1 OBSOLETE_local: false peers { permanent_uuid: "a6adff3ca81a47a9afa7445f75fb9e00" member_type: VOTER last_known_addr { host: "127.25.201.129" port: 40217 } } peers { permanent_uuid: "2d80c586944343b39c9b3edae37c9c2c" member_type: VOTER last_known_addr { host: "127.25.201.130" port: 46303 } } peers { permanent_uuid: "4fc1c13dde83469bb95aede8607b18c8" member_type: VOTER last_known_addr { host: "127.25.201.131" port: 33067 } }
I20260709 13:08:39.737916 27725 raft_consensus.cc:385] T 03107f01485c458f83c7254370039baa P a6adff3ca81a47a9afa7445f75fb9e00 [term 0 FOLLOWER]: Consensus starting up: Expiring failure detector timer to make a prompt election more likely
I20260709 13:08:39.738162 27725 raft_consensus.cc:740] T 03107f01485c458f83c7254370039baa P a6adff3ca81a47a9afa7445f75fb9e00 [term 0 FOLLOWER]: Becoming Follower/Learner. State: Replica: a6adff3ca81a47a9afa7445f75fb9e00, State: Initialized, Role: FOLLOWER
I20260709 13:08:39.736549 27531 raft_consensus.cc:2468] T e67a3bcf069745fa8e2482fa4d9627dc P a6adff3ca81a47a9afa7445f75fb9e00 [term 1 FOLLOWER]: Leader election vote request: Granting yes vote for candidate 2d80c586944343b39c9b3edae37c9c2c in term 1.
I20260709 13:08:39.740721 27724 ts_tablet_manager.cc:1434] T 03107f01485c458f83c7254370039baa P 2d80c586944343b39c9b3edae37c9c2c: Time spent starting tablet: real 0.038s	user 0.003s	sys 0.003s
I20260709 13:08:39.745676 27681 raft_consensus.cc:3060] T 31f8091b8cb6446d9d14b5588325bce8 P 4fc1c13dde83469bb95aede8607b18c8 [term 0 FOLLOWER]: Advancing to term 1
I20260709 13:08:39.716547 27903 raft_consensus.cc:515] T 53855d55d0a74cfa9f9cb5c506b573f9 P 4fc1c13dde83469bb95aede8607b18c8 [term 0 FOLLOWER]: Starting pre-election with config: opid_index: -1 OBSOLETE_local: false peers { permanent_uuid: "a6adff3ca81a47a9afa7445f75fb9e00" member_type: VOTER last_known_addr { host: "127.25.201.129" port: 40217 } } peers { permanent_uuid: "2d80c586944343b39c9b3edae37c9c2c" member_type: VOTER last_known_addr { host: "127.25.201.130" port: 46303 } } peers { permanent_uuid: "4fc1c13dde83469bb95aede8607b18c8" member_type: VOTER last_known_addr { host: "127.25.201.131" port: 33067 } }
I20260709 13:08:39.749172 27927 leader_election.cc:290] T 31f8091b8cb6446d9d14b5588325bce8 P 4fc1c13dde83469bb95aede8607b18c8 [CANDIDATE]: Term 1 pre-election: Requested pre-vote from peers a6adff3ca81a47a9afa7445f75fb9e00 (127.25.201.129:40217), 2d80c586944343b39c9b3edae37c9c2c (127.25.201.130:46303)
I20260709 13:08:39.749897 27533 tablet_service.cc:1917] Received RequestConsensusVote() RPC: tablet_id: "31f8091b8cb6446d9d14b5588325bce8" candidate_uuid: "4fc1c13dde83469bb95aede8607b18c8" candidate_term: 1 candidate_status { last_received { term: 0 index: 0 } } ignore_live_leader: false dest_uuid: "a6adff3ca81a47a9afa7445f75fb9e00" is_pre_election: true
I20260709 13:08:39.762502 27907 consensus_queue.cc:1048] T 8c349aa1766a4ddc92de280962a6021d P 2d80c586944343b39c9b3edae37c9c2c [LEADER]: Connected to new peer: Peer: permanent_uuid: "4fc1c13dde83469bb95aede8607b18c8" member_type: VOTER last_known_addr { host: "127.25.201.131" port: 33067 }, Status: LMP_MISMATCH, Last received: 0.0, Next index: 1, Last known committed idx: 0, Time since last communication: 0.001s
I20260709 13:08:39.766008 27682 tablet_service.cc:1917] Received RequestConsensusVote() RPC: tablet_id: "53855d55d0a74cfa9f9cb5c506b573f9" candidate_uuid: "2d80c586944343b39c9b3edae37c9c2c" candidate_term: 1 candidate_status { last_received { term: 0 index: 0 } } ignore_live_leader: false dest_uuid: "4fc1c13dde83469bb95aede8607b18c8" is_pre_election: true
I20260709 13:08:39.766916 27682 raft_consensus.cc:2468] T 53855d55d0a74cfa9f9cb5c506b573f9 P 4fc1c13dde83469bb95aede8607b18c8 [term 0 FOLLOWER]: Leader pre-election vote request: Granting yes vote for candidate 2d80c586944343b39c9b3edae37c9c2c in term 0.
I20260709 13:08:39.771662 27724 tablet_bootstrap.cc:492] T 1ea259df812c41aba4b0c8c5816fa536 P 2d80c586944343b39c9b3edae37c9c2c: Bootstrap starting.
I20260709 13:08:39.771363 27575 leader_election.cc:304] T 53855d55d0a74cfa9f9cb5c506b573f9 P 2d80c586944343b39c9b3edae37c9c2c [CANDIDATE]: Term 1 pre-election: Election decided. Result: candidate won. Election summary: received 2 responses out of 3 voters: 2 yes votes; 0 no votes. yes voters: 2d80c586944343b39c9b3edae37c9c2c, 4fc1c13dde83469bb95aede8607b18c8; no voters: 
I20260709 13:08:39.775906 27728 tablet_bootstrap.cc:492] T 1ea259df812c41aba4b0c8c5816fa536 P 4fc1c13dde83469bb95aede8607b18c8: Bootstrap starting.
I20260709 13:08:39.778208 27725 consensus_queue.cc:260] T 03107f01485c458f83c7254370039baa P a6adff3ca81a47a9afa7445f75fb9e00 [NON_LEADER]: Queue going to NON_LEADER mode. State: All replicated index: 0, Majority replicated index: 0, Committed index: 0, Last appended: 0.0, Last appended by leader: 0, Current term: 0, Majority size: -1, State: 0, Mode: NON_LEADER, active raft config: opid_index: -1 OBSOLETE_local: false peers { permanent_uuid: "a6adff3ca81a47a9afa7445f75fb9e00" member_type: VOTER last_known_addr { host: "127.25.201.129" port: 40217 } } peers { permanent_uuid: "2d80c586944343b39c9b3edae37c9c2c" member_type: VOTER last_known_addr { host: "127.25.201.130" port: 46303 } } peers { permanent_uuid: "4fc1c13dde83469bb95aede8607b18c8" member_type: VOTER last_known_addr { host: "127.25.201.131" port: 33067 } }
I20260709 13:08:39.770584 27684 raft_consensus.cc:2468] T e67a3bcf069745fa8e2482fa4d9627dc P 4fc1c13dde83469bb95aede8607b18c8 [term 1 FOLLOWER]: Leader election vote request: Granting yes vote for candidate 2d80c586944343b39c9b3edae37c9c2c in term 1.
I20260709 13:08:39.788923 27725 ts_tablet_manager.cc:1434] T 03107f01485c458f83c7254370039baa P a6adff3ca81a47a9afa7445f75fb9e00: Time spent starting tablet: real 0.193s	user 0.023s	sys 0.066s
I20260709 13:08:39.789072 27430 catalog_manager.cc:5697] T ddd84b0f966946ef90b5d33659bf437e P a6adff3ca81a47a9afa7445f75fb9e00 reported cstate change: term changed from 0 to 1, leader changed from <none> to a6adff3ca81a47a9afa7445f75fb9e00 (127.25.201.129). New cstate: current_term: 1 leader_uuid: "a6adff3ca81a47a9afa7445f75fb9e00" committed_config { opid_index: -1 OBSOLETE_local: false peers { permanent_uuid: "a6adff3ca81a47a9afa7445f75fb9e00" member_type: VOTER last_known_addr { host: "127.25.201.129" port: 40217 } health_report { overall_health: HEALTHY } } peers { permanent_uuid: "2d80c586944343b39c9b3edae37c9c2c" member_type: VOTER last_known_addr { host: "127.25.201.130" port: 46303 } health_report { overall_health: UNKNOWN } } peers { permanent_uuid: "4fc1c13dde83469bb95aede8607b18c8" member_type: VOTER last_known_addr { host: "127.25.201.131" port: 33067 } health_report { overall_health: UNKNOWN } } }
I20260709 13:08:39.784410 27916 raft_consensus.cc:2804] T 53855d55d0a74cfa9f9cb5c506b573f9 P 2d80c586944343b39c9b3edae37c9c2c [term 0 FOLLOWER]: Leader pre-election won for term 1
I20260709 13:08:39.793406 27430 catalog_manager.cc:5697] T c5e1b6e3b5624e8c997be6908ecff27a P a6adff3ca81a47a9afa7445f75fb9e00 reported cstate change: term changed from 0 to 1, leader changed from <none> to a6adff3ca81a47a9afa7445f75fb9e00 (127.25.201.129). New cstate: current_term: 1 leader_uuid: "a6adff3ca81a47a9afa7445f75fb9e00" committed_config { opid_index: -1 OBSOLETE_local: false peers { permanent_uuid: "a6adff3ca81a47a9afa7445f75fb9e00" member_type: VOTER last_known_addr { host: "127.25.201.129" port: 40217 } health_report { overall_health: HEALTHY } } peers { permanent_uuid: "2d80c586944343b39c9b3edae37c9c2c" member_type: VOTER last_known_addr { host: "127.25.201.130" port: 46303 } health_report { overall_health: UNKNOWN } } peers { permanent_uuid: "4fc1c13dde83469bb95aede8607b18c8" member_type: VOTER last_known_addr { host: "127.25.201.131" port: 33067 } health_report { overall_health: UNKNOWN } } }
I20260709 13:08:39.796003 27575 leader_election.cc:304] T e67a3bcf069745fa8e2482fa4d9627dc P 2d80c586944343b39c9b3edae37c9c2c [CANDIDATE]: Term 1 election: Election decided. Result: candidate won. Election summary: received 2 responses out of 3 voters: 2 yes votes; 0 no votes. yes voters: 2d80c586944343b39c9b3edae37c9c2c, 4fc1c13dde83469bb95aede8607b18c8; no voters: 
I20260709 13:08:39.793196 27916 raft_consensus.cc:493] T 53855d55d0a74cfa9f9cb5c506b573f9 P 2d80c586944343b39c9b3edae37c9c2c [term 0 FOLLOWER]: Starting leader election (no leader contacted us within the election timeout)
I20260709 13:08:39.811110 27916 raft_consensus.cc:3060] T 53855d55d0a74cfa9f9cb5c506b573f9 P 2d80c586944343b39c9b3edae37c9c2c [term 0 FOLLOWER]: Advancing to term 1
I20260709 13:08:39.812901 27535 tablet_service.cc:1917] Received RequestConsensusVote() RPC: tablet_id: "53855d55d0a74cfa9f9cb5c506b573f9" candidate_uuid: "2d80c586944343b39c9b3edae37c9c2c" candidate_term: 1 candidate_status { last_received { term: 0 index: 0 } } ignore_live_leader: false dest_uuid: "a6adff3ca81a47a9afa7445f75fb9e00" is_pre_election: true
I20260709 13:08:39.813686 27535 raft_consensus.cc:2468] T 53855d55d0a74cfa9f9cb5c506b573f9 P a6adff3ca81a47a9afa7445f75fb9e00 [term 0 FOLLOWER]: Leader pre-election vote request: Granting yes vote for candidate 2d80c586944343b39c9b3edae37c9c2c in term 0.
I20260709 13:08:39.811295 27531 tablet_service.cc:1917] Received RequestConsensusVote() RPC: tablet_id: "53855d55d0a74cfa9f9cb5c506b573f9" candidate_uuid: "4fc1c13dde83469bb95aede8607b18c8" candidate_term: 1 candidate_status { last_received { term: 0 index: 0 } } ignore_live_leader: false dest_uuid: "a6adff3ca81a47a9afa7445f75fb9e00" is_pre_election: true
I20260709 13:08:39.799039 27903 leader_election.cc:290] T 53855d55d0a74cfa9f9cb5c506b573f9 P 4fc1c13dde83469bb95aede8607b18c8 [CANDIDATE]: Term 1 pre-election: Requested pre-vote from peers a6adff3ca81a47a9afa7445f75fb9e00 (127.25.201.129:40217), 2d80c586944343b39c9b3edae37c9c2c (127.25.201.130:46303)
I20260709 13:08:39.815639 27531 raft_consensus.cc:2468] T 53855d55d0a74cfa9f9cb5c506b573f9 P a6adff3ca81a47a9afa7445f75fb9e00 [term 0 FOLLOWER]: Leader pre-election vote request: Granting yes vote for candidate 4fc1c13dde83469bb95aede8607b18c8 in term 0.
I20260709 13:08:39.824064 27969 raft_consensus.cc:493] T fca6fb3cf83e4e81adce949bc309a498 P 2d80c586944343b39c9b3edae37c9c2c [term 0 FOLLOWER]: Starting pre-election (no leader contacted us within the election timeout)
I20260709 13:08:39.826785 27970 raft_consensus.cc:2804] T e67a3bcf069745fa8e2482fa4d9627dc P 2d80c586944343b39c9b3edae37c9c2c [term 1 FOLLOWER]: Leader election won for term 1
I20260709 13:08:39.836422 27650 leader_election.cc:304] T 53855d55d0a74cfa9f9cb5c506b573f9 P 4fc1c13dde83469bb95aede8607b18c8 [CANDIDATE]: Term 1 pre-election: Election decided. Result: candidate won. Election summary: received 2 responses out of 3 voters: 2 yes votes; 0 no votes. yes voters: 4fc1c13dde83469bb95aede8607b18c8, a6adff3ca81a47a9afa7445f75fb9e00; no voters: 
I20260709 13:08:39.833243 27969 raft_consensus.cc:515] T fca6fb3cf83e4e81adce949bc309a498 P 2d80c586944343b39c9b3edae37c9c2c [term 0 FOLLOWER]: Starting pre-election with config: opid_index: -1 OBSOLETE_local: false peers { permanent_uuid: "a6adff3ca81a47a9afa7445f75fb9e00" member_type: VOTER last_known_addr { host: "127.25.201.129" port: 40217 } } peers { permanent_uuid: "2d80c586944343b39c9b3edae37c9c2c" member_type: VOTER last_known_addr { host: "127.25.201.130" port: 46303 } } peers { permanent_uuid: "4fc1c13dde83469bb95aede8607b18c8" member_type: VOTER last_known_addr { host: "127.25.201.131" port: 33067 } }
I20260709 13:08:39.839128 27903 raft_consensus.cc:2804] T 53855d55d0a74cfa9f9cb5c506b573f9 P 4fc1c13dde83469bb95aede8607b18c8 [term 0 FOLLOWER]: Leader pre-election won for term 1
I20260709 13:08:39.839562 27903 raft_consensus.cc:493] T 53855d55d0a74cfa9f9cb5c506b573f9 P 4fc1c13dde83469bb95aede8607b18c8 [term 0 FOLLOWER]: Starting leader election (no leader contacted us within the election timeout)
I20260709 13:08:39.839938 27903 raft_consensus.cc:3060] T 53855d55d0a74cfa9f9cb5c506b573f9 P 4fc1c13dde83469bb95aede8607b18c8 [term 0 FOLLOWER]: Advancing to term 1
I20260709 13:08:39.840010 27966 consensus_queue.cc:1048] T 31f8091b8cb6446d9d14b5588325bce8 P a6adff3ca81a47a9afa7445f75fb9e00 [LEADER]: Connected to new peer: Peer: permanent_uuid: "4fc1c13dde83469bb95aede8607b18c8" member_type: VOTER last_known_addr { host: "127.25.201.131" port: 33067 }, Status: LMP_MISMATCH, Last received: 0.0, Next index: 1, Last known committed idx: 0, Time since last communication: 0.002s
I20260709 13:08:39.839148 27725 tablet_bootstrap.cc:492] T 29821e1e1a484d638b61ec047e358015 P a6adff3ca81a47a9afa7445f75fb9e00: Bootstrap starting.
I20260709 13:08:39.841807 27970 raft_consensus.cc:697] T e67a3bcf069745fa8e2482fa4d9627dc P 2d80c586944343b39c9b3edae37c9c2c [term 1 LEADER]: Becoming Leader. State: Replica: 2d80c586944343b39c9b3edae37c9c2c, State: Running, Role: LEADER
