I20260709 13:08:41.102734 15217 tablet_service.cc:1917] Received RequestConsensusVote() RPC: tablet_id: "d9ad96a4427246759026b191284688d9" candidate_uuid: "937497c267e84226ae8389b561abc78e" candidate_term: 1 candidate_status { last_received { term: 0 index: 0 } } ignore_live_leader: false dest_uuid: "cf0e9ee8bfc3415291c8c930c76ebdac" is_pre_election: true
W20260709 13:08:41.104562 15112 leader_election.cc:343] T d9ad96a4427246759026b191284688d9 P 937497c267e84226ae8389b561abc78e [CANDIDATE]: Term 1 pre-election: Tablet error from VoteRequest() call to peer cf0e9ee8bfc3415291c8c930c76ebdac (127.13.149.131:45707): Illegal state: must be running to vote when last-logged opid is not known
I20260709 13:08:41.097426 15485 leader_election.cc:290] T d9ad96a4427246759026b191284688d9 P 937497c267e84226ae8389b561abc78e [CANDIDATE]: Term 1 pre-election: Requested pre-vote from peers a2cd9464909142caa01ea93ec8bc31cc (127.13.149.129:42753), cf0e9ee8bfc3415291c8c930c76ebdac (127.13.149.131:45707)
I20260709 13:08:41.108752 15068 tablet_service.cc:1917] Received RequestConsensusVote() RPC: tablet_id: "d9ad96a4427246759026b191284688d9" candidate_uuid: "937497c267e84226ae8389b561abc78e" candidate_term: 1 candidate_status { last_received { term: 0 index: 0 } } ignore_live_leader: false dest_uuid: "a2cd9464909142caa01ea93ec8bc31cc" is_pre_election: true
I20260709 13:08:41.109407 15068 raft_consensus.cc:2468] T d9ad96a4427246759026b191284688d9 P a2cd9464909142caa01ea93ec8bc31cc [term 0 FOLLOWER]: Leader pre-election vote request: Granting yes vote for candidate 937497c267e84226ae8389b561abc78e in term 0.
I20260709 13:08:41.111208 15261 tablet_bootstrap.cc:654] T 36865a55caad4a82a040ae1c62173683 P a2cd9464909142caa01ea93ec8bc31cc: Neither blocks nor log segments found. Creating new log.
I20260709 13:08:41.111049 15110 leader_election.cc:304] T d9ad96a4427246759026b191284688d9 P 937497c267e84226ae8389b561abc78e [CANDIDATE]: Term 1 pre-election: Election decided. Result: candidate won. Election summary: received 3 responses out of 3 voters: 2 yes votes; 1 no votes. yes voters: 937497c267e84226ae8389b561abc78e, a2cd9464909142caa01ea93ec8bc31cc; no voters: cf0e9ee8bfc3415291c8c930c76ebdac
I20260709 13:08:41.112778 15485 raft_consensus.cc:2804] T d9ad96a4427246759026b191284688d9 P 937497c267e84226ae8389b561abc78e [term 0 FOLLOWER]: Leader pre-election won for term 1
I20260709 13:08:41.113572 15485 raft_consensus.cc:493] T d9ad96a4427246759026b191284688d9 P 937497c267e84226ae8389b561abc78e [term 0 FOLLOWER]: Starting leader election (no leader contacted us within the election timeout)
I20260709 13:08:41.113965 15485 raft_consensus.cc:3060] T d9ad96a4427246759026b191284688d9 P 937497c267e84226ae8389b561abc78e [term 0 FOLLOWER]: Advancing to term 1
I20260709 13:08:41.135123 15263 tablet_bootstrap.cc:492] T 3302812b292b44168d2003327cfb197c P cf0e9ee8bfc3415291c8c930c76ebdac: No bootstrap required, opened a new log
I20260709 13:08:41.135597 15263 ts_tablet_manager.cc:1403] T 3302812b292b44168d2003327cfb197c P cf0e9ee8bfc3415291c8c930c76ebdac: Time spent bootstrapping tablet: real 0.121s	user 0.009s	sys 0.006s
I20260709 13:08:41.157526 15264 tablet_bootstrap.cc:654] T 7ad8a0c3ef014721b32ed8d64caf3ac5 P 937497c267e84226ae8389b561abc78e: Neither blocks nor log segments found. Creating new log.
I20260709 13:08:41.165495 15485 raft_consensus.cc:515] T d9ad96a4427246759026b191284688d9 P 937497c267e84226ae8389b561abc78e [term 1 FOLLOWER]: Starting leader election with config: opid_index: -1 OBSOLETE_local: false peers { permanent_uuid: "a2cd9464909142caa01ea93ec8bc31cc" member_type: VOTER last_known_addr { host: "127.13.149.129" port: 42753 } } peers { permanent_uuid: "937497c267e84226ae8389b561abc78e" member_type: VOTER last_known_addr { host: "127.13.149.130" port: 32883 } } peers { permanent_uuid: "cf0e9ee8bfc3415291c8c930c76ebdac" member_type: VOTER last_known_addr { host: "127.13.149.131" port: 45707 } }
I20260709 13:08:41.168807 15068 tablet_service.cc:1917] Received RequestConsensusVote() RPC: tablet_id: "d9ad96a4427246759026b191284688d9" candidate_uuid: "937497c267e84226ae8389b561abc78e" candidate_term: 1 candidate_status { last_received { term: 0 index: 0 } } ignore_live_leader: false dest_uuid: "a2cd9464909142caa01ea93ec8bc31cc"
I20260709 13:08:41.169453 15068 raft_consensus.cc:3060] T d9ad96a4427246759026b191284688d9 P a2cd9464909142caa01ea93ec8bc31cc [term 0 FOLLOWER]: Advancing to term 1
I20260709 13:08:41.177774 14970 catalog_manager.cc:5697] T c0d425d8262f4d569b45402d5457c73a P cf0e9ee8bfc3415291c8c930c76ebdac reported cstate change: term changed from 0 to 1, leader changed from <none> to cf0e9ee8bfc3415291c8c930c76ebdac (127.13.149.131). New cstate: current_term: 1 leader_uuid: "cf0e9ee8bfc3415291c8c930c76ebdac" committed_config { opid_index: -1 OBSOLETE_local: false peers { permanent_uuid: "a2cd9464909142caa01ea93ec8bc31cc" member_type: VOTER last_known_addr { host: "127.13.149.129" port: 42753 } health_report { overall_health: UNKNOWN } } peers { permanent_uuid: "937497c267e84226ae8389b561abc78e" member_type: VOTER last_known_addr { host: "127.13.149.130" port: 32883 } health_report { overall_health: UNKNOWN } } peers { permanent_uuid: "cf0e9ee8bfc3415291c8c930c76ebdac" member_type: VOTER last_known_addr { host: "127.13.149.131" port: 45707 } health_report { overall_health: HEALTHY } } }
I20260709 13:08:41.179286 15068 raft_consensus.cc:2468] T d9ad96a4427246759026b191284688d9 P a2cd9464909142caa01ea93ec8bc31cc [term 1 FOLLOWER]: Leader election vote request: Granting yes vote for candidate 937497c267e84226ae8389b561abc78e in term 1.
I20260709 13:08:41.180867 15110 leader_election.cc:304] T d9ad96a4427246759026b191284688d9 P 937497c267e84226ae8389b561abc78e [CANDIDATE]: Term 1 election: Election decided. Result: candidate won. Election summary: received 2 responses out of 3 voters: 2 yes votes; 0 no votes. yes voters: 937497c267e84226ae8389b561abc78e, a2cd9464909142caa01ea93ec8bc31cc; no voters: 
I20260709 13:08:41.180786 15263 raft_consensus.cc:359] T 3302812b292b44168d2003327cfb197c P cf0e9ee8bfc3415291c8c930c76ebdac [term 0 FOLLOWER]: Replica starting. Triggering 0 pending ops. Active config: opid_index: -1 OBSOLETE_local: false peers { permanent_uuid: "a2cd9464909142caa01ea93ec8bc31cc" member_type: VOTER last_known_addr { host: "127.13.149.129" port: 42753 } } peers { permanent_uuid: "937497c267e84226ae8389b561abc78e" member_type: VOTER last_known_addr { host: "127.13.149.130" port: 32883 } } peers { permanent_uuid: "cf0e9ee8bfc3415291c8c930c76ebdac" member_type: VOTER last_known_addr { host: "127.13.149.131" port: 45707 } }
I20260709 13:08:41.181741 15269 raft_consensus.cc:2804] T d9ad96a4427246759026b191284688d9 P 937497c267e84226ae8389b561abc78e [term 1 FOLLOWER]: Leader election won for term 1
I20260709 13:08:41.181536 15263 raft_consensus.cc:385] T 3302812b292b44168d2003327cfb197c P cf0e9ee8bfc3415291c8c930c76ebdac [term 0 FOLLOWER]: Consensus starting up: Expiring failure detector timer to make a prompt election more likely
I20260709 13:08:41.182339 15263 raft_consensus.cc:740] T 3302812b292b44168d2003327cfb197c P cf0e9ee8bfc3415291c8c930c76ebdac [term 0 FOLLOWER]: Becoming Follower/Learner. State: Replica: cf0e9ee8bfc3415291c8c930c76ebdac, State: Initialized, Role: FOLLOWER
I20260709 13:08:41.183784 15269 raft_consensus.cc:697] T d9ad96a4427246759026b191284688d9 P 937497c267e84226ae8389b561abc78e [term 1 LEADER]: Becoming Leader. State: Replica: 937497c267e84226ae8389b561abc78e, State: Running, Role: LEADER
I20260709 13:08:41.184798 15269 consensus_queue.cc:237] T d9ad96a4427246759026b191284688d9 P 937497c267e84226ae8389b561abc78e [LEADER]: Queue going to LEADER mode. State: All replicated index: 0, Majority replicated index: 0, Committed index: 0, Last appended: 0.0, Last appended by leader: 0, Current term: 1, Majority size: 2, State: 0, Mode: LEADER, active raft config: opid_index: -1 OBSOLETE_local: false peers { permanent_uuid: "a2cd9464909142caa01ea93ec8bc31cc" member_type: VOTER last_known_addr { host: "127.13.149.129" port: 42753 } } peers { permanent_uuid: "937497c267e84226ae8389b561abc78e" member_type: VOTER last_known_addr { host: "127.13.149.130" port: 32883 } } peers { permanent_uuid: "cf0e9ee8bfc3415291c8c930c76ebdac" member_type: VOTER last_known_addr { host: "127.13.149.131" port: 45707 } }
I20260709 13:08:41.185353 15485 leader_election.cc:290] T d9ad96a4427246759026b191284688d9 P 937497c267e84226ae8389b561abc78e [CANDIDATE]: Term 1 election: Requested vote from peers a2cd9464909142caa01ea93ec8bc31cc (127.13.149.129:42753), cf0e9ee8bfc3415291c8c930c76ebdac (127.13.149.131:45707)
I20260709 13:08:41.186013 15263 consensus_queue.cc:260] T 3302812b292b44168d2003327cfb197c P cf0e9ee8bfc3415291c8c930c76ebdac [NON_LEADER]: Queue going to NON_LEADER mode. State: All replicated index: 0, Majority replicated index: 0, Committed index: 0, Last appended: 0.0, Last appended by leader: 0, Current term: 0, Majority size: -1, State: 0, Mode: NON_LEADER, active raft config: opid_index: -1 OBSOLETE_local: false peers { permanent_uuid: "a2cd9464909142caa01ea93ec8bc31cc" member_type: VOTER last_known_addr { host: "127.13.149.129" port: 42753 } } peers { permanent_uuid: "937497c267e84226ae8389b561abc78e" member_type: VOTER last_known_addr { host: "127.13.149.130" port: 32883 } } peers { permanent_uuid: "cf0e9ee8bfc3415291c8c930c76ebdac" member_type: VOTER last_known_addr { host: "127.13.149.131" port: 45707 } }
I20260709 13:08:41.186956 15218 tablet_service.cc:1917] Received RequestConsensusVote() RPC: tablet_id: "d9ad96a4427246759026b191284688d9" candidate_uuid: "937497c267e84226ae8389b561abc78e" candidate_term: 1 candidate_status { last_received { term: 0 index: 0 } } ignore_live_leader: false dest_uuid: "cf0e9ee8bfc3415291c8c930c76ebdac"
I20260709 13:08:41.187601 14969 catalog_manager.cc:5697] T d20374f52ba445528b7caafc58184e11 P 937497c267e84226ae8389b561abc78e reported cstate change: term changed from 0 to 1, leader changed from <none> to 937497c267e84226ae8389b561abc78e (127.13.149.130). New cstate: current_term: 1 leader_uuid: "937497c267e84226ae8389b561abc78e" committed_config { opid_index: -1 OBSOLETE_local: false peers { permanent_uuid: "a2cd9464909142caa01ea93ec8bc31cc" member_type: VOTER last_known_addr { host: "127.13.149.129" port: 42753 } health_report { overall_health: UNKNOWN } } peers { permanent_uuid: "937497c267e84226ae8389b561abc78e" member_type: VOTER last_known_addr { host: "127.13.149.130" port: 32883 } health_report { overall_health: HEALTHY } } peers { permanent_uuid: "cf0e9ee8bfc3415291c8c930c76ebdac" member_type: VOTER last_known_addr { host: "127.13.149.131" port: 45707 } health_report { overall_health: UNKNOWN } } }
W20260709 13:08:41.188614 15112 leader_election.cc:343] T d9ad96a4427246759026b191284688d9 P 937497c267e84226ae8389b561abc78e [CANDIDATE]: Term 1 election: Tablet error from VoteRequest() call to peer cf0e9ee8bfc3415291c8c930c76ebdac (127.13.149.131:45707): Illegal state: must be running to vote when last-logged opid is not known
I20260709 13:08:41.189406 15261 tablet_bootstrap.cc:492] T 36865a55caad4a82a040ae1c62173683 P a2cd9464909142caa01ea93ec8bc31cc: No bootstrap required, opened a new log
I20260709 13:08:41.190689 15261 ts_tablet_manager.cc:1403] T 36865a55caad4a82a040ae1c62173683 P a2cd9464909142caa01ea93ec8bc31cc: Time spent bootstrapping tablet: real 0.092s	user 0.018s	sys 0.008s
I20260709 13:08:41.189590 15263 ts_tablet_manager.cc:1434] T 3302812b292b44168d2003327cfb197c P cf0e9ee8bfc3415291c8c930c76ebdac: Time spent starting tablet: real 0.047s	user 0.005s	sys 0.001s
I20260709 13:08:41.192057 15263 tablet_bootstrap.cc:492] T 77eb18eaaa7d4aae800c0a12b4a7e9ee P cf0e9ee8bfc3415291c8c930c76ebdac: Bootstrap starting.
I20260709 13:08:41.208074 15488 consensus_queue.cc:1048] T e435f3d112db4874b8fa570c5a884c6d P 937497c267e84226ae8389b561abc78e [LEADER]: Connected to new peer: Peer: permanent_uuid: "a2cd9464909142caa01ea93ec8bc31cc" member_type: VOTER last_known_addr { host: "127.13.149.129" port: 42753 }, Status: LMP_MISMATCH, Last received: 0.0, Next index: 1, Last known committed idx: 0, Time since last communication: 0.001s
I20260709 13:08:41.212973 15264 tablet_bootstrap.cc:492] T 7ad8a0c3ef014721b32ed8d64caf3ac5 P 937497c267e84226ae8389b561abc78e: No bootstrap required, opened a new log
I20260709 13:08:41.213366 15263 tablet_bootstrap.cc:654] T 77eb18eaaa7d4aae800c0a12b4a7e9ee P cf0e9ee8bfc3415291c8c930c76ebdac: Neither blocks nor log segments found. Creating new log.
I20260709 13:08:41.213505 15264 ts_tablet_manager.cc:1403] T 7ad8a0c3ef014721b32ed8d64caf3ac5 P 937497c267e84226ae8389b561abc78e: Time spent bootstrapping tablet: real 0.125s	user 0.017s	sys 0.010s
I20260709 13:08:41.214075 15261 raft_consensus.cc:359] T 36865a55caad4a82a040ae1c62173683 P a2cd9464909142caa01ea93ec8bc31cc [term 0 FOLLOWER]: Replica starting. Triggering 0 pending ops. Active config: opid_index: -1 OBSOLETE_local: false peers { permanent_uuid: "a2cd9464909142caa01ea93ec8bc31cc" member_type: VOTER last_known_addr { host: "127.13.149.129" port: 42753 } } peers { permanent_uuid: "937497c267e84226ae8389b561abc78e" member_type: VOTER last_known_addr { host: "127.13.149.130" port: 32883 } } peers { permanent_uuid: "cf0e9ee8bfc3415291c8c930c76ebdac" member_type: VOTER last_known_addr { host: "127.13.149.131" port: 45707 } }
I20260709 13:08:41.216431 15264 raft_consensus.cc:359] T 7ad8a0c3ef014721b32ed8d64caf3ac5 P 937497c267e84226ae8389b561abc78e [term 0 FOLLOWER]: Replica starting. Triggering 0 pending ops. Active config: opid_index: -1 OBSOLETE_local: false peers { permanent_uuid: "a2cd9464909142caa01ea93ec8bc31cc" member_type: VOTER last_known_addr { host: "127.13.149.129" port: 42753 } } peers { permanent_uuid: "937497c267e84226ae8389b561abc78e" member_type: VOTER last_known_addr { host: "127.13.149.130" port: 32883 } } peers { permanent_uuid: "cf0e9ee8bfc3415291c8c930c76ebdac" member_type: VOTER last_known_addr { host: "127.13.149.131" port: 45707 } }
I20260709 13:08:41.217166 15264 raft_consensus.cc:385] T 7ad8a0c3ef014721b32ed8d64caf3ac5 P 937497c267e84226ae8389b561abc78e [term 0 FOLLOWER]: Consensus starting up: Expiring failure detector timer to make a prompt election more likely
I20260709 13:08:41.217466 15264 raft_consensus.cc:740] T 7ad8a0c3ef014721b32ed8d64caf3ac5 P 937497c267e84226ae8389b561abc78e [term 0 FOLLOWER]: Becoming Follower/Learner. State: Replica: 937497c267e84226ae8389b561abc78e, State: Initialized, Role: FOLLOWER
I20260709 13:08:41.218192 15264 consensus_queue.cc:260] T 7ad8a0c3ef014721b32ed8d64caf3ac5 P 937497c267e84226ae8389b561abc78e [NON_LEADER]: Queue going to NON_LEADER mode. State: All replicated index: 0, Majority replicated index: 0, Committed index: 0, Last appended: 0.0, Last appended by leader: 0, Current term: 0, Majority size: -1, State: 0, Mode: NON_LEADER, active raft config: opid_index: -1 OBSOLETE_local: false peers { permanent_uuid: "a2cd9464909142caa01ea93ec8bc31cc" member_type: VOTER last_known_addr { host: "127.13.149.129" port: 42753 } } peers { permanent_uuid: "937497c267e84226ae8389b561abc78e" member_type: VOTER last_known_addr { host: "127.13.149.130" port: 32883 } } peers { permanent_uuid: "cf0e9ee8bfc3415291c8c930c76ebdac" member_type: VOTER last_known_addr { host: "127.13.149.131" port: 45707 } }
I20260709 13:08:41.214828 15261 raft_consensus.cc:385] T 36865a55caad4a82a040ae1c62173683 P a2cd9464909142caa01ea93ec8bc31cc [term 0 FOLLOWER]: Consensus starting up: Expiring failure detector timer to make a prompt election more likely
I20260709 13:08:41.220055 15261 raft_consensus.cc:740] T 36865a55caad4a82a040ae1c62173683 P a2cd9464909142caa01ea93ec8bc31cc [term 0 FOLLOWER]: Becoming Follower/Learner. State: Replica: a2cd9464909142caa01ea93ec8bc31cc, State: Initialized, Role: FOLLOWER
I20260709 13:08:41.220395 15264 ts_tablet_manager.cc:1434] T 7ad8a0c3ef014721b32ed8d64caf3ac5 P 937497c267e84226ae8389b561abc78e: Time spent starting tablet: real 0.006s	user 0.006s	sys 0.000s
I20260709 13:08:41.220856 15261 consensus_queue.cc:260] T 36865a55caad4a82a040ae1c62173683 P a2cd9464909142caa01ea93ec8bc31cc [NON_LEADER]: Queue going to NON_LEADER mode. State: All replicated index: 0, Majority replicated index: 0, Committed index: 0, Last appended: 0.0, Last appended by leader: 0, Current term: 0, Majority size: -1, State: 0, Mode: NON_LEADER, active raft config: opid_index: -1 OBSOLETE_local: false peers { permanent_uuid: "a2cd9464909142caa01ea93ec8bc31cc" member_type: VOTER last_known_addr { host: "127.13.149.129" port: 42753 } } peers { permanent_uuid: "937497c267e84226ae8389b561abc78e" member_type: VOTER last_known_addr { host: "127.13.149.130" port: 32883 } } peers { permanent_uuid: "cf0e9ee8bfc3415291c8c930c76ebdac" member_type: VOTER last_known_addr { host: "127.13.149.131" port: 45707 } }
I20260709 13:08:41.221453 15264 tablet_bootstrap.cc:492] T c0d425d8262f4d569b45402d5457c73a P 937497c267e84226ae8389b561abc78e: Bootstrap starting.
I20260709 13:08:41.201241 14969 catalog_manager.cc:5697] T 90f78a3c901241ad92dc493c3954a254 P 937497c267e84226ae8389b561abc78e reported cstate change: term changed from 0 to 1, leader changed from <none> to 937497c267e84226ae8389b561abc78e (127.13.149.130). New cstate: current_term: 1 leader_uuid: "937497c267e84226ae8389b561abc78e" committed_config { opid_index: -1 OBSOLETE_local: false peers { permanent_uuid: "a2cd9464909142caa01ea93ec8bc31cc" member_type: VOTER last_known_addr { host: "127.13.149.129" port: 42753 } health_report { overall_health: UNKNOWN } } peers { permanent_uuid: "937497c267e84226ae8389b561abc78e" member_type: VOTER last_known_addr { host: "127.13.149.130" port: 32883 } health_report { overall_health: HEALTHY } } peers { permanent_uuid: "cf0e9ee8bfc3415291c8c930c76ebdac" member_type: VOTER last_known_addr { host: "127.13.149.131" port: 45707 } health_report { overall_health: UNKNOWN } } }
I20260709 13:08:41.231998 15264 tablet_bootstrap.cc:654] T c0d425d8262f4d569b45402d5457c73a P 937497c267e84226ae8389b561abc78e: Neither blocks nor log segments found. Creating new log.
I20260709 13:08:41.263005 15263 tablet_bootstrap.cc:492] T 77eb18eaaa7d4aae800c0a12b4a7e9ee P cf0e9ee8bfc3415291c8c930c76ebdac: No bootstrap required, opened a new log
I20260709 13:08:41.296232 15263 ts_tablet_manager.cc:1403] T 77eb18eaaa7d4aae800c0a12b4a7e9ee P cf0e9ee8bfc3415291c8c930c76ebdac: Time spent bootstrapping tablet: real 0.104s	user 0.022s	sys 0.025s
I20260709 13:08:41.224946 15261 ts_tablet_manager.cc:1434] T 36865a55caad4a82a040ae1c62173683 P a2cd9464909142caa01ea93ec8bc31cc: Time spent starting tablet: real 0.034s	user 0.006s	sys 0.001s
I20260709 13:08:41.301409 15261 tablet_bootstrap.cc:492] T 012a77688f5e4f34be1c785510a9248b P a2cd9464909142caa01ea93ec8bc31cc: Bootstrap starting.
I20260709 13:08:41.285487 14969 catalog_manager.cc:5697] T d9ad96a4427246759026b191284688d9 P 937497c267e84226ae8389b561abc78e reported cstate change: term changed from 0 to 1, leader changed from <none> to 937497c267e84226ae8389b561abc78e (127.13.149.130). New cstate: current_term: 1 leader_uuid: "937497c267e84226ae8389b561abc78e" committed_config { opid_index: -1 OBSOLETE_local: false peers { permanent_uuid: "a2cd9464909142caa01ea93ec8bc31cc" member_type: VOTER last_known_addr { host: "127.13.149.129" port: 42753 } health_report { overall_health: UNKNOWN } } peers { permanent_uuid: "937497c267e84226ae8389b561abc78e" member_type: VOTER last_known_addr { host: "127.13.149.130" port: 32883 } health_report { overall_health: HEALTHY } } peers { permanent_uuid: "cf0e9ee8bfc3415291c8c930c76ebdac" member_type: VOTER last_known_addr { host: "127.13.149.131" port: 45707 } health_report { overall_health: UNKNOWN } } }
I20260709 13:08:41.305265 15263 raft_consensus.cc:359] T 77eb18eaaa7d4aae800c0a12b4a7e9ee P cf0e9ee8bfc3415291c8c930c76ebdac [term 0 FOLLOWER]: Replica starting. Triggering 0 pending ops. Active config: opid_index: -1 OBSOLETE_local: false peers { permanent_uuid: "a2cd9464909142caa01ea93ec8bc31cc" member_type: VOTER last_known_addr { host: "127.13.149.129" port: 42753 } } peers { permanent_uuid: "937497c267e84226ae8389b561abc78e" member_type: VOTER last_known_addr { host: "127.13.149.130" port: 32883 } } peers { permanent_uuid: "cf0e9ee8bfc3415291c8c930c76ebdac" member_type: VOTER last_known_addr { host: "127.13.149.131" port: 45707 } }
I20260709 13:08:41.306051 15263 raft_consensus.cc:385] T 77eb18eaaa7d4aae800c0a12b4a7e9ee P cf0e9ee8bfc3415291c8c930c76ebdac [term 0 FOLLOWER]: Consensus starting up: Expiring failure detector timer to make a prompt election more likely
I20260709 13:08:41.288930 15269 consensus_queue.cc:1048] T e435f3d112db4874b8fa570c5a884c6d P 937497c267e84226ae8389b561abc78e [LEADER]: Connected to new peer: Peer: permanent_uuid: "cf0e9ee8bfc3415291c8c930c76ebdac" member_type: VOTER last_known_addr { host: "127.13.149.131" port: 45707 }, Status: LMP_MISMATCH, Last received: 0.0, Next index: 1, Last known committed idx: 0, Time since last communication: 0.007s
I20260709 13:08:41.306411 15263 raft_consensus.cc:740] T 77eb18eaaa7d4aae800c0a12b4a7e9ee P cf0e9ee8bfc3415291c8c930c76ebdac [term 0 FOLLOWER]: Becoming Follower/Learner. State: Replica: cf0e9ee8bfc3415291c8c930c76ebdac, State: Initialized, Role: FOLLOWER
I20260709 13:08:41.311761 15263 consensus_queue.cc:260] T 77eb18eaaa7d4aae800c0a12b4a7e9ee P cf0e9ee8bfc3415291c8c930c76ebdac [NON_LEADER]: Queue going to NON_LEADER mode. State: All replicated index: 0, Majority replicated index: 0, Committed index: 0, Last appended: 0.0, Last appended by leader: 0, Current term: 0, Majority size: -1, State: 0, Mode: NON_LEADER, active raft config: opid_index: -1 OBSOLETE_local: false peers { permanent_uuid: "a2cd9464909142caa01ea93ec8bc31cc" member_type: VOTER last_known_addr { host: "127.13.149.129" port: 42753 } } peers { permanent_uuid: "937497c267e84226ae8389b561abc78e" member_type: VOTER last_known_addr { host: "127.13.149.130" port: 32883 } } peers { permanent_uuid: "cf0e9ee8bfc3415291c8c930c76ebdac" member_type: VOTER last_known_addr { host: "127.13.149.131" port: 45707 } }
I20260709 13:08:41.318120 15263 ts_tablet_manager.cc:1434] T 77eb18eaaa7d4aae800c0a12b4a7e9ee P cf0e9ee8bfc3415291c8c930c76ebdac: Time spent starting tablet: real 0.017s	user 0.006s	sys 0.000s
I20260709 13:08:41.322219 15263 tablet_bootstrap.cc:492] T 547861ea6aeb40b48073cd4fd62a5471 P cf0e9ee8bfc3415291c8c930c76ebdac: Bootstrap starting.
I20260709 13:08:41.324366 15220 raft_consensus.cc:3060] T 90f78a3c901241ad92dc493c3954a254 P cf0e9ee8bfc3415291c8c930c76ebdac [term 0 FOLLOWER]: Advancing to term 1
I20260709 13:08:41.327880 15264 tablet_bootstrap.cc:492] T c0d425d8262f4d569b45402d5457c73a P 937497c267e84226ae8389b561abc78e: No bootstrap required, opened a new log
I20260709 13:08:41.328400 15264 ts_tablet_manager.cc:1403] T c0d425d8262f4d569b45402d5457c73a P 937497c267e84226ae8389b561abc78e: Time spent bootstrapping tablet: real 0.107s	user 0.042s	sys 0.043s
I20260709 13:08:41.343883 15394 raft_consensus.cc:493] T 90f78a3c901241ad92dc493c3954a254 P cf0e9ee8bfc3415291c8c930c76ebdac [term 1 FOLLOWER]: Starting pre-election (no leader contacted us within the election timeout)
I20260709 13:08:41.343930 15261 tablet_bootstrap.cc:654] T 012a77688f5e4f34be1c785510a9248b P a2cd9464909142caa01ea93ec8bc31cc: Neither blocks nor log segments found. Creating new log.
I20260709 13:08:41.344801 15264 raft_consensus.cc:359] T c0d425d8262f4d569b45402d5457c73a P 937497c267e84226ae8389b561abc78e [term 0 FOLLOWER]: Replica starting. Triggering 0 pending ops. Active config: opid_index: -1 OBSOLETE_local: false peers { permanent_uuid: "a2cd9464909142caa01ea93ec8bc31cc" member_type: VOTER last_known_addr { host: "127.13.149.129" port: 42753 } } peers { permanent_uuid: "937497c267e84226ae8389b561abc78e" member_type: VOTER last_known_addr { host: "127.13.149.130" port: 32883 } } peers { permanent_uuid: "cf0e9ee8bfc3415291c8c930c76ebdac" member_type: VOTER last_known_addr { host: "127.13.149.131" port: 45707 } }
I20260709 13:08:41.345496 15264 raft_consensus.cc:385] T c0d425d8262f4d569b45402d5457c73a P 937497c267e84226ae8389b561abc78e [term 0 FOLLOWER]: Consensus starting up: Expiring failure detector timer to make a prompt election more likely
I20260709 13:08:41.346050 15264 raft_consensus.cc:740] T c0d425d8262f4d569b45402d5457c73a P 937497c267e84226ae8389b561abc78e [term 0 FOLLOWER]: Becoming Follower/Learner. State: Replica: 937497c267e84226ae8389b561abc78e, State: Initialized, Role: FOLLOWER
I20260709 13:08:41.346731 15264 consensus_queue.cc:260] T c0d425d8262f4d569b45402d5457c73a P 937497c267e84226ae8389b561abc78e [NON_LEADER]: Queue going to NON_LEADER mode. State: All replicated index: 0, Majority replicated index: 0, Committed index: 0, Last appended: 0.0, Last appended by leader: 0, Current term: 0, Majority size: -1, State: 0, Mode: NON_LEADER, active raft config: opid_index: -1 OBSOLETE_local: false peers { permanent_uuid: "a2cd9464909142caa01ea93ec8bc31cc" member_type: VOTER last_known_addr { host: "127.13.149.129" port: 42753 } } peers { permanent_uuid: "937497c267e84226ae8389b561abc78e" member_type: VOTER last_known_addr { host: "127.13.149.130" port: 32883 } } peers { permanent_uuid: "cf0e9ee8bfc3415291c8c930c76ebdac" member_type: VOTER last_known_addr { host: "127.13.149.131" port: 45707 } }
I20260709 13:08:41.344450 15394 raft_consensus.cc:515] T 90f78a3c901241ad92dc493c3954a254 P cf0e9ee8bfc3415291c8c930c76ebdac [term 1 FOLLOWER]: Starting pre-election with config: opid_index: -1 OBSOLETE_local: false peers { permanent_uuid: "a2cd9464909142caa01ea93ec8bc31cc" member_type: VOTER last_known_addr { host: "127.13.149.129" port: 42753 } } peers { permanent_uuid: "937497c267e84226ae8389b561abc78e" member_type: VOTER last_known_addr { host: "127.13.149.130" port: 32883 } } peers { permanent_uuid: "cf0e9ee8bfc3415291c8c930c76ebdac" member_type: VOTER last_known_addr { host: "127.13.149.131" port: 45707 } }
I20260709 13:08:41.349691 15264 ts_tablet_manager.cc:1434] T c0d425d8262f4d569b45402d5457c73a P 937497c267e84226ae8389b561abc78e: Time spent starting tablet: real 0.021s	user 0.009s	sys 0.000s
I20260709 13:08:41.352594 15071 tablet_service.cc:1917] Received RequestConsensusVote() RPC: tablet_id: "90f78a3c901241ad92dc493c3954a254" candidate_uuid: "cf0e9ee8bfc3415291c8c930c76ebdac" candidate_term: 2 candidate_status { last_received { term: 0 index: 0 } } ignore_live_leader: false dest_uuid: "a2cd9464909142caa01ea93ec8bc31cc" is_pre_election: true
I20260709 13:08:41.353235 15071 raft_consensus.cc:2468] T 90f78a3c901241ad92dc493c3954a254 P a2cd9464909142caa01ea93ec8bc31cc [term 1 FOLLOWER]: Leader pre-election vote request: Granting yes vote for candidate cf0e9ee8bfc3415291c8c930c76ebdac in term 1.
I20260709 13:08:41.354324 15485 consensus_queue.cc:1048] T 90f78a3c901241ad92dc493c3954a254 P 937497c267e84226ae8389b561abc78e [LEADER]: Connected to new peer: Peer: permanent_uuid: "a2cd9464909142caa01ea93ec8bc31cc" member_type: VOTER last_known_addr { host: "127.13.149.129" port: 42753 }, Status: LMP_MISMATCH, Last received: 0.0, Next index: 1, Last known committed idx: 0, Time since last communication: 0.000s
I20260709 13:08:41.352027 15394 leader_election.cc:290] T 90f78a3c901241ad92dc493c3954a254 P cf0e9ee8bfc3415291c8c930c76ebdac [CANDIDATE]: Term 2 pre-election: Requested pre-vote from peers a2cd9464909142caa01ea93ec8bc31cc (127.13.149.129:42753), 937497c267e84226ae8389b561abc78e (127.13.149.130:32883)
I20260709 13:08:41.354403 15184 leader_election.cc:304] T 90f78a3c901241ad92dc493c3954a254 P cf0e9ee8bfc3415291c8c930c76ebdac [CANDIDATE]: Term 2 pre-election: Election decided. Result: candidate won. Election summary: received 2 responses out of 3 voters: 2 yes votes; 0 no votes. yes voters: a2cd9464909142caa01ea93ec8bc31cc, cf0e9ee8bfc3415291c8c930c76ebdac; no voters: 
I20260709 13:08:41.357276 15485 consensus_queue.cc:1048] T 90f78a3c901241ad92dc493c3954a254 P 937497c267e84226ae8389b561abc78e [LEADER]: Connected to new peer: Peer: permanent_uuid: "cf0e9ee8bfc3415291c8c930c76ebdac" member_type: VOTER last_known_addr { host: "127.13.149.131" port: 45707 }, Status: LMP_MISMATCH, Last received: 0.0, Next index: 1, Last known committed idx: 0, Time since last communication: 0.001s
I20260709 13:08:41.359073 15145 tablet_service.cc:1917] Received RequestConsensusVote() RPC: tablet_id: "90f78a3c901241ad92dc493c3954a254" candidate_uuid: "cf0e9ee8bfc3415291c8c930c76ebdac" candidate_term: 2 candidate_status { last_received { term: 0 index: 0 } } ignore_live_leader: false dest_uuid: "937497c267e84226ae8389b561abc78e" is_pre_election: true
I20260709 13:08:41.361960 15329 raft_consensus.cc:493] T 3302812b292b44168d2003327cfb197c P a2cd9464909142caa01ea93ec8bc31cc [term 0 FOLLOWER]: Starting pre-election (no leader contacted us within the election timeout)
I20260709 13:08:41.362480 15329 raft_consensus.cc:515] T 3302812b292b44168d2003327cfb197c P a2cd9464909142caa01ea93ec8bc31cc [term 0 FOLLOWER]: Starting pre-election with config: opid_index: -1 OBSOLETE_local: false peers { permanent_uuid: "a2cd9464909142caa01ea93ec8bc31cc" member_type: VOTER last_known_addr { host: "127.13.149.129" port: 42753 } } peers { permanent_uuid: "937497c267e84226ae8389b561abc78e" member_type: VOTER last_known_addr { host: "127.13.149.130" port: 32883 } } peers { permanent_uuid: "cf0e9ee8bfc3415291c8c930c76ebdac" member_type: VOTER last_known_addr { host: "127.13.149.131" port: 45707 } }
I20260709 13:08:41.359634 15394 raft_consensus.cc:2804] T 90f78a3c901241ad92dc493c3954a254 P cf0e9ee8bfc3415291c8c930c76ebdac [term 1 FOLLOWER]: Leader pre-election won for term 2
I20260709 13:08:41.364886 15329 leader_election.cc:290] T 3302812b292b44168d2003327cfb197c P a2cd9464909142caa01ea93ec8bc31cc [CANDIDATE]: Term 1 pre-election: Requested pre-vote from peers 937497c267e84226ae8389b561abc78e (127.13.149.130:32883), cf0e9ee8bfc3415291c8c930c76ebdac (127.13.149.131:45707)
I20260709 13:08:41.366447 15145 tablet_service.cc:1917] Received RequestConsensusVote() RPC: tablet_id: "3302812b292b44168d2003327cfb197c" candidate_uuid: "a2cd9464909142caa01ea93ec8bc31cc" candidate_term: 1 candidate_status { last_received { term: 0 index: 0 } } ignore_live_leader: false dest_uuid: "937497c267e84226ae8389b561abc78e" is_pre_election: true
W20260709 13:08:41.368526 15037 leader_election.cc:343] T 3302812b292b44168d2003327cfb197c P a2cd9464909142caa01ea93ec8bc31cc [CANDIDATE]: Term 1 pre-election: Tablet error from VoteRequest() call to peer 937497c267e84226ae8389b561abc78e (127.13.149.130:32883): Illegal state: must be running to vote when last-logged opid is not known
I20260709 13:08:41.369517 15329 raft_consensus.cc:493] T 36865a55caad4a82a040ae1c62173683 P a2cd9464909142caa01ea93ec8bc31cc [term 0 FOLLOWER]: Starting pre-election (no leader contacted us within the election timeout)
I20260709 13:08:41.370007 15329 raft_consensus.cc:515] T 36865a55caad4a82a040ae1c62173683 P a2cd9464909142caa01ea93ec8bc31cc [term 0 FOLLOWER]: Starting pre-election with config: opid_index: -1 OBSOLETE_local: false peers { permanent_uuid: "a2cd9464909142caa01ea93ec8bc31cc" member_type: VOTER last_known_addr { host: "127.13.149.129" port: 42753 } } peers { permanent_uuid: "937497c267e84226ae8389b561abc78e" member_type: VOTER last_known_addr { host: "127.13.149.130" port: 32883 } } peers { permanent_uuid: "cf0e9ee8bfc3415291c8c930c76ebdac" member_type: VOTER last_known_addr { host: "127.13.149.131" port: 45707 } }
I20260709 13:08:41.372095 15329 leader_election.cc:290] T 36865a55caad4a82a040ae1c62173683 P a2cd9464909142caa01ea93ec8bc31cc [CANDIDATE]: Term 1 pre-election: Requested pre-vote from peers 937497c267e84226ae8389b561abc78e (127.13.149.130:32883), cf0e9ee8bfc3415291c8c930c76ebdac (127.13.149.131:45707)
I20260709 13:08:41.372124 15264 tablet_bootstrap.cc:492] T 51d15af3f76e4c02bafec17e9aa82a14 P 937497c267e84226ae8389b561abc78e: Bootstrap starting.
I20260709 13:08:41.373867 15145 tablet_service.cc:1917] Received RequestConsensusVote() RPC: tablet_id: "36865a55caad4a82a040ae1c62173683" candidate_uuid: "a2cd9464909142caa01ea93ec8bc31cc" candidate_term: 1 candidate_status { last_received { term: 0 index: 0 } } ignore_live_leader: false dest_uuid: "937497c267e84226ae8389b561abc78e" is_pre_election: true
I20260709 13:08:41.374519 15145 raft_consensus.cc:2468] T 36865a55caad4a82a040ae1c62173683 P 937497c267e84226ae8389b561abc78e [term 0 FOLLOWER]: Leader pre-election vote request: Granting yes vote for candidate a2cd9464909142caa01ea93ec8bc31cc in term 0.
I20260709 13:08:41.376726 15219 tablet_service.cc:1917] Received RequestConsensusVote() RPC: tablet_id: "36865a55caad4a82a040ae1c62173683" candidate_uuid: "a2cd9464909142caa01ea93ec8bc31cc" candidate_term: 1 candidate_status { last_received { term: 0 index: 0 } } ignore_live_leader: false dest_uuid: "cf0e9ee8bfc3415291c8c930c76ebdac" is_pre_election: true
I20260709 13:08:41.377885 15037 leader_election.cc:304] T 36865a55caad4a82a040ae1c62173683 P a2cd9464909142caa01ea93ec8bc31cc [CANDIDATE]: Term 1 pre-election: Election decided. Result: candidate won. Election summary: received 2 responses out of 3 voters: 2 yes votes; 0 no votes. yes voters: 937497c267e84226ae8389b561abc78e, a2cd9464909142caa01ea93ec8bc31cc; no voters: 
W20260709 13:08:41.379696 15037 leader_election.cc:343] T 36865a55caad4a82a040ae1c62173683 P a2cd9464909142caa01ea93ec8bc31cc [CANDIDATE]: Term 1 pre-election: Tablet error from VoteRequest() call to peer cf0e9ee8bfc3415291c8c930c76ebdac (127.13.149.131:45707): Illegal state: must be running to vote when last-logged opid is not known
I20260709 13:08:41.382185 15220 tablet_service.cc:1917] Received RequestConsensusVote() RPC: tablet_id: "3302812b292b44168d2003327cfb197c" candidate_uuid: "a2cd9464909142caa01ea93ec8bc31cc" candidate_term: 1 candidate_status { last_received { term: 0 index: 0 } } ignore_live_leader: false dest_uuid: "cf0e9ee8bfc3415291c8c930c76ebdac" is_pre_election: true
W20260709 13:08:41.382522 15018 auto_rebalancer.cc:288] Could not retrieve cluster info: Service unavailable: Tablet not running
I20260709 13:08:41.383546 15220 raft_consensus.cc:2468] T 3302812b292b44168d2003327cfb197c P cf0e9ee8bfc3415291c8c930c76ebdac [term 0 FOLLOWER]: Leader pre-election vote request: Granting yes vote for candidate a2cd9464909142caa01ea93ec8bc31cc in term 0.
I20260709 13:08:41.384859 15037 leader_election.cc:304] T 3302812b292b44168d2003327cfb197c P a2cd9464909142caa01ea93ec8bc31cc [CANDIDATE]: Term 1 pre-election: Election decided. Result: candidate won. Election summary: received 3 responses out of 3 voters: 2 yes votes; 1 no votes. yes voters: a2cd9464909142caa01ea93ec8bc31cc, cf0e9ee8bfc3415291c8c930c76ebdac; no voters: 937497c267e84226ae8389b561abc78e
I20260709 13:08:41.383189 15329 raft_consensus.cc:2804] T 36865a55caad4a82a040ae1c62173683 P a2cd9464909142caa01ea93ec8bc31cc [term 0 FOLLOWER]: Leader pre-election won for term 1
I20260709 13:08:41.385555 15494 raft_consensus.cc:2804] T 3302812b292b44168d2003327cfb197c P a2cd9464909142caa01ea93ec8bc31cc [term 0 FOLLOWER]: Leader pre-election won for term 1
I20260709 13:08:41.386071 15329 raft_consensus.cc:493] T 36865a55caad4a82a040ae1c62173683 P a2cd9464909142caa01ea93ec8bc31cc [term 0 FOLLOWER]: Starting leader election (no leader contacted us within the election timeout)
I20260709 13:08:41.386209 15494 raft_consensus.cc:493] T 3302812b292b44168d2003327cfb197c P a2cd9464909142caa01ea93ec8bc31cc [term 0 FOLLOWER]: Starting leader election (no leader contacted us within the election timeout)
I20260709 13:08:41.386581 15329 raft_consensus.cc:3060] T 36865a55caad4a82a040ae1c62173683 P a2cd9464909142caa01ea93ec8bc31cc [term 0 FOLLOWER]: Advancing to term 1
I20260709 13:08:41.386754 15494 raft_consensus.cc:3060] T 3302812b292b44168d2003327cfb197c P a2cd9464909142caa01ea93ec8bc31cc [term 0 FOLLOWER]: Advancing to term 1
I20260709 13:08:41.393204 15263 tablet_bootstrap.cc:654] T 547861ea6aeb40b48073cd4fd62a5471 P cf0e9ee8bfc3415291c8c930c76ebdac: Neither blocks nor log segments found. Creating new log.
I20260709 13:08:41.402726 15269 raft_consensus.cc:493] T 7ad8a0c3ef014721b32ed8d64caf3ac5 P 937497c267e84226ae8389b561abc78e [term 0 FOLLOWER]: Starting pre-election (no leader contacted us within the election timeout)
I20260709 13:08:41.407150 15269 raft_consensus.cc:515] T 7ad8a0c3ef014721b32ed8d64caf3ac5 P 937497c267e84226ae8389b561abc78e [term 0 FOLLOWER]: Starting pre-election with config: opid_index: -1 OBSOLETE_local: false peers { permanent_uuid: "a2cd9464909142caa01ea93ec8bc31cc" member_type: VOTER last_known_addr { host: "127.13.149.129" port: 42753 } } peers { permanent_uuid: "937497c267e84226ae8389b561abc78e" member_type: VOTER last_known_addr { host: "127.13.149.130" port: 32883 } } peers { permanent_uuid: "cf0e9ee8bfc3415291c8c930c76ebdac" member_type: VOTER last_known_addr { host: "127.13.149.131" port: 45707 } }
I20260709 13:08:41.409727 15269 leader_election.cc:290] T 7ad8a0c3ef014721b32ed8d64caf3ac5 P 937497c267e84226ae8389b561abc78e [CANDIDATE]: Term 1 pre-election: Requested pre-vote from peers a2cd9464909142caa01ea93ec8bc31cc (127.13.149.129:42753), cf0e9ee8bfc3415291c8c930c76ebdac (127.13.149.131:45707)
I20260709 13:08:41.402566 15394 raft_consensus.cc:493] T 90f78a3c901241ad92dc493c3954a254 P cf0e9ee8bfc3415291c8c930c76ebdac [term 1 FOLLOWER]: Starting leader election (detected failure of leader 937497c267e84226ae8389b561abc78e)
I20260709 13:08:41.410362 15394 raft_consensus.cc:3060] T 90f78a3c901241ad92dc493c3954a254 P cf0e9ee8bfc3415291c8c930c76ebdac [term 1 FOLLOWER]: Advancing to term 2
I20260709 13:08:41.411666 15071 tablet_service.cc:1917] Received RequestConsensusVote() RPC: tablet_id: "7ad8a0c3ef014721b32ed8d64caf3ac5" candidate_uuid: "937497c267e84226ae8389b561abc78e" candidate_term: 1 candidate_status { last_received { term: 0 index: 0 } } ignore_live_leader: false dest_uuid: "a2cd9464909142caa01ea93ec8bc31cc" is_pre_election: true
I20260709 13:08:41.412376 15071 raft_consensus.cc:2468] T 7ad8a0c3ef014721b32ed8d64caf3ac5 P a2cd9464909142caa01ea93ec8bc31cc [term 0 FOLLOWER]: Leader pre-election vote request: Granting yes vote for candidate 937497c267e84226ae8389b561abc78e in term 0.
I20260709 13:08:41.412575 15219 tablet_service.cc:1917] Received RequestConsensusVote() RPC: tablet_id: "7ad8a0c3ef014721b32ed8d64caf3ac5" candidate_uuid: "937497c267e84226ae8389b561abc78e" candidate_term: 1 candidate_status { last_received { term: 0 index: 0 } } ignore_live_leader: false dest_uuid: "cf0e9ee8bfc3415291c8c930c76ebdac" is_pre_election: true
W20260709 13:08:41.413967 15112 leader_election.cc:343] T 7ad8a0c3ef014721b32ed8d64caf3ac5 P 937497c267e84226ae8389b561abc78e [CANDIDATE]: Term 1 pre-election: Tablet error from VoteRequest() call to peer cf0e9ee8bfc3415291c8c930c76ebdac (127.13.149.131:45707): Illegal state: must be running to vote when last-logged opid is not known
I20260709 13:08:41.415114 15110 leader_election.cc:304] T 7ad8a0c3ef014721b32ed8d64caf3ac5 P 937497c267e84226ae8389b561abc78e [CANDIDATE]: Term 1 pre-election: Election decided. Result: candidate won. Election summary: received 3 responses out of 3 voters: 2 yes votes; 1 no votes. yes voters: 937497c267e84226ae8389b561abc78e, a2cd9464909142caa01ea93ec8bc31cc; no voters: cf0e9ee8bfc3415291c8c930c76ebdac
I20260709 13:08:41.416265 15485 raft_consensus.cc:2804] T 7ad8a0c3ef014721b32ed8d64caf3ac5 P 937497c267e84226ae8389b561abc78e [term 0 FOLLOWER]: Leader pre-election won for term 1
I20260709 13:08:41.416627 15485 raft_consensus.cc:493] T 7ad8a0c3ef014721b32ed8d64caf3ac5 P 937497c267e84226ae8389b561abc78e [term 0 FOLLOWER]: Starting leader election (no leader contacted us within the election timeout)
I20260709 13:08:41.416971 15485 raft_consensus.cc:3060] T 7ad8a0c3ef014721b32ed8d64caf3ac5 P 937497c267e84226ae8389b561abc78e [term 0 FOLLOWER]: Advancing to term 1
I20260709 13:08:41.427331 15261 tablet_bootstrap.cc:492] T 012a77688f5e4f34be1c785510a9248b P a2cd9464909142caa01ea93ec8bc31cc: No bootstrap required, opened a new log
I20260709 13:08:41.427811 15261 ts_tablet_manager.cc:1403] T 012a77688f5e4f34be1c785510a9248b P a2cd9464909142caa01ea93ec8bc31cc: Time spent bootstrapping tablet: real 0.127s	user 0.005s	sys 0.017s
I20260709 13:08:41.431640 15485 raft_consensus.cc:515] T 7ad8a0c3ef014721b32ed8d64caf3ac5 P 937497c267e84226ae8389b561abc78e [term 1 FOLLOWER]: Starting leader election with config: opid_index: -1 OBSOLETE_local: false peers { permanent_uuid: "a2cd9464909142caa01ea93ec8bc31cc" member_type: VOTER last_known_addr { host: "127.13.149.129" port: 42753 } } peers { permanent_uuid: "937497c267e84226ae8389b561abc78e" member_type: VOTER last_known_addr { host: "127.13.149.130" port: 32883 } } peers { permanent_uuid: "cf0e9ee8bfc3415291c8c930c76ebdac" member_type: VOTER last_known_addr { host: "127.13.149.131" port: 45707 } }
I20260709 13:08:41.432305 15494 raft_consensus.cc:515] T 3302812b292b44168d2003327cfb197c P a2cd9464909142caa01ea93ec8bc31cc [term 1 FOLLOWER]: Starting leader election with config: opid_index: -1 OBSOLETE_local: false peers { permanent_uuid: "a2cd9464909142caa01ea93ec8bc31cc" member_type: VOTER last_known_addr { host: "127.13.149.129" port: 42753 } } peers { permanent_uuid: "937497c267e84226ae8389b561abc78e" member_type: VOTER last_known_addr { host: "127.13.149.130" port: 32883 } } peers { permanent_uuid: "cf0e9ee8bfc3415291c8c930c76ebdac" member_type: VOTER last_known_addr { host: "127.13.149.131" port: 45707 } }
I20260709 13:08:41.434758 15071 tablet_service.cc:1917] Received RequestConsensusVote() RPC: tablet_id: "7ad8a0c3ef014721b32ed8d64caf3ac5" candidate_uuid: "937497c267e84226ae8389b561abc78e" candidate_term: 1 candidate_status { last_received { term: 0 index: 0 } } ignore_live_leader: false dest_uuid: "a2cd9464909142caa01ea93ec8bc31cc"
I20260709 13:08:41.435281 15071 raft_consensus.cc:3060] T 7ad8a0c3ef014721b32ed8d64caf3ac5 P a2cd9464909142caa01ea93ec8bc31cc [term 0 FOLLOWER]: Advancing to term 1
I20260709 13:08:41.435204 15217 tablet_service.cc:1917] Received RequestConsensusVote() RPC: tablet_id: "7ad8a0c3ef014721b32ed8d64caf3ac5" candidate_uuid: "937497c267e84226ae8389b561abc78e" candidate_term: 1 candidate_status { last_received { term: 0 index: 0 } } ignore_live_leader: false dest_uuid: "cf0e9ee8bfc3415291c8c930c76ebdac"
W20260709 13:08:41.436614 15112 leader_election.cc:343] T 7ad8a0c3ef014721b32ed8d64caf3ac5 P 937497c267e84226ae8389b561abc78e [CANDIDATE]: Term 1 election: Tablet error from VoteRequest() call to peer cf0e9ee8bfc3415291c8c930c76ebdac (127.13.149.131:45707): Illegal state: must be running to vote when last-logged opid is not known
I20260709 13:08:41.436923 15264 tablet_bootstrap.cc:654] T 51d15af3f76e4c02bafec17e9aa82a14 P 937497c267e84226ae8389b561abc78e: Neither blocks nor log segments found. Creating new log.
I20260709 13:08:41.437765 15485 leader_election.cc:290] T 7ad8a0c3ef014721b32ed8d64caf3ac5 P 937497c267e84226ae8389b561abc78e [CANDIDATE]: Term 1 election: Requested vote from peers a2cd9464909142caa01ea93ec8bc31cc (127.13.149.129:42753), cf0e9ee8bfc3415291c8c930c76ebdac (127.13.149.131:45707)
I20260709 13:08:41.441365 15394 raft_consensus.cc:515] T 90f78a3c901241ad92dc493c3954a254 P cf0e9ee8bfc3415291c8c930c76ebdac [term 2 FOLLOWER]: Starting leader election with config: opid_index: -1 OBSOLETE_local: false peers { permanent_uuid: "a2cd9464909142caa01ea93ec8bc31cc" member_type: VOTER last_known_addr { host: "127.13.149.129" port: 42753 } } peers { permanent_uuid: "937497c267e84226ae8389b561abc78e" member_type: VOTER last_known_addr { host: "127.13.149.130" port: 32883 } } peers { permanent_uuid: "cf0e9ee8bfc3415291c8c930c76ebdac" member_type: VOTER last_known_addr { host: "127.13.149.131" port: 45707 } }
I20260709 13:08:41.447214 15329 raft_consensus.cc:515] T 36865a55caad4a82a040ae1c62173683 P a2cd9464909142caa01ea93ec8bc31cc [term 1 FOLLOWER]: Starting leader election with config: opid_index: -1 OBSOLETE_local: false peers { permanent_uuid: "a2cd9464909142caa01ea93ec8bc31cc" member_type: VOTER last_known_addr { host: "127.13.149.129" port: 42753 } } peers { permanent_uuid: "937497c267e84226ae8389b561abc78e" member_type: VOTER last_known_addr { host: "127.13.149.130" port: 32883 } } peers { permanent_uuid: "cf0e9ee8bfc3415291c8c930c76ebdac" member_type: VOTER last_known_addr { host: "127.13.149.131" port: 45707 } }
I20260709 13:08:41.448145 15071 raft_consensus.cc:2468] T 7ad8a0c3ef014721b32ed8d64caf3ac5 P a2cd9464909142caa01ea93ec8bc31cc [term 1 FOLLOWER]: Leader election vote request: Granting yes vote for candidate 937497c267e84226ae8389b561abc78e in term 1.
I20260709 13:08:41.449772 15261 raft_consensus.cc:359] T 012a77688f5e4f34be1c785510a9248b P a2cd9464909142caa01ea93ec8bc31cc [term 0 FOLLOWER]: Replica starting. Triggering 0 pending ops. Active config: opid_index: -1 OBSOLETE_local: false peers { permanent_uuid: "a2cd9464909142caa01ea93ec8bc31cc" member_type: VOTER last_known_addr { host: "127.13.149.129" port: 42753 } } peers { permanent_uuid: "937497c267e84226ae8389b561abc78e" member_type: VOTER last_known_addr { host: "127.13.149.130" port: 32883 } } peers { permanent_uuid: "cf0e9ee8bfc3415291c8c930c76ebdac" member_type: VOTER last_known_addr { host: "127.13.149.131" port: 45707 } }
I20260709 13:08:41.450016 15145 tablet_service.cc:1917] Received RequestConsensusVote() RPC: tablet_id: "36865a55caad4a82a040ae1c62173683" candidate_uuid: "a2cd9464909142caa01ea93ec8bc31cc" candidate_term: 1 candidate_status { last_received { term: 0 index: 0 } } ignore_live_leader: false dest_uuid: "937497c267e84226ae8389b561abc78e"
I20260709 13:08:41.450598 15145 raft_consensus.cc:3060] T 36865a55caad4a82a040ae1c62173683 P 937497c267e84226ae8389b561abc78e [term 0 FOLLOWER]: Advancing to term 1
I20260709 13:08:41.451503 15110 leader_election.cc:304] T 7ad8a0c3ef014721b32ed8d64caf3ac5 P 937497c267e84226ae8389b561abc78e [CANDIDATE]: Term 1 election: Election decided. Result: candidate won. Election summary: received 3 responses out of 3 voters: 2 yes votes; 1 no votes. yes voters: 937497c267e84226ae8389b561abc78e, a2cd9464909142caa01ea93ec8bc31cc; no voters: cf0e9ee8bfc3415291c8c930c76ebdac
I20260709 13:08:41.450448 15261 raft_consensus.cc:385] T 012a77688f5e4f34be1c785510a9248b P a2cd9464909142caa01ea93ec8bc31cc [term 0 FOLLOWER]: Consensus starting up: Expiring failure detector timer to make a prompt election more likely
I20260709 13:08:41.452692 15261 raft_consensus.cc:740] T 012a77688f5e4f34be1c785510a9248b P a2cd9464909142caa01ea93ec8bc31cc [term 0 FOLLOWER]: Becoming Follower/Learner. State: Replica: a2cd9464909142caa01ea93ec8bc31cc, State: Initialized, Role: FOLLOWER
I20260709 13:08:41.453244 15261 consensus_queue.cc:260] T 012a77688f5e4f34be1c785510a9248b P a2cd9464909142caa01ea93ec8bc31cc [NON_LEADER]: Queue going to NON_LEADER mode. State: All replicated index: 0, Majority replicated index: 0, Committed index: 0, Last appended: 0.0, Last appended by leader: 0, Current term: 0, Majority size: -1, State: 0, Mode: NON_LEADER, active raft config: opid_index: -1 OBSOLETE_local: false peers { permanent_uuid: "a2cd9464909142caa01ea93ec8bc31cc" member_type: VOTER last_known_addr { host: "127.13.149.129" port: 42753 } } peers { permanent_uuid: "937497c267e84226ae8389b561abc78e" member_type: VOTER last_known_addr { host: "127.13.149.130" port: 32883 } } peers { permanent_uuid: "cf0e9ee8bfc3415291c8c930c76ebdac" member_type: VOTER last_known_addr { host: "127.13.149.131" port: 45707 } }
I20260709 13:08:41.453843 15488 raft_consensus.cc:2804] T 7ad8a0c3ef014721b32ed8d64caf3ac5 P 937497c267e84226ae8389b561abc78e [term 1 FOLLOWER]: Leader election won for term 1
I20260709 13:08:41.454397 15488 raft_consensus.cc:697] T 7ad8a0c3ef014721b32ed8d64caf3ac5 P 937497c267e84226ae8389b561abc78e [term 1 LEADER]: Becoming Leader. State: Replica: 937497c267e84226ae8389b561abc78e, State: Running, Role: LEADER
I20260709 13:08:41.455224 15488 consensus_queue.cc:237] T 7ad8a0c3ef014721b32ed8d64caf3ac5 P 937497c267e84226ae8389b561abc78e [LEADER]: Queue going to LEADER mode. State: All replicated index: 0, Majority replicated index: 0, Committed index: 0, Last appended: 0.0, Last appended by leader: 0, Current term: 1, Majority size: 2, State: 0, Mode: LEADER, active raft config: opid_index: -1 OBSOLETE_local: false peers { permanent_uuid: "a2cd9464909142caa01ea93ec8bc31cc" member_type: VOTER last_known_addr { host: "127.13.149.129" port: 42753 } } peers { permanent_uuid: "937497c267e84226ae8389b561abc78e" member_type: VOTER last_known_addr { host: "127.13.149.130" port: 32883 } } peers { permanent_uuid: "cf0e9ee8bfc3415291c8c930c76ebdac" member_type: VOTER last_known_addr { host: "127.13.149.131" port: 45707 } }
I20260709 13:08:41.459221 15397 raft_consensus.cc:493] T 9bb85e9f2283470d95bf89e9517c4a4b P 937497c267e84226ae8389b561abc78e [term 2 FOLLOWER]: Starting pre-election (no leader contacted us within the election timeout)
I20260709 13:08:41.459909 15261 ts_tablet_manager.cc:1434] T 012a77688f5e4f34be1c785510a9248b P a2cd9464909142caa01ea93ec8bc31cc: Time spent starting tablet: real 0.032s	user 0.003s	sys 0.003s
I20260709 13:08:41.459692 15397 raft_consensus.cc:515] T 9bb85e9f2283470d95bf89e9517c4a4b P 937497c267e84226ae8389b561abc78e [term 2 FOLLOWER]: Starting pre-election with config: opid_index: -1 OBSOLETE_local: false peers { permanent_uuid: "a2cd9464909142caa01ea93ec8bc31cc" member_type: VOTER last_known_addr { host: "127.13.149.129" port: 42753 } } peers { permanent_uuid: "937497c267e84226ae8389b561abc78e" member_type: VOTER last_known_addr { host: "127.13.149.130" port: 32883 } } peers { permanent_uuid: "cf0e9ee8bfc3415291c8c930c76ebdac" member_type: VOTER last_known_addr { host: "127.13.149.131" port: 45707 } }
I20260709 13:08:41.460978 15261 tablet_bootstrap.cc:492] T 1d09aa57b14e449989fddde8078e654e P a2cd9464909142caa01ea93ec8bc31cc: Bootstrap starting.
