I20260709 13:08:35.473183 28505 raft_consensus.cc:3060] T 36a63019e9824ce9a84fb4a39bb4ac91 P 73213534879d446083cff1b957ee6a86 [term 0 FOLLOWER]: Advancing to term 1
W20260709 13:08:35.473453 28474 leader_election.cc:343] T 91d6a7932bc4436cb8ab92ddbf7c58e1 P 73213534879d446083cff1b957ee6a86 [CANDIDATE]: Term 1 pre-election: Tablet error from VoteRequest() call to peer 7fab13968937449e8afddf6d991d040d (127.26.159.65:43379): Illegal state: must be running to vote when last-logged opid is not known
I20260709 13:08:35.473856 28474 leader_election.cc:304] T 91d6a7932bc4436cb8ab92ddbf7c58e1 P 73213534879d446083cff1b957ee6a86 [CANDIDATE]: Term 1 pre-election: Election decided. Result: candidate lost. Election summary: received 3 responses out of 3 voters: 1 yes votes; 2 no votes. yes voters: 73213534879d446083cff1b957ee6a86; no voters: 321c6d48108446b790ab807354d02313, 7fab13968937449e8afddf6d991d040d
I20260709 13:08:35.474612 28692 raft_consensus.cc:2749] T 91d6a7932bc4436cb8ab92ddbf7c58e1 P 73213534879d446083cff1b957ee6a86 [term 0 FOLLOWER]: Leader pre-election lost for term 1. Reason: could not achieve majority
I20260709 13:08:35.475472 28357 tablet_service.cc:1917] Received RequestConsensusVote() RPC: tablet_id: "36a63019e9824ce9a84fb4a39bb4ac91" candidate_uuid: "321c6d48108446b790ab807354d02313" candidate_term: 1 candidate_status { last_received { term: 0 index: 0 } } ignore_live_leader: false dest_uuid: "7fab13968937449e8afddf6d991d040d"
I20260709 13:08:35.476022 28357 raft_consensus.cc:3060] T 36a63019e9824ce9a84fb4a39bb4ac91 P 7fab13968937449e8afddf6d991d040d [term 0 FOLLOWER]: Advancing to term 1
I20260709 13:08:35.477653 28551 tablet_bootstrap.cc:492] T 1bafa9330dff4ec1a9f61e0412974f0e P 73213534879d446083cff1b957ee6a86: No bootstrap required, opened a new log
I20260709 13:08:35.478163 28551 ts_tablet_manager.cc:1403] T 1bafa9330dff4ec1a9f61e0412974f0e P 73213534879d446083cff1b957ee6a86: Time spent bootstrapping tablet: real 0.063s	user 0.013s	sys 0.020s
I20260709 13:08:35.480564 28745 consensus_queue.cc:1048] T 8cd37f394a444354b11c71a72b4037ab P 7fab13968937449e8afddf6d991d040d [LEADER]: Connected to new peer: Peer: permanent_uuid: "321c6d48108446b790ab807354d02313" member_type: VOTER last_known_addr { host: "127.26.159.66" port: 41475 }, Status: LMP_MISMATCH, Last received: 0.0, Next index: 1, Last known committed idx: 0, Time since last communication: 0.001s
I20260709 13:08:35.466202 28614 leader_election.cc:290] T 91d6a7932bc4436cb8ab92ddbf7c58e1 P 73213534879d446083cff1b957ee6a86 [CANDIDATE]: Term 1 pre-election: Requested pre-vote from peers 7fab13968937449e8afddf6d991d040d (127.26.159.65:43379), 321c6d48108446b790ab807354d02313 (127.26.159.66:41475)
I20260709 13:08:35.480695 28551 raft_consensus.cc:359] T 1bafa9330dff4ec1a9f61e0412974f0e P 73213534879d446083cff1b957ee6a86 [term 0 FOLLOWER]: Replica starting. Triggering 0 pending ops. Active config: opid_index: -1 OBSOLETE_local: false peers { permanent_uuid: "7fab13968937449e8afddf6d991d040d" member_type: VOTER last_known_addr { host: "127.26.159.65" port: 43379 } } peers { permanent_uuid: "321c6d48108446b790ab807354d02313" member_type: VOTER last_known_addr { host: "127.26.159.66" port: 41475 } } peers { permanent_uuid: "73213534879d446083cff1b957ee6a86" member_type: VOTER last_known_addr { host: "127.26.159.67" port: 40237 } }
I20260709 13:08:35.483683 28551 raft_consensus.cc:385] T 1bafa9330dff4ec1a9f61e0412974f0e P 73213534879d446083cff1b957ee6a86 [term 0 FOLLOWER]: Consensus starting up: Expiring failure detector timer to make a prompt election more likely
I20260709 13:08:35.484015 28551 raft_consensus.cc:740] T 1bafa9330dff4ec1a9f61e0412974f0e P 73213534879d446083cff1b957ee6a86 [term 0 FOLLOWER]: Becoming Follower/Learner. State: Replica: 73213534879d446083cff1b957ee6a86, State: Initialized, Role: FOLLOWER
I20260709 13:08:35.484684 28551 consensus_queue.cc:260] T 1bafa9330dff4ec1a9f61e0412974f0e P 73213534879d446083cff1b957ee6a86 [NON_LEADER]: Queue going to NON_LEADER mode. State: All replicated index: 0, Majority replicated index: 0, Committed index: 0, Last appended: 0.0, Last appended by leader: 0, Current term: 0, Majority size: -1, State: 0, Mode: NON_LEADER, active raft config: opid_index: -1 OBSOLETE_local: false peers { permanent_uuid: "7fab13968937449e8afddf6d991d040d" member_type: VOTER last_known_addr { host: "127.26.159.65" port: 43379 } } peers { permanent_uuid: "321c6d48108446b790ab807354d02313" member_type: VOTER last_known_addr { host: "127.26.159.66" port: 41475 } } peers { permanent_uuid: "73213534879d446083cff1b957ee6a86" member_type: VOTER last_known_addr { host: "127.26.159.67" port: 40237 } }
I20260709 13:08:35.482262 28357 raft_consensus.cc:2468] T 36a63019e9824ce9a84fb4a39bb4ac91 P 7fab13968937449e8afddf6d991d040d [term 1 FOLLOWER]: Leader election vote request: Granting yes vote for candidate 321c6d48108446b790ab807354d02313 in term 1.
I20260709 13:08:35.488072 28505 raft_consensus.cc:2468] T 36a63019e9824ce9a84fb4a39bb4ac91 P 73213534879d446083cff1b957ee6a86 [term 1 FOLLOWER]: Leader election vote request: Granting yes vote for candidate 321c6d48108446b790ab807354d02313 in term 1.
I20260709 13:08:35.488521 28550 tablet_bootstrap.cc:654] T 12ef45ff3ccd46f5a7a7ad101eaadefd P 321c6d48108446b790ab807354d02313: Neither blocks nor log segments found. Creating new log.
I20260709 13:08:35.493129 28401 leader_election.cc:304] T 36a63019e9824ce9a84fb4a39bb4ac91 P 321c6d48108446b790ab807354d02313 [CANDIDATE]: Term 1 election: Election decided. Result: candidate won. Election summary: received 2 responses out of 3 voters: 2 yes votes; 0 no votes. yes voters: 321c6d48108446b790ab807354d02313, 73213534879d446083cff1b957ee6a86; no voters: 
I20260709 13:08:35.494719 28551 ts_tablet_manager.cc:1434] T 1bafa9330dff4ec1a9f61e0412974f0e P 73213534879d446083cff1b957ee6a86: Time spent starting tablet: real 0.016s	user 0.005s	sys 0.001s
I20260709 13:08:35.455062 28549 raft_consensus.cc:359] T 3f8e36a395944c3aa727013280c7dc2d P 7fab13968937449e8afddf6d991d040d [term 0 FOLLOWER]: Replica starting. Triggering 0 pending ops. Active config: opid_index: -1 OBSOLETE_local: false peers { permanent_uuid: "7fab13968937449e8afddf6d991d040d" member_type: VOTER last_known_addr { host: "127.26.159.65" port: 43379 } } peers { permanent_uuid: "321c6d48108446b790ab807354d02313" member_type: VOTER last_known_addr { host: "127.26.159.66" port: 41475 } } peers { permanent_uuid: "73213534879d446083cff1b957ee6a86" member_type: VOTER last_known_addr { host: "127.26.159.67" port: 40237 } }
W20260709 13:08:35.491679 28306 auto_rebalancer.cc:288] Could not retrieve cluster info: Service unavailable: Tablet not running
I20260709 13:08:35.495412 28549 raft_consensus.cc:385] T 3f8e36a395944c3aa727013280c7dc2d P 7fab13968937449e8afddf6d991d040d [term 0 FOLLOWER]: Consensus starting up: Expiring failure detector timer to make a prompt election more likely
I20260709 13:08:35.495705 28549 raft_consensus.cc:740] T 3f8e36a395944c3aa727013280c7dc2d P 7fab13968937449e8afddf6d991d040d [term 0 FOLLOWER]: Becoming Follower/Learner. State: Replica: 7fab13968937449e8afddf6d991d040d, State: Initialized, Role: FOLLOWER
I20260709 13:08:35.496104 28551 tablet_bootstrap.cc:492] T a2faf4540a6a473eb1a94e29838897a7 P 73213534879d446083cff1b957ee6a86: Bootstrap starting.
I20260709 13:08:35.496450 28549 consensus_queue.cc:260] T 3f8e36a395944c3aa727013280c7dc2d P 7fab13968937449e8afddf6d991d040d [NON_LEADER]: Queue going to NON_LEADER mode. State: All replicated index: 0, Majority replicated index: 0, Committed index: 0, Last appended: 0.0, Last appended by leader: 0, Current term: 0, Majority size: -1, State: 0, Mode: NON_LEADER, active raft config: opid_index: -1 OBSOLETE_local: false peers { permanent_uuid: "7fab13968937449e8afddf6d991d040d" member_type: VOTER last_known_addr { host: "127.26.159.65" port: 43379 } } peers { permanent_uuid: "321c6d48108446b790ab807354d02313" member_type: VOTER last_known_addr { host: "127.26.159.66" port: 41475 } } peers { permanent_uuid: "73213534879d446083cff1b957ee6a86" member_type: VOTER last_known_addr { host: "127.26.159.67" port: 40237 } }
I20260709 13:08:35.494603 28738 raft_consensus.cc:2804] T 36a63019e9824ce9a84fb4a39bb4ac91 P 321c6d48108446b790ab807354d02313 [term 1 FOLLOWER]: Leader election won for term 1
I20260709 13:08:35.497394 28738 raft_consensus.cc:697] T 36a63019e9824ce9a84fb4a39bb4ac91 P 321c6d48108446b790ab807354d02313 [term 1 LEADER]: Becoming Leader. State: Replica: 321c6d48108446b790ab807354d02313, State: Running, Role: LEADER
I20260709 13:08:35.498180 28738 consensus_queue.cc:237] T 36a63019e9824ce9a84fb4a39bb4ac91 P 321c6d48108446b790ab807354d02313 [LEADER]: Queue going to LEADER mode. State: All replicated index: 0, Majority replicated index: 0, Committed index: 0, Last appended: 0.0, Last appended by leader: 0, Current term: 1, Majority size: 2, State: 0, Mode: LEADER, active raft config: opid_index: -1 OBSOLETE_local: false peers { permanent_uuid: "7fab13968937449e8afddf6d991d040d" member_type: VOTER last_known_addr { host: "127.26.159.65" port: 43379 } } peers { permanent_uuid: "321c6d48108446b790ab807354d02313" member_type: VOTER last_known_addr { host: "127.26.159.66" port: 41475 } } peers { permanent_uuid: "73213534879d446083cff1b957ee6a86" member_type: VOTER last_known_addr { host: "127.26.159.67" port: 40237 } }
I20260709 13:08:35.500576 28549 ts_tablet_manager.cc:1434] T 3f8e36a395944c3aa727013280c7dc2d P 7fab13968937449e8afddf6d991d040d: Time spent starting tablet: real 0.053s	user 0.006s	sys 0.000s
I20260709 13:08:35.501539 28549 tablet_bootstrap.cc:492] T aa9d304d01f24d7f915360625067ac7d P 7fab13968937449e8afddf6d991d040d: Bootstrap starting.
I20260709 13:08:35.503310 28551 tablet_bootstrap.cc:654] T a2faf4540a6a473eb1a94e29838897a7 P 73213534879d446083cff1b957ee6a86: Neither blocks nor log segments found. Creating new log.
I20260709 13:08:35.521389 28549 tablet_bootstrap.cc:654] T aa9d304d01f24d7f915360625067ac7d P 7fab13968937449e8afddf6d991d040d: Neither blocks nor log segments found. Creating new log.
I20260709 13:08:35.533214 28549 tablet_bootstrap.cc:492] T aa9d304d01f24d7f915360625067ac7d P 7fab13968937449e8afddf6d991d040d: No bootstrap required, opened a new log
I20260709 13:08:35.534987 28549 ts_tablet_manager.cc:1403] T aa9d304d01f24d7f915360625067ac7d P 7fab13968937449e8afddf6d991d040d: Time spent bootstrapping tablet: real 0.034s	user 0.012s	sys 0.000s
I20260709 13:08:35.538224 28549 raft_consensus.cc:359] T aa9d304d01f24d7f915360625067ac7d P 7fab13968937449e8afddf6d991d040d [term 0 FOLLOWER]: Replica starting. Triggering 0 pending ops. Active config: opid_index: -1 OBSOLETE_local: false peers { permanent_uuid: "7fab13968937449e8afddf6d991d040d" member_type: VOTER last_known_addr { host: "127.26.159.65" port: 43379 } } peers { permanent_uuid: "321c6d48108446b790ab807354d02313" member_type: VOTER last_known_addr { host: "127.26.159.66" port: 41475 } } peers { permanent_uuid: "73213534879d446083cff1b957ee6a86" member_type: VOTER last_known_addr { host: "127.26.159.67" port: 40237 } }
I20260709 13:08:35.539144 28549 raft_consensus.cc:385] T aa9d304d01f24d7f915360625067ac7d P 7fab13968937449e8afddf6d991d040d [term 0 FOLLOWER]: Consensus starting up: Expiring failure detector timer to make a prompt election more likely
I20260709 13:08:35.541074 28551 tablet_bootstrap.cc:492] T a2faf4540a6a473eb1a94e29838897a7 P 73213534879d446083cff1b957ee6a86: No bootstrap required, opened a new log
I20260709 13:08:35.540992 28257 catalog_manager.cc:5697] T 36a63019e9824ce9a84fb4a39bb4ac91 P 321c6d48108446b790ab807354d02313 reported cstate change: term changed from 0 to 1, leader changed from <none> to 321c6d48108446b790ab807354d02313 (127.26.159.66). New cstate: current_term: 1 leader_uuid: "321c6d48108446b790ab807354d02313" committed_config { opid_index: -1 OBSOLETE_local: false peers { permanent_uuid: "7fab13968937449e8afddf6d991d040d" member_type: VOTER last_known_addr { host: "127.26.159.65" port: 43379 } health_report { overall_health: UNKNOWN } } peers { permanent_uuid: "321c6d48108446b790ab807354d02313" member_type: VOTER last_known_addr { host: "127.26.159.66" port: 41475 } health_report { overall_health: HEALTHY } } peers { permanent_uuid: "73213534879d446083cff1b957ee6a86" member_type: VOTER last_known_addr { host: "127.26.159.67" port: 40237 } health_report { overall_health: UNKNOWN } } }
I20260709 13:08:35.541571 28551 ts_tablet_manager.cc:1403] T a2faf4540a6a473eb1a94e29838897a7 P 73213534879d446083cff1b957ee6a86: Time spent bootstrapping tablet: real 0.046s	user 0.006s	sys 0.017s
I20260709 13:08:35.542986 28740 raft_consensus.cc:493] T 3f8e36a395944c3aa727013280c7dc2d P 73213534879d446083cff1b957ee6a86 [term 0 FOLLOWER]: Starting pre-election (no leader contacted us within the election timeout)
I20260709 13:08:35.543442 28740 raft_consensus.cc:515] T 3f8e36a395944c3aa727013280c7dc2d P 73213534879d446083cff1b957ee6a86 [term 0 FOLLOWER]: Starting pre-election with config: opid_index: -1 OBSOLETE_local: false peers { permanent_uuid: "7fab13968937449e8afddf6d991d040d" member_type: VOTER last_known_addr { host: "127.26.159.65" port: 43379 } } peers { permanent_uuid: "321c6d48108446b790ab807354d02313" member_type: VOTER last_known_addr { host: "127.26.159.66" port: 41475 } } peers { permanent_uuid: "73213534879d446083cff1b957ee6a86" member_type: VOTER last_known_addr { host: "127.26.159.67" port: 40237 } }
I20260709 13:08:35.544248 28551 raft_consensus.cc:359] T a2faf4540a6a473eb1a94e29838897a7 P 73213534879d446083cff1b957ee6a86 [term 0 FOLLOWER]: Replica starting. Triggering 0 pending ops. Active config: opid_index: -1 OBSOLETE_local: false peers { permanent_uuid: "7fab13968937449e8afddf6d991d040d" member_type: VOTER last_known_addr { host: "127.26.159.65" port: 43379 } } peers { permanent_uuid: "321c6d48108446b790ab807354d02313" member_type: VOTER last_known_addr { host: "127.26.159.66" port: 41475 } } peers { permanent_uuid: "73213534879d446083cff1b957ee6a86" member_type: VOTER last_known_addr { host: "127.26.159.67" port: 40237 } }
I20260709 13:08:35.544939 28551 raft_consensus.cc:385] T a2faf4540a6a473eb1a94e29838897a7 P 73213534879d446083cff1b957ee6a86 [term 0 FOLLOWER]: Consensus starting up: Expiring failure detector timer to make a prompt election more likely
I20260709 13:08:35.545202 28551 raft_consensus.cc:740] T a2faf4540a6a473eb1a94e29838897a7 P 73213534879d446083cff1b957ee6a86 [term 0 FOLLOWER]: Becoming Follower/Learner. State: Replica: 73213534879d446083cff1b957ee6a86, State: Initialized, Role: FOLLOWER
I20260709 13:08:35.545969 28551 consensus_queue.cc:260] T a2faf4540a6a473eb1a94e29838897a7 P 73213534879d446083cff1b957ee6a86 [NON_LEADER]: Queue going to NON_LEADER mode. State: All replicated index: 0, Majority replicated index: 0, Committed index: 0, Last appended: 0.0, Last appended by leader: 0, Current term: 0, Majority size: -1, State: 0, Mode: NON_LEADER, active raft config: opid_index: -1 OBSOLETE_local: false peers { permanent_uuid: "7fab13968937449e8afddf6d991d040d" member_type: VOTER last_known_addr { host: "127.26.159.65" port: 43379 } } peers { permanent_uuid: "321c6d48108446b790ab807354d02313" member_type: VOTER last_known_addr { host: "127.26.159.66" port: 41475 } } peers { permanent_uuid: "73213534879d446083cff1b957ee6a86" member_type: VOTER last_known_addr { host: "127.26.159.67" port: 40237 } }
I20260709 13:08:35.546284 28359 tablet_service.cc:1917] Received RequestConsensusVote() RPC: tablet_id: "3f8e36a395944c3aa727013280c7dc2d" candidate_uuid: "73213534879d446083cff1b957ee6a86" candidate_term: 1 candidate_status { last_received { term: 0 index: 0 } } ignore_live_leader: false dest_uuid: "7fab13968937449e8afddf6d991d040d" is_pre_election: true
I20260709 13:08:35.546936 28359 raft_consensus.cc:2468] T 3f8e36a395944c3aa727013280c7dc2d P 7fab13968937449e8afddf6d991d040d [term 0 FOLLOWER]: Leader pre-election vote request: Granting yes vote for candidate 73213534879d446083cff1b957ee6a86 in term 0.
I20260709 13:08:35.548106 28551 ts_tablet_manager.cc:1434] T a2faf4540a6a473eb1a94e29838897a7 P 73213534879d446083cff1b957ee6a86: Time spent starting tablet: real 0.006s	user 0.007s	sys 0.000s
I20260709 13:08:35.549029 28551 tablet_bootstrap.cc:492] T 4e2816fa64eb420187f9120d5d048891 P 73213534879d446083cff1b957ee6a86: Bootstrap starting.
I20260709 13:08:35.550212 28474 leader_election.cc:304] T 3f8e36a395944c3aa727013280c7dc2d P 73213534879d446083cff1b957ee6a86 [CANDIDATE]: Term 1 pre-election: Election decided. Result: candidate won. Election summary: received 2 responses out of 3 voters: 2 yes votes; 0 no votes. yes voters: 73213534879d446083cff1b957ee6a86, 7fab13968937449e8afddf6d991d040d; no voters: 
I20260709 13:08:35.553318 28614 raft_consensus.cc:2804] T 3f8e36a395944c3aa727013280c7dc2d P 73213534879d446083cff1b957ee6a86 [term 0 FOLLOWER]: Leader pre-election won for term 1
I20260709 13:08:35.553680 28614 raft_consensus.cc:493] T 3f8e36a395944c3aa727013280c7dc2d P 73213534879d446083cff1b957ee6a86 [term 0 FOLLOWER]: Starting leader election (no leader contacted us within the election timeout)
I20260709 13:08:35.554023 28614 raft_consensus.cc:3060] T 3f8e36a395944c3aa727013280c7dc2d P 73213534879d446083cff1b957ee6a86 [term 0 FOLLOWER]: Advancing to term 1
I20260709 13:08:35.539487 28549 raft_consensus.cc:740] T aa9d304d01f24d7f915360625067ac7d P 7fab13968937449e8afddf6d991d040d [term 0 FOLLOWER]: Becoming Follower/Learner. State: Replica: 7fab13968937449e8afddf6d991d040d, State: Initialized, Role: FOLLOWER
I20260709 13:08:35.555676 28549 consensus_queue.cc:260] T aa9d304d01f24d7f915360625067ac7d P 7fab13968937449e8afddf6d991d040d [NON_LEADER]: Queue going to NON_LEADER mode. State: All replicated index: 0, Majority replicated index: 0, Committed index: 0, Last appended: 0.0, Last appended by leader: 0, Current term: 0, Majority size: -1, State: 0, Mode: NON_LEADER, active raft config: opid_index: -1 OBSOLETE_local: false peers { permanent_uuid: "7fab13968937449e8afddf6d991d040d" member_type: VOTER last_known_addr { host: "127.26.159.65" port: 43379 } } peers { permanent_uuid: "321c6d48108446b790ab807354d02313" member_type: VOTER last_known_addr { host: "127.26.159.66" port: 41475 } } peers { permanent_uuid: "73213534879d446083cff1b957ee6a86" member_type: VOTER last_known_addr { host: "127.26.159.67" port: 40237 } }
I20260709 13:08:35.557396 28740 leader_election.cc:290] T 3f8e36a395944c3aa727013280c7dc2d P 73213534879d446083cff1b957ee6a86 [CANDIDATE]: Term 1 pre-election: Requested pre-vote from peers 7fab13968937449e8afddf6d991d040d (127.26.159.65:43379), 321c6d48108446b790ab807354d02313 (127.26.159.66:41475)
I20260709 13:08:35.557862 28549 ts_tablet_manager.cc:1434] T aa9d304d01f24d7f915360625067ac7d P 7fab13968937449e8afddf6d991d040d: Time spent starting tablet: real 0.022s	user 0.004s	sys 0.000s
I20260709 13:08:35.559020 28549 tablet_bootstrap.cc:492] T 215f8a47e5e742ec917a81e2e2a3aad6 P 7fab13968937449e8afddf6d991d040d: Bootstrap starting.
I20260709 13:08:35.558871 28432 tablet_service.cc:1917] Received RequestConsensusVote() RPC: tablet_id: "3f8e36a395944c3aa727013280c7dc2d" candidate_uuid: "73213534879d446083cff1b957ee6a86" candidate_term: 1 candidate_status { last_received { term: 0 index: 0 } } ignore_live_leader: false dest_uuid: "321c6d48108446b790ab807354d02313" is_pre_election: true
W20260709 13:08:35.560261 28474 leader_election.cc:343] T 3f8e36a395944c3aa727013280c7dc2d P 73213534879d446083cff1b957ee6a86 [CANDIDATE]: Term 1 pre-election: Tablet error from VoteRequest() call to peer 321c6d48108446b790ab807354d02313 (127.26.159.66:41475): Illegal state: must be running to vote when last-logged opid is not known
I20260709 13:08:35.562430 28614 raft_consensus.cc:515] T 3f8e36a395944c3aa727013280c7dc2d P 73213534879d446083cff1b957ee6a86 [term 1 FOLLOWER]: Starting leader election with config: opid_index: -1 OBSOLETE_local: false peers { permanent_uuid: "7fab13968937449e8afddf6d991d040d" member_type: VOTER last_known_addr { host: "127.26.159.65" port: 43379 } } peers { permanent_uuid: "321c6d48108446b790ab807354d02313" member_type: VOTER last_known_addr { host: "127.26.159.66" port: 41475 } } peers { permanent_uuid: "73213534879d446083cff1b957ee6a86" member_type: VOTER last_known_addr { host: "127.26.159.67" port: 40237 } }
I20260709 13:08:35.564477 28614 leader_election.cc:290] T 3f8e36a395944c3aa727013280c7dc2d P 73213534879d446083cff1b957ee6a86 [CANDIDATE]: Term 1 election: Requested vote from peers 7fab13968937449e8afddf6d991d040d (127.26.159.65:43379), 321c6d48108446b790ab807354d02313 (127.26.159.66:41475)
I20260709 13:08:35.564908 28549 tablet_bootstrap.cc:654] T 215f8a47e5e742ec917a81e2e2a3aad6 P 7fab13968937449e8afddf6d991d040d: Neither blocks nor log segments found. Creating new log.
I20260709 13:08:35.565447 28432 tablet_service.cc:1917] Received RequestConsensusVote() RPC: tablet_id: "3f8e36a395944c3aa727013280c7dc2d" candidate_uuid: "73213534879d446083cff1b957ee6a86" candidate_term: 1 candidate_status { last_received { term: 0 index: 0 } } ignore_live_leader: false dest_uuid: "321c6d48108446b790ab807354d02313"
W20260709 13:08:35.566769 28474 leader_election.cc:343] T 3f8e36a395944c3aa727013280c7dc2d P 73213534879d446083cff1b957ee6a86 [CANDIDATE]: Term 1 election: Tablet error from VoteRequest() call to peer 321c6d48108446b790ab807354d02313 (127.26.159.66:41475): Illegal state: must be running to vote when last-logged opid is not known
I20260709 13:08:35.566970 28359 tablet_service.cc:1917] Received RequestConsensusVote() RPC: tablet_id: "3f8e36a395944c3aa727013280c7dc2d" candidate_uuid: "73213534879d446083cff1b957ee6a86" candidate_term: 1 candidate_status { last_received { term: 0 index: 0 } } ignore_live_leader: false dest_uuid: "7fab13968937449e8afddf6d991d040d"
I20260709 13:08:35.567555 28359 raft_consensus.cc:3060] T 3f8e36a395944c3aa727013280c7dc2d P 7fab13968937449e8afddf6d991d040d [term 0 FOLLOWER]: Advancing to term 1
I20260709 13:08:35.567816 28551 tablet_bootstrap.cc:654] T 4e2816fa64eb420187f9120d5d048891 P 73213534879d446083cff1b957ee6a86: Neither blocks nor log segments found. Creating new log.
I20260709 13:08:35.574237 28359 raft_consensus.cc:2468] T 3f8e36a395944c3aa727013280c7dc2d P 7fab13968937449e8afddf6d991d040d [term 1 FOLLOWER]: Leader election vote request: Granting yes vote for candidate 73213534879d446083cff1b957ee6a86 in term 1.
I20260709 13:08:35.575583 28474 leader_election.cc:304] T 3f8e36a395944c3aa727013280c7dc2d P 73213534879d446083cff1b957ee6a86 [CANDIDATE]: Term 1 election: Election decided. Result: candidate won. Election summary: received 3 responses out of 3 voters: 2 yes votes; 1 no votes. yes voters: 73213534879d446083cff1b957ee6a86, 7fab13968937449e8afddf6d991d040d; no voters: 321c6d48108446b790ab807354d02313
I20260709 13:08:35.576275 28614 raft_consensus.cc:2804] T 3f8e36a395944c3aa727013280c7dc2d P 73213534879d446083cff1b957ee6a86 [term 1 FOLLOWER]: Leader election won for term 1
I20260709 13:08:35.576826 28614 raft_consensus.cc:697] T 3f8e36a395944c3aa727013280c7dc2d P 73213534879d446083cff1b957ee6a86 [term 1 LEADER]: Becoming Leader. State: Replica: 73213534879d446083cff1b957ee6a86, State: Running, Role: LEADER
I20260709 13:08:35.577682 28614 consensus_queue.cc:237] T 3f8e36a395944c3aa727013280c7dc2d P 73213534879d446083cff1b957ee6a86 [LEADER]: Queue going to LEADER mode. State: All replicated index: 0, Majority replicated index: 0, Committed index: 0, Last appended: 0.0, Last appended by leader: 0, Current term: 1, Majority size: 2, State: 0, Mode: LEADER, active raft config: opid_index: -1 OBSOLETE_local: false peers { permanent_uuid: "7fab13968937449e8afddf6d991d040d" member_type: VOTER last_known_addr { host: "127.26.159.65" port: 43379 } } peers { permanent_uuid: "321c6d48108446b790ab807354d02313" member_type: VOTER last_known_addr { host: "127.26.159.66" port: 41475 } } peers { permanent_uuid: "73213534879d446083cff1b957ee6a86" member_type: VOTER last_known_addr { host: "127.26.159.67" port: 40237 } }
I20260709 13:08:35.576234 28549 tablet_bootstrap.cc:492] T 215f8a47e5e742ec917a81e2e2a3aad6 P 7fab13968937449e8afddf6d991d040d: No bootstrap required, opened a new log
I20260709 13:08:35.580235 28549 ts_tablet_manager.cc:1403] T 215f8a47e5e742ec917a81e2e2a3aad6 P 7fab13968937449e8afddf6d991d040d: Time spent bootstrapping tablet: real 0.021s	user 0.006s	sys 0.005s
I20260709 13:08:35.582554 28550 tablet_bootstrap.cc:492] T 12ef45ff3ccd46f5a7a7ad101eaadefd P 321c6d48108446b790ab807354d02313: No bootstrap required, opened a new log
I20260709 13:08:35.582928 28549 raft_consensus.cc:359] T 215f8a47e5e742ec917a81e2e2a3aad6 P 7fab13968937449e8afddf6d991d040d [term 0 FOLLOWER]: Replica starting. Triggering 0 pending ops. Active config: opid_index: -1 OBSOLETE_local: false peers { permanent_uuid: "7fab13968937449e8afddf6d991d040d" member_type: VOTER last_known_addr { host: "127.26.159.65" port: 43379 } } peers { permanent_uuid: "321c6d48108446b790ab807354d02313" member_type: VOTER last_known_addr { host: "127.26.159.66" port: 41475 } } peers { permanent_uuid: "73213534879d446083cff1b957ee6a86" member_type: VOTER last_known_addr { host: "127.26.159.67" port: 40237 } }
I20260709 13:08:35.584265 28549 raft_consensus.cc:385] T 215f8a47e5e742ec917a81e2e2a3aad6 P 7fab13968937449e8afddf6d991d040d [term 0 FOLLOWER]: Consensus starting up: Expiring failure detector timer to make a prompt election more likely
I20260709 13:08:35.584553 28549 raft_consensus.cc:740] T 215f8a47e5e742ec917a81e2e2a3aad6 P 7fab13968937449e8afddf6d991d040d [term 0 FOLLOWER]: Becoming Follower/Learner. State: Replica: 7fab13968937449e8afddf6d991d040d, State: Initialized, Role: FOLLOWER
I20260709 13:08:35.586537 28549 consensus_queue.cc:260] T 215f8a47e5e742ec917a81e2e2a3aad6 P 7fab13968937449e8afddf6d991d040d [NON_LEADER]: Queue going to NON_LEADER mode. State: All replicated index: 0, Majority replicated index: 0, Committed index: 0, Last appended: 0.0, Last appended by leader: 0, Current term: 0, Majority size: -1, State: 0, Mode: NON_LEADER, active raft config: opid_index: -1 OBSOLETE_local: false peers { permanent_uuid: "7fab13968937449e8afddf6d991d040d" member_type: VOTER last_known_addr { host: "127.26.159.65" port: 43379 } } peers { permanent_uuid: "321c6d48108446b790ab807354d02313" member_type: VOTER last_known_addr { host: "127.26.159.66" port: 41475 } } peers { permanent_uuid: "73213534879d446083cff1b957ee6a86" member_type: VOTER last_known_addr { host: "127.26.159.67" port: 40237 } }
I20260709 13:08:35.582993 28550 ts_tablet_manager.cc:1403] T 12ef45ff3ccd46f5a7a7ad101eaadefd P 321c6d48108446b790ab807354d02313: Time spent bootstrapping tablet: real 0.118s	user 0.029s	sys 0.023s
I20260709 13:08:35.593699 28550 raft_consensus.cc:359] T 12ef45ff3ccd46f5a7a7ad101eaadefd P 321c6d48108446b790ab807354d02313 [term 0 FOLLOWER]: Replica starting. Triggering 0 pending ops. Active config: opid_index: -1 OBSOLETE_local: false peers { permanent_uuid: "7fab13968937449e8afddf6d991d040d" member_type: VOTER last_known_addr { host: "127.26.159.65" port: 43379 } } peers { permanent_uuid: "321c6d48108446b790ab807354d02313" member_type: VOTER last_known_addr { host: "127.26.159.66" port: 41475 } } peers { permanent_uuid: "73213534879d446083cff1b957ee6a86" member_type: VOTER last_known_addr { host: "127.26.159.67" port: 40237 } }
I20260709 13:08:35.594354 28550 raft_consensus.cc:385] T 12ef45ff3ccd46f5a7a7ad101eaadefd P 321c6d48108446b790ab807354d02313 [term 0 FOLLOWER]: Consensus starting up: Expiring failure detector timer to make a prompt election more likely
I20260709 13:08:35.594669 28550 raft_consensus.cc:740] T 12ef45ff3ccd46f5a7a7ad101eaadefd P 321c6d48108446b790ab807354d02313 [term 0 FOLLOWER]: Becoming Follower/Learner. State: Replica: 321c6d48108446b790ab807354d02313, State: Initialized, Role: FOLLOWER
I20260709 13:08:35.595440 28550 consensus_queue.cc:260] T 12ef45ff3ccd46f5a7a7ad101eaadefd P 321c6d48108446b790ab807354d02313 [NON_LEADER]: Queue going to NON_LEADER mode. State: All replicated index: 0, Majority replicated index: 0, Committed index: 0, Last appended: 0.0, Last appended by leader: 0, Current term: 0, Majority size: -1, State: 0, Mode: NON_LEADER, active raft config: opid_index: -1 OBSOLETE_local: false peers { permanent_uuid: "7fab13968937449e8afddf6d991d040d" member_type: VOTER last_known_addr { host: "127.26.159.65" port: 43379 } } peers { permanent_uuid: "321c6d48108446b790ab807354d02313" member_type: VOTER last_known_addr { host: "127.26.159.66" port: 41475 } } peers { permanent_uuid: "73213534879d446083cff1b957ee6a86" member_type: VOTER last_known_addr { host: "127.26.159.67" port: 40237 } }
I20260709 13:08:35.596793 28657 consensus_queue.cc:1048] T 8d47a0c20ae4437a8f7434070e3d7769 P 73213534879d446083cff1b957ee6a86 [LEADER]: Connected to new peer: Peer: permanent_uuid: "7fab13968937449e8afddf6d991d040d" member_type: VOTER last_known_addr { host: "127.26.159.65" port: 43379 }, Status: LMP_MISMATCH, Last received: 0.0, Next index: 1, Last known committed idx: 0, Time since last communication: 0.000s
I20260709 13:08:35.597726 28550 ts_tablet_manager.cc:1434] T 12ef45ff3ccd46f5a7a7ad101eaadefd P 321c6d48108446b790ab807354d02313: Time spent starting tablet: real 0.006s	user 0.005s	sys 0.000s
I20260709 13:08:35.598691 28607 raft_consensus.cc:493] T 12ef45ff3ccd46f5a7a7ad101eaadefd P 7fab13968937449e8afddf6d991d040d [term 0 FOLLOWER]: Starting pre-election (no leader contacted us within the election timeout)
I20260709 13:08:35.602269 28607 raft_consensus.cc:515] T 12ef45ff3ccd46f5a7a7ad101eaadefd P 7fab13968937449e8afddf6d991d040d [term 0 FOLLOWER]: Starting pre-election with config: opid_index: -1 OBSOLETE_local: false peers { permanent_uuid: "7fab13968937449e8afddf6d991d040d" member_type: VOTER last_known_addr { host: "127.26.159.65" port: 43379 } } peers { permanent_uuid: "321c6d48108446b790ab807354d02313" member_type: VOTER last_known_addr { host: "127.26.159.66" port: 41475 } } peers { permanent_uuid: "73213534879d446083cff1b957ee6a86" member_type: VOTER last_known_addr { host: "127.26.159.67" port: 40237 } }
I20260709 13:08:35.602681 28258 catalog_manager.cc:5697] T 3f8e36a395944c3aa727013280c7dc2d P 73213534879d446083cff1b957ee6a86 reported cstate change: term changed from 0 to 1, leader changed from <none> to 73213534879d446083cff1b957ee6a86 (127.26.159.67). New cstate: current_term: 1 leader_uuid: "73213534879d446083cff1b957ee6a86" committed_config { opid_index: -1 OBSOLETE_local: false peers { permanent_uuid: "7fab13968937449e8afddf6d991d040d" member_type: VOTER last_known_addr { host: "127.26.159.65" port: 43379 } health_report { overall_health: UNKNOWN } } peers { permanent_uuid: "321c6d48108446b790ab807354d02313" member_type: VOTER last_known_addr { host: "127.26.159.66" port: 41475 } health_report { overall_health: UNKNOWN } } peers { permanent_uuid: "73213534879d446083cff1b957ee6a86" member_type: VOTER last_known_addr { host: "127.26.159.67" port: 40237 } health_report { overall_health: HEALTHY } } }
I20260709 13:08:35.604422 28607 leader_election.cc:290] T 12ef45ff3ccd46f5a7a7ad101eaadefd P 7fab13968937449e8afddf6d991d040d [CANDIDATE]: Term 1 pre-election: Requested pre-vote from peers 321c6d48108446b790ab807354d02313 (127.26.159.66:41475), 73213534879d446083cff1b957ee6a86 (127.26.159.67:40237)
I20260709 13:08:35.605799 28504 tablet_service.cc:1917] Received RequestConsensusVote() RPC: tablet_id: "12ef45ff3ccd46f5a7a7ad101eaadefd" candidate_uuid: "7fab13968937449e8afddf6d991d040d" candidate_term: 1 candidate_status { last_received { term: 0 index: 0 } } ignore_live_leader: false dest_uuid: "73213534879d446083cff1b957ee6a86" is_pre_election: true
I20260709 13:08:35.606407 28504 raft_consensus.cc:2468] T 12ef45ff3ccd46f5a7a7ad101eaadefd P 73213534879d446083cff1b957ee6a86 [term 0 FOLLOWER]: Leader pre-election vote request: Granting yes vote for candidate 7fab13968937449e8afddf6d991d040d in term 0.
I20260709 13:08:35.607636 28326 leader_election.cc:304] T 12ef45ff3ccd46f5a7a7ad101eaadefd P 7fab13968937449e8afddf6d991d040d [CANDIDATE]: Term 1 pre-election: Election decided. Result: candidate won. Election summary: received 2 responses out of 3 voters: 2 yes votes; 0 no votes. yes voters: 73213534879d446083cff1b957ee6a86, 7fab13968937449e8afddf6d991d040d; no voters: 
I20260709 13:08:35.599857 28551 tablet_bootstrap.cc:492] T 4e2816fa64eb420187f9120d5d048891 P 73213534879d446083cff1b957ee6a86: No bootstrap required, opened a new log
I20260709 13:08:35.608523 28551 ts_tablet_manager.cc:1403] T 4e2816fa64eb420187f9120d5d048891 P 73213534879d446083cff1b957ee6a86: Time spent bootstrapping tablet: real 0.060s	user 0.008s	sys 0.008s
I20260709 13:08:35.608927 28607 raft_consensus.cc:2804] T 12ef45ff3ccd46f5a7a7ad101eaadefd P 7fab13968937449e8afddf6d991d040d [term 0 FOLLOWER]: Leader pre-election won for term 1
I20260709 13:08:35.608644 28432 tablet_service.cc:1917] Received RequestConsensusVote() RPC: tablet_id: "12ef45ff3ccd46f5a7a7ad101eaadefd" candidate_uuid: "7fab13968937449e8afddf6d991d040d" candidate_term: 1 candidate_status { last_received { term: 0 index: 0 } } ignore_live_leader: false dest_uuid: "321c6d48108446b790ab807354d02313" is_pre_election: true
I20260709 13:08:35.609808 28432 raft_consensus.cc:2468] T 12ef45ff3ccd46f5a7a7ad101eaadefd P 321c6d48108446b790ab807354d02313 [term 0 FOLLOWER]: Leader pre-election vote request: Granting yes vote for candidate 7fab13968937449e8afddf6d991d040d in term 0.
I20260709 13:08:35.611192 28551 raft_consensus.cc:359] T 4e2816fa64eb420187f9120d5d048891 P 73213534879d446083cff1b957ee6a86 [term 0 FOLLOWER]: Replica starting. Triggering 0 pending ops. Active config: opid_index: -1 OBSOLETE_local: false peers { permanent_uuid: "7fab13968937449e8afddf6d991d040d" member_type: VOTER last_known_addr { host: "127.26.159.65" port: 43379 } } peers { permanent_uuid: "321c6d48108446b790ab807354d02313" member_type: VOTER last_known_addr { host: "127.26.159.66" port: 41475 } } peers { permanent_uuid: "73213534879d446083cff1b957ee6a86" member_type: VOTER last_known_addr { host: "127.26.159.67" port: 40237 } }
I20260709 13:08:35.611963 28551 raft_consensus.cc:385] T 4e2816fa64eb420187f9120d5d048891 P 73213534879d446083cff1b957ee6a86 [term 0 FOLLOWER]: Consensus starting up: Expiring failure detector timer to make a prompt election more likely
I20260709 13:08:35.612231 28551 raft_consensus.cc:740] T 4e2816fa64eb420187f9120d5d048891 P 73213534879d446083cff1b957ee6a86 [term 0 FOLLOWER]: Becoming Follower/Learner. State: Replica: 73213534879d446083cff1b957ee6a86, State: Initialized, Role: FOLLOWER
I20260709 13:08:35.612897 28551 consensus_queue.cc:260] T 4e2816fa64eb420187f9120d5d048891 P 73213534879d446083cff1b957ee6a86 [NON_LEADER]: Queue going to NON_LEADER mode. State: All replicated index: 0, Majority replicated index: 0, Committed index: 0, Last appended: 0.0, Last appended by leader: 0, Current term: 0, Majority size: -1, State: 0, Mode: NON_LEADER, active raft config: opid_index: -1 OBSOLETE_local: false peers { permanent_uuid: "7fab13968937449e8afddf6d991d040d" member_type: VOTER last_known_addr { host: "127.26.159.65" port: 43379 } } peers { permanent_uuid: "321c6d48108446b790ab807354d02313" member_type: VOTER last_known_addr { host: "127.26.159.66" port: 41475 } } peers { permanent_uuid: "73213534879d446083cff1b957ee6a86" member_type: VOTER last_known_addr { host: "127.26.159.67" port: 40237 } }
I20260709 13:08:35.600994 28549 ts_tablet_manager.cc:1434] T 215f8a47e5e742ec917a81e2e2a3aad6 P 7fab13968937449e8afddf6d991d040d: Time spent starting tablet: real 0.020s	user 0.006s	sys 0.000s
I20260709 13:08:35.615626 28549 tablet_bootstrap.cc:492] T 31d9cb4ca7644f979fc1feb35e5276fa P 7fab13968937449e8afddf6d991d040d: Bootstrap starting.
I20260709 13:08:35.616545 28738 raft_consensus.cc:493] T aa9d304d01f24d7f915360625067ac7d P 321c6d48108446b790ab807354d02313 [term 0 FOLLOWER]: Starting pre-election (no leader contacted us within the election timeout)
I20260709 13:08:35.617230 28550 tablet_bootstrap.cc:492] T 3f8e36a395944c3aa727013280c7dc2d P 321c6d48108446b790ab807354d02313: Bootstrap starting.
I20260709 13:08:35.617008 28738 raft_consensus.cc:515] T aa9d304d01f24d7f915360625067ac7d P 321c6d48108446b790ab807354d02313 [term 0 FOLLOWER]: Starting pre-election with config: opid_index: -1 OBSOLETE_local: false peers { permanent_uuid: "7fab13968937449e8afddf6d991d040d" member_type: VOTER last_known_addr { host: "127.26.159.65" port: 43379 } } peers { permanent_uuid: "321c6d48108446b790ab807354d02313" member_type: VOTER last_known_addr { host: "127.26.159.66" port: 41475 } } peers { permanent_uuid: "73213534879d446083cff1b957ee6a86" member_type: VOTER last_known_addr { host: "127.26.159.67" port: 40237 } }
I20260709 13:08:35.619056 28738 leader_election.cc:290] T aa9d304d01f24d7f915360625067ac7d P 321c6d48108446b790ab807354d02313 [CANDIDATE]: Term 1 pre-election: Requested pre-vote from peers 7fab13968937449e8afddf6d991d040d (127.26.159.65:43379), 73213534879d446083cff1b957ee6a86 (127.26.159.67:40237)
I20260709 13:08:35.622294 28357 tablet_service.cc:1917] Received RequestConsensusVote() RPC: tablet_id: "aa9d304d01f24d7f915360625067ac7d" candidate_uuid: "321c6d48108446b790ab807354d02313" candidate_term: 1 candidate_status { last_received { term: 0 index: 0 } } ignore_live_leader: false dest_uuid: "7fab13968937449e8afddf6d991d040d" is_pre_election: true
I20260709 13:08:35.622954 28357 raft_consensus.cc:2468] T aa9d304d01f24d7f915360625067ac7d P 7fab13968937449e8afddf6d991d040d [term 0 FOLLOWER]: Leader pre-election vote request: Granting yes vote for candidate 321c6d48108446b790ab807354d02313 in term 0.
I20260709 13:08:35.623180 28550 tablet_bootstrap.cc:654] T 3f8e36a395944c3aa727013280c7dc2d P 321c6d48108446b790ab807354d02313: Neither blocks nor log segments found. Creating new log.
I20260709 13:08:35.624035 28504 tablet_service.cc:1917] Received RequestConsensusVote() RPC: tablet_id: "aa9d304d01f24d7f915360625067ac7d" candidate_uuid: "321c6d48108446b790ab807354d02313" candidate_term: 1 candidate_status { last_received { term: 0 index: 0 } } ignore_live_leader: false dest_uuid: "73213534879d446083cff1b957ee6a86" is_pre_election: true
I20260709 13:08:35.624660 28504 raft_consensus.cc:2468] T aa9d304d01f24d7f915360625067ac7d P 73213534879d446083cff1b957ee6a86 [term 0 FOLLOWER]: Leader pre-election vote request: Granting yes vote for candidate 321c6d48108446b790ab807354d02313 in term 0.
I20260709 13:08:35.627259 28401 leader_election.cc:304] T aa9d304d01f24d7f915360625067ac7d P 321c6d48108446b790ab807354d02313 [CANDIDATE]: Term 1 pre-election: Election decided. Result: candidate won. Election summary: received 2 responses out of 3 voters: 2 yes votes; 0 no votes. yes voters: 321c6d48108446b790ab807354d02313, 73213534879d446083cff1b957ee6a86; no voters: 
I20260709 13:08:35.614439 28551 ts_tablet_manager.cc:1434] T 4e2816fa64eb420187f9120d5d048891 P 73213534879d446083cff1b957ee6a86: Time spent starting tablet: real 0.006s	user 0.002s	sys 0.000s
I20260709 13:08:35.630079 28551 tablet_bootstrap.cc:492] T b9567b3f5ca049968d68f627802853d2 P 73213534879d446083cff1b957ee6a86: Bootstrap starting.
I20260709 13:08:35.632584 28738 raft_consensus.cc:2804] T aa9d304d01f24d7f915360625067ac7d P 321c6d48108446b790ab807354d02313 [term 0 FOLLOWER]: Leader pre-election won for term 1
I20260709 13:08:35.633026 28738 raft_consensus.cc:493] T aa9d304d01f24d7f915360625067ac7d P 321c6d48108446b790ab807354d02313 [term 0 FOLLOWER]: Starting leader election (no leader contacted us within the election timeout)
I20260709 13:08:35.633343 28738 raft_consensus.cc:3060] T aa9d304d01f24d7f915360625067ac7d P 321c6d48108446b790ab807354d02313 [term 0 FOLLOWER]: Advancing to term 1
I20260709 13:08:35.637598 28549 tablet_bootstrap.cc:654] T 31d9cb4ca7644f979fc1feb35e5276fa P 7fab13968937449e8afddf6d991d040d: Neither blocks nor log segments found. Creating new log.
I20260709 13:08:35.641907 28551 tablet_bootstrap.cc:654] T b9567b3f5ca049968d68f627802853d2 P 73213534879d446083cff1b957ee6a86: Neither blocks nor log segments found. Creating new log.
I20260709 13:08:35.642396 28657 consensus_queue.cc:1048] T 8d47a0c20ae4437a8f7434070e3d7769 P 73213534879d446083cff1b957ee6a86 [LEADER]: Connected to new peer: Peer: permanent_uuid: "321c6d48108446b790ab807354d02313" member_type: VOTER last_known_addr { host: "127.26.159.66" port: 41475 }, Status: LMP_MISMATCH, Last received: 0.0, Next index: 1, Last known committed idx: 0, Time since last communication: 0.000s
I20260709 13:08:35.646494 28550 tablet_bootstrap.cc:492] T 3f8e36a395944c3aa727013280c7dc2d P 321c6d48108446b790ab807354d02313: No bootstrap required, opened a new log
I20260709 13:08:35.646965 28550 ts_tablet_manager.cc:1403] T 3f8e36a395944c3aa727013280c7dc2d P 321c6d48108446b790ab807354d02313: Time spent bootstrapping tablet: real 0.030s	user 0.007s	sys 0.009s
I20260709 13:08:35.649466 28550 raft_consensus.cc:359] T 3f8e36a395944c3aa727013280c7dc2d P 321c6d48108446b790ab807354d02313 [term 0 FOLLOWER]: Replica starting. Triggering 0 pending ops. Active config: opid_index: -1 OBSOLETE_local: false peers { permanent_uuid: "7fab13968937449e8afddf6d991d040d" member_type: VOTER last_known_addr { host: "127.26.159.65" port: 43379 } } peers { permanent_uuid: "321c6d48108446b790ab807354d02313" member_type: VOTER last_known_addr { host: "127.26.159.66" port: 41475 } } peers { permanent_uuid: "73213534879d446083cff1b957ee6a86" member_type: VOTER last_known_addr { host: "127.26.159.67" port: 40237 } }
I20260709 13:08:35.650104 28550 raft_consensus.cc:385] T 3f8e36a395944c3aa727013280c7dc2d P 321c6d48108446b790ab807354d02313 [term 0 FOLLOWER]: Consensus starting up: Expiring failure detector timer to make a prompt election more likely
I20260709 13:08:35.650183 28551 tablet_bootstrap.cc:492] T b9567b3f5ca049968d68f627802853d2 P 73213534879d446083cff1b957ee6a86: No bootstrap required, opened a new log
I20260709 13:08:35.650373 28550 raft_consensus.cc:740] T 3f8e36a395944c3aa727013280c7dc2d P 321c6d48108446b790ab807354d02313 [term 0 FOLLOWER]: Becoming Follower/Learner. State: Replica: 321c6d48108446b790ab807354d02313, State: Initialized, Role: FOLLOWER
I20260709 13:08:35.652307 28549 tablet_bootstrap.cc:492] T 31d9cb4ca7644f979fc1feb35e5276fa P 7fab13968937449e8afddf6d991d040d: No bootstrap required, opened a new log
I20260709 13:08:35.654435 28549 ts_tablet_manager.cc:1403] T 31d9cb4ca7644f979fc1feb35e5276fa P 7fab13968937449e8afddf6d991d040d: Time spent bootstrapping tablet: real 0.039s	user 0.006s	sys 0.005s
I20260709 13:08:35.652616 28551 ts_tablet_manager.cc:1403] T b9567b3f5ca049968d68f627802853d2 P 73213534879d446083cff1b957ee6a86: Time spent bootstrapping tablet: real 0.023s	user 0.011s	sys 0.000s
I20260709 13:08:35.656932 28549 raft_consensus.cc:359] T 31d9cb4ca7644f979fc1feb35e5276fa P 7fab13968937449e8afddf6d991d040d [term 0 FOLLOWER]: Replica starting. Triggering 0 pending ops. Active config: opid_index: -1 OBSOLETE_local: false peers { permanent_uuid: "7fab13968937449e8afddf6d991d040d" member_type: VOTER last_known_addr { host: "127.26.159.65" port: 43379 } } peers { permanent_uuid: "321c6d48108446b790ab807354d02313" member_type: VOTER last_known_addr { host: "127.26.159.66" port: 41475 } } peers { permanent_uuid: "73213534879d446083cff1b957ee6a86" member_type: VOTER last_known_addr { host: "127.26.159.67" port: 40237 } }
I20260709 13:08:35.657596 28549 raft_consensus.cc:385] T 31d9cb4ca7644f979fc1feb35e5276fa P 7fab13968937449e8afddf6d991d040d [term 0 FOLLOWER]: Consensus starting up: Expiring failure detector timer to make a prompt election more likely
I20260709 13:08:35.657866 28549 raft_consensus.cc:740] T 31d9cb4ca7644f979fc1feb35e5276fa P 7fab13968937449e8afddf6d991d040d [term 0 FOLLOWER]: Becoming Follower/Learner. State: Replica: 7fab13968937449e8afddf6d991d040d, State: Initialized, Role: FOLLOWER
I20260709 13:08:35.651913 28550 consensus_queue.cc:260] T 3f8e36a395944c3aa727013280c7dc2d P 321c6d48108446b790ab807354d02313 [NON_LEADER]: Queue going to NON_LEADER mode. State: All replicated index: 0, Majority replicated index: 0, Committed index: 0, Last appended: 0.0, Last appended by leader: 0, Current term: 0, Majority size: -1, State: 0, Mode: NON_LEADER, active raft config: opid_index: -1 OBSOLETE_local: false peers { permanent_uuid: "7fab13968937449e8afddf6d991d040d" member_type: VOTER last_known_addr { host: "127.26.159.65" port: 43379 } } peers { permanent_uuid: "321c6d48108446b790ab807354d02313" member_type: VOTER last_known_addr { host: "127.26.159.66" port: 41475 } } peers { permanent_uuid: "73213534879d446083cff1b957ee6a86" member_type: VOTER last_known_addr { host: "127.26.159.67" port: 40237 } }
I20260709 13:08:35.658483 28549 consensus_queue.cc:260] T 31d9cb4ca7644f979fc1feb35e5276fa P 7fab13968937449e8afddf6d991d040d [NON_LEADER]: Queue going to NON_LEADER mode. State: All replicated index: 0, Majority replicated index: 0, Committed index: 0, Last appended: 0.0, Last appended by leader: 0, Current term: 0, Majority size: -1, State: 0, Mode: NON_LEADER, active raft config: opid_index: -1 OBSOLETE_local: false peers { permanent_uuid: "7fab13968937449e8afddf6d991d040d" member_type: VOTER last_known_addr { host: "127.26.159.65" port: 43379 } } peers { permanent_uuid: "321c6d48108446b790ab807354d02313" member_type: VOTER last_known_addr { host: "127.26.159.66" port: 41475 } } peers { permanent_uuid: "73213534879d446083cff1b957ee6a86" member_type: VOTER last_known_addr { host: "127.26.159.67" port: 40237 } }
I20260709 13:08:35.659597 28550 ts_tablet_manager.cc:1434] T 3f8e36a395944c3aa727013280c7dc2d P 321c6d48108446b790ab807354d02313: Time spent starting tablet: real 0.012s	user 0.006s	sys 0.000s
I20260709 13:08:35.660488 28549 ts_tablet_manager.cc:1434] T 31d9cb4ca7644f979fc1feb35e5276fa P 7fab13968937449e8afddf6d991d040d: Time spent starting tablet: real 0.006s	user 0.002s	sys 0.002s
I20260709 13:08:35.611400 28607 raft_consensus.cc:493] T 12ef45ff3ccd46f5a7a7ad101eaadefd P 7fab13968937449e8afddf6d991d040d [term 0 FOLLOWER]: Starting leader election (no leader contacted us within the election timeout)
I20260709 13:08:35.661211 28607 raft_consensus.cc:3060] T 12ef45ff3ccd46f5a7a7ad101eaadefd P 7fab13968937449e8afddf6d991d040d [term 0 FOLLOWER]: Advancing to term 1
I20260709 13:08:35.661618 28551 raft_consensus.cc:359] T b9567b3f5ca049968d68f627802853d2 P 73213534879d446083cff1b957ee6a86 [term 0 FOLLOWER]: Replica starting. Triggering 0 pending ops. Active config: opid_index: -1 OBSOLETE_local: false peers { permanent_uuid: "7fab13968937449e8afddf6d991d040d" member_type: VOTER last_known_addr { host: "127.26.159.65" port: 43379 } } peers { permanent_uuid: "321c6d48108446b790ab807354d02313" member_type: VOTER last_known_addr { host: "127.26.159.66" port: 41475 } } peers { permanent_uuid: "73213534879d446083cff1b957ee6a86" member_type: VOTER last_known_addr { host: "127.26.159.67" port: 40237 } }
I20260709 13:08:35.662081 28549 tablet_bootstrap.cc:492] T a2faf4540a6a473eb1a94e29838897a7 P 7fab13968937449e8afddf6d991d040d: Bootstrap starting.
I20260709 13:08:35.660524 28550 tablet_bootstrap.cc:492] T 215f8a47e5e742ec917a81e2e2a3aad6 P 321c6d48108446b790ab807354d02313: Bootstrap starting.
I20260709 13:08:35.662284 28551 raft_consensus.cc:385] T b9567b3f5ca049968d68f627802853d2 P 73213534879d446083cff1b957ee6a86 [term 0 FOLLOWER]: Consensus starting up: Expiring failure detector timer to make a prompt election more likely
I20260709 13:08:35.666692 28551 raft_consensus.cc:740] T b9567b3f5ca049968d68f627802853d2 P 73213534879d446083cff1b957ee6a86 [term 0 FOLLOWER]: Becoming Follower/Learner. State: Replica: 73213534879d446083cff1b957ee6a86, State: Initialized, Role: FOLLOWER
I20260709 13:08:35.667394 28551 consensus_queue.cc:260] T b9567b3f5ca049968d68f627802853d2 P 73213534879d446083cff1b957ee6a86 [NON_LEADER]: Queue going to NON_LEADER mode. State: All replicated index: 0, Majority replicated index: 0, Committed index: 0, Last appended: 0.0, Last appended by leader: 0, Current term: 0, Majority size: -1, State: 0, Mode: NON_LEADER, active raft config: opid_index: -1 OBSOLETE_local: false peers { permanent_uuid: "7fab13968937449e8afddf6d991d040d" member_type: VOTER last_known_addr { host: "127.26.159.65" port: 43379 } } peers { permanent_uuid: "321c6d48108446b790ab807354d02313" member_type: VOTER last_known_addr { host: "127.26.159.66" port: 41475 } } peers { permanent_uuid: "73213534879d446083cff1b957ee6a86" member_type: VOTER last_known_addr { host: "127.26.159.67" port: 40237 } }
I20260709 13:08:35.669092 28551 ts_tablet_manager.cc:1434] T b9567b3f5ca049968d68f627802853d2 P 73213534879d446083cff1b957ee6a86: Time spent starting tablet: real 0.013s	user 0.005s	sys 0.000s
I20260709 13:08:35.669943 28551 tablet_bootstrap.cc:492] T f571e73a8b0f47df8a1b76447fccac43 P 73213534879d446083cff1b957ee6a86: Bootstrap starting.
I20260709 13:08:35.677153 28550 tablet_bootstrap.cc:654] T 215f8a47e5e742ec917a81e2e2a3aad6 P 321c6d48108446b790ab807354d02313: Neither blocks nor log segments found. Creating new log.
I20260709 13:08:35.683547 28551 tablet_bootstrap.cc:654] T f571e73a8b0f47df8a1b76447fccac43 P 73213534879d446083cff1b957ee6a86: Neither blocks nor log segments found. Creating new log.
I20260709 13:08:35.709133 28550 tablet_bootstrap.cc:492] T 215f8a47e5e742ec917a81e2e2a3aad6 P 321c6d48108446b790ab807354d02313: No bootstrap required, opened a new log
I20260709 13:08:35.765959 28550 ts_tablet_manager.cc:1403] T 215f8a47e5e742ec917a81e2e2a3aad6 P 321c6d48108446b790ab807354d02313: Time spent bootstrapping tablet: real 0.106s	user 0.022s	sys 0.041s
I20260709 13:08:35.757750 28745 raft_consensus.cc:493] T 97bea3ba5b0c40df875a64003ce428ac P 7fab13968937449e8afddf6d991d040d [term 0 FOLLOWER]: Starting pre-election (no leader contacted us within the election timeout)
