I20260709 13:08:10.333374 22464 consensus_queue.cc:260] T 7104db860e12491b9ad77640645a7f39 P c521783b7b6241b685fa38b024d9aa35 [NON_LEADER]: Queue going to NON_LEADER mode. State: All replicated index: 0, Majority replicated index: 0, Committed index: 0, Last appended: 0.0, Last appended by leader: 0, Current term: 0, Majority size: -1, State: 0, Mode: NON_LEADER, active raft config: opid_index: -1 OBSOLETE_local: false peers { permanent_uuid: "228a40b5a7ce482a89f96c2d64307aeb" member_type: VOTER last_known_addr { host: "127.21.157.193" port: 40981 } } peers { permanent_uuid: "c521783b7b6241b685fa38b024d9aa35" member_type: VOTER last_known_addr { host: "127.21.157.194" port: 36015 } } peers { permanent_uuid: "ca86710a8f6b4948a37caeb781b15c61" member_type: VOTER last_known_addr { host: "127.21.157.195" port: 44303 } }
I20260709 13:08:10.334501 22463 consensus_queue.cc:260] T 56a11722047d4e76bcff283fa809474b P 228a40b5a7ce482a89f96c2d64307aeb [NON_LEADER]: Queue going to NON_LEADER mode. State: All replicated index: 0, Majority replicated index: 0, Committed index: 0, Last appended: 0.0, Last appended by leader: 0, Current term: 0, Majority size: -1, State: 0, Mode: NON_LEADER, active raft config: opid_index: -1 OBSOLETE_local: false peers { permanent_uuid: "c521783b7b6241b685fa38b024d9aa35" member_type: VOTER last_known_addr { host: "127.21.157.194" port: 36015 } } peers { permanent_uuid: "ca86710a8f6b4948a37caeb781b15c61" member_type: VOTER last_known_addr { host: "127.21.157.195" port: 44303 } } peers { permanent_uuid: "228a40b5a7ce482a89f96c2d64307aeb" member_type: VOTER last_known_addr { host: "127.21.157.193" port: 40981 } }
I20260709 13:08:10.335870 22464 ts_tablet_manager.cc:1434] T 7104db860e12491b9ad77640645a7f39 P c521783b7b6241b685fa38b024d9aa35: Time spent starting tablet: real 0.007s	user 0.008s	sys 0.000s
I20260709 13:08:10.336915 22464 tablet_bootstrap.cc:492] T 56a11722047d4e76bcff283fa809474b P c521783b7b6241b685fa38b024d9aa35: Bootstrap starting.
I20260709 13:08:10.337275 22463 ts_tablet_manager.cc:1434] T 56a11722047d4e76bcff283fa809474b P 228a40b5a7ce482a89f96c2d64307aeb: Time spent starting tablet: real 0.008s	user 0.007s	sys 0.000s
I20260709 13:08:10.338388 22463 tablet_bootstrap.cc:492] T 1185bfbe20084681b65f6c733dae8097 P 228a40b5a7ce482a89f96c2d64307aeb: Bootstrap starting.
I20260709 13:08:10.344709 22463 tablet_bootstrap.cc:654] T 1185bfbe20084681b65f6c733dae8097 P 228a40b5a7ce482a89f96c2d64307aeb: Neither blocks nor log segments found. Creating new log.
I20260709 13:08:10.348475 22468 raft_consensus.cc:493] T 7104db860e12491b9ad77640645a7f39 P ca86710a8f6b4948a37caeb781b15c61 [term 0 FOLLOWER]: Starting pre-election (no leader contacted us within the election timeout)
I20260709 13:08:10.349208 22464 tablet_bootstrap.cc:654] T 56a11722047d4e76bcff283fa809474b P c521783b7b6241b685fa38b024d9aa35: Neither blocks nor log segments found. Creating new log.
I20260709 13:08:10.349159 22468 raft_consensus.cc:515] T 7104db860e12491b9ad77640645a7f39 P ca86710a8f6b4948a37caeb781b15c61 [term 0 FOLLOWER]: Starting pre-election with config: opid_index: -1 OBSOLETE_local: false peers { permanent_uuid: "228a40b5a7ce482a89f96c2d64307aeb" member_type: VOTER last_known_addr { host: "127.21.157.193" port: 40981 } } peers { permanent_uuid: "c521783b7b6241b685fa38b024d9aa35" member_type: VOTER last_known_addr { host: "127.21.157.194" port: 36015 } } peers { permanent_uuid: "ca86710a8f6b4948a37caeb781b15c61" member_type: VOTER last_known_addr { host: "127.21.157.195" port: 44303 } }
I20260709 13:08:10.352959 22269 tablet_service.cc:1917] Received RequestConsensusVote() RPC: tablet_id: "7104db860e12491b9ad77640645a7f39" candidate_uuid: "ca86710a8f6b4948a37caeb781b15c61" candidate_term: 1 candidate_status { last_received { term: 0 index: 0 } } ignore_live_leader: false dest_uuid: "228a40b5a7ce482a89f96c2d64307aeb" is_pre_election: true
I20260709 13:08:10.353484 22345 tablet_service.cc:1917] Received RequestConsensusVote() RPC: tablet_id: "7104db860e12491b9ad77640645a7f39" candidate_uuid: "ca86710a8f6b4948a37caeb781b15c61" candidate_term: 1 candidate_status { last_received { term: 0 index: 0 } } ignore_live_leader: false dest_uuid: "c521783b7b6241b685fa38b024d9aa35" is_pre_election: true
I20260709 13:08:10.353652 22269 raft_consensus.cc:2468] T 7104db860e12491b9ad77640645a7f39 P 228a40b5a7ce482a89f96c2d64307aeb [term 0 FOLLOWER]: Leader pre-election vote request: Granting yes vote for candidate ca86710a8f6b4948a37caeb781b15c61 in term 0.
I20260709 13:08:10.354120 22345 raft_consensus.cc:2468] T 7104db860e12491b9ad77640645a7f39 P c521783b7b6241b685fa38b024d9aa35 [term 0 FOLLOWER]: Leader pre-election vote request: Granting yes vote for candidate ca86710a8f6b4948a37caeb781b15c61 in term 0.
I20260709 13:08:10.355072 22383 leader_election.cc:304] T 7104db860e12491b9ad77640645a7f39 P ca86710a8f6b4948a37caeb781b15c61 [CANDIDATE]: Term 1 pre-election: Election decided. Result: candidate won. Election summary: received 2 responses out of 3 voters: 2 yes votes; 0 no votes. yes voters: 228a40b5a7ce482a89f96c2d64307aeb, ca86710a8f6b4948a37caeb781b15c61; no voters: 
I20260709 13:08:10.356397 22483 raft_consensus.cc:2804] T 7104db860e12491b9ad77640645a7f39 P ca86710a8f6b4948a37caeb781b15c61 [term 0 FOLLOWER]: Leader pre-election won for term 1
I20260709 13:08:10.356798 22483 raft_consensus.cc:493] T 7104db860e12491b9ad77640645a7f39 P ca86710a8f6b4948a37caeb781b15c61 [term 0 FOLLOWER]: Starting leader election (no leader contacted us within the election timeout)
I20260709 13:08:10.357218 22483 raft_consensus.cc:3060] T 7104db860e12491b9ad77640645a7f39 P ca86710a8f6b4948a37caeb781b15c61 [term 0 FOLLOWER]: Advancing to term 1
I20260709 13:08:10.363075 22468 leader_election.cc:290] T 7104db860e12491b9ad77640645a7f39 P ca86710a8f6b4948a37caeb781b15c61 [CANDIDATE]: Term 1 pre-election: Requested pre-vote from peers 228a40b5a7ce482a89f96c2d64307aeb (127.21.157.193:40981), c521783b7b6241b685fa38b024d9aa35 (127.21.157.194:36015)
I20260709 13:08:10.364785 22483 raft_consensus.cc:515] T 7104db860e12491b9ad77640645a7f39 P ca86710a8f6b4948a37caeb781b15c61 [term 1 FOLLOWER]: Starting leader election with config: opid_index: -1 OBSOLETE_local: false peers { permanent_uuid: "228a40b5a7ce482a89f96c2d64307aeb" member_type: VOTER last_known_addr { host: "127.21.157.193" port: 40981 } } peers { permanent_uuid: "c521783b7b6241b685fa38b024d9aa35" member_type: VOTER last_known_addr { host: "127.21.157.194" port: 36015 } } peers { permanent_uuid: "ca86710a8f6b4948a37caeb781b15c61" member_type: VOTER last_known_addr { host: "127.21.157.195" port: 44303 } }
I20260709 13:08:10.367893 22269 tablet_service.cc:1917] Received RequestConsensusVote() RPC: tablet_id: "7104db860e12491b9ad77640645a7f39" candidate_uuid: "ca86710a8f6b4948a37caeb781b15c61" candidate_term: 1 candidate_status { last_received { term: 0 index: 0 } } ignore_live_leader: false dest_uuid: "228a40b5a7ce482a89f96c2d64307aeb"
I20260709 13:08:10.368520 22269 raft_consensus.cc:3060] T 7104db860e12491b9ad77640645a7f39 P 228a40b5a7ce482a89f96c2d64307aeb [term 0 FOLLOWER]: Advancing to term 1
I20260709 13:08:10.370237 22464 tablet_bootstrap.cc:492] T 56a11722047d4e76bcff283fa809474b P c521783b7b6241b685fa38b024d9aa35: No bootstrap required, opened a new log
I20260709 13:08:10.370740 22464 ts_tablet_manager.cc:1403] T 56a11722047d4e76bcff283fa809474b P c521783b7b6241b685fa38b024d9aa35: Time spent bootstrapping tablet: real 0.034s	user 0.018s	sys 0.008s
I20260709 13:08:10.370905 22462 ts_tablet_manager.cc:1434] T 7104db860e12491b9ad77640645a7f39 P ca86710a8f6b4948a37caeb781b15c61: Time spent starting tablet: real 0.051s	user 0.005s	sys 0.001s
I20260709 13:08:10.374183 22464 raft_consensus.cc:359] T 56a11722047d4e76bcff283fa809474b P c521783b7b6241b685fa38b024d9aa35 [term 0 FOLLOWER]: Replica starting. Triggering 0 pending ops. Active config: opid_index: -1 OBSOLETE_local: false peers { permanent_uuid: "c521783b7b6241b685fa38b024d9aa35" member_type: VOTER last_known_addr { host: "127.21.157.194" port: 36015 } } peers { permanent_uuid: "ca86710a8f6b4948a37caeb781b15c61" member_type: VOTER last_known_addr { host: "127.21.157.195" port: 44303 } } peers { permanent_uuid: "228a40b5a7ce482a89f96c2d64307aeb" member_type: VOTER last_known_addr { host: "127.21.157.193" port: 40981 } }
I20260709 13:08:10.374946 22464 raft_consensus.cc:385] T 56a11722047d4e76bcff283fa809474b P c521783b7b6241b685fa38b024d9aa35 [term 0 FOLLOWER]: Consensus starting up: Expiring failure detector timer to make a prompt election more likely
I20260709 13:08:10.375298 22464 raft_consensus.cc:740] T 56a11722047d4e76bcff283fa809474b P c521783b7b6241b685fa38b024d9aa35 [term 0 FOLLOWER]: Becoming Follower/Learner. State: Replica: c521783b7b6241b685fa38b024d9aa35, State: Initialized, Role: FOLLOWER
I20260709 13:08:10.375543 22269 raft_consensus.cc:2468] T 7104db860e12491b9ad77640645a7f39 P 228a40b5a7ce482a89f96c2d64307aeb [term 1 FOLLOWER]: Leader election vote request: Granting yes vote for candidate ca86710a8f6b4948a37caeb781b15c61 in term 1.
I20260709 13:08:10.376063 22464 consensus_queue.cc:260] T 56a11722047d4e76bcff283fa809474b P c521783b7b6241b685fa38b024d9aa35 [NON_LEADER]: Queue going to NON_LEADER mode. State: All replicated index: 0, Majority replicated index: 0, Committed index: 0, Last appended: 0.0, Last appended by leader: 0, Current term: 0, Majority size: -1, State: 0, Mode: NON_LEADER, active raft config: opid_index: -1 OBSOLETE_local: false peers { permanent_uuid: "c521783b7b6241b685fa38b024d9aa35" member_type: VOTER last_known_addr { host: "127.21.157.194" port: 36015 } } peers { permanent_uuid: "ca86710a8f6b4948a37caeb781b15c61" member_type: VOTER last_known_addr { host: "127.21.157.195" port: 44303 } } peers { permanent_uuid: "228a40b5a7ce482a89f96c2d64307aeb" member_type: VOTER last_known_addr { host: "127.21.157.193" port: 40981 } }
I20260709 13:08:10.376984 22383 leader_election.cc:304] T 7104db860e12491b9ad77640645a7f39 P ca86710a8f6b4948a37caeb781b15c61 [CANDIDATE]: Term 1 election: Election decided. Result: candidate won. Election summary: received 2 responses out of 3 voters: 2 yes votes; 0 no votes. yes voters: 228a40b5a7ce482a89f96c2d64307aeb, ca86710a8f6b4948a37caeb781b15c61; no voters: 
I20260709 13:08:10.379096 22464 ts_tablet_manager.cc:1434] T 56a11722047d4e76bcff283fa809474b P c521783b7b6241b685fa38b024d9aa35: Time spent starting tablet: real 0.008s	user 0.003s	sys 0.003s
I20260709 13:08:10.379379 22345 tablet_service.cc:1917] Received RequestConsensusVote() RPC: tablet_id: "7104db860e12491b9ad77640645a7f39" candidate_uuid: "ca86710a8f6b4948a37caeb781b15c61" candidate_term: 1 candidate_status { last_received { term: 0 index: 0 } } ignore_live_leader: false dest_uuid: "c521783b7b6241b685fa38b024d9aa35"
I20260709 13:08:10.379673 22468 raft_consensus.cc:2804] T 7104db860e12491b9ad77640645a7f39 P ca86710a8f6b4948a37caeb781b15c61 [term 1 FOLLOWER]: Leader election won for term 1
I20260709 13:08:10.380020 22345 raft_consensus.cc:3060] T 7104db860e12491b9ad77640645a7f39 P c521783b7b6241b685fa38b024d9aa35 [term 0 FOLLOWER]: Advancing to term 1
I20260709 13:08:10.380216 22464 tablet_bootstrap.cc:492] T 91128f9e315149a7884a73a417883ac3 P c521783b7b6241b685fa38b024d9aa35: Bootstrap starting.
I20260709 13:08:10.384562 22462 tablet_bootstrap.cc:492] T 470c4e462f18446e98cab2131c69f1e6 P ca86710a8f6b4948a37caeb781b15c61: Bootstrap starting.
I20260709 13:08:10.386852 22464 tablet_bootstrap.cc:654] T 91128f9e315149a7884a73a417883ac3 P c521783b7b6241b685fa38b024d9aa35: Neither blocks nor log segments found. Creating new log.
I20260709 13:08:10.388720 22345 raft_consensus.cc:2468] T 7104db860e12491b9ad77640645a7f39 P c521783b7b6241b685fa38b024d9aa35 [term 1 FOLLOWER]: Leader election vote request: Granting yes vote for candidate ca86710a8f6b4948a37caeb781b15c61 in term 1.
I20260709 13:08:10.392604 22483 leader_election.cc:290] T 7104db860e12491b9ad77640645a7f39 P ca86710a8f6b4948a37caeb781b15c61 [CANDIDATE]: Term 1 election: Requested vote from peers 228a40b5a7ce482a89f96c2d64307aeb (127.21.157.193:40981), c521783b7b6241b685fa38b024d9aa35 (127.21.157.194:36015)
I20260709 13:08:10.393442 22463 tablet_bootstrap.cc:492] T 1185bfbe20084681b65f6c733dae8097 P 228a40b5a7ce482a89f96c2d64307aeb: No bootstrap required, opened a new log
I20260709 13:08:10.393833 22463 ts_tablet_manager.cc:1403] T 1185bfbe20084681b65f6c733dae8097 P 228a40b5a7ce482a89f96c2d64307aeb: Time spent bootstrapping tablet: real 0.056s	user 0.015s	sys 0.000s
I20260709 13:08:10.395058 22468 raft_consensus.cc:697] T 7104db860e12491b9ad77640645a7f39 P ca86710a8f6b4948a37caeb781b15c61 [term 1 LEADER]: Becoming Leader. State: Replica: ca86710a8f6b4948a37caeb781b15c61, State: Running, Role: LEADER
I20260709 13:08:10.396136 22468 consensus_queue.cc:237] T 7104db860e12491b9ad77640645a7f39 P ca86710a8f6b4948a37caeb781b15c61 [LEADER]: Queue going to LEADER mode. State: All replicated index: 0, Majority replicated index: 0, Committed index: 0, Last appended: 0.0, Last appended by leader: 0, Current term: 1, Majority size: 2, State: 0, Mode: LEADER, active raft config: opid_index: -1 OBSOLETE_local: false peers { permanent_uuid: "228a40b5a7ce482a89f96c2d64307aeb" member_type: VOTER last_known_addr { host: "127.21.157.193" port: 40981 } } peers { permanent_uuid: "c521783b7b6241b685fa38b024d9aa35" member_type: VOTER last_known_addr { host: "127.21.157.194" port: 36015 } } peers { permanent_uuid: "ca86710a8f6b4948a37caeb781b15c61" member_type: VOTER last_known_addr { host: "127.21.157.195" port: 44303 } }
I20260709 13:08:10.397421 22463 raft_consensus.cc:359] T 1185bfbe20084681b65f6c733dae8097 P 228a40b5a7ce482a89f96c2d64307aeb [term 0 FOLLOWER]: Replica starting. Triggering 0 pending ops. Active config: opid_index: -1 OBSOLETE_local: false peers { permanent_uuid: "228a40b5a7ce482a89f96c2d64307aeb" member_type: VOTER last_known_addr { host: "127.21.157.193" port: 40981 } } peers { permanent_uuid: "c521783b7b6241b685fa38b024d9aa35" member_type: VOTER last_known_addr { host: "127.21.157.194" port: 36015 } } peers { permanent_uuid: "ca86710a8f6b4948a37caeb781b15c61" member_type: VOTER last_known_addr { host: "127.21.157.195" port: 44303 } }
I20260709 13:08:10.398070 22463 raft_consensus.cc:385] T 1185bfbe20084681b65f6c733dae8097 P 228a40b5a7ce482a89f96c2d64307aeb [term 0 FOLLOWER]: Consensus starting up: Expiring failure detector timer to make a prompt election more likely
I20260709 13:08:10.398330 22463 raft_consensus.cc:740] T 1185bfbe20084681b65f6c733dae8097 P 228a40b5a7ce482a89f96c2d64307aeb [term 0 FOLLOWER]: Becoming Follower/Learner. State: Replica: 228a40b5a7ce482a89f96c2d64307aeb, State: Initialized, Role: FOLLOWER
I20260709 13:08:10.398955 22463 consensus_queue.cc:260] T 1185bfbe20084681b65f6c733dae8097 P 228a40b5a7ce482a89f96c2d64307aeb [NON_LEADER]: Queue going to NON_LEADER mode. State: All replicated index: 0, Majority replicated index: 0, Committed index: 0, Last appended: 0.0, Last appended by leader: 0, Current term: 0, Majority size: -1, State: 0, Mode: NON_LEADER, active raft config: opid_index: -1 OBSOLETE_local: false peers { permanent_uuid: "228a40b5a7ce482a89f96c2d64307aeb" member_type: VOTER last_known_addr { host: "127.21.157.193" port: 40981 } } peers { permanent_uuid: "c521783b7b6241b685fa38b024d9aa35" member_type: VOTER last_known_addr { host: "127.21.157.194" port: 36015 } } peers { permanent_uuid: "ca86710a8f6b4948a37caeb781b15c61" member_type: VOTER last_known_addr { host: "127.21.157.195" port: 44303 } }
I20260709 13:08:10.401070 22463 ts_tablet_manager.cc:1434] T 1185bfbe20084681b65f6c733dae8097 P 228a40b5a7ce482a89f96c2d64307aeb: Time spent starting tablet: real 0.007s	user 0.005s	sys 0.000s
I20260709 13:08:10.415872 22462 tablet_bootstrap.cc:654] T 470c4e462f18446e98cab2131c69f1e6 P ca86710a8f6b4948a37caeb781b15c61: Neither blocks nor log segments found. Creating new log.
I20260709 13:08:10.417881 22166 catalog_manager.cc:5697] T 7104db860e12491b9ad77640645a7f39 P ca86710a8f6b4948a37caeb781b15c61 reported cstate change: term changed from 0 to 1, leader changed from <none> to ca86710a8f6b4948a37caeb781b15c61 (127.21.157.195). New cstate: current_term: 1 leader_uuid: "ca86710a8f6b4948a37caeb781b15c61" committed_config { opid_index: -1 OBSOLETE_local: false peers { permanent_uuid: "228a40b5a7ce482a89f96c2d64307aeb" member_type: VOTER last_known_addr { host: "127.21.157.193" port: 40981 } health_report { overall_health: UNKNOWN } } peers { permanent_uuid: "c521783b7b6241b685fa38b024d9aa35" member_type: VOTER last_known_addr { host: "127.21.157.194" port: 36015 } health_report { overall_health: UNKNOWN } } peers { permanent_uuid: "ca86710a8f6b4948a37caeb781b15c61" member_type: VOTER last_known_addr { host: "127.21.157.195" port: 44303 } health_report { overall_health: HEALTHY } } }
I20260709 13:08:10.417479 22464 tablet_bootstrap.cc:492] T 91128f9e315149a7884a73a417883ac3 P c521783b7b6241b685fa38b024d9aa35: No bootstrap required, opened a new log
I20260709 13:08:10.419814 22464 ts_tablet_manager.cc:1403] T 91128f9e315149a7884a73a417883ac3 P c521783b7b6241b685fa38b024d9aa35: Time spent bootstrapping tablet: real 0.040s	user 0.010s	sys 0.009s
I20260709 13:08:10.422349 22464 raft_consensus.cc:359] T 91128f9e315149a7884a73a417883ac3 P c521783b7b6241b685fa38b024d9aa35 [term 0 FOLLOWER]: Replica starting. Triggering 0 pending ops. Active config: opid_index: -1 OBSOLETE_local: false peers { permanent_uuid: "228a40b5a7ce482a89f96c2d64307aeb" member_type: VOTER last_known_addr { host: "127.21.157.193" port: 40981 } } peers { permanent_uuid: "c521783b7b6241b685fa38b024d9aa35" member_type: VOTER last_known_addr { host: "127.21.157.194" port: 36015 } } peers { permanent_uuid: "ca86710a8f6b4948a37caeb781b15c61" member_type: VOTER last_known_addr { host: "127.21.157.195" port: 44303 } }
I20260709 13:08:10.423844 22464 raft_consensus.cc:385] T 91128f9e315149a7884a73a417883ac3 P c521783b7b6241b685fa38b024d9aa35 [term 0 FOLLOWER]: Consensus starting up: Expiring failure detector timer to make a prompt election more likely
I20260709 13:08:10.424105 22464 raft_consensus.cc:740] T 91128f9e315149a7884a73a417883ac3 P c521783b7b6241b685fa38b024d9aa35 [term 0 FOLLOWER]: Becoming Follower/Learner. State: Replica: c521783b7b6241b685fa38b024d9aa35, State: Initialized, Role: FOLLOWER
I20260709 13:08:10.424786 22464 consensus_queue.cc:260] T 91128f9e315149a7884a73a417883ac3 P c521783b7b6241b685fa38b024d9aa35 [NON_LEADER]: Queue going to NON_LEADER mode. State: All replicated index: 0, Majority replicated index: 0, Committed index: 0, Last appended: 0.0, Last appended by leader: 0, Current term: 0, Majority size: -1, State: 0, Mode: NON_LEADER, active raft config: opid_index: -1 OBSOLETE_local: false peers { permanent_uuid: "228a40b5a7ce482a89f96c2d64307aeb" member_type: VOTER last_known_addr { host: "127.21.157.193" port: 40981 } } peers { permanent_uuid: "c521783b7b6241b685fa38b024d9aa35" member_type: VOTER last_known_addr { host: "127.21.157.194" port: 36015 } } peers { permanent_uuid: "ca86710a8f6b4948a37caeb781b15c61" member_type: VOTER last_known_addr { host: "127.21.157.195" port: 44303 } }
I20260709 13:08:10.427562 22464 ts_tablet_manager.cc:1434] T 91128f9e315149a7884a73a417883ac3 P c521783b7b6241b685fa38b024d9aa35: Time spent starting tablet: real 0.007s	user 0.005s	sys 0.000s
I20260709 13:08:10.428417 22464 tablet_bootstrap.cc:492] T 1185bfbe20084681b65f6c733dae8097 P c521783b7b6241b685fa38b024d9aa35: Bootstrap starting.
I20260709 13:08:10.433524 22464 tablet_bootstrap.cc:654] T 1185bfbe20084681b65f6c733dae8097 P c521783b7b6241b685fa38b024d9aa35: Neither blocks nor log segments found. Creating new log.
I20260709 13:08:10.433540 22462 tablet_bootstrap.cc:492] T 470c4e462f18446e98cab2131c69f1e6 P ca86710a8f6b4948a37caeb781b15c61: No bootstrap required, opened a new log
I20260709 13:08:10.434149 22462 ts_tablet_manager.cc:1403] T 470c4e462f18446e98cab2131c69f1e6 P ca86710a8f6b4948a37caeb781b15c61: Time spent bootstrapping tablet: real 0.050s	user 0.000s	sys 0.012s
I20260709 13:08:10.437009 22462 raft_consensus.cc:359] T 470c4e462f18446e98cab2131c69f1e6 P ca86710a8f6b4948a37caeb781b15c61 [term 0 FOLLOWER]: Replica starting. Triggering 0 pending ops. Active config: opid_index: -1 OBSOLETE_local: false peers { permanent_uuid: "228a40b5a7ce482a89f96c2d64307aeb" member_type: VOTER last_known_addr { host: "127.21.157.193" port: 40981 } } peers { permanent_uuid: "c521783b7b6241b685fa38b024d9aa35" member_type: VOTER last_known_addr { host: "127.21.157.194" port: 36015 } } peers { permanent_uuid: "ca86710a8f6b4948a37caeb781b15c61" member_type: VOTER last_known_addr { host: "127.21.157.195" port: 44303 } }
I20260709 13:08:10.437928 22462 raft_consensus.cc:385] T 470c4e462f18446e98cab2131c69f1e6 P ca86710a8f6b4948a37caeb781b15c61 [term 0 FOLLOWER]: Consensus starting up: Expiring failure detector timer to make a prompt election more likely
I20260709 13:08:10.438345 22462 raft_consensus.cc:740] T 470c4e462f18446e98cab2131c69f1e6 P ca86710a8f6b4948a37caeb781b15c61 [term 0 FOLLOWER]: Becoming Follower/Learner. State: Replica: ca86710a8f6b4948a37caeb781b15c61, State: Initialized, Role: FOLLOWER
I20260709 13:08:10.439235 22462 consensus_queue.cc:260] T 470c4e462f18446e98cab2131c69f1e6 P ca86710a8f6b4948a37caeb781b15c61 [NON_LEADER]: Queue going to NON_LEADER mode. State: All replicated index: 0, Majority replicated index: 0, Committed index: 0, Last appended: 0.0, Last appended by leader: 0, Current term: 0, Majority size: -1, State: 0, Mode: NON_LEADER, active raft config: opid_index: -1 OBSOLETE_local: false peers { permanent_uuid: "228a40b5a7ce482a89f96c2d64307aeb" member_type: VOTER last_known_addr { host: "127.21.157.193" port: 40981 } } peers { permanent_uuid: "c521783b7b6241b685fa38b024d9aa35" member_type: VOTER last_known_addr { host: "127.21.157.194" port: 36015 } } peers { permanent_uuid: "ca86710a8f6b4948a37caeb781b15c61" member_type: VOTER last_known_addr { host: "127.21.157.195" port: 44303 } }
I20260709 13:08:10.443872 22462 ts_tablet_manager.cc:1434] T 470c4e462f18446e98cab2131c69f1e6 P ca86710a8f6b4948a37caeb781b15c61: Time spent starting tablet: real 0.009s	user 0.007s	sys 0.000s
I20260709 13:08:10.444732 22462 tablet_bootstrap.cc:492] T 1185bfbe20084681b65f6c733dae8097 P ca86710a8f6b4948a37caeb781b15c61: Bootstrap starting.
I20260709 13:08:10.444962 22464 tablet_bootstrap.cc:492] T 1185bfbe20084681b65f6c733dae8097 P c521783b7b6241b685fa38b024d9aa35: No bootstrap required, opened a new log
I20260709 13:08:10.445353 22464 ts_tablet_manager.cc:1403] T 1185bfbe20084681b65f6c733dae8097 P c521783b7b6241b685fa38b024d9aa35: Time spent bootstrapping tablet: real 0.017s	user 0.011s	sys 0.003s
I20260709 13:08:10.447849 22464 raft_consensus.cc:359] T 1185bfbe20084681b65f6c733dae8097 P c521783b7b6241b685fa38b024d9aa35 [term 0 FOLLOWER]: Replica starting. Triggering 0 pending ops. Active config: opid_index: -1 OBSOLETE_local: false peers { permanent_uuid: "228a40b5a7ce482a89f96c2d64307aeb" member_type: VOTER last_known_addr { host: "127.21.157.193" port: 40981 } } peers { permanent_uuid: "c521783b7b6241b685fa38b024d9aa35" member_type: VOTER last_known_addr { host: "127.21.157.194" port: 36015 } } peers { permanent_uuid: "ca86710a8f6b4948a37caeb781b15c61" member_type: VOTER last_known_addr { host: "127.21.157.195" port: 44303 } }
I20260709 13:08:10.448506 22464 raft_consensus.cc:385] T 1185bfbe20084681b65f6c733dae8097 P c521783b7b6241b685fa38b024d9aa35 [term 0 FOLLOWER]: Consensus starting up: Expiring failure detector timer to make a prompt election more likely
I20260709 13:08:10.448786 22464 raft_consensus.cc:740] T 1185bfbe20084681b65f6c733dae8097 P c521783b7b6241b685fa38b024d9aa35 [term 0 FOLLOWER]: Becoming Follower/Learner. State: Replica: c521783b7b6241b685fa38b024d9aa35, State: Initialized, Role: FOLLOWER
I20260709 13:08:10.449401 22464 consensus_queue.cc:260] T 1185bfbe20084681b65f6c733dae8097 P c521783b7b6241b685fa38b024d9aa35 [NON_LEADER]: Queue going to NON_LEADER mode. State: All replicated index: 0, Majority replicated index: 0, Committed index: 0, Last appended: 0.0, Last appended by leader: 0, Current term: 0, Majority size: -1, State: 0, Mode: NON_LEADER, active raft config: opid_index: -1 OBSOLETE_local: false peers { permanent_uuid: "228a40b5a7ce482a89f96c2d64307aeb" member_type: VOTER last_known_addr { host: "127.21.157.193" port: 40981 } } peers { permanent_uuid: "c521783b7b6241b685fa38b024d9aa35" member_type: VOTER last_known_addr { host: "127.21.157.194" port: 36015 } } peers { permanent_uuid: "ca86710a8f6b4948a37caeb781b15c61" member_type: VOTER last_known_addr { host: "127.21.157.195" port: 44303 } }
I20260709 13:08:10.450570 22462 tablet_bootstrap.cc:654] T 1185bfbe20084681b65f6c733dae8097 P ca86710a8f6b4948a37caeb781b15c61: Neither blocks nor log segments found. Creating new log.
I20260709 13:08:10.450520 22468 raft_consensus.cc:493] T 470c4e462f18446e98cab2131c69f1e6 P ca86710a8f6b4948a37caeb781b15c61 [term 0 FOLLOWER]: Starting pre-election (no leader contacted us within the election timeout)
I20260709 13:08:10.451081 22468 raft_consensus.cc:515] T 470c4e462f18446e98cab2131c69f1e6 P ca86710a8f6b4948a37caeb781b15c61 [term 0 FOLLOWER]: Starting pre-election with config: opid_index: -1 OBSOLETE_local: false peers { permanent_uuid: "228a40b5a7ce482a89f96c2d64307aeb" member_type: VOTER last_known_addr { host: "127.21.157.193" port: 40981 } } peers { permanent_uuid: "c521783b7b6241b685fa38b024d9aa35" member_type: VOTER last_known_addr { host: "127.21.157.194" port: 36015 } } peers { permanent_uuid: "ca86710a8f6b4948a37caeb781b15c61" member_type: VOTER last_known_addr { host: "127.21.157.195" port: 44303 } }
I20260709 13:08:10.453251 22468 leader_election.cc:290] T 470c4e462f18446e98cab2131c69f1e6 P ca86710a8f6b4948a37caeb781b15c61 [CANDIDATE]: Term 1 pre-election: Requested pre-vote from peers 228a40b5a7ce482a89f96c2d64307aeb (127.21.157.193:40981), c521783b7b6241b685fa38b024d9aa35 (127.21.157.194:36015)
I20260709 13:08:10.454385 22345 tablet_service.cc:1917] Received RequestConsensusVote() RPC: tablet_id: "470c4e462f18446e98cab2131c69f1e6" candidate_uuid: "ca86710a8f6b4948a37caeb781b15c61" candidate_term: 1 candidate_status { last_received { term: 0 index: 0 } } ignore_live_leader: false dest_uuid: "c521783b7b6241b685fa38b024d9aa35" is_pre_election: true
I20260709 13:08:10.455054 22345 raft_consensus.cc:2468] T 470c4e462f18446e98cab2131c69f1e6 P c521783b7b6241b685fa38b024d9aa35 [term 0 FOLLOWER]: Leader pre-election vote request: Granting yes vote for candidate ca86710a8f6b4948a37caeb781b15c61 in term 0.
I20260709 13:08:10.455276 22464 ts_tablet_manager.cc:1434] T 1185bfbe20084681b65f6c733dae8097 P c521783b7b6241b685fa38b024d9aa35: Time spent starting tablet: real 0.010s	user 0.005s	sys 0.001s
I20260709 13:08:10.456934 22385 leader_election.cc:304] T 470c4e462f18446e98cab2131c69f1e6 P ca86710a8f6b4948a37caeb781b15c61 [CANDIDATE]: Term 1 pre-election: Election decided. Result: candidate won. Election summary: received 2 responses out of 3 voters: 2 yes votes; 0 no votes. yes voters: c521783b7b6241b685fa38b024d9aa35, ca86710a8f6b4948a37caeb781b15c61; no voters: 
I20260709 13:08:10.457103 22269 tablet_service.cc:1917] Received RequestConsensusVote() RPC: tablet_id: "470c4e462f18446e98cab2131c69f1e6" candidate_uuid: "ca86710a8f6b4948a37caeb781b15c61" candidate_term: 1 candidate_status { last_received { term: 0 index: 0 } } ignore_live_leader: false dest_uuid: "228a40b5a7ce482a89f96c2d64307aeb" is_pre_election: true
I20260709 13:08:10.457899 22269 raft_consensus.cc:2468] T 470c4e462f18446e98cab2131c69f1e6 P 228a40b5a7ce482a89f96c2d64307aeb [term 0 FOLLOWER]: Leader pre-election vote request: Granting yes vote for candidate ca86710a8f6b4948a37caeb781b15c61 in term 0.
I20260709 13:08:10.459118 22509 raft_consensus.cc:493] T fe643e6edafd4d2798ae1ac0cff33755 P ca86710a8f6b4948a37caeb781b15c61 [term 0 FOLLOWER]: Starting pre-election (no leader contacted us within the election timeout)
I20260709 13:08:10.459650 22509 raft_consensus.cc:515] T fe643e6edafd4d2798ae1ac0cff33755 P ca86710a8f6b4948a37caeb781b15c61 [term 0 FOLLOWER]: Starting pre-election with config: opid_index: -1 OBSOLETE_local: false peers { permanent_uuid: "228a40b5a7ce482a89f96c2d64307aeb" member_type: VOTER last_known_addr { host: "127.21.157.193" port: 40981 } } peers { permanent_uuid: "c521783b7b6241b685fa38b024d9aa35" member_type: VOTER last_known_addr { host: "127.21.157.194" port: 36015 } } peers { permanent_uuid: "ca86710a8f6b4948a37caeb781b15c61" member_type: VOTER last_known_addr { host: "127.21.157.195" port: 44303 } }
I20260709 13:08:10.461783 22509 leader_election.cc:290] T fe643e6edafd4d2798ae1ac0cff33755 P ca86710a8f6b4948a37caeb781b15c61 [CANDIDATE]: Term 1 pre-election: Requested pre-vote from peers 228a40b5a7ce482a89f96c2d64307aeb (127.21.157.193:40981), c521783b7b6241b685fa38b024d9aa35 (127.21.157.194:36015)
I20260709 13:08:10.462255 22462 tablet_bootstrap.cc:492] T 1185bfbe20084681b65f6c733dae8097 P ca86710a8f6b4948a37caeb781b15c61: No bootstrap required, opened a new log
I20260709 13:08:10.462766 22462 ts_tablet_manager.cc:1403] T 1185bfbe20084681b65f6c733dae8097 P ca86710a8f6b4948a37caeb781b15c61: Time spent bootstrapping tablet: real 0.018s	user 0.014s	sys 0.001s
I20260709 13:08:10.463670 22345 tablet_service.cc:1917] Received RequestConsensusVote() RPC: tablet_id: "fe643e6edafd4d2798ae1ac0cff33755" candidate_uuid: "ca86710a8f6b4948a37caeb781b15c61" candidate_term: 1 candidate_status { last_received { term: 0 index: 0 } } ignore_live_leader: false dest_uuid: "c521783b7b6241b685fa38b024d9aa35" is_pre_election: true
I20260709 13:08:10.463836 22269 tablet_service.cc:1917] Received RequestConsensusVote() RPC: tablet_id: "fe643e6edafd4d2798ae1ac0cff33755" candidate_uuid: "ca86710a8f6b4948a37caeb781b15c61" candidate_term: 1 candidate_status { last_received { term: 0 index: 0 } } ignore_live_leader: false dest_uuid: "228a40b5a7ce482a89f96c2d64307aeb" is_pre_election: true
I20260709 13:08:10.464550 22345 raft_consensus.cc:2393] T fe643e6edafd4d2798ae1ac0cff33755 P c521783b7b6241b685fa38b024d9aa35 [term 1 FOLLOWER]: Leader pre-election vote request: Denying vote to candidate ca86710a8f6b4948a37caeb781b15c61 in current term 1: Already voted for candidate 228a40b5a7ce482a89f96c2d64307aeb in this term.
I20260709 13:08:10.462255 22509 raft_consensus.cc:2804] T 470c4e462f18446e98cab2131c69f1e6 P ca86710a8f6b4948a37caeb781b15c61 [term 0 FOLLOWER]: Leader pre-election won for term 1
I20260709 13:08:10.465754 22509 raft_consensus.cc:493] T 470c4e462f18446e98cab2131c69f1e6 P ca86710a8f6b4948a37caeb781b15c61 [term 0 FOLLOWER]: Starting leader election (no leader contacted us within the election timeout)
I20260709 13:08:10.465852 22385 leader_election.cc:304] T fe643e6edafd4d2798ae1ac0cff33755 P ca86710a8f6b4948a37caeb781b15c61 [CANDIDATE]: Term 1 pre-election: Election decided. Result: candidate lost. Election summary: received 3 responses out of 3 voters: 1 yes votes; 2 no votes. yes voters: ca86710a8f6b4948a37caeb781b15c61; no voters: 228a40b5a7ce482a89f96c2d64307aeb, c521783b7b6241b685fa38b024d9aa35
I20260709 13:08:10.466249 22509 raft_consensus.cc:3060] T 470c4e462f18446e98cab2131c69f1e6 P ca86710a8f6b4948a37caeb781b15c61 [term 0 FOLLOWER]: Advancing to term 1
I20260709 13:08:10.465605 22462 raft_consensus.cc:359] T 1185bfbe20084681b65f6c733dae8097 P ca86710a8f6b4948a37caeb781b15c61 [term 0 FOLLOWER]: Replica starting. Triggering 0 pending ops. Active config: opid_index: -1 OBSOLETE_local: false peers { permanent_uuid: "228a40b5a7ce482a89f96c2d64307aeb" member_type: VOTER last_known_addr { host: "127.21.157.193" port: 40981 } } peers { permanent_uuid: "c521783b7b6241b685fa38b024d9aa35" member_type: VOTER last_known_addr { host: "127.21.157.194" port: 36015 } } peers { permanent_uuid: "ca86710a8f6b4948a37caeb781b15c61" member_type: VOTER last_known_addr { host: "127.21.157.195" port: 44303 } }
I20260709 13:08:10.466741 22462 raft_consensus.cc:385] T 1185bfbe20084681b65f6c733dae8097 P ca86710a8f6b4948a37caeb781b15c61 [term 0 FOLLOWER]: Consensus starting up: Expiring failure detector timer to make a prompt election more likely
I20260709 13:08:10.466796 22468 raft_consensus.cc:3060] T fe643e6edafd4d2798ae1ac0cff33755 P ca86710a8f6b4948a37caeb781b15c61 [term 0 FOLLOWER]: Advancing to term 1
I20260709 13:08:10.467139 22462 raft_consensus.cc:740] T 1185bfbe20084681b65f6c733dae8097 P ca86710a8f6b4948a37caeb781b15c61 [term 0 FOLLOWER]: Becoming Follower/Learner. State: Replica: ca86710a8f6b4948a37caeb781b15c61, State: Initialized, Role: FOLLOWER
I20260709 13:08:10.468056 22462 consensus_queue.cc:260] T 1185bfbe20084681b65f6c733dae8097 P ca86710a8f6b4948a37caeb781b15c61 [NON_LEADER]: Queue going to NON_LEADER mode. State: All replicated index: 0, Majority replicated index: 0, Committed index: 0, Last appended: 0.0, Last appended by leader: 0, Current term: 0, Majority size: -1, State: 0, Mode: NON_LEADER, active raft config: opid_index: -1 OBSOLETE_local: false peers { permanent_uuid: "228a40b5a7ce482a89f96c2d64307aeb" member_type: VOTER last_known_addr { host: "127.21.157.193" port: 40981 } } peers { permanent_uuid: "c521783b7b6241b685fa38b024d9aa35" member_type: VOTER last_known_addr { host: "127.21.157.194" port: 36015 } } peers { permanent_uuid: "ca86710a8f6b4948a37caeb781b15c61" member_type: VOTER last_known_addr { host: "127.21.157.195" port: 44303 } }
I20260709 13:08:10.470515 22462 ts_tablet_manager.cc:1434] T 1185bfbe20084681b65f6c733dae8097 P ca86710a8f6b4948a37caeb781b15c61: Time spent starting tablet: real 0.007s	user 0.005s	sys 0.000s
I20260709 13:08:10.476461 22468 raft_consensus.cc:2749] T fe643e6edafd4d2798ae1ac0cff33755 P ca86710a8f6b4948a37caeb781b15c61 [term 1 FOLLOWER]: Leader pre-election lost for term 1. Reason: could not achieve majority
I20260709 13:08:10.478425 22509 raft_consensus.cc:515] T 470c4e462f18446e98cab2131c69f1e6 P ca86710a8f6b4948a37caeb781b15c61 [term 1 FOLLOWER]: Starting leader election with config: opid_index: -1 OBSOLETE_local: false peers { permanent_uuid: "228a40b5a7ce482a89f96c2d64307aeb" member_type: VOTER last_known_addr { host: "127.21.157.193" port: 40981 } } peers { permanent_uuid: "c521783b7b6241b685fa38b024d9aa35" member_type: VOTER last_known_addr { host: "127.21.157.194" port: 36015 } } peers { permanent_uuid: "ca86710a8f6b4948a37caeb781b15c61" member_type: VOTER last_known_addr { host: "127.21.157.195" port: 44303 } }
I20260709 13:08:10.480301 22509 leader_election.cc:290] T 470c4e462f18446e98cab2131c69f1e6 P ca86710a8f6b4948a37caeb781b15c61 [CANDIDATE]: Term 1 election: Requested vote from peers 228a40b5a7ce482a89f96c2d64307aeb (127.21.157.193:40981), c521783b7b6241b685fa38b024d9aa35 (127.21.157.194:36015)
I20260709 13:08:10.481019 22269 tablet_service.cc:1917] Received RequestConsensusVote() RPC: tablet_id: "470c4e462f18446e98cab2131c69f1e6" candidate_uuid: "ca86710a8f6b4948a37caeb781b15c61" candidate_term: 1 candidate_status { last_received { term: 0 index: 0 } } ignore_live_leader: false dest_uuid: "228a40b5a7ce482a89f96c2d64307aeb"
I20260709 13:08:10.481561 22269 raft_consensus.cc:3060] T 470c4e462f18446e98cab2131c69f1e6 P 228a40b5a7ce482a89f96c2d64307aeb [term 0 FOLLOWER]: Advancing to term 1
I20260709 13:08:10.483111 22345 tablet_service.cc:1917] Received RequestConsensusVote() RPC: tablet_id: "470c4e462f18446e98cab2131c69f1e6" candidate_uuid: "ca86710a8f6b4948a37caeb781b15c61" candidate_term: 1 candidate_status { last_received { term: 0 index: 0 } } ignore_live_leader: false dest_uuid: "c521783b7b6241b685fa38b024d9aa35"
I20260709 13:08:10.483655 22345 raft_consensus.cc:3060] T 470c4e462f18446e98cab2131c69f1e6 P c521783b7b6241b685fa38b024d9aa35 [term 0 FOLLOWER]: Advancing to term 1
I20260709 13:08:10.486164 22269 raft_consensus.cc:2468] T 470c4e462f18446e98cab2131c69f1e6 P 228a40b5a7ce482a89f96c2d64307aeb [term 1 FOLLOWER]: Leader election vote request: Granting yes vote for candidate ca86710a8f6b4948a37caeb781b15c61 in term 1.
I20260709 13:08:10.487407 22470 raft_consensus.cc:493] T 56a11722047d4e76bcff283fa809474b P c521783b7b6241b685fa38b024d9aa35 [term 0 FOLLOWER]: Starting pre-election (no leader contacted us within the election timeout)
I20260709 13:08:10.487334 22383 leader_election.cc:304] T 470c4e462f18446e98cab2131c69f1e6 P ca86710a8f6b4948a37caeb781b15c61 [CANDIDATE]: Term 1 election: Election decided. Result: candidate won. Election summary: received 2 responses out of 3 voters: 2 yes votes; 0 no votes. yes voters: 228a40b5a7ce482a89f96c2d64307aeb, ca86710a8f6b4948a37caeb781b15c61; no voters: 
I20260709 13:08:10.487905 22470 raft_consensus.cc:515] T 56a11722047d4e76bcff283fa809474b P c521783b7b6241b685fa38b024d9aa35 [term 0 FOLLOWER]: Starting pre-election with config: opid_index: -1 OBSOLETE_local: false peers { permanent_uuid: "c521783b7b6241b685fa38b024d9aa35" member_type: VOTER last_known_addr { host: "127.21.157.194" port: 36015 } } peers { permanent_uuid: "ca86710a8f6b4948a37caeb781b15c61" member_type: VOTER last_known_addr { host: "127.21.157.195" port: 44303 } } peers { permanent_uuid: "228a40b5a7ce482a89f96c2d64307aeb" member_type: VOTER last_known_addr { host: "127.21.157.193" port: 40981 } }
I20260709 13:08:10.489537 22470 leader_election.cc:290] T 56a11722047d4e76bcff283fa809474b P c521783b7b6241b685fa38b024d9aa35 [CANDIDATE]: Term 1 pre-election: Requested pre-vote from peers ca86710a8f6b4948a37caeb781b15c61 (127.21.157.195:44303), 228a40b5a7ce482a89f96c2d64307aeb (127.21.157.193:40981)
I20260709 13:08:10.490217 22418 tablet_service.cc:1917] Received RequestConsensusVote() RPC: tablet_id: "56a11722047d4e76bcff283fa809474b" candidate_uuid: "c521783b7b6241b685fa38b024d9aa35" candidate_term: 1 candidate_status { last_received { term: 0 index: 0 } } ignore_live_leader: false dest_uuid: "ca86710a8f6b4948a37caeb781b15c61" is_pre_election: true
I20260709 13:08:10.490376 22469 raft_consensus.cc:493] T 56a11722047d4e76bcff283fa809474b P 228a40b5a7ce482a89f96c2d64307aeb [term 0 FOLLOWER]: Starting pre-election (no leader contacted us within the election timeout)
I20260709 13:08:10.490818 22418 raft_consensus.cc:2468] T 56a11722047d4e76bcff283fa809474b P ca86710a8f6b4948a37caeb781b15c61 [term 0 FOLLOWER]: Leader pre-election vote request: Granting yes vote for candidate c521783b7b6241b685fa38b024d9aa35 in term 0.
I20260709 13:08:10.490978 22269 tablet_service.cc:1917] Received RequestConsensusVote() RPC: tablet_id: "56a11722047d4e76bcff283fa809474b" candidate_uuid: "c521783b7b6241b685fa38b024d9aa35" candidate_term: 1 candidate_status { last_received { term: 0 index: 0 } } ignore_live_leader: false dest_uuid: "228a40b5a7ce482a89f96c2d64307aeb" is_pre_election: true
I20260709 13:08:10.490844 22469 raft_consensus.cc:515] T 56a11722047d4e76bcff283fa809474b P 228a40b5a7ce482a89f96c2d64307aeb [term 0 FOLLOWER]: Starting pre-election with config: opid_index: -1 OBSOLETE_local: false peers { permanent_uuid: "c521783b7b6241b685fa38b024d9aa35" member_type: VOTER last_known_addr { host: "127.21.157.194" port: 36015 } } peers { permanent_uuid: "ca86710a8f6b4948a37caeb781b15c61" member_type: VOTER last_known_addr { host: "127.21.157.195" port: 44303 } } peers { permanent_uuid: "228a40b5a7ce482a89f96c2d64307aeb" member_type: VOTER last_known_addr { host: "127.21.157.193" port: 40981 } }
I20260709 13:08:10.492242 22310 leader_election.cc:304] T 56a11722047d4e76bcff283fa809474b P c521783b7b6241b685fa38b024d9aa35 [CANDIDATE]: Term 1 pre-election: Election decided. Result: candidate won. Election summary: received 2 responses out of 3 voters: 2 yes votes; 0 no votes. yes voters: c521783b7b6241b685fa38b024d9aa35, ca86710a8f6b4948a37caeb781b15c61; no voters: 
I20260709 13:08:10.493070 22469 leader_election.cc:290] T 56a11722047d4e76bcff283fa809474b P 228a40b5a7ce482a89f96c2d64307aeb [CANDIDATE]: Term 1 pre-election: Requested pre-vote from peers c521783b7b6241b685fa38b024d9aa35 (127.21.157.194:36015), ca86710a8f6b4948a37caeb781b15c61 (127.21.157.195:44303)
I20260709 13:08:10.492412 22509 raft_consensus.cc:2804] T 470c4e462f18446e98cab2131c69f1e6 P ca86710a8f6b4948a37caeb781b15c61 [term 1 FOLLOWER]: Leader election won for term 1
I20260709 13:08:10.493599 22470 raft_consensus.cc:2804] T 56a11722047d4e76bcff283fa809474b P c521783b7b6241b685fa38b024d9aa35 [term 0 FOLLOWER]: Leader pre-election won for term 1
I20260709 13:08:10.493206 22269 raft_consensus.cc:2468] T 56a11722047d4e76bcff283fa809474b P 228a40b5a7ce482a89f96c2d64307aeb [term 0 FOLLOWER]: Leader pre-election vote request: Granting yes vote for candidate c521783b7b6241b685fa38b024d9aa35 in term 0.
I20260709 13:08:10.493978 22470 raft_consensus.cc:493] T 56a11722047d4e76bcff283fa809474b P c521783b7b6241b685fa38b024d9aa35 [term 0 FOLLOWER]: Starting leader election (no leader contacted us within the election timeout)
I20260709 13:08:10.493611 22344 tablet_service.cc:1917] Received RequestConsensusVote() RPC: tablet_id: "56a11722047d4e76bcff283fa809474b" candidate_uuid: "228a40b5a7ce482a89f96c2d64307aeb" candidate_term: 1 candidate_status { last_received { term: 0 index: 0 } } ignore_live_leader: false dest_uuid: "c521783b7b6241b685fa38b024d9aa35" is_pre_election: true
I20260709 13:08:10.494593 22470 raft_consensus.cc:3060] T 56a11722047d4e76bcff283fa809474b P c521783b7b6241b685fa38b024d9aa35 [term 0 FOLLOWER]: Advancing to term 1
I20260709 13:08:10.495036 22418 tablet_service.cc:1917] Received RequestConsensusVote() RPC: tablet_id: "56a11722047d4e76bcff283fa809474b" candidate_uuid: "228a40b5a7ce482a89f96c2d64307aeb" candidate_term: 1 candidate_status { last_received { term: 0 index: 0 } } ignore_live_leader: false dest_uuid: "ca86710a8f6b4948a37caeb781b15c61" is_pre_election: true
I20260709 13:08:10.494071 22509 raft_consensus.cc:697] T 470c4e462f18446e98cab2131c69f1e6 P ca86710a8f6b4948a37caeb781b15c61 [term 1 LEADER]: Becoming Leader. State: Replica: ca86710a8f6b4948a37caeb781b15c61, State: Running, Role: LEADER
I20260709 13:08:10.495615 22418 raft_consensus.cc:2468] T 56a11722047d4e76bcff283fa809474b P ca86710a8f6b4948a37caeb781b15c61 [term 0 FOLLOWER]: Leader pre-election vote request: Granting yes vote for candidate 228a40b5a7ce482a89f96c2d64307aeb in term 0.
I20260709 13:08:10.496227 22509 consensus_queue.cc:237] T 470c4e462f18446e98cab2131c69f1e6 P ca86710a8f6b4948a37caeb781b15c61 [LEADER]: Queue going to LEADER mode. State: All replicated index: 0, Majority replicated index: 0, Committed index: 0, Last appended: 0.0, Last appended by leader: 0, Current term: 1, Majority size: 2, State: 0, Mode: LEADER, active raft config: opid_index: -1 OBSOLETE_local: false peers { permanent_uuid: "228a40b5a7ce482a89f96c2d64307aeb" member_type: VOTER last_known_addr { host: "127.21.157.193" port: 40981 } } peers { permanent_uuid: "c521783b7b6241b685fa38b024d9aa35" member_type: VOTER last_known_addr { host: "127.21.157.194" port: 36015 } } peers { permanent_uuid: "ca86710a8f6b4948a37caeb781b15c61" member_type: VOTER last_known_addr { host: "127.21.157.195" port: 44303 } }
I20260709 13:08:10.496654 22235 leader_election.cc:304] T 56a11722047d4e76bcff283fa809474b P 228a40b5a7ce482a89f96c2d64307aeb [CANDIDATE]: Term 1 pre-election: Election decided. Result: candidate won. Election summary: received 2 responses out of 3 voters: 2 yes votes; 0 no votes. yes voters: 228a40b5a7ce482a89f96c2d64307aeb, ca86710a8f6b4948a37caeb781b15c61; no voters: 
I20260709 13:08:10.497481 22469 raft_consensus.cc:2804] T 56a11722047d4e76bcff283fa809474b P 228a40b5a7ce482a89f96c2d64307aeb [term 0 FOLLOWER]: Leader pre-election won for term 1
I20260709 13:08:10.497848 22469 raft_consensus.cc:493] T 56a11722047d4e76bcff283fa809474b P 228a40b5a7ce482a89f96c2d64307aeb [term 0 FOLLOWER]: Starting leader election (no leader contacted us within the election timeout)
I20260709 13:08:10.497835 22345 raft_consensus.cc:2468] T 470c4e462f18446e98cab2131c69f1e6 P c521783b7b6241b685fa38b024d9aa35 [term 1 FOLLOWER]: Leader election vote request: Granting yes vote for candidate ca86710a8f6b4948a37caeb781b15c61 in term 1.
I20260709 13:08:10.498332 22469 raft_consensus.cc:3060] T 56a11722047d4e76bcff283fa809474b P 228a40b5a7ce482a89f96c2d64307aeb [term 0 FOLLOWER]: Advancing to term 1
I20260709 13:08:10.503464 22470 raft_consensus.cc:515] T 56a11722047d4e76bcff283fa809474b P c521783b7b6241b685fa38b024d9aa35 [term 1 FOLLOWER]: Starting leader election with config: opid_index: -1 OBSOLETE_local: false peers { permanent_uuid: "c521783b7b6241b685fa38b024d9aa35" member_type: VOTER last_known_addr { host: "127.21.157.194" port: 36015 } } peers { permanent_uuid: "ca86710a8f6b4948a37caeb781b15c61" member_type: VOTER last_known_addr { host: "127.21.157.195" port: 44303 } } peers { permanent_uuid: "228a40b5a7ce482a89f96c2d64307aeb" member_type: VOTER last_known_addr { host: "127.21.157.193" port: 40981 } }
I20260709 13:08:10.504616 22344 raft_consensus.cc:2393] T 56a11722047d4e76bcff283fa809474b P c521783b7b6241b685fa38b024d9aa35 [term 1 FOLLOWER]: Leader pre-election vote request: Denying vote to candidate 228a40b5a7ce482a89f96c2d64307aeb in current term 1: Already voted for candidate c521783b7b6241b685fa38b024d9aa35 in this term.
I20260709 13:08:10.504752 22469 raft_consensus.cc:515] T 56a11722047d4e76bcff283fa809474b P 228a40b5a7ce482a89f96c2d64307aeb [term 1 FOLLOWER]: Starting leader election with config: opid_index: -1 OBSOLETE_local: false peers { permanent_uuid: "c521783b7b6241b685fa38b024d9aa35" member_type: VOTER last_known_addr { host: "127.21.157.194" port: 36015 } } peers { permanent_uuid: "ca86710a8f6b4948a37caeb781b15c61" member_type: VOTER last_known_addr { host: "127.21.157.195" port: 44303 } } peers { permanent_uuid: "228a40b5a7ce482a89f96c2d64307aeb" member_type: VOTER last_known_addr { host: "127.21.157.193" port: 40981 } }
I20260709 13:08:10.505525 22470 leader_election.cc:290] T 56a11722047d4e76bcff283fa809474b P c521783b7b6241b685fa38b024d9aa35 [CANDIDATE]: Term 1 election: Requested vote from peers ca86710a8f6b4948a37caeb781b15c61 (127.21.157.195:44303), 228a40b5a7ce482a89f96c2d64307aeb (127.21.157.193:40981)
I20260709 13:08:10.506578 22270 tablet_service.cc:1917] Received RequestConsensusVote() RPC: tablet_id: "56a11722047d4e76bcff283fa809474b" candidate_uuid: "c521783b7b6241b685fa38b024d9aa35" candidate_term: 1 candidate_status { last_received { term: 0 index: 0 } } ignore_live_leader: false dest_uuid: "228a40b5a7ce482a89f96c2d64307aeb"
I20260709 13:08:10.507812 22469 leader_election.cc:290] T 56a11722047d4e76bcff283fa809474b P 228a40b5a7ce482a89f96c2d64307aeb [CANDIDATE]: Term 1 election: Requested vote from peers c521783b7b6241b685fa38b024d9aa35 (127.21.157.194:36015), ca86710a8f6b4948a37caeb781b15c61 (127.21.157.195:44303)
I20260709 13:08:10.509047 22344 tablet_service.cc:1917] Received RequestConsensusVote() RPC: tablet_id: "56a11722047d4e76bcff283fa809474b" candidate_uuid: "228a40b5a7ce482a89f96c2d64307aeb" candidate_term: 1 candidate_status { last_received { term: 0 index: 0 } } ignore_live_leader: false dest_uuid: "c521783b7b6241b685fa38b024d9aa35"
I20260709 13:08:10.510414 22344 raft_consensus.cc:2393] T 56a11722047d4e76bcff283fa809474b P c521783b7b6241b685fa38b024d9aa35 [term 1 FOLLOWER]: Leader election vote request: Denying vote to candidate 228a40b5a7ce482a89f96c2d64307aeb in current term 1: Already voted for candidate c521783b7b6241b685fa38b024d9aa35 in this term.
I20260709 13:08:10.510663 22419 tablet_service.cc:1917] Received RequestConsensusVote() RPC: tablet_id: "56a11722047d4e76bcff283fa809474b" candidate_uuid: "c521783b7b6241b685fa38b024d9aa35" candidate_term: 1 candidate_status { last_received { term: 0 index: 0 } } ignore_live_leader: false dest_uuid: "ca86710a8f6b4948a37caeb781b15c61"
I20260709 13:08:10.511231 22419 raft_consensus.cc:3060] T 56a11722047d4e76bcff283fa809474b P ca86710a8f6b4948a37caeb781b15c61 [term 0 FOLLOWER]: Advancing to term 1
I20260709 13:08:10.512645 22470 raft_consensus.cc:493] T 91128f9e315149a7884a73a417883ac3 P c521783b7b6241b685fa38b024d9aa35 [term 0 FOLLOWER]: Starting pre-election (no leader contacted us within the election timeout)
I20260709 13:08:10.513048 22470 raft_consensus.cc:515] T 91128f9e315149a7884a73a417883ac3 P c521783b7b6241b685fa38b024d9aa35 [term 0 FOLLOWER]: Starting pre-election with config: opid_index: -1 OBSOLETE_local: false peers { permanent_uuid: "228a40b5a7ce482a89f96c2d64307aeb" member_type: VOTER last_known_addr { host: "127.21.157.193" port: 40981 } } peers { permanent_uuid: "c521783b7b6241b685fa38b024d9aa35" member_type: VOTER last_known_addr { host: "127.21.157.194" port: 36015 } } peers { permanent_uuid: "ca86710a8f6b4948a37caeb781b15c61" member_type: VOTER last_known_addr { host: "127.21.157.195" port: 44303 } }
I20260709 13:08:10.514657 22470 leader_election.cc:290] T 91128f9e315149a7884a73a417883ac3 P c521783b7b6241b685fa38b024d9aa35 [CANDIDATE]: Term 1 pre-election: Requested pre-vote from peers 228a40b5a7ce482a89f96c2d64307aeb (127.21.157.193:40981), ca86710a8f6b4948a37caeb781b15c61 (127.21.157.195:44303)
I20260709 13:08:10.509522 22418 tablet_service.cc:1917] Received RequestConsensusVote() RPC: tablet_id: "56a11722047d4e76bcff283fa809474b" candidate_uuid: "228a40b5a7ce482a89f96c2d64307aeb" candidate_term: 1 candidate_status { last_received { term: 0 index: 0 } } ignore_live_leader: false dest_uuid: "ca86710a8f6b4948a37caeb781b15c61"
I20260709 13:08:10.515328 22270 tablet_service.cc:1917] Received RequestConsensusVote() RPC: tablet_id: "91128f9e315149a7884a73a417883ac3" candidate_uuid: "c521783b7b6241b685fa38b024d9aa35" candidate_term: 1 candidate_status { last_received { term: 0 index: 0 } } ignore_live_leader: false dest_uuid: "228a40b5a7ce482a89f96c2d64307aeb" is_pre_election: true
