I20260709 13:08:19.276309 22135 tablet_server.cc:196] TabletServer@127.21.157.193:0 shutdown complete.
W20260709 13:08:19.276963 22383 consensus_peers.cc:597] T 1185bfbe20084681b65f6c733dae8097 P ca86710a8f6b4948a37caeb781b15c61 -> Peer 228a40b5a7ce482a89f96c2d64307aeb (127.21.157.193:40981): Couldn't send request to peer 228a40b5a7ce482a89f96c2d64307aeb. Status: Network error: Client connection negotiation failed: client connection to 127.21.157.193:40981: connect: Connection refused (error 111). This is attempt 1: this message will repeat every 5th retry.
I20260709 13:08:19.294708 22135 tablet_server.cc:179] TabletServer@127.21.157.194:0 shutting down...
I20260709 13:08:19.319254 22135 ts_tablet_manager.cc:1507] Shutting down tablet manager...
I20260709 13:08:19.320067 22135 tablet_replica.cc:333] T 1185bfbe20084681b65f6c733dae8097 P c521783b7b6241b685fa38b024d9aa35: stopping tablet replica
I20260709 13:08:19.320829 22135 raft_consensus.cc:2243] T 1185bfbe20084681b65f6c733dae8097 P c521783b7b6241b685fa38b024d9aa35 [term 1 FOLLOWER]: Raft consensus shutting down.
I20260709 13:08:19.321318 22135 raft_consensus.cc:2272] T 1185bfbe20084681b65f6c733dae8097 P c521783b7b6241b685fa38b024d9aa35 [term 1 FOLLOWER]: Raft consensus is shut down!
I20260709 13:08:19.323048 22135 tablet_replica.cc:333] T 91128f9e315149a7884a73a417883ac3 P c521783b7b6241b685fa38b024d9aa35: stopping tablet replica
I20260709 13:08:19.323554 22135 raft_consensus.cc:2243] T 91128f9e315149a7884a73a417883ac3 P c521783b7b6241b685fa38b024d9aa35 [term 3 LEADER]: Raft consensus shutting down.
I20260709 13:08:19.324287 22135 raft_consensus.cc:2272] T 91128f9e315149a7884a73a417883ac3 P c521783b7b6241b685fa38b024d9aa35 [term 3 FOLLOWER]: Raft consensus is shut down!
I20260709 13:08:19.325804 22135 tablet_replica.cc:333] T 56a11722047d4e76bcff283fa809474b P c521783b7b6241b685fa38b024d9aa35: stopping tablet replica
I20260709 13:08:19.326300 22135 raft_consensus.cc:2243] T 56a11722047d4e76bcff283fa809474b P c521783b7b6241b685fa38b024d9aa35 [term 4 FOLLOWER]: Raft consensus shutting down.
I20260709 13:08:19.326740 22135 raft_consensus.cc:2272] T 56a11722047d4e76bcff283fa809474b P c521783b7b6241b685fa38b024d9aa35 [term 4 FOLLOWER]: Raft consensus is shut down!
I20260709 13:08:19.329308 22135 tablet_replica.cc:333] T 7104db860e12491b9ad77640645a7f39 P c521783b7b6241b685fa38b024d9aa35: stopping tablet replica
I20260709 13:08:19.329790 22135 raft_consensus.cc:2243] T 7104db860e12491b9ad77640645a7f39 P c521783b7b6241b685fa38b024d9aa35 [term 4 FOLLOWER]: Raft consensus shutting down.
I20260709 13:08:19.330168 22135 raft_consensus.cc:2272] T 7104db860e12491b9ad77640645a7f39 P c521783b7b6241b685fa38b024d9aa35 [term 4 FOLLOWER]: Raft consensus is shut down!
W20260709 13:08:19.331274 22383 consensus_peers.cc:597] T 7104db860e12491b9ad77640645a7f39 P ca86710a8f6b4948a37caeb781b15c61 -> Peer 228a40b5a7ce482a89f96c2d64307aeb (127.21.157.193:40981): Couldn't send request to peer 228a40b5a7ce482a89f96c2d64307aeb. Status: Network error: Client connection negotiation failed: client connection to 127.21.157.193:40981: connect: Connection refused (error 111). This is attempt 1: this message will repeat every 5th retry.
I20260709 13:08:19.332260 22135 tablet_replica.cc:333] T 470c4e462f18446e98cab2131c69f1e6 P c521783b7b6241b685fa38b024d9aa35: stopping tablet replica
I20260709 13:08:19.332696 22135 raft_consensus.cc:2243] T 470c4e462f18446e98cab2131c69f1e6 P c521783b7b6241b685fa38b024d9aa35 [term 3 FOLLOWER]: Raft consensus shutting down.
I20260709 13:08:19.332978 22135 raft_consensus.cc:2272] T 470c4e462f18446e98cab2131c69f1e6 P c521783b7b6241b685fa38b024d9aa35 [term 3 FOLLOWER]: Raft consensus is shut down!
I20260709 13:08:19.334313 22135 tablet_replica.cc:333] T fe643e6edafd4d2798ae1ac0cff33755 P c521783b7b6241b685fa38b024d9aa35: stopping tablet replica
I20260709 13:08:19.334713 22135 raft_consensus.cc:2243] T fe643e6edafd4d2798ae1ac0cff33755 P c521783b7b6241b685fa38b024d9aa35 [term 4 LEADER]: Raft consensus shutting down.
I20260709 13:08:19.335389 22135 raft_consensus.cc:2272] T fe643e6edafd4d2798ae1ac0cff33755 P c521783b7b6241b685fa38b024d9aa35 [term 4 FOLLOWER]: Raft consensus is shut down!
I20260709 13:08:19.337105 22135 tablet_replica.cc:333] T f37cfd4d45d8476d800e4578ac617d57 P c521783b7b6241b685fa38b024d9aa35: stopping tablet replica
I20260709 13:08:19.337488 22135 raft_consensus.cc:2243] T f37cfd4d45d8476d800e4578ac617d57 P c521783b7b6241b685fa38b024d9aa35 [term 2 FOLLOWER]: Raft consensus shutting down.
I20260709 13:08:19.337788 22135 raft_consensus.cc:2272] T f37cfd4d45d8476d800e4578ac617d57 P c521783b7b6241b685fa38b024d9aa35 [term 2 FOLLOWER]: Raft consensus is shut down!
I20260709 13:08:19.339481 22135 tablet_replica.cc:333] T fd14bbc6f35d446a9ae2c64636447f62 P c521783b7b6241b685fa38b024d9aa35: stopping tablet replica
I20260709 13:08:19.339929 22135 raft_consensus.cc:2243] T fd14bbc6f35d446a9ae2c64636447f62 P c521783b7b6241b685fa38b024d9aa35 [term 2 FOLLOWER]: Raft consensus shutting down.
I20260709 13:08:19.340265 22135 raft_consensus.cc:2272] T fd14bbc6f35d446a9ae2c64636447f62 P c521783b7b6241b685fa38b024d9aa35 [term 2 FOLLOWER]: Raft consensus is shut down!
I20260709 13:08:19.342070 22135 tablet_replica.cc:333] T d7740705cd974239a31f101573939b6b P c521783b7b6241b685fa38b024d9aa35: stopping tablet replica
I20260709 13:08:19.342451 22135 raft_consensus.cc:2243] T d7740705cd974239a31f101573939b6b P c521783b7b6241b685fa38b024d9aa35 [term 4 LEADER]: Raft consensus shutting down.
I20260709 13:08:19.343075 22135 raft_consensus.cc:2272] T d7740705cd974239a31f101573939b6b P c521783b7b6241b685fa38b024d9aa35 [term 4 FOLLOWER]: Raft consensus is shut down!
I20260709 13:08:19.372236 22135 tablet_server.cc:196] TabletServer@127.21.157.194:0 shutdown complete.
I20260709 13:08:19.387553 22135 tablet_server.cc:179] TabletServer@127.21.157.195:0 shutting down...
I20260709 13:08:19.410895 22135 ts_tablet_manager.cc:1507] Shutting down tablet manager...
I20260709 13:08:19.411556 22135 tablet_replica.cc:333] T 1185bfbe20084681b65f6c733dae8097 P ca86710a8f6b4948a37caeb781b15c61: stopping tablet replica
I20260709 13:08:19.412184 22135 raft_consensus.cc:2243] T 1185bfbe20084681b65f6c733dae8097 P ca86710a8f6b4948a37caeb781b15c61 [term 1 LEADER]: Raft consensus shutting down.
I20260709 13:08:19.413017 22135 raft_consensus.cc:2272] T 1185bfbe20084681b65f6c733dae8097 P ca86710a8f6b4948a37caeb781b15c61 [term 1 FOLLOWER]: Raft consensus is shut down!
I20260709 13:08:19.414703 22135 tablet_replica.cc:333] T 470c4e462f18446e98cab2131c69f1e6 P ca86710a8f6b4948a37caeb781b15c61: stopping tablet replica
I20260709 13:08:19.415189 22135 raft_consensus.cc:2243] T 470c4e462f18446e98cab2131c69f1e6 P ca86710a8f6b4948a37caeb781b15c61 [term 3 FOLLOWER]: Raft consensus shutting down.
I20260709 13:08:19.415599 22135 raft_consensus.cc:2272] T 470c4e462f18446e98cab2131c69f1e6 P ca86710a8f6b4948a37caeb781b15c61 [term 3 FOLLOWER]: Raft consensus is shut down!
I20260709 13:08:19.417127 22135 tablet_replica.cc:333] T 7104db860e12491b9ad77640645a7f39 P ca86710a8f6b4948a37caeb781b15c61: stopping tablet replica
I20260709 13:08:19.417588 22135 raft_consensus.cc:2243] T 7104db860e12491b9ad77640645a7f39 P ca86710a8f6b4948a37caeb781b15c61 [term 4 LEADER]: Raft consensus shutting down.
I20260709 13:08:19.418321 22135 raft_consensus.cc:2272] T 7104db860e12491b9ad77640645a7f39 P ca86710a8f6b4948a37caeb781b15c61 [term 4 FOLLOWER]: Raft consensus is shut down!
I20260709 13:08:19.420318 22135 tablet_replica.cc:333] T fd14bbc6f35d446a9ae2c64636447f62 P ca86710a8f6b4948a37caeb781b15c61: stopping tablet replica
I20260709 13:08:19.420786 22135 raft_consensus.cc:2243] T fd14bbc6f35d446a9ae2c64636447f62 P ca86710a8f6b4948a37caeb781b15c61 [term 2 FOLLOWER]: Raft consensus shutting down.
I20260709 13:08:19.421173 22135 raft_consensus.cc:2272] T fd14bbc6f35d446a9ae2c64636447f62 P ca86710a8f6b4948a37caeb781b15c61 [term 2 FOLLOWER]: Raft consensus is shut down!
I20260709 13:08:19.423252 22135 tablet_replica.cc:333] T fe643e6edafd4d2798ae1ac0cff33755 P ca86710a8f6b4948a37caeb781b15c61: stopping tablet replica
I20260709 13:08:19.423712 22135 raft_consensus.cc:2243] T fe643e6edafd4d2798ae1ac0cff33755 P ca86710a8f6b4948a37caeb781b15c61 [term 4 FOLLOWER]: Raft consensus shutting down.
I20260709 13:08:19.424176 22135 raft_consensus.cc:2272] T fe643e6edafd4d2798ae1ac0cff33755 P ca86710a8f6b4948a37caeb781b15c61 [term 4 FOLLOWER]: Raft consensus is shut down!
I20260709 13:08:19.425565 22135 tablet_replica.cc:333] T f37cfd4d45d8476d800e4578ac617d57 P ca86710a8f6b4948a37caeb781b15c61: stopping tablet replica
I20260709 13:08:19.426003 22135 raft_consensus.cc:2243] T f37cfd4d45d8476d800e4578ac617d57 P ca86710a8f6b4948a37caeb781b15c61 [term 2 LEADER]: Raft consensus shutting down.
I20260709 13:08:19.426610 22135 raft_consensus.cc:2272] T f37cfd4d45d8476d800e4578ac617d57 P ca86710a8f6b4948a37caeb781b15c61 [term 2 FOLLOWER]: Raft consensus is shut down!
I20260709 13:08:19.428243 22135 tablet_replica.cc:333] T d7740705cd974239a31f101573939b6b P ca86710a8f6b4948a37caeb781b15c61: stopping tablet replica
I20260709 13:08:19.428676 22135 raft_consensus.cc:2243] T d7740705cd974239a31f101573939b6b P ca86710a8f6b4948a37caeb781b15c61 [term 4 FOLLOWER]: Raft consensus shutting down.
I20260709 13:08:19.429045 22135 raft_consensus.cc:2272] T d7740705cd974239a31f101573939b6b P ca86710a8f6b4948a37caeb781b15c61 [term 4 FOLLOWER]: Raft consensus is shut down!
I20260709 13:08:19.430513 22135 tablet_replica.cc:333] T 91128f9e315149a7884a73a417883ac3 P ca86710a8f6b4948a37caeb781b15c61: stopping tablet replica
I20260709 13:08:19.430935 22135 raft_consensus.cc:2243] T 91128f9e315149a7884a73a417883ac3 P ca86710a8f6b4948a37caeb781b15c61 [term 3 FOLLOWER]: Raft consensus shutting down.
I20260709 13:08:19.431334 22135 raft_consensus.cc:2272] T 91128f9e315149a7884a73a417883ac3 P ca86710a8f6b4948a37caeb781b15c61 [term 3 FOLLOWER]: Raft consensus is shut down!
I20260709 13:08:19.432875 22135 tablet_replica.cc:333] T 56a11722047d4e76bcff283fa809474b P ca86710a8f6b4948a37caeb781b15c61: stopping tablet replica
I20260709 13:08:19.433277 22135 raft_consensus.cc:2243] T 56a11722047d4e76bcff283fa809474b P ca86710a8f6b4948a37caeb781b15c61 [term 4 FOLLOWER]: Raft consensus shutting down.
I20260709 13:08:19.433655 22135 raft_consensus.cc:2272] T 56a11722047d4e76bcff283fa809474b P ca86710a8f6b4948a37caeb781b15c61 [term 4 FOLLOWER]: Raft consensus is shut down!
I20260709 13:08:19.458602 22135 tablet_server.cc:196] TabletServer@127.21.157.195:0 shutdown complete.
I20260709 13:08:19.473577 22135 master.cc:562] Master@127.21.157.254:41905 shutting down...
I20260709 13:08:19.642817 22135 raft_consensus.cc:2243] T 00000000000000000000000000000000 P 8055396942bf412d82bb27330d9eed5f [term 1 LEADER]: Raft consensus shutting down.
I20260709 13:08:19.643323 22135 raft_consensus.cc:2272] T 00000000000000000000000000000000 P 8055396942bf412d82bb27330d9eed5f [term 1 FOLLOWER]: Raft consensus is shut down!
I20260709 13:08:19.643592 22135 tablet_replica.cc:333] T 00000000000000000000000000000000 P 8055396942bf412d82bb27330d9eed5f: stopping tablet replica
I20260709 13:08:19.663497 22135 master.cc:584] Master@127.21.157.254:41905 shutdown complete.
228a40b5a7ce482a89f96c2d64307aeb  4
c521783b7b6241b685fa38b024d9aa35  4
ca86710a8f6b4948a37caeb781b15c61  1
[       OK ] LeaderRebalancerTest.FunctionalTestForDivided (12514 ms)
[ RUN      ] LeaderRebalancerTest.FunctionalTestForNotDivided
I20260709 13:08:19.704197 22135 internal_mini_cluster.cc:156] Creating distributed mini masters. Addrs: 127.21.157.254:41091
I20260709 13:08:19.705314 22135 file_cache.cc:504] Constructed file cache file cache with capacity 419430
W20260709 13:08:19.710318 22633 instance_detector.cc:116] could not retrieve AWS instance metadata: Network error: curl error: HTTP response code said error: The requested URL returned error: 404
W20260709 13:08:19.711608 22634 instance_detector.cc:116] could not retrieve Azure instance metadata: Network error: curl error: HTTP response code said error: The requested URL returned error: 404
W20260709 13:08:19.712227 22636 instance_detector.cc:116] could not retrieve OpenStack instance metadata: Network error: curl error: HTTP response code said error: The requested URL returned error: 404
I20260709 13:08:19.712296 22135 server_base.cc:1061] running on GCE node
I20260709 13:08:19.713208 22135 hybrid_clock.cc:584] initializing the hybrid clock with 'system_unsync' time source
W20260709 13:08:19.713375 22135 system_unsync_time.cc:38] NTP support is disabled. Clock error bounds will not be accurate. This configuration is not suitable for distributed clusters.
I20260709 13:08:19.713560 22135 hybrid_clock.cc:648] HybridClock initialized: now 1783602499713528 us; error 0 us; skew 500 ppm
I20260709 13:08:19.714080 22135 server_base.cc:861] Flag tcmalloc_max_total_thread_cache_bytes is not working since tcmalloc is not enabled.
I20260709 13:08:19.716351 22135 webserver.cc:533] Webserver started at http://127.21.157.254:38277/ using document root <none> and password file <none>
I20260709 13:08:19.716830 22135 fs_manager.cc:362] Metadata directory not provided
I20260709 13:08:19.717011 22135 fs_manager.cc:368] Using write-ahead log directory (fs_wal_dir) as metadata directory
I20260709 13:08:19.717284 22135 server_base.cc:909] This appears to be a new deployment of Kudu; creating new FS layout
I20260709 13:08:19.718325 22135 fs_manager.cc:1068] Generated new instance metadata in path /tmp/dist-test-taskjkLu6A/test-tmp/auto_leader_rebalancer-test.0.LeaderRebalancerTest.FunctionalTestForNotDivided.1783602487027528-22135-0/minicluster-data/master-0-root/instance:
uuid: "7c5ee8ea9ef6457aba395d03ed13ab02"
format_stamp: "Formatted at 2026-07-09 13:08:19 on dist-test-slave-mz79"
I20260709 13:08:19.722386 22135 fs_manager.cc:696] Time spent creating directory manager: real 0.004s	user 0.002s	sys 0.004s
I20260709 13:08:19.725389 22641 log_block_manager.cc:4127] Time spent loading block containers with low live blocks: real 0.000s	user 0.000s	sys 0.000s
I20260709 13:08:19.726161 22135 fs_manager.cc:730] Time spent opening block manager: real 0.002s	user 0.001s	sys 0.000s
I20260709 13:08:19.726436 22135 fs_manager.cc:647] Opened local filesystem: /tmp/dist-test-taskjkLu6A/test-tmp/auto_leader_rebalancer-test.0.LeaderRebalancerTest.FunctionalTestForNotDivided.1783602487027528-22135-0/minicluster-data/master-0-root
uuid: "7c5ee8ea9ef6457aba395d03ed13ab02"
format_stamp: "Formatted at 2026-07-09 13:08:19 on dist-test-slave-mz79"
I20260709 13:08:19.726698 22135 fs_report.cc:389] FS layout report
--------------------
wal directory: /tmp/dist-test-taskjkLu6A/test-tmp/auto_leader_rebalancer-test.0.LeaderRebalancerTest.FunctionalTestForNotDivided.1783602487027528-22135-0/minicluster-data/master-0-root
metadata directory: /tmp/dist-test-taskjkLu6A/test-tmp/auto_leader_rebalancer-test.0.LeaderRebalancerTest.FunctionalTestForNotDivided.1783602487027528-22135-0/minicluster-data/master-0-root
1 data directories: /tmp/dist-test-taskjkLu6A/test-tmp/auto_leader_rebalancer-test.0.LeaderRebalancerTest.FunctionalTestForNotDivided.1783602487027528-22135-0/minicluster-data/master-0-root/data
Total live blocks: 0
Total live bytes: 0
Total live bytes (after alignment): 0
Total number of LBM containers: 0 (0 full)
Did not check for missing blocks
Did not check for orphaned blocks
Total full LBM containers with extra space: 0 (0 repaired)
Total full LBM container extra space in bytes: 0 (0 repaired)
Total incomplete LBM containers: 0 (0 repaired)
Total LBM partial records: 0 (0 repaired)
Total corrupted LBM metadata records in RocksDB: 0 (0 repaired)
I20260709 13:08:19.752997 22135 rpc_server.cc:225] running with OpenSSL 1.1.1  11 Sep 2018
I20260709 13:08:19.754168 22135 kserver.cc:163] Server-wide thread pool size limit: 3276
I20260709 13:08:19.789920 22135 rpc_server.cc:307] RPC server started. Bound to: 127.21.157.254:41091
I20260709 13:08:19.790009 22692 acceptor_pool.cc:272] collecting diagnostics on the listening RPC socket 127.21.157.254:41091 every 8 connection(s)
I20260709 13:08:19.793615 22693 data_dirs.cc:400] Could only allocate 1 dirs of requested 3 for tablet 00000000000000000000000000000000. 1 dirs total, 0 dirs full, 0 dirs failed
I20260709 13:08:19.802778 22693 tablet_bootstrap.cc:492] T 00000000000000000000000000000000 P 7c5ee8ea9ef6457aba395d03ed13ab02: Bootstrap starting.
I20260709 13:08:19.807188 22693 tablet_bootstrap.cc:654] T 00000000000000000000000000000000 P 7c5ee8ea9ef6457aba395d03ed13ab02: Neither blocks nor log segments found. Creating new log.
I20260709 13:08:19.811184 22693 tablet_bootstrap.cc:492] T 00000000000000000000000000000000 P 7c5ee8ea9ef6457aba395d03ed13ab02: No bootstrap required, opened a new log
I20260709 13:08:19.813227 22693 raft_consensus.cc:359] T 00000000000000000000000000000000 P 7c5ee8ea9ef6457aba395d03ed13ab02 [term 0 FOLLOWER]: Replica starting. Triggering 0 pending ops. Active config: opid_index: -1 OBSOLETE_local: true peers { permanent_uuid: "7c5ee8ea9ef6457aba395d03ed13ab02" member_type: VOTER }
I20260709 13:08:19.813602 22693 raft_consensus.cc:385] T 00000000000000000000000000000000 P 7c5ee8ea9ef6457aba395d03ed13ab02 [term 0 FOLLOWER]: Consensus starting up: Expiring failure detector timer to make a prompt election more likely
I20260709 13:08:19.813840 22693 raft_consensus.cc:740] T 00000000000000000000000000000000 P 7c5ee8ea9ef6457aba395d03ed13ab02 [term 0 FOLLOWER]: Becoming Follower/Learner. State: Replica: 7c5ee8ea9ef6457aba395d03ed13ab02, State: Initialized, Role: FOLLOWER
I20260709 13:08:19.814463 22693 consensus_queue.cc:260] T 00000000000000000000000000000000 P 7c5ee8ea9ef6457aba395d03ed13ab02 [NON_LEADER]: Queue going to NON_LEADER mode. State: All replicated index: 0, Majority replicated index: 0, Committed index: 0, Last appended: 0.0, Last appended by leader: 0, Current term: 0, Majority size: -1, State: 0, Mode: NON_LEADER, active raft config: opid_index: -1 OBSOLETE_local: true peers { permanent_uuid: "7c5ee8ea9ef6457aba395d03ed13ab02" member_type: VOTER }
I20260709 13:08:19.814898 22693 raft_consensus.cc:399] T 00000000000000000000000000000000 P 7c5ee8ea9ef6457aba395d03ed13ab02 [term 0 FOLLOWER]: Only one voter in the Raft config. Triggering election immediately
I20260709 13:08:19.815125 22693 raft_consensus.cc:493] T 00000000000000000000000000000000 P 7c5ee8ea9ef6457aba395d03ed13ab02 [term 0 FOLLOWER]: Starting leader election (initial election of a single-replica configuration)
I20260709 13:08:19.815393 22693 raft_consensus.cc:3060] T 00000000000000000000000000000000 P 7c5ee8ea9ef6457aba395d03ed13ab02 [term 0 FOLLOWER]: Advancing to term 1
I20260709 13:08:19.819108 22693 raft_consensus.cc:515] T 00000000000000000000000000000000 P 7c5ee8ea9ef6457aba395d03ed13ab02 [term 1 FOLLOWER]: Starting leader election with config: opid_index: -1 OBSOLETE_local: true peers { permanent_uuid: "7c5ee8ea9ef6457aba395d03ed13ab02" member_type: VOTER }
I20260709 13:08:19.819589 22693 leader_election.cc:304] T 00000000000000000000000000000000 P 7c5ee8ea9ef6457aba395d03ed13ab02 [CANDIDATE]: Term 1 election: Election decided. Result: candidate won. Election summary: received 1 responses out of 1 voters: 1 yes votes; 0 no votes. yes voters: 7c5ee8ea9ef6457aba395d03ed13ab02; no voters: 
I20260709 13:08:19.820647 22693 leader_election.cc:290] T 00000000000000000000000000000000 P 7c5ee8ea9ef6457aba395d03ed13ab02 [CANDIDATE]: Term 1 election: Requested vote from peers 
I20260709 13:08:19.821029 22696 raft_consensus.cc:2804] T 00000000000000000000000000000000 P 7c5ee8ea9ef6457aba395d03ed13ab02 [term 1 FOLLOWER]: Leader election won for term 1
I20260709 13:08:19.822394 22696 raft_consensus.cc:697] T 00000000000000000000000000000000 P 7c5ee8ea9ef6457aba395d03ed13ab02 [term 1 LEADER]: Becoming Leader. State: Replica: 7c5ee8ea9ef6457aba395d03ed13ab02, State: Running, Role: LEADER
I20260709 13:08:19.822964 22696 consensus_queue.cc:237] T 00000000000000000000000000000000 P 7c5ee8ea9ef6457aba395d03ed13ab02 [LEADER]: Queue going to LEADER mode. State: All replicated index: 0, Majority replicated index: 0, Committed index: 0, Last appended: 0.0, Last appended by leader: 0, Current term: 1, Majority size: 1, State: 0, Mode: LEADER, active raft config: opid_index: -1 OBSOLETE_local: true peers { permanent_uuid: "7c5ee8ea9ef6457aba395d03ed13ab02" member_type: VOTER }
I20260709 13:08:19.823598 22693 sys_catalog.cc:565] T 00000000000000000000000000000000 P 7c5ee8ea9ef6457aba395d03ed13ab02 [sys.catalog]: configured and running, proceeding with master startup.
I20260709 13:08:19.827255 22697 sys_catalog.cc:455] T 00000000000000000000000000000000 P 7c5ee8ea9ef6457aba395d03ed13ab02 [sys.catalog]: SysCatalogTable state changed. Reason: RaftConsensus started. Latest consensus state: current_term: 1 leader_uuid: "7c5ee8ea9ef6457aba395d03ed13ab02" committed_config { opid_index: -1 OBSOLETE_local: true peers { permanent_uuid: "7c5ee8ea9ef6457aba395d03ed13ab02" member_type: VOTER } }
I20260709 13:08:19.827862 22697 sys_catalog.cc:458] T 00000000000000000000000000000000 P 7c5ee8ea9ef6457aba395d03ed13ab02 [sys.catalog]: This master's current role is: LEADER
I20260709 13:08:19.827792 22698 sys_catalog.cc:455] T 00000000000000000000000000000000 P 7c5ee8ea9ef6457aba395d03ed13ab02 [sys.catalog]: SysCatalogTable state changed. Reason: New leader 7c5ee8ea9ef6457aba395d03ed13ab02. Latest consensus state: current_term: 1 leader_uuid: "7c5ee8ea9ef6457aba395d03ed13ab02" committed_config { opid_index: -1 OBSOLETE_local: true peers { permanent_uuid: "7c5ee8ea9ef6457aba395d03ed13ab02" member_type: VOTER } }
I20260709 13:08:19.828397 22698 sys_catalog.cc:458] T 00000000000000000000000000000000 P 7c5ee8ea9ef6457aba395d03ed13ab02 [sys.catalog]: This master's current role is: LEADER
I20260709 13:08:19.832517 22704 catalog_manager.cc:1511] Loading table and tablet metadata into memory...
I20260709 13:08:19.837502 22704 catalog_manager.cc:1520] Initializing Kudu cluster ID...
I20260709 13:08:19.838557 22135 internal_mini_cluster.cc:184] Waiting to initialize catalog manager on master 0
I20260709 13:08:19.845137 22704 catalog_manager.cc:1383] Generated new cluster ID: df102fd55b714728a8b45807909af07d
I20260709 13:08:19.845422 22704 catalog_manager.cc:1531] Initializing Kudu internal certificate authority...
I20260709 13:08:19.868611 22704 catalog_manager.cc:1406] Generated new certificate authority record
I20260709 13:08:19.869786 22704 catalog_manager.cc:1540] Loading token signing keys...
I20260709 13:08:19.890973 22704 catalog_manager.cc:6070] T 00000000000000000000000000000000 P 7c5ee8ea9ef6457aba395d03ed13ab02: Generated new TSK 0
I20260709 13:08:19.891538 22704 catalog_manager.cc:1550] Initializing in-progress tserver states...
I20260709 13:08:19.904585 22135 file_cache.cc:504] Constructed file cache file cache with capacity 419430
W20260709 13:08:19.910233 22714 instance_detector.cc:116] could not retrieve AWS instance metadata: Network error: curl error: HTTP response code said error: The requested URL returned error: 404
W20260709 13:08:19.911536 22715 instance_detector.cc:116] could not retrieve Azure instance metadata: Network error: curl error: HTTP response code said error: The requested URL returned error: 404
W20260709 13:08:19.913179 22717 instance_detector.cc:116] could not retrieve OpenStack instance metadata: Network error: curl error: HTTP response code said error: The requested URL returned error: 404
I20260709 13:08:19.913630 22135 server_base.cc:1061] running on GCE node
I20260709 13:08:19.914431 22135 hybrid_clock.cc:584] initializing the hybrid clock with 'system_unsync' time source
W20260709 13:08:19.914669 22135 system_unsync_time.cc:38] NTP support is disabled. Clock error bounds will not be accurate. This configuration is not suitable for distributed clusters.
I20260709 13:08:19.914844 22135 hybrid_clock.cc:648] HybridClock initialized: now 1783602499914809 us; error 0 us; skew 500 ppm
I20260709 13:08:19.915396 22135 server_base.cc:861] Flag tcmalloc_max_total_thread_cache_bytes is not working since tcmalloc is not enabled.
I20260709 13:08:19.917639 22135 webserver.cc:533] Webserver started at http://127.21.157.193:36001/ using document root <none> and password file <none>
I20260709 13:08:19.918108 22135 fs_manager.cc:362] Metadata directory not provided
I20260709 13:08:19.918303 22135 fs_manager.cc:368] Using write-ahead log directory (fs_wal_dir) as metadata directory
I20260709 13:08:19.918573 22135 server_base.cc:909] This appears to be a new deployment of Kudu; creating new FS layout
I20260709 13:08:19.919556 22135 fs_manager.cc:1068] Generated new instance metadata in path /tmp/dist-test-taskjkLu6A/test-tmp/auto_leader_rebalancer-test.0.LeaderRebalancerTest.FunctionalTestForNotDivided.1783602487027528-22135-0/minicluster-data/ts-0-root/instance:
uuid: "be4f4dbd803b42328b01b85080a3bc3f"
format_stamp: "Formatted at 2026-07-09 13:08:19 on dist-test-slave-mz79"
I20260709 13:08:19.923589 22135 fs_manager.cc:696] Time spent creating directory manager: real 0.003s	user 0.003s	sys 0.000s
I20260709 13:08:19.926578 22722 log_block_manager.cc:4127] Time spent loading block containers with low live blocks: real 0.000s	user 0.000s	sys 0.000s
I20260709 13:08:19.927294 22135 fs_manager.cc:730] Time spent opening block manager: real 0.002s	user 0.000s	sys 0.002s
I20260709 13:08:19.927568 22135 fs_manager.cc:647] Opened local filesystem: /tmp/dist-test-taskjkLu6A/test-tmp/auto_leader_rebalancer-test.0.LeaderRebalancerTest.FunctionalTestForNotDivided.1783602487027528-22135-0/minicluster-data/ts-0-root
uuid: "be4f4dbd803b42328b01b85080a3bc3f"
format_stamp: "Formatted at 2026-07-09 13:08:19 on dist-test-slave-mz79"
I20260709 13:08:19.927876 22135 fs_report.cc:389] FS layout report
--------------------
wal directory: /tmp/dist-test-taskjkLu6A/test-tmp/auto_leader_rebalancer-test.0.LeaderRebalancerTest.FunctionalTestForNotDivided.1783602487027528-22135-0/minicluster-data/ts-0-root
metadata directory: /tmp/dist-test-taskjkLu6A/test-tmp/auto_leader_rebalancer-test.0.LeaderRebalancerTest.FunctionalTestForNotDivided.1783602487027528-22135-0/minicluster-data/ts-0-root
1 data directories: /tmp/dist-test-taskjkLu6A/test-tmp/auto_leader_rebalancer-test.0.LeaderRebalancerTest.FunctionalTestForNotDivided.1783602487027528-22135-0/minicluster-data/ts-0-root/data
Total live blocks: 0
Total live bytes: 0
Total live bytes (after alignment): 0
Total number of LBM containers: 0 (0 full)
Did not check for missing blocks
Did not check for orphaned blocks
Total full LBM containers with extra space: 0 (0 repaired)
Total full LBM container extra space in bytes: 0 (0 repaired)
Total incomplete LBM containers: 0 (0 repaired)
Total LBM partial records: 0 (0 repaired)
Total corrupted LBM metadata records in RocksDB: 0 (0 repaired)
I20260709 13:08:19.946318 22135 rpc_server.cc:225] running with OpenSSL 1.1.1  11 Sep 2018
I20260709 13:08:19.947470 22135 kserver.cc:163] Server-wide thread pool size limit: 3276
I20260709 13:08:19.948875 22135 txn_system_client.cc:432] TxnSystemClient initialization is disabled...
I20260709 13:08:19.951191 22135 ts_tablet_manager.cc:585] Loaded tablet metadata (0 total tablets, 0 live tablets)
I20260709 13:08:19.951397 22135 ts_tablet_manager.cc:531] Time spent load tablet metadata: real 0.000s	user 0.000s	sys 0.000s
I20260709 13:08:19.951639 22135 ts_tablet_manager.cc:616] Registered 0 tablets
I20260709 13:08:19.951889 22135 ts_tablet_manager.cc:595] Time spent register tablets: real 0.000s	user 0.001s	sys 0.000s
I20260709 13:08:19.989502 22135 rpc_server.cc:307] RPC server started. Bound to: 127.21.157.193:40401
I20260709 13:08:19.989593 22784 acceptor_pool.cc:272] collecting diagnostics on the listening RPC socket 127.21.157.193:40401 every 8 connection(s)
I20260709 13:08:19.994338 22135 file_cache.cc:504] Constructed file cache file cache with capacity 419430
W20260709 13:08:20.001271 22789 instance_detector.cc:116] could not retrieve AWS instance metadata: Network error: curl error: HTTP response code said error: The requested URL returned error: 404
W20260709 13:08:20.002373 22790 instance_detector.cc:116] could not retrieve Azure instance metadata: Network error: curl error: HTTP response code said error: The requested URL returned error: 404
I20260709 13:08:20.004339 22135 server_base.cc:1061] running on GCE node
W20260709 13:08:20.005818 22792 instance_detector.cc:116] could not retrieve OpenStack instance metadata: Network error: curl error: HTTP response code said error: The requested URL returned error: 404
I20260709 13:08:20.006723 22135 hybrid_clock.cc:584] initializing the hybrid clock with 'system_unsync' time source
W20260709 13:08:20.006917 22135 system_unsync_time.cc:38] NTP support is disabled. Clock error bounds will not be accurate. This configuration is not suitable for distributed clusters.
I20260709 13:08:20.007131 22135 hybrid_clock.cc:648] HybridClock initialized: now 1783602500007091 us; error 0 us; skew 500 ppm
I20260709 13:08:20.007653 22135 server_base.cc:861] Flag tcmalloc_max_total_thread_cache_bytes is not working since tcmalloc is not enabled.
I20260709 13:08:20.010741 22135 webserver.cc:533] Webserver started at http://127.21.157.194:35867/ using document root <none> and password file <none>
I20260709 13:08:20.011376 22135 fs_manager.cc:362] Metadata directory not provided
I20260709 13:08:20.011474 22785 heartbeater.cc:344] Connected to a master server at 127.21.157.254:41091
I20260709 13:08:20.011641 22135 fs_manager.cc:368] Using write-ahead log directory (fs_wal_dir) as metadata directory
I20260709 13:08:20.011927 22785 heartbeater.cc:461] Registering TS with master...
I20260709 13:08:20.012038 22135 server_base.cc:909] This appears to be a new deployment of Kudu; creating new FS layout
I20260709 13:08:20.012804 22785 heartbeater.cc:507] Master 127.21.157.254:41091 requested a full tablet report, sending...
I20260709 13:08:20.013484 22135 fs_manager.cc:1068] Generated new instance metadata in path /tmp/dist-test-taskjkLu6A/test-tmp/auto_leader_rebalancer-test.0.LeaderRebalancerTest.FunctionalTestForNotDivided.1783602487027528-22135-0/minicluster-data/ts-1-root/instance:
uuid: "d41158ae1ce541efbf60a9b7c64d27b9"
format_stamp: "Formatted at 2026-07-09 13:08:20 on dist-test-slave-mz79"
I20260709 13:08:20.015046 22658 ts_manager.cc:194] Registered new tserver with Master: be4f4dbd803b42328b01b85080a3bc3f (127.21.157.193:40401)
I20260709 13:08:20.017406 22658 master_service.cc:502] Signed X509 certificate for tserver {username='slave'} at 127.0.0.1:46244
I20260709 13:08:20.019353 22135 fs_manager.cc:696] Time spent creating directory manager: real 0.005s	user 0.002s	sys 0.005s
I20260709 13:08:20.022500 22797 log_block_manager.cc:4127] Time spent loading block containers with low live blocks: real 0.000s	user 0.000s	sys 0.000s
I20260709 13:08:20.023231 22135 fs_manager.cc:730] Time spent opening block manager: real 0.002s	user 0.002s	sys 0.000s
I20260709 13:08:20.023509 22135 fs_manager.cc:647] Opened local filesystem: /tmp/dist-test-taskjkLu6A/test-tmp/auto_leader_rebalancer-test.0.LeaderRebalancerTest.FunctionalTestForNotDivided.1783602487027528-22135-0/minicluster-data/ts-1-root
uuid: "d41158ae1ce541efbf60a9b7c64d27b9"
format_stamp: "Formatted at 2026-07-09 13:08:20 on dist-test-slave-mz79"
I20260709 13:08:20.023866 22135 fs_report.cc:389] FS layout report
--------------------
wal directory: /tmp/dist-test-taskjkLu6A/test-tmp/auto_leader_rebalancer-test.0.LeaderRebalancerTest.FunctionalTestForNotDivided.1783602487027528-22135-0/minicluster-data/ts-1-root
metadata directory: /tmp/dist-test-taskjkLu6A/test-tmp/auto_leader_rebalancer-test.0.LeaderRebalancerTest.FunctionalTestForNotDivided.1783602487027528-22135-0/minicluster-data/ts-1-root
1 data directories: /tmp/dist-test-taskjkLu6A/test-tmp/auto_leader_rebalancer-test.0.LeaderRebalancerTest.FunctionalTestForNotDivided.1783602487027528-22135-0/minicluster-data/ts-1-root/data
Total live blocks: 0
Total live bytes: 0
Total live bytes (after alignment): 0
Total number of LBM containers: 0 (0 full)
Did not check for missing blocks
Did not check for orphaned blocks
Total full LBM containers with extra space: 0 (0 repaired)
Total full LBM container extra space in bytes: 0 (0 repaired)
Total incomplete LBM containers: 0 (0 repaired)
Total LBM partial records: 0 (0 repaired)
Total corrupted LBM metadata records in RocksDB: 0 (0 repaired)
I20260709 13:08:20.038731 22135 rpc_server.cc:225] running with OpenSSL 1.1.1  11 Sep 2018
I20260709 13:08:20.039963 22135 kserver.cc:163] Server-wide thread pool size limit: 3276
I20260709 13:08:20.041425 22135 txn_system_client.cc:432] TxnSystemClient initialization is disabled...
I20260709 13:08:20.043450 22135 ts_tablet_manager.cc:585] Loaded tablet metadata (0 total tablets, 0 live tablets)
I20260709 13:08:20.043666 22135 ts_tablet_manager.cc:531] Time spent load tablet metadata: real 0.000s	user 0.000s	sys 0.000s
I20260709 13:08:20.043927 22135 ts_tablet_manager.cc:616] Registered 0 tablets
I20260709 13:08:20.044097 22135 ts_tablet_manager.cc:595] Time spent register tablets: real 0.000s	user 0.000s	sys 0.000s
I20260709 13:08:20.081245 22135 rpc_server.cc:307] RPC server started. Bound to: 127.21.157.194:40201
I20260709 13:08:20.081351 22859 acceptor_pool.cc:272] collecting diagnostics on the listening RPC socket 127.21.157.194:40201 every 8 connection(s)
I20260709 13:08:20.085968 22135 file_cache.cc:504] Constructed file cache file cache with capacity 419430
W20260709 13:08:20.092799 22863 instance_detector.cc:116] could not retrieve AWS instance metadata: Network error: curl error: HTTP response code said error: The requested URL returned error: 404
W20260709 13:08:20.094012 22864 instance_detector.cc:116] could not retrieve Azure instance metadata: Network error: curl error: HTTP response code said error: The requested URL returned error: 404
W20260709 13:08:20.094834 22866 instance_detector.cc:116] could not retrieve OpenStack instance metadata: Network error: curl error: HTTP response code said error: The requested URL returned error: 404
I20260709 13:08:20.095738 22135 server_base.cc:1061] running on GCE node
I20260709 13:08:20.096647 22135 hybrid_clock.cc:584] initializing the hybrid clock with 'system_unsync' time source
W20260709 13:08:20.096911 22135 system_unsync_time.cc:38] NTP support is disabled. Clock error bounds will not be accurate. This configuration is not suitable for distributed clusters.
I20260709 13:08:20.097126 22135 hybrid_clock.cc:648] HybridClock initialized: now 1783602500097107 us; error 0 us; skew 500 ppm
I20260709 13:08:20.097822 22135 server_base.cc:861] Flag tcmalloc_max_total_thread_cache_bytes is not working since tcmalloc is not enabled.
I20260709 13:08:20.098806 22860 heartbeater.cc:344] Connected to a master server at 127.21.157.254:41091
I20260709 13:08:20.099200 22860 heartbeater.cc:461] Registering TS with master...
I20260709 13:08:20.099912 22860 heartbeater.cc:507] Master 127.21.157.254:41091 requested a full tablet report, sending...
I20260709 13:08:20.100507 22135 webserver.cc:533] Webserver started at http://127.21.157.195:37729/ using document root <none> and password file <none>
I20260709 13:08:20.101133 22135 fs_manager.cc:362] Metadata directory not provided
I20260709 13:08:20.101374 22135 fs_manager.cc:368] Using write-ahead log directory (fs_wal_dir) as metadata directory
I20260709 13:08:20.101670 22135 server_base.cc:909] This appears to be a new deployment of Kudu; creating new FS layout
I20260709 13:08:20.101816 22658 ts_manager.cc:194] Registered new tserver with Master: d41158ae1ce541efbf60a9b7c64d27b9 (127.21.157.194:40201)
I20260709 13:08:20.103101 22135 fs_manager.cc:1068] Generated new instance metadata in path /tmp/dist-test-taskjkLu6A/test-tmp/auto_leader_rebalancer-test.0.LeaderRebalancerTest.FunctionalTestForNotDivided.1783602487027528-22135-0/minicluster-data/ts-2-root/instance:
uuid: "d2c29018102e415490be81f755521b2d"
format_stamp: "Formatted at 2026-07-09 13:08:20 on dist-test-slave-mz79"
I20260709 13:08:20.103493 22658 master_service.cc:502] Signed X509 certificate for tserver {username='slave'} at 127.0.0.1:46248
I20260709 13:08:20.107415 22135 fs_manager.cc:696] Time spent creating directory manager: real 0.004s	user 0.002s	sys 0.001s
I20260709 13:08:20.110493 22871 log_block_manager.cc:4127] Time spent loading block containers with low live blocks: real 0.000s	user 0.000s	sys 0.000s
I20260709 13:08:20.111224 22135 fs_manager.cc:730] Time spent opening block manager: real 0.002s	user 0.002s	sys 0.000s
I20260709 13:08:20.111454 22135 fs_manager.cc:647] Opened local filesystem: /tmp/dist-test-taskjkLu6A/test-tmp/auto_leader_rebalancer-test.0.LeaderRebalancerTest.FunctionalTestForNotDivided.1783602487027528-22135-0/minicluster-data/ts-2-root
uuid: "d2c29018102e415490be81f755521b2d"
format_stamp: "Formatted at 2026-07-09 13:08:20 on dist-test-slave-mz79"
I20260709 13:08:20.111671 22135 fs_report.cc:389] FS layout report
--------------------
wal directory: /tmp/dist-test-taskjkLu6A/test-tmp/auto_leader_rebalancer-test.0.LeaderRebalancerTest.FunctionalTestForNotDivided.1783602487027528-22135-0/minicluster-data/ts-2-root
metadata directory: /tmp/dist-test-taskjkLu6A/test-tmp/auto_leader_rebalancer-test.0.LeaderRebalancerTest.FunctionalTestForNotDivided.1783602487027528-22135-0/minicluster-data/ts-2-root
1 data directories: /tmp/dist-test-taskjkLu6A/test-tmp/auto_leader_rebalancer-test.0.LeaderRebalancerTest.FunctionalTestForNotDivided.1783602487027528-22135-0/minicluster-data/ts-2-root/data
Total live blocks: 0
Total live bytes: 0
Total live bytes (after alignment): 0
Total number of LBM containers: 0 (0 full)
Did not check for missing blocks
Did not check for orphaned blocks
Total full LBM containers with extra space: 0 (0 repaired)
Total full LBM container extra space in bytes: 0 (0 repaired)
Total incomplete LBM containers: 0 (0 repaired)
Total LBM partial records: 0 (0 repaired)
Total corrupted LBM metadata records in RocksDB: 0 (0 repaired)
I20260709 13:08:20.145686 22135 rpc_server.cc:225] running with OpenSSL 1.1.1  11 Sep 2018
I20260709 13:08:20.146814 22135 kserver.cc:163] Server-wide thread pool size limit: 3276
I20260709 13:08:20.148157 22135 txn_system_client.cc:432] TxnSystemClient initialization is disabled...
I20260709 13:08:20.150844 22135 ts_tablet_manager.cc:585] Loaded tablet metadata (0 total tablets, 0 live tablets)
I20260709 13:08:20.151051 22135 ts_tablet_manager.cc:531] Time spent load tablet metadata: real 0.000s	user 0.000s	sys 0.000s
I20260709 13:08:20.151320 22135 ts_tablet_manager.cc:616] Registered 0 tablets
I20260709 13:08:20.151475 22135 ts_tablet_manager.cc:595] Time spent register tablets: real 0.000s	user 0.000s	sys 0.000s
I20260709 13:08:20.189245 22135 rpc_server.cc:307] RPC server started. Bound to: 127.21.157.195:42237
I20260709 13:08:20.189338 22933 acceptor_pool.cc:272] collecting diagnostics on the listening RPC socket 127.21.157.195:42237 every 8 connection(s)
I20260709 13:08:20.202831 22934 heartbeater.cc:344] Connected to a master server at 127.21.157.254:41091
I20260709 13:08:20.203217 22934 heartbeater.cc:461] Registering TS with master...
I20260709 13:08:20.203858 22934 heartbeater.cc:507] Master 127.21.157.254:41091 requested a full tablet report, sending...
I20260709 13:08:20.205602 22658 ts_manager.cc:194] Registered new tserver with Master: d2c29018102e415490be81f755521b2d (127.21.157.195:42237)
I20260709 13:08:20.206590 22135 internal_mini_cluster.cc:371] 3 TS(s) registered with all masters after 0.014225076s
I20260709 13:08:20.206761 22658 master_service.cc:502] Signed X509 certificate for tserver {username='slave'} at 127.0.0.1:46264
I20260709 13:08:20.229333 22658 catalog_manager.cc:2283] Servicing CreateTable request from {username='slave'} at 127.0.0.1:46272:
name: "test-workload"
schema {
  columns {
    name: "key"
    type: INT32
    is_key: true
    is_nullable: false
    encoding: AUTO_ENCODING
    compression: DEFAULT_COMPRESSION
    cfile_block_size: 0
    immutable: false
  }
  columns {
    name: "int_val"
    type: INT32
    is_key: false
    is_nullable: false
    encoding: AUTO_ENCODING
    compression: DEFAULT_COMPRESSION
    cfile_block_size: 0
    immutable: false
  }
  columns {
    name: "string_val"
    type: STRING
    is_key: false
    is_nullable: true
    encoding: AUTO_ENCODING
    compression: DEFAULT_COMPRESSION
    cfile_block_size: 0
    immutable: false
  }
}
num_replicas: 3
split_rows_range_bounds {
  rows: "\004\001\000\314\314\314\014\004\001\000\230\231\231\031\004\001\000dff&\004\001\0000333\004\001\000\374\377\377?\004\001\000\310\314\314L\004\001\000\224\231\231Y\004\001\000`fff\004\001\000,33s""\004\001\000\314\314\314\014\004\001\000\230\231\231\031\004\001\000dff&\004\001\0000333\004\001\000\374\377\377?\004\001\000\310\314\314L\004\001\000\224\231\231Y\004\001\000`fff\004\001\000,33s"
  indirect_data: """"
}
partition_schema {
  range_schema {
    columns {
      name: "key"
    }
  }
}
W20260709 13:08:20.232090 22658 catalog_manager.cc:7077] The number of live tablet servers is not enough to re-replicate a tablet replica of the newly created table test-workload in case of a server failure: 4 tablet servers would be needed, 3 are available. Consider bringing up more tablet servers.
I20260709 13:08:20.297755 22899 tablet_service.cc:1511] Processing CreateTablet for tablet dc0031bd56804bbd842c7d4addf7f8b0 (DEFAULT_TABLE table=test-workload [id=6e5fd8b916444a778eb30095968f93b1]), partition=RANGE (key) PARTITION VALUES < 214748364
I20260709 13:08:20.299173 22899 data_dirs.cc:400] Could only allocate 1 dirs of requested 3 for tablet dc0031bd56804bbd842c7d4addf7f8b0. 1 dirs total, 0 dirs full, 0 dirs failed
I20260709 13:08:20.300777 22898 tablet_service.cc:1511] Processing CreateTablet for tablet a02306b280cb4a1880a31b02abf6f2ca (DEFAULT_TABLE table=test-workload [id=6e5fd8b916444a778eb30095968f93b1]), partition=RANGE (key) PARTITION 214748364 <= VALUES < 429496728
I20260709 13:08:20.302074 22898 data_dirs.cc:400] Could only allocate 1 dirs of requested 3 for tablet a02306b280cb4a1880a31b02abf6f2ca. 1 dirs total, 0 dirs full, 0 dirs failed
I20260709 13:08:20.304819 22897 tablet_service.cc:1511] Processing CreateTablet for tablet cf0a710dd753433ca4cee80c07da7513 (DEFAULT_TABLE table=test-workload [id=6e5fd8b916444a778eb30095968f93b1]), partition=RANGE (key) PARTITION 429496728 <= VALUES < 644245092
I20260709 13:08:20.306078 22897 data_dirs.cc:400] Could only allocate 1 dirs of requested 3 for tablet cf0a710dd753433ca4cee80c07da7513. 1 dirs total, 0 dirs full, 0 dirs failed
I20260709 13:08:20.308840 22895 tablet_service.cc:1511] Processing CreateTablet for tablet e912412d5c5b4c32b78a0f37d2038d14 (DEFAULT_TABLE table=test-workload [id=6e5fd8b916444a778eb30095968f93b1]), partition=RANGE (key) PARTITION 858993456 <= VALUES < 1073741820
I20260709 13:08:20.309585 22896 tablet_service.cc:1511] Processing CreateTablet for tablet a90f7b2f96d841a6aa3bdae37faed3a4 (DEFAULT_TABLE table=test-workload [id=6e5fd8b916444a778eb30095968f93b1]), partition=RANGE (key) PARTITION 644245092 <= VALUES < 858993456
I20260709 13:08:20.310139 22895 data_dirs.cc:400] Could only allocate 1 dirs of requested 3 for tablet e912412d5c5b4c32b78a0f37d2038d14. 1 dirs total, 0 dirs full, 0 dirs failed
I20260709 13:08:20.310859 22896 data_dirs.cc:400] Could only allocate 1 dirs of requested 3 for tablet a90f7b2f96d841a6aa3bdae37faed3a4. 1 dirs total, 0 dirs full, 0 dirs failed
I20260709 13:08:20.313336 22894 tablet_service.cc:1511] Processing CreateTablet for tablet 204e5808adf44500b676496d1db90f97 (DEFAULT_TABLE table=test-workload [id=6e5fd8b916444a778eb30095968f93b1]), partition=RANGE (key) PARTITION 1073741820 <= VALUES < 1288490184
I20260709 13:08:20.314560 22894 data_dirs.cc:400] Could only allocate 1 dirs of requested 3 for tablet 204e5808adf44500b676496d1db90f97. 1 dirs total, 0 dirs full, 0 dirs failed
I20260709 13:08:20.326759 22893 tablet_service.cc:1511] Processing CreateTablet for tablet 2e4d6edbf3c545e3b13ec832088e2b93 (DEFAULT_TABLE table=test-workload [id=6e5fd8b916444a778eb30095968f93b1]), partition=RANGE (key) PARTITION 1288490184 <= VALUES < 1503238548
I20260709 13:08:20.327579 22892 tablet_service.cc:1511] Processing CreateTablet for tablet f8393f4926d74a52b4df953cbd4c7646 (DEFAULT_TABLE table=test-workload [id=6e5fd8b916444a778eb30095968f93b1]), partition=RANGE (key) PARTITION 1503238548 <= VALUES < 1717986912
I20260709 13:08:20.328131 22893 data_dirs.cc:400] Could only allocate 1 dirs of requested 3 for tablet 2e4d6edbf3c545e3b13ec832088e2b93. 1 dirs total, 0 dirs full, 0 dirs failed
I20260709 13:08:20.328845 22892 data_dirs.cc:400] Could only allocate 1 dirs of requested 3 for tablet f8393f4926d74a52b4df953cbd4c7646. 1 dirs total, 0 dirs full, 0 dirs failed
I20260709 13:08:20.329824 22825 tablet_service.cc:1511] Processing CreateTablet for tablet dc0031bd56804bbd842c7d4addf7f8b0 (DEFAULT_TABLE table=test-workload [id=6e5fd8b916444a778eb30095968f93b1]), partition=RANGE (key) PARTITION VALUES < 214748364
I20260709 13:08:20.329967 22750 tablet_service.cc:1511] Processing CreateTablet for tablet dc0031bd56804bbd842c7d4addf7f8b0 (DEFAULT_TABLE table=test-workload [id=6e5fd8b916444a778eb30095968f93b1]), partition=RANGE (key) PARTITION VALUES < 214748364
I20260709 13:08:20.331122 22825 data_dirs.cc:400] Could only allocate 1 dirs of requested 3 for tablet dc0031bd56804bbd842c7d4addf7f8b0. 1 dirs total, 0 dirs full, 0 dirs failed
I20260709 13:08:20.331265 22750 data_dirs.cc:400] Could only allocate 1 dirs of requested 3 for tablet dc0031bd56804bbd842c7d4addf7f8b0. 1 dirs total, 0 dirs full, 0 dirs failed
I20260709 13:08:20.332789 22891 tablet_service.cc:1511] Processing CreateTablet for tablet af3687439354425f9e008a5c6a9622c5 (DEFAULT_TABLE table=test-workload [id=6e5fd8b916444a778eb30095968f93b1]), partition=RANGE (key) PARTITION 1717986912 <= VALUES < 1932735276
I20260709 13:08:20.334089 22891 data_dirs.cc:400] Could only allocate 1 dirs of requested 3 for tablet af3687439354425f9e008a5c6a9622c5. 1 dirs total, 0 dirs full, 0 dirs failed
I20260709 13:08:20.337073 22749 tablet_service.cc:1511] Processing CreateTablet for tablet a02306b280cb4a1880a31b02abf6f2ca (DEFAULT_TABLE table=test-workload [id=6e5fd8b916444a778eb30095968f93b1]), partition=RANGE (key) PARTITION 214748364 <= VALUES < 429496728
I20260709 13:08:20.337440 22890 tablet_service.cc:1511] Processing CreateTablet for tablet 8b54d6004e8a4274841d6f17e426a7a4 (DEFAULT_TABLE table=test-workload [id=6e5fd8b916444a778eb30095968f93b1]), partition=RANGE (key) PARTITION 1932735276 <= VALUES
I20260709 13:08:20.338760 22890 data_dirs.cc:400] Could only allocate 1 dirs of requested 3 for tablet 8b54d6004e8a4274841d6f17e426a7a4. 1 dirs total, 0 dirs full, 0 dirs failed
I20260709 13:08:20.338790 22749 data_dirs.cc:400] Could only allocate 1 dirs of requested 3 for tablet a02306b280cb4a1880a31b02abf6f2ca. 1 dirs total, 0 dirs full, 0 dirs failed
I20260709 13:08:20.344782 22824 tablet_service.cc:1511] Processing CreateTablet for tablet a02306b280cb4a1880a31b02abf6f2ca (DEFAULT_TABLE table=test-workload [id=6e5fd8b916444a778eb30095968f93b1]), partition=RANGE (key) PARTITION 214748364 <= VALUES < 429496728
I20260709 13:08:20.345994 22824 data_dirs.cc:400] Could only allocate 1 dirs of requested 3 for tablet a02306b280cb4a1880a31b02abf6f2ca. 1 dirs total, 0 dirs full, 0 dirs failed
I20260709 13:08:20.347342 22821 tablet_service.cc:1511] Processing CreateTablet for tablet e912412d5c5b4c32b78a0f37d2038d14 (DEFAULT_TABLE table=test-workload [id=6e5fd8b916444a778eb30095968f93b1]), partition=RANGE (key) PARTITION 858993456 <= VALUES < 1073741820
I20260709 13:08:20.349020 22821 data_dirs.cc:400] Could only allocate 1 dirs of requested 3 for tablet e912412d5c5b4c32b78a0f37d2038d14. 1 dirs total, 0 dirs full, 0 dirs failed
I20260709 13:08:20.348876 22823 tablet_service.cc:1511] Processing CreateTablet for tablet cf0a710dd753433ca4cee80c07da7513 (DEFAULT_TABLE table=test-workload [id=6e5fd8b916444a778eb30095968f93b1]), partition=RANGE (key) PARTITION 429496728 <= VALUES < 644245092
I20260709 13:08:20.350121 22823 data_dirs.cc:400] Could only allocate 1 dirs of requested 3 for tablet cf0a710dd753433ca4cee80c07da7513. 1 dirs total, 0 dirs full, 0 dirs failed
I20260709 13:08:20.352229 22819 tablet_service.cc:1511] Processing CreateTablet for tablet 2e4d6edbf3c545e3b13ec832088e2b93 (DEFAULT_TABLE table=test-workload [id=6e5fd8b916444a778eb30095968f93b1]), partition=RANGE (key) PARTITION 1288490184 <= VALUES < 1503238548
I20260709 13:08:20.352264 22822 tablet_service.cc:1511] Processing CreateTablet for tablet a90f7b2f96d841a6aa3bdae37faed3a4 (DEFAULT_TABLE table=test-workload [id=6e5fd8b916444a778eb30095968f93b1]), partition=RANGE (key) PARTITION 644245092 <= VALUES < 858993456
I20260709 13:08:20.353849 22819 data_dirs.cc:400] Could only allocate 1 dirs of requested 3 for tablet 2e4d6edbf3c545e3b13ec832088e2b93. 1 dirs total, 0 dirs full, 0 dirs failed
I20260709 13:08:20.357273 22818 tablet_service.cc:1511] Processing CreateTablet for tablet f8393f4926d74a52b4df953cbd4c7646 (DEFAULT_TABLE table=test-workload [id=6e5fd8b916444a778eb30095968f93b1]), partition=RANGE (key) PARTITION 1503238548 <= VALUES < 1717986912
I20260709 13:08:20.358376 22822 data_dirs.cc:400] Could only allocate 1 dirs of requested 3 for tablet a90f7b2f96d841a6aa3bdae37faed3a4. 1 dirs total, 0 dirs full, 0 dirs failed
I20260709 13:08:20.359730 22820 tablet_service.cc:1511] Processing CreateTablet for tablet 204e5808adf44500b676496d1db90f97 (DEFAULT_TABLE table=test-workload [id=6e5fd8b916444a778eb30095968f93b1]), partition=RANGE (key) PARTITION 1073741820 <= VALUES < 1288490184
