I20260709 12:57:29.505991   715 tablet_service.cc:1917] Received RequestConsensusVote() RPC: tablet_id: "48829c6cf3684ce18fa809f0aa97c5df" candidate_uuid: "0300b73e39d64434aba4392ee6d78525" candidate_term: 3 candidate_status { last_received { term: 2 index: 2 } } ignore_live_leader: true dest_uuid: "4580fade6ece4cee81d007d329dcfe76"
I20260709 12:57:29.506120   564 raft_consensus.cc:740] T 48829c6cf3684ce18fa809f0aa97c5df P b309ef0859594bed94045e01299b5ffe [term 2 LEADER]: Becoming Follower/Learner. State: Replica: b309ef0859594bed94045e01299b5ffe, State: Running, Role: LEADER
I20260709 12:57:29.506618   715 raft_consensus.cc:3060] T 48829c6cf3684ce18fa809f0aa97c5df P 4580fade6ece4cee81d007d329dcfe76 [term 2 FOLLOWER]: Advancing to term 3
I20260709 12:57:29.506481   881 consensus_queue.cc:237] T 84819a4e709f46ac92f902f853bb5328 P 0300b73e39d64434aba4392ee6d78525 [LEADER]: Queue going to LEADER mode. State: All replicated index: 0, Majority replicated index: 3, Committed index: 3, Last appended: 3.3, Last appended by leader: 3, Current term: 4, Majority size: 2, State: 0, Mode: LEADER, active raft config: opid_index: -1 OBSOLETE_local: false peers { permanent_uuid: "4580fade6ece4cee81d007d329dcfe76" member_type: VOTER last_known_addr { host: "127.0.107.195" port: 34695 } } peers { permanent_uuid: "b309ef0859594bed94045e01299b5ffe" member_type: VOTER last_known_addr { host: "127.0.107.193" port: 37731 } } peers { permanent_uuid: "0300b73e39d64434aba4392ee6d78525" member_type: VOTER last_known_addr { host: "127.0.107.194" port: 43067 } }
I20260709 12:57:29.507009   564 consensus_queue.cc:260] T 48829c6cf3684ce18fa809f0aa97c5df P b309ef0859594bed94045e01299b5ffe [NON_LEADER]: Queue going to NON_LEADER mode. State: All replicated index: 0, Majority replicated index: 2, Committed index: 2, Last appended: 2.2, Last appended by leader: 2, Current term: 2, Majority size: -1, State: 0, Mode: NON_LEADER, active raft config: opid_index: -1 OBSOLETE_local: false peers { permanent_uuid: "b309ef0859594bed94045e01299b5ffe" member_type: VOTER last_known_addr { host: "127.0.107.193" port: 37731 } } peers { permanent_uuid: "0300b73e39d64434aba4392ee6d78525" member_type: VOTER last_known_addr { host: "127.0.107.194" port: 43067 } } peers { permanent_uuid: "4580fade6ece4cee81d007d329dcfe76" member_type: VOTER last_known_addr { host: "127.0.107.195" port: 34695 } }
I20260709 12:57:29.510004   564 raft_consensus.cc:3060] T 48829c6cf3684ce18fa809f0aa97c5df P b309ef0859594bed94045e01299b5ffe [term 2 FOLLOWER]: Advancing to term 3
I20260709 12:57:29.512732   715 raft_consensus.cc:2468] T 48829c6cf3684ce18fa809f0aa97c5df P 4580fade6ece4cee81d007d329dcfe76 [term 3 FOLLOWER]: Leader election vote request: Granting yes vote for candidate 0300b73e39d64434aba4392ee6d78525 in term 3.
I20260709 12:57:29.513500   714 raft_consensus.cc:1240] T 48829c6cf3684ce18fa809f0aa97c5df P 4580fade6ece4cee81d007d329dcfe76 [term 3 FOLLOWER]: Rejecting Update request from peer b309ef0859594bed94045e01299b5ffe for earlier term 2. Current term is 3. Ops: []
I20260709 12:57:29.515147   604 leader_election.cc:304] T 48829c6cf3684ce18fa809f0aa97c5df P 0300b73e39d64434aba4392ee6d78525 [CANDIDATE]: Term 3 election: Election decided. Result: candidate won. Election summary: received 2 responses out of 3 voters: 2 yes votes; 0 no votes. yes voters: 0300b73e39d64434aba4392ee6d78525, 4580fade6ece4cee81d007d329dcfe76; no voters: 
I20260709 12:57:29.516080   881 raft_consensus.cc:2804] T 48829c6cf3684ce18fa809f0aa97c5df P 0300b73e39d64434aba4392ee6d78525 [term 3 FOLLOWER]: Leader election won for term 3
I20260709 12:57:29.516921   881 raft_consensus.cc:697] T 48829c6cf3684ce18fa809f0aa97c5df P 0300b73e39d64434aba4392ee6d78525 [term 3 LEADER]: Becoming Leader. State: Replica: 0300b73e39d64434aba4392ee6d78525, State: Running, Role: LEADER
I20260709 12:57:29.518110   564 raft_consensus.cc:2468] T 48829c6cf3684ce18fa809f0aa97c5df P b309ef0859594bed94045e01299b5ffe [term 3 FOLLOWER]: Leader election vote request: Granting yes vote for candidate 0300b73e39d64434aba4392ee6d78525 in term 3.
I20260709 12:57:29.520471   881 consensus_queue.cc:237] T 48829c6cf3684ce18fa809f0aa97c5df P 0300b73e39d64434aba4392ee6d78525 [LEADER]: Queue going to LEADER mode. State: All replicated index: 0, Majority replicated index: 2, Committed index: 2, Last appended: 2.2, Last appended by leader: 2, Current term: 3, Majority size: 2, State: 0, Mode: LEADER, active raft config: opid_index: -1 OBSOLETE_local: false peers { permanent_uuid: "b309ef0859594bed94045e01299b5ffe" member_type: VOTER last_known_addr { host: "127.0.107.193" port: 37731 } } peers { permanent_uuid: "0300b73e39d64434aba4392ee6d78525" member_type: VOTER last_known_addr { host: "127.0.107.194" port: 43067 } } peers { permanent_uuid: "4580fade6ece4cee81d007d329dcfe76" member_type: VOTER last_known_addr { host: "127.0.107.195" port: 34695 } }
I20260709 12:57:29.522428   461 catalog_manager.cc:5697] T 84819a4e709f46ac92f902f853bb5328 P 0300b73e39d64434aba4392ee6d78525 reported cstate change: term changed from 3 to 4, leader changed from 4580fade6ece4cee81d007d329dcfe76 (127.0.107.195) to 0300b73e39d64434aba4392ee6d78525 (127.0.107.194). New cstate: current_term: 4 leader_uuid: "0300b73e39d64434aba4392ee6d78525" committed_config { opid_index: -1 OBSOLETE_local: false peers { permanent_uuid: "4580fade6ece4cee81d007d329dcfe76" member_type: VOTER last_known_addr { host: "127.0.107.195" port: 34695 } health_report { overall_health: UNKNOWN } } peers { permanent_uuid: "b309ef0859594bed94045e01299b5ffe" member_type: VOTER last_known_addr { host: "127.0.107.193" port: 37731 } health_report { overall_health: UNKNOWN } } peers { permanent_uuid: "0300b73e39d64434aba4392ee6d78525" member_type: VOTER last_known_addr { host: "127.0.107.194" port: 43067 } health_report { overall_health: HEALTHY } } }
I20260709 12:57:29.533499   461 catalog_manager.cc:5697] T 48829c6cf3684ce18fa809f0aa97c5df P 0300b73e39d64434aba4392ee6d78525 reported cstate change: term changed from 2 to 3, leader changed from b309ef0859594bed94045e01299b5ffe (127.0.107.193) to 0300b73e39d64434aba4392ee6d78525 (127.0.107.194). New cstate: current_term: 3 leader_uuid: "0300b73e39d64434aba4392ee6d78525" committed_config { opid_index: -1 OBSOLETE_local: false peers { permanent_uuid: "b309ef0859594bed94045e01299b5ffe" member_type: VOTER last_known_addr { host: "127.0.107.193" port: 37731 } health_report { overall_health: UNKNOWN } } peers { permanent_uuid: "0300b73e39d64434aba4392ee6d78525" member_type: VOTER last_known_addr { host: "127.0.107.194" port: 43067 } health_report { overall_health: HEALTHY } } peers { permanent_uuid: "4580fade6ece4cee81d007d329dcfe76" member_type: VOTER last_known_addr { host: "127.0.107.195" port: 34695 } health_report { overall_health: UNKNOWN } } }
I20260709 12:57:29.763522   564 raft_consensus.cc:1275] T ca59ed4f415c4c3bbb5a829759d10d0b P b309ef0859594bed94045e01299b5ffe [term 3 FOLLOWER]: Refusing update from remote peer 0300b73e39d64434aba4392ee6d78525: Log matching property violated. Preceding OpId in replica: term: 2 index: 1. Preceding OpId from leader: term: 3 index: 2. (index mismatch)
I20260709 12:57:29.764748   881 consensus_queue.cc:1048] T ca59ed4f415c4c3bbb5a829759d10d0b P 0300b73e39d64434aba4392ee6d78525 [LEADER]: Connected to new peer: Peer: permanent_uuid: "b309ef0859594bed94045e01299b5ffe" member_type: VOTER last_known_addr { host: "127.0.107.193" port: 37731 }, Status: LMP_MISMATCH, Last received: 0.0, Next index: 2, Last known committed idx: 1, Time since last communication: 0.000s
I20260709 12:57:29.771292   564 raft_consensus.cc:1275] T 95415d125d224c7d882ab711694dda8f P b309ef0859594bed94045e01299b5ffe [term 3 FOLLOWER]: Refusing update from remote peer 0300b73e39d64434aba4392ee6d78525: Log matching property violated. Preceding OpId in replica: term: 2 index: 2. Preceding OpId from leader: term: 3 index: 3. (index mismatch)
I20260709 12:57:29.775297   714 raft_consensus.cc:1275] T ca59ed4f415c4c3bbb5a829759d10d0b P 4580fade6ece4cee81d007d329dcfe76 [term 3 FOLLOWER]: Refusing update from remote peer 0300b73e39d64434aba4392ee6d78525: Log matching property violated. Preceding OpId in replica: term: 2 index: 1. Preceding OpId from leader: term: 3 index: 2. (index mismatch)
I20260709 12:57:29.778692   907 consensus_queue.cc:1048] T ca59ed4f415c4c3bbb5a829759d10d0b P 0300b73e39d64434aba4392ee6d78525 [LEADER]: Connected to new peer: Peer: permanent_uuid: "4580fade6ece4cee81d007d329dcfe76" member_type: VOTER last_known_addr { host: "127.0.107.195" port: 34695 }, Status: LMP_MISMATCH, Last received: 0.0, Next index: 2, Last known committed idx: 1, Time since last communication: 0.001s
I20260709 12:57:29.782616   881 consensus_queue.cc:1048] T 95415d125d224c7d882ab711694dda8f P 0300b73e39d64434aba4392ee6d78525 [LEADER]: Connected to new peer: Peer: permanent_uuid: "b309ef0859594bed94045e01299b5ffe" member_type: VOTER last_known_addr { host: "127.0.107.193" port: 37731 }, Status: LMP_MISMATCH, Last received: 0.0, Next index: 3, Last known committed idx: 2, Time since last communication: 0.000s
I20260709 12:57:29.787581   715 raft_consensus.cc:1275] T a5b10e64240744fe8439152f389395ec P 4580fade6ece4cee81d007d329dcfe76 [term 4 FOLLOWER]: Refusing update from remote peer 0300b73e39d64434aba4392ee6d78525: Log matching property violated. Preceding OpId in replica: term: 3 index: 3. Preceding OpId from leader: term: 4 index: 4. (index mismatch)
I20260709 12:57:29.789496   918 consensus_queue.cc:1048] T a5b10e64240744fe8439152f389395ec P 0300b73e39d64434aba4392ee6d78525 [LEADER]: Connected to new peer: Peer: permanent_uuid: "4580fade6ece4cee81d007d329dcfe76" member_type: VOTER last_known_addr { host: "127.0.107.195" port: 34695 }, Status: LMP_MISMATCH, Last received: 0.0, Next index: 4, Last known committed idx: 3, Time since last communication: 0.001s
I20260709 12:57:29.807825   564 raft_consensus.cc:1275] T a5b10e64240744fe8439152f389395ec P b309ef0859594bed94045e01299b5ffe [term 4 FOLLOWER]: Refusing update from remote peer 0300b73e39d64434aba4392ee6d78525: Log matching property violated. Preceding OpId in replica: term: 3 index: 3. Preceding OpId from leader: term: 4 index: 4. (index mismatch)
I20260709 12:57:29.808502   713 raft_consensus.cc:1275] T 95415d125d224c7d882ab711694dda8f P 4580fade6ece4cee81d007d329dcfe76 [term 3 FOLLOWER]: Refusing update from remote peer 0300b73e39d64434aba4392ee6d78525: Log matching property violated. Preceding OpId in replica: term: 2 index: 2. Preceding OpId from leader: term: 3 index: 3. (index mismatch)
I20260709 12:57:29.810657   918 consensus_queue.cc:1048] T a5b10e64240744fe8439152f389395ec P 0300b73e39d64434aba4392ee6d78525 [LEADER]: Connected to new peer: Peer: permanent_uuid: "b309ef0859594bed94045e01299b5ffe" member_type: VOTER last_known_addr { host: "127.0.107.193" port: 37731 }, Status: LMP_MISMATCH, Last received: 0.0, Next index: 4, Last known committed idx: 3, Time since last communication: 0.000s
I20260709 12:57:29.811915   918 consensus_queue.cc:1048] T 95415d125d224c7d882ab711694dda8f P 0300b73e39d64434aba4392ee6d78525 [LEADER]: Connected to new peer: Peer: permanent_uuid: "4580fade6ece4cee81d007d329dcfe76" member_type: VOTER last_known_addr { host: "127.0.107.195" port: 34695 }, Status: LMP_MISMATCH, Last received: 0.0, Next index: 3, Last known committed idx: 2, Time since last communication: 0.000s
I20260709 12:57:29.954170   714 raft_consensus.cc:1275] T 84819a4e709f46ac92f902f853bb5328 P 4580fade6ece4cee81d007d329dcfe76 [term 4 FOLLOWER]: Refusing update from remote peer 0300b73e39d64434aba4392ee6d78525: Log matching property violated. Preceding OpId in replica: term: 3 index: 3. Preceding OpId from leader: term: 4 index: 4. (index mismatch)
I20260709 12:57:29.955457   923 consensus_queue.cc:1048] T 84819a4e709f46ac92f902f853bb5328 P 0300b73e39d64434aba4392ee6d78525 [LEADER]: Connected to new peer: Peer: permanent_uuid: "4580fade6ece4cee81d007d329dcfe76" member_type: VOTER last_known_addr { host: "127.0.107.195" port: 34695 }, Status: LMP_MISMATCH, Last received: 0.0, Next index: 4, Last known committed idx: 3, Time since last communication: 0.000s
I20260709 12:57:29.963454   564 raft_consensus.cc:1275] T 84819a4e709f46ac92f902f853bb5328 P b309ef0859594bed94045e01299b5ffe [term 4 FOLLOWER]: Refusing update from remote peer 0300b73e39d64434aba4392ee6d78525: Log matching property violated. Preceding OpId in replica: term: 3 index: 3. Preceding OpId from leader: term: 4 index: 4. (index mismatch)
I20260709 12:57:29.965021   881 consensus_queue.cc:1048] T 84819a4e709f46ac92f902f853bb5328 P 0300b73e39d64434aba4392ee6d78525 [LEADER]: Connected to new peer: Peer: permanent_uuid: "b309ef0859594bed94045e01299b5ffe" member_type: VOTER last_known_addr { host: "127.0.107.193" port: 37731 }, Status: LMP_MISMATCH, Last received: 0.0, Next index: 4, Last known committed idx: 3, Time since last communication: 0.000s
I20260709 12:57:30.041105   564 raft_consensus.cc:1275] T 48829c6cf3684ce18fa809f0aa97c5df P b309ef0859594bed94045e01299b5ffe [term 3 FOLLOWER]: Refusing update from remote peer 0300b73e39d64434aba4392ee6d78525: Log matching property violated. Preceding OpId in replica: term: 2 index: 2. Preceding OpId from leader: term: 3 index: 3. (index mismatch)
I20260709 12:57:30.042320   881 consensus_queue.cc:1048] T 48829c6cf3684ce18fa809f0aa97c5df P 0300b73e39d64434aba4392ee6d78525 [LEADER]: Connected to new peer: Peer: permanent_uuid: "b309ef0859594bed94045e01299b5ffe" member_type: VOTER last_known_addr { host: "127.0.107.193" port: 37731 }, Status: LMP_MISMATCH, Last received: 0.0, Next index: 3, Last known committed idx: 2, Time since last communication: 0.000s
I20260709 12:57:30.049860   714 raft_consensus.cc:1275] T 48829c6cf3684ce18fa809f0aa97c5df P 4580fade6ece4cee81d007d329dcfe76 [term 3 FOLLOWER]: Refusing update from remote peer 0300b73e39d64434aba4392ee6d78525: Log matching property violated. Preceding OpId in replica: term: 2 index: 2. Preceding OpId from leader: term: 3 index: 3. (index mismatch)
I20260709 12:57:30.051213   923 consensus_queue.cc:1048] T 48829c6cf3684ce18fa809f0aa97c5df P 0300b73e39d64434aba4392ee6d78525 [LEADER]: Connected to new peer: Peer: permanent_uuid: "4580fade6ece4cee81d007d329dcfe76" member_type: VOTER last_known_addr { host: "127.0.107.195" port: 34695 }, Status: LMP_MISMATCH, Last received: 0.0, Next index: 3, Last known committed idx: 2, Time since last communication: 0.000s
I20260709 12:57:32.128237   431 auto_leader_rebalancer.cc:141] leader rebalance for table test-workload
I20260709 12:57:32.135253   639 tablet_service.cc:2072] Received LeaderStepDown RPC: tablet_id: "48829c6cf3684ce18fa809f0aa97c5df"
dest_uuid: "0300b73e39d64434aba4392ee6d78525"
mode: GRACEFUL
new_leader_uuid: "4580fade6ece4cee81d007d329dcfe76"
 from {username='slave'} at 127.0.0.1:44064
I20260709 12:57:32.135764   639 raft_consensus.cc:606] T 48829c6cf3684ce18fa809f0aa97c5df P 0300b73e39d64434aba4392ee6d78525 [term 3 LEADER]: Received request to transfer leadership to TS 4580fade6ece4cee81d007d329dcfe76
I20260709 12:57:32.138028   639 tablet_service.cc:2072] Received LeaderStepDown RPC: tablet_id: "84819a4e709f46ac92f902f853bb5328"
dest_uuid: "0300b73e39d64434aba4392ee6d78525"
mode: GRACEFUL
new_leader_uuid: "b309ef0859594bed94045e01299b5ffe"
 from {username='slave'} at 127.0.0.1:44064
I20260709 12:57:32.138446   639 raft_consensus.cc:606] T 84819a4e709f46ac92f902f853bb5328 P 0300b73e39d64434aba4392ee6d78525 [term 4 LEADER]: Received request to transfer leadership to TS b309ef0859594bed94045e01299b5ffe
I20260709 12:57:32.140520   639 tablet_service.cc:2072] Received LeaderStepDown RPC: tablet_id: "95415d125d224c7d882ab711694dda8f"
dest_uuid: "0300b73e39d64434aba4392ee6d78525"
mode: GRACEFUL
new_leader_uuid: "b309ef0859594bed94045e01299b5ffe"
 from {username='slave'} at 127.0.0.1:44064
I20260709 12:57:32.140926   639 raft_consensus.cc:606] T 95415d125d224c7d882ab711694dda8f P 0300b73e39d64434aba4392ee6d78525 [term 3 LEADER]: Received request to transfer leadership to TS b309ef0859594bed94045e01299b5ffe
I20260709 12:57:32.142884   639 tablet_service.cc:2072] Received LeaderStepDown RPC: tablet_id: "a5b10e64240744fe8439152f389395ec"
dest_uuid: "0300b73e39d64434aba4392ee6d78525"
mode: GRACEFUL
new_leader_uuid: "b309ef0859594bed94045e01299b5ffe"
 from {username='slave'} at 127.0.0.1:44064
I20260709 12:57:32.143267   639 raft_consensus.cc:606] T a5b10e64240744fe8439152f389395ec P 0300b73e39d64434aba4392ee6d78525 [term 4 LEADER]: Received request to transfer leadership to TS b309ef0859594bed94045e01299b5ffe
I20260709 12:57:32.145133   639 tablet_service.cc:2072] Received LeaderStepDown RPC: tablet_id: "ca59ed4f415c4c3bbb5a829759d10d0b"
dest_uuid: "0300b73e39d64434aba4392ee6d78525"
mode: GRACEFUL
new_leader_uuid: "4580fade6ece4cee81d007d329dcfe76"
 from {username='slave'} at 127.0.0.1:44064
I20260709 12:57:32.145514   639 raft_consensus.cc:606] T ca59ed4f415c4c3bbb5a829759d10d0b P 0300b73e39d64434aba4392ee6d78525 [term 3 LEADER]: Received request to transfer leadership to TS 4580fade6ece4cee81d007d329dcfe76
I20260709 12:57:32.146420   431 auto_leader_rebalancer.cc:452] table: test-workload, leader rebalance finish, leader transfer count: 5
I20260709 12:57:32.146808   431 auto_leader_rebalancer.cc:527] All tables' leader rebalancing finished this round
I20260709 12:57:32.320325   934 raft_consensus.cc:993] T 48829c6cf3684ce18fa809f0aa97c5df P 0300b73e39d64434aba4392ee6d78525: : Instructing follower 4580fade6ece4cee81d007d329dcfe76 to start an election
I20260709 12:57:32.320760   923 raft_consensus.cc:1081] T 48829c6cf3684ce18fa809f0aa97c5df P 0300b73e39d64434aba4392ee6d78525 [term 3 LEADER]: Signalling peer 4580fade6ece4cee81d007d329dcfe76 to start an election
I20260709 12:57:32.322081   714 tablet_service.cc:2044] Received Run Leader Election RPC: tablet_id: "48829c6cf3684ce18fa809f0aa97c5df"
dest_uuid: "4580fade6ece4cee81d007d329dcfe76"
 from {username='slave'} at 127.0.0.1:43172
I20260709 12:57:32.322507   714 raft_consensus.cc:493] T 48829c6cf3684ce18fa809f0aa97c5df P 4580fade6ece4cee81d007d329dcfe76 [term 3 FOLLOWER]: Starting forced leader election (received explicit request)
I20260709 12:57:32.322772   714 raft_consensus.cc:3060] T 48829c6cf3684ce18fa809f0aa97c5df P 4580fade6ece4cee81d007d329dcfe76 [term 3 FOLLOWER]: Advancing to term 4
I20260709 12:57:32.327486   714 raft_consensus.cc:515] T 48829c6cf3684ce18fa809f0aa97c5df P 4580fade6ece4cee81d007d329dcfe76 [term 4 FOLLOWER]: Starting forced leader election with config: opid_index: -1 OBSOLETE_local: false peers { permanent_uuid: "b309ef0859594bed94045e01299b5ffe" member_type: VOTER last_known_addr { host: "127.0.107.193" port: 37731 } } peers { permanent_uuid: "0300b73e39d64434aba4392ee6d78525" member_type: VOTER last_known_addr { host: "127.0.107.194" port: 43067 } } peers { permanent_uuid: "4580fade6ece4cee81d007d329dcfe76" member_type: VOTER last_known_addr { host: "127.0.107.195" port: 34695 } }
I20260709 12:57:32.329046   714 leader_election.cc:290] T 48829c6cf3684ce18fa809f0aa97c5df P 4580fade6ece4cee81d007d329dcfe76 [CANDIDATE]: Term 4 election: Requested vote from peers b309ef0859594bed94045e01299b5ffe (127.0.107.193:37731), 0300b73e39d64434aba4392ee6d78525 (127.0.107.194:43067)
I20260709 12:57:32.330111   639 tablet_service.cc:1917] Received RequestConsensusVote() RPC: tablet_id: "48829c6cf3684ce18fa809f0aa97c5df" candidate_uuid: "4580fade6ece4cee81d007d329dcfe76" candidate_term: 4 candidate_status { last_received { term: 3 index: 3 } } ignore_live_leader: true dest_uuid: "0300b73e39d64434aba4392ee6d78525"
I20260709 12:57:32.330040   565 tablet_service.cc:1917] Received RequestConsensusVote() RPC: tablet_id: "48829c6cf3684ce18fa809f0aa97c5df" candidate_uuid: "4580fade6ece4cee81d007d329dcfe76" candidate_term: 4 candidate_status { last_received { term: 3 index: 3 } } ignore_live_leader: true dest_uuid: "b309ef0859594bed94045e01299b5ffe"
I20260709 12:57:32.330637   639 raft_consensus.cc:3055] T 48829c6cf3684ce18fa809f0aa97c5df P 0300b73e39d64434aba4392ee6d78525 [term 3 LEADER]: Stepping down as leader of term 3
I20260709 12:57:32.330701   565 raft_consensus.cc:3060] T 48829c6cf3684ce18fa809f0aa97c5df P b309ef0859594bed94045e01299b5ffe [term 3 FOLLOWER]: Advancing to term 4
I20260709 12:57:32.330937   639 raft_consensus.cc:740] T 48829c6cf3684ce18fa809f0aa97c5df P 0300b73e39d64434aba4392ee6d78525 [term 3 LEADER]: Becoming Follower/Learner. State: Replica: 0300b73e39d64434aba4392ee6d78525, State: Running, Role: LEADER
I20260709 12:57:32.331588   639 consensus_queue.cc:260] T 48829c6cf3684ce18fa809f0aa97c5df P 0300b73e39d64434aba4392ee6d78525 [NON_LEADER]: Queue going to NON_LEADER mode. State: All replicated index: 0, Majority replicated index: 3, Committed index: 3, Last appended: 3.3, Last appended by leader: 3, Current term: 3, Majority size: -1, State: 0, Mode: NON_LEADER, active raft config: opid_index: -1 OBSOLETE_local: false peers { permanent_uuid: "b309ef0859594bed94045e01299b5ffe" member_type: VOTER last_known_addr { host: "127.0.107.193" port: 37731 } } peers { permanent_uuid: "0300b73e39d64434aba4392ee6d78525" member_type: VOTER last_known_addr { host: "127.0.107.194" port: 43067 } } peers { permanent_uuid: "4580fade6ece4cee81d007d329dcfe76" member_type: VOTER last_known_addr { host: "127.0.107.195" port: 34695 } }
I20260709 12:57:32.332356   639 raft_consensus.cc:3060] T 48829c6cf3684ce18fa809f0aa97c5df P 0300b73e39d64434aba4392ee6d78525 [term 3 FOLLOWER]: Advancing to term 4
I20260709 12:57:32.335405   565 raft_consensus.cc:2468] T 48829c6cf3684ce18fa809f0aa97c5df P b309ef0859594bed94045e01299b5ffe [term 4 FOLLOWER]: Leader election vote request: Granting yes vote for candidate 4580fade6ece4cee81d007d329dcfe76 in term 4.
I20260709 12:57:32.336299   639 raft_consensus.cc:2468] T 48829c6cf3684ce18fa809f0aa97c5df P 0300b73e39d64434aba4392ee6d78525 [term 4 FOLLOWER]: Leader election vote request: Granting yes vote for candidate 4580fade6ece4cee81d007d329dcfe76 in term 4.
I20260709 12:57:32.336547   679 leader_election.cc:304] T 48829c6cf3684ce18fa809f0aa97c5df P 4580fade6ece4cee81d007d329dcfe76 [CANDIDATE]: Term 4 election: Election decided. Result: candidate won. Election summary: received 2 responses out of 3 voters: 2 yes votes; 0 no votes. yes voters: 4580fade6ece4cee81d007d329dcfe76, b309ef0859594bed94045e01299b5ffe; no voters: 
I20260709 12:57:32.337338   897 raft_consensus.cc:2804] T 48829c6cf3684ce18fa809f0aa97c5df P 4580fade6ece4cee81d007d329dcfe76 [term 4 FOLLOWER]: Leader election won for term 4
I20260709 12:57:32.338179   897 raft_consensus.cc:697] T 48829c6cf3684ce18fa809f0aa97c5df P 4580fade6ece4cee81d007d329dcfe76 [term 4 LEADER]: Becoming Leader. State: Replica: 4580fade6ece4cee81d007d329dcfe76, State: Running, Role: LEADER
I20260709 12:57:32.339408   897 consensus_queue.cc:237] T 48829c6cf3684ce18fa809f0aa97c5df P 4580fade6ece4cee81d007d329dcfe76 [LEADER]: Queue going to LEADER mode. State: All replicated index: 0, Majority replicated index: 3, Committed index: 3, Last appended: 3.3, Last appended by leader: 3, Current term: 4, Majority size: 2, State: 0, Mode: LEADER, active raft config: opid_index: -1 OBSOLETE_local: false peers { permanent_uuid: "b309ef0859594bed94045e01299b5ffe" member_type: VOTER last_known_addr { host: "127.0.107.193" port: 37731 } } peers { permanent_uuid: "0300b73e39d64434aba4392ee6d78525" member_type: VOTER last_known_addr { host: "127.0.107.194" port: 43067 } } peers { permanent_uuid: "4580fade6ece4cee81d007d329dcfe76" member_type: VOTER last_known_addr { host: "127.0.107.195" port: 34695 } }
I20260709 12:57:32.347258   462 catalog_manager.cc:5697] T 48829c6cf3684ce18fa809f0aa97c5df P 4580fade6ece4cee81d007d329dcfe76 reported cstate change: term changed from 3 to 4, leader changed from 0300b73e39d64434aba4392ee6d78525 (127.0.107.194) to 4580fade6ece4cee81d007d329dcfe76 (127.0.107.195). New cstate: current_term: 4 leader_uuid: "4580fade6ece4cee81d007d329dcfe76" committed_config { opid_index: -1 OBSOLETE_local: false peers { permanent_uuid: "b309ef0859594bed94045e01299b5ffe" member_type: VOTER last_known_addr { host: "127.0.107.193" port: 37731 } health_report { overall_health: UNKNOWN } } peers { permanent_uuid: "0300b73e39d64434aba4392ee6d78525" member_type: VOTER last_known_addr { host: "127.0.107.194" port: 43067 } health_report { overall_health: UNKNOWN } } peers { permanent_uuid: "4580fade6ece4cee81d007d329dcfe76" member_type: VOTER last_known_addr { host: "127.0.107.195" port: 34695 } health_report { overall_health: HEALTHY } } }
I20260709 12:57:32.407107   934 raft_consensus.cc:993] T a5b10e64240744fe8439152f389395ec P 0300b73e39d64434aba4392ee6d78525: : Instructing follower b309ef0859594bed94045e01299b5ffe to start an election
I20260709 12:57:32.407519   923 raft_consensus.cc:1081] T a5b10e64240744fe8439152f389395ec P 0300b73e39d64434aba4392ee6d78525 [term 4 LEADER]: Signalling peer b309ef0859594bed94045e01299b5ffe to start an election
I20260709 12:57:32.408890   565 tablet_service.cc:2044] Received Run Leader Election RPC: tablet_id: "a5b10e64240744fe8439152f389395ec"
dest_uuid: "b309ef0859594bed94045e01299b5ffe"
 from {username='slave'} at 127.0.0.1:44774
I20260709 12:57:32.409300   565 raft_consensus.cc:493] T a5b10e64240744fe8439152f389395ec P b309ef0859594bed94045e01299b5ffe [term 4 FOLLOWER]: Starting forced leader election (received explicit request)
I20260709 12:57:32.409554   565 raft_consensus.cc:3060] T a5b10e64240744fe8439152f389395ec P b309ef0859594bed94045e01299b5ffe [term 4 FOLLOWER]: Advancing to term 5
I20260709 12:57:32.413975   565 raft_consensus.cc:515] T a5b10e64240744fe8439152f389395ec P b309ef0859594bed94045e01299b5ffe [term 5 FOLLOWER]: Starting forced leader election with config: opid_index: -1 OBSOLETE_local: false peers { permanent_uuid: "b309ef0859594bed94045e01299b5ffe" member_type: VOTER last_known_addr { host: "127.0.107.193" port: 37731 } } peers { permanent_uuid: "0300b73e39d64434aba4392ee6d78525" member_type: VOTER last_known_addr { host: "127.0.107.194" port: 43067 } } peers { permanent_uuid: "4580fade6ece4cee81d007d329dcfe76" member_type: VOTER last_known_addr { host: "127.0.107.195" port: 34695 } }
I20260709 12:57:32.415557   565 leader_election.cc:290] T a5b10e64240744fe8439152f389395ec P b309ef0859594bed94045e01299b5ffe [CANDIDATE]: Term 5 election: Requested vote from peers 0300b73e39d64434aba4392ee6d78525 (127.0.107.194:43067), 4580fade6ece4cee81d007d329dcfe76 (127.0.107.195:34695)
I20260709 12:57:32.416383   639 tablet_service.cc:1917] Received RequestConsensusVote() RPC: tablet_id: "a5b10e64240744fe8439152f389395ec" candidate_uuid: "b309ef0859594bed94045e01299b5ffe" candidate_term: 5 candidate_status { last_received { term: 4 index: 4 } } ignore_live_leader: true dest_uuid: "0300b73e39d64434aba4392ee6d78525"
I20260709 12:57:32.416530   714 tablet_service.cc:1917] Received RequestConsensusVote() RPC: tablet_id: "a5b10e64240744fe8439152f389395ec" candidate_uuid: "b309ef0859594bed94045e01299b5ffe" candidate_term: 5 candidate_status { last_received { term: 4 index: 4 } } ignore_live_leader: true dest_uuid: "4580fade6ece4cee81d007d329dcfe76"
I20260709 12:57:32.416949   639 raft_consensus.cc:3055] T a5b10e64240744fe8439152f389395ec P 0300b73e39d64434aba4392ee6d78525 [term 4 LEADER]: Stepping down as leader of term 4
I20260709 12:57:32.417047   714 raft_consensus.cc:3060] T a5b10e64240744fe8439152f389395ec P 4580fade6ece4cee81d007d329dcfe76 [term 4 FOLLOWER]: Advancing to term 5
I20260709 12:57:32.417295   639 raft_consensus.cc:740] T a5b10e64240744fe8439152f389395ec P 0300b73e39d64434aba4392ee6d78525 [term 4 LEADER]: Becoming Follower/Learner. State: Replica: 0300b73e39d64434aba4392ee6d78525, State: Running, Role: LEADER
I20260709 12:57:32.417979   639 consensus_queue.cc:260] T a5b10e64240744fe8439152f389395ec P 0300b73e39d64434aba4392ee6d78525 [NON_LEADER]: Queue going to NON_LEADER mode. State: All replicated index: 0, Majority replicated index: 4, Committed index: 4, Last appended: 4.4, Last appended by leader: 4, Current term: 4, Majority size: -1, State: 0, Mode: NON_LEADER, active raft config: opid_index: -1 OBSOLETE_local: false peers { permanent_uuid: "b309ef0859594bed94045e01299b5ffe" member_type: VOTER last_known_addr { host: "127.0.107.193" port: 37731 } } peers { permanent_uuid: "0300b73e39d64434aba4392ee6d78525" member_type: VOTER last_known_addr { host: "127.0.107.194" port: 43067 } } peers { permanent_uuid: "4580fade6ece4cee81d007d329dcfe76" member_type: VOTER last_known_addr { host: "127.0.107.195" port: 34695 } }
I20260709 12:57:32.419008   639 raft_consensus.cc:3060] T a5b10e64240744fe8439152f389395ec P 0300b73e39d64434aba4392ee6d78525 [term 4 FOLLOWER]: Advancing to term 5
I20260709 12:57:32.421376   934 raft_consensus.cc:993] T 95415d125d224c7d882ab711694dda8f P 0300b73e39d64434aba4392ee6d78525: : Instructing follower b309ef0859594bed94045e01299b5ffe to start an election
I20260709 12:57:32.421839   923 raft_consensus.cc:1081] T 95415d125d224c7d882ab711694dda8f P 0300b73e39d64434aba4392ee6d78525 [term 3 LEADER]: Signalling peer b309ef0859594bed94045e01299b5ffe to start an election
I20260709 12:57:32.422781   714 raft_consensus.cc:2468] T a5b10e64240744fe8439152f389395ec P 4580fade6ece4cee81d007d329dcfe76 [term 5 FOLLOWER]: Leader election vote request: Granting yes vote for candidate b309ef0859594bed94045e01299b5ffe in term 5.
I20260709 12:57:32.423394   565 tablet_service.cc:2044] Received Run Leader Election RPC: tablet_id: "95415d125d224c7d882ab711694dda8f"
dest_uuid: "b309ef0859594bed94045e01299b5ffe"
 from {username='slave'} at 127.0.0.1:44774
I20260709 12:57:32.424077   639 raft_consensus.cc:2468] T a5b10e64240744fe8439152f389395ec P 0300b73e39d64434aba4392ee6d78525 [term 5 FOLLOWER]: Leader election vote request: Granting yes vote for candidate b309ef0859594bed94045e01299b5ffe in term 5.
I20260709 12:57:32.423971   529 leader_election.cc:304] T a5b10e64240744fe8439152f389395ec P b309ef0859594bed94045e01299b5ffe [CANDIDATE]: Term 5 election: Election decided. Result: candidate won. Election summary: received 2 responses out of 3 voters: 2 yes votes; 0 no votes. yes voters: 4580fade6ece4cee81d007d329dcfe76, b309ef0859594bed94045e01299b5ffe; no voters: 
I20260709 12:57:32.423955   565 raft_consensus.cc:493] T 95415d125d224c7d882ab711694dda8f P b309ef0859594bed94045e01299b5ffe [term 3 FOLLOWER]: Starting forced leader election (received explicit request)
I20260709 12:57:32.424728   565 raft_consensus.cc:3060] T 95415d125d224c7d882ab711694dda8f P b309ef0859594bed94045e01299b5ffe [term 3 FOLLOWER]: Advancing to term 4
I20260709 12:57:32.425936   941 raft_consensus.cc:2804] T a5b10e64240744fe8439152f389395ec P b309ef0859594bed94045e01299b5ffe [term 5 FOLLOWER]: Leader election won for term 5
I20260709 12:57:32.426990   941 raft_consensus.cc:697] T a5b10e64240744fe8439152f389395ec P b309ef0859594bed94045e01299b5ffe [term 5 LEADER]: Becoming Leader. State: Replica: b309ef0859594bed94045e01299b5ffe, State: Running, Role: LEADER
I20260709 12:57:32.427795   941 consensus_queue.cc:237] T a5b10e64240744fe8439152f389395ec P b309ef0859594bed94045e01299b5ffe [LEADER]: Queue going to LEADER mode. State: All replicated index: 0, Majority replicated index: 4, Committed index: 4, Last appended: 4.4, Last appended by leader: 4, Current term: 5, Majority size: 2, State: 0, Mode: LEADER, active raft config: opid_index: -1 OBSOLETE_local: false peers { permanent_uuid: "b309ef0859594bed94045e01299b5ffe" member_type: VOTER last_known_addr { host: "127.0.107.193" port: 37731 } } peers { permanent_uuid: "0300b73e39d64434aba4392ee6d78525" member_type: VOTER last_known_addr { host: "127.0.107.194" port: 43067 } } peers { permanent_uuid: "4580fade6ece4cee81d007d329dcfe76" member_type: VOTER last_known_addr { host: "127.0.107.195" port: 34695 } }
I20260709 12:57:32.429553   565 raft_consensus.cc:515] T 95415d125d224c7d882ab711694dda8f P b309ef0859594bed94045e01299b5ffe [term 4 FOLLOWER]: Starting forced leader election with config: opid_index: -1 OBSOLETE_local: false peers { permanent_uuid: "b309ef0859594bed94045e01299b5ffe" member_type: VOTER last_known_addr { host: "127.0.107.193" port: 37731 } } peers { permanent_uuid: "0300b73e39d64434aba4392ee6d78525" member_type: VOTER last_known_addr { host: "127.0.107.194" port: 43067 } } peers { permanent_uuid: "4580fade6ece4cee81d007d329dcfe76" member_type: VOTER last_known_addr { host: "127.0.107.195" port: 34695 } }
I20260709 12:57:32.431473   565 leader_election.cc:290] T 95415d125d224c7d882ab711694dda8f P b309ef0859594bed94045e01299b5ffe [CANDIDATE]: Term 4 election: Requested vote from peers 0300b73e39d64434aba4392ee6d78525 (127.0.107.194:43067), 4580fade6ece4cee81d007d329dcfe76 (127.0.107.195:34695)
I20260709 12:57:32.432205   639 tablet_service.cc:1917] Received RequestConsensusVote() RPC: tablet_id: "95415d125d224c7d882ab711694dda8f" candidate_uuid: "b309ef0859594bed94045e01299b5ffe" candidate_term: 4 candidate_status { last_received { term: 3 index: 3 } } ignore_live_leader: true dest_uuid: "0300b73e39d64434aba4392ee6d78525"
I20260709 12:57:32.432725   639 raft_consensus.cc:3055] T 95415d125d224c7d882ab711694dda8f P 0300b73e39d64434aba4392ee6d78525 [term 3 LEADER]: Stepping down as leader of term 3
I20260709 12:57:32.432997   639 raft_consensus.cc:740] T 95415d125d224c7d882ab711694dda8f P 0300b73e39d64434aba4392ee6d78525 [term 3 LEADER]: Becoming Follower/Learner. State: Replica: 0300b73e39d64434aba4392ee6d78525, State: Running, Role: LEADER
I20260709 12:57:32.433624   714 tablet_service.cc:1917] Received RequestConsensusVote() RPC: tablet_id: "95415d125d224c7d882ab711694dda8f" candidate_uuid: "b309ef0859594bed94045e01299b5ffe" candidate_term: 4 candidate_status { last_received { term: 3 index: 3 } } ignore_live_leader: true dest_uuid: "4580fade6ece4cee81d007d329dcfe76"
I20260709 12:57:32.433671   639 consensus_queue.cc:260] T 95415d125d224c7d882ab711694dda8f P 0300b73e39d64434aba4392ee6d78525 [NON_LEADER]: Queue going to NON_LEADER mode. State: All replicated index: 0, Majority replicated index: 3, Committed index: 3, Last appended: 3.3, Last appended by leader: 3, Current term: 3, Majority size: -1, State: 0, Mode: NON_LEADER, active raft config: opid_index: -1 OBSOLETE_local: false peers { permanent_uuid: "b309ef0859594bed94045e01299b5ffe" member_type: VOTER last_known_addr { host: "127.0.107.193" port: 37731 } } peers { permanent_uuid: "0300b73e39d64434aba4392ee6d78525" member_type: VOTER last_known_addr { host: "127.0.107.194" port: 43067 } } peers { permanent_uuid: "4580fade6ece4cee81d007d329dcfe76" member_type: VOTER last_known_addr { host: "127.0.107.195" port: 34695 } }
I20260709 12:57:32.434275   714 raft_consensus.cc:3060] T 95415d125d224c7d882ab711694dda8f P 4580fade6ece4cee81d007d329dcfe76 [term 3 FOLLOWER]: Advancing to term 4
I20260709 12:57:32.434666   639 raft_consensus.cc:3060] T 95415d125d224c7d882ab711694dda8f P 0300b73e39d64434aba4392ee6d78525 [term 3 FOLLOWER]: Advancing to term 4
I20260709 12:57:32.435191   462 catalog_manager.cc:5697] T a5b10e64240744fe8439152f389395ec P b309ef0859594bed94045e01299b5ffe reported cstate change: term changed from 4 to 5, leader changed from 0300b73e39d64434aba4392ee6d78525 (127.0.107.194) to b309ef0859594bed94045e01299b5ffe (127.0.107.193). New cstate: current_term: 5 leader_uuid: "b309ef0859594bed94045e01299b5ffe" committed_config { opid_index: -1 OBSOLETE_local: false peers { permanent_uuid: "b309ef0859594bed94045e01299b5ffe" member_type: VOTER last_known_addr { host: "127.0.107.193" port: 37731 } health_report { overall_health: HEALTHY } } peers { permanent_uuid: "0300b73e39d64434aba4392ee6d78525" member_type: VOTER last_known_addr { host: "127.0.107.194" port: 43067 } health_report { overall_health: UNKNOWN } } peers { permanent_uuid: "4580fade6ece4cee81d007d329dcfe76" member_type: VOTER last_known_addr { host: "127.0.107.195" port: 34695 } health_report { overall_health: UNKNOWN } } }
I20260709 12:57:32.439220   639 raft_consensus.cc:2468] T 95415d125d224c7d882ab711694dda8f P 0300b73e39d64434aba4392ee6d78525 [term 4 FOLLOWER]: Leader election vote request: Granting yes vote for candidate b309ef0859594bed94045e01299b5ffe in term 4.
I20260709 12:57:32.439832   714 raft_consensus.cc:2468] T 95415d125d224c7d882ab711694dda8f P 4580fade6ece4cee81d007d329dcfe76 [term 4 FOLLOWER]: Leader election vote request: Granting yes vote for candidate b309ef0859594bed94045e01299b5ffe in term 4.
I20260709 12:57:32.440500   532 leader_election.cc:304] T 95415d125d224c7d882ab711694dda8f P b309ef0859594bed94045e01299b5ffe [CANDIDATE]: Term 4 election: Election decided. Result: candidate won. Election summary: received 2 responses out of 3 voters: 2 yes votes; 0 no votes. yes voters: 0300b73e39d64434aba4392ee6d78525, b309ef0859594bed94045e01299b5ffe; no voters: 
I20260709 12:57:32.441637   941 raft_consensus.cc:2804] T 95415d125d224c7d882ab711694dda8f P b309ef0859594bed94045e01299b5ffe [term 4 FOLLOWER]: Leader election won for term 4
I20260709 12:57:32.442085   941 raft_consensus.cc:697] T 95415d125d224c7d882ab711694dda8f P b309ef0859594bed94045e01299b5ffe [term 4 LEADER]: Becoming Leader. State: Replica: b309ef0859594bed94045e01299b5ffe, State: Running, Role: LEADER
I20260709 12:57:32.442822   941 consensus_queue.cc:237] T 95415d125d224c7d882ab711694dda8f P b309ef0859594bed94045e01299b5ffe [LEADER]: Queue going to LEADER mode. State: All replicated index: 0, Majority replicated index: 3, Committed index: 3, Last appended: 3.3, Last appended by leader: 3, Current term: 4, Majority size: 2, State: 0, Mode: LEADER, active raft config: opid_index: -1 OBSOLETE_local: false peers { permanent_uuid: "b309ef0859594bed94045e01299b5ffe" member_type: VOTER last_known_addr { host: "127.0.107.193" port: 37731 } } peers { permanent_uuid: "0300b73e39d64434aba4392ee6d78525" member_type: VOTER last_known_addr { host: "127.0.107.194" port: 43067 } } peers { permanent_uuid: "4580fade6ece4cee81d007d329dcfe76" member_type: VOTER last_known_addr { host: "127.0.107.195" port: 34695 } }
I20260709 12:57:32.449011   462 catalog_manager.cc:5697] T 95415d125d224c7d882ab711694dda8f P b309ef0859594bed94045e01299b5ffe reported cstate change: term changed from 3 to 4, leader changed from 0300b73e39d64434aba4392ee6d78525 (127.0.107.194) to b309ef0859594bed94045e01299b5ffe (127.0.107.193). New cstate: current_term: 4 leader_uuid: "b309ef0859594bed94045e01299b5ffe" committed_config { opid_index: -1 OBSOLETE_local: false peers { permanent_uuid: "b309ef0859594bed94045e01299b5ffe" member_type: VOTER last_known_addr { host: "127.0.107.193" port: 37731 } health_report { overall_health: HEALTHY } } peers { permanent_uuid: "0300b73e39d64434aba4392ee6d78525" member_type: VOTER last_known_addr { host: "127.0.107.194" port: 43067 } health_report { overall_health: UNKNOWN } } peers { permanent_uuid: "4580fade6ece4cee81d007d329dcfe76" member_type: VOTER last_known_addr { host: "127.0.107.195" port: 34695 } health_report { overall_health: UNKNOWN } } }
I20260709 12:57:32.500566   934 raft_consensus.cc:993] T 84819a4e709f46ac92f902f853bb5328 P 0300b73e39d64434aba4392ee6d78525: : Instructing follower b309ef0859594bed94045e01299b5ffe to start an election
I20260709 12:57:32.500567   946 raft_consensus.cc:993] T ca59ed4f415c4c3bbb5a829759d10d0b P 0300b73e39d64434aba4392ee6d78525: : Instructing follower 4580fade6ece4cee81d007d329dcfe76 to start an election
I20260709 12:57:32.501080   923 raft_consensus.cc:1081] T 84819a4e709f46ac92f902f853bb5328 P 0300b73e39d64434aba4392ee6d78525 [term 4 LEADER]: Signalling peer b309ef0859594bed94045e01299b5ffe to start an election
I20260709 12:57:32.501186   934 raft_consensus.cc:1081] T ca59ed4f415c4c3bbb5a829759d10d0b P 0300b73e39d64434aba4392ee6d78525 [term 3 LEADER]: Signalling peer 4580fade6ece4cee81d007d329dcfe76 to start an election
I20260709 12:57:32.502619   565 tablet_service.cc:2044] Received Run Leader Election RPC: tablet_id: "84819a4e709f46ac92f902f853bb5328"
dest_uuid: "b309ef0859594bed94045e01299b5ffe"
 from {username='slave'} at 127.0.0.1:44774
I20260709 12:57:32.502641   714 tablet_service.cc:2044] Received Run Leader Election RPC: tablet_id: "ca59ed4f415c4c3bbb5a829759d10d0b"
dest_uuid: "4580fade6ece4cee81d007d329dcfe76"
 from {username='slave'} at 127.0.0.1:43172
I20260709 12:57:32.503140   565 raft_consensus.cc:493] T 84819a4e709f46ac92f902f853bb5328 P b309ef0859594bed94045e01299b5ffe [term 4 FOLLOWER]: Starting forced leader election (received explicit request)
I20260709 12:57:32.503161   714 raft_consensus.cc:493] T ca59ed4f415c4c3bbb5a829759d10d0b P 4580fade6ece4cee81d007d329dcfe76 [term 3 FOLLOWER]: Starting forced leader election (received explicit request)
I20260709 12:57:32.503525   565 raft_consensus.cc:3060] T 84819a4e709f46ac92f902f853bb5328 P b309ef0859594bed94045e01299b5ffe [term 4 FOLLOWER]: Advancing to term 5
I20260709 12:57:32.503559   714 raft_consensus.cc:3060] T ca59ed4f415c4c3bbb5a829759d10d0b P 4580fade6ece4cee81d007d329dcfe76 [term 3 FOLLOWER]: Advancing to term 4
I20260709 12:57:32.507925   714 raft_consensus.cc:515] T ca59ed4f415c4c3bbb5a829759d10d0b P 4580fade6ece4cee81d007d329dcfe76 [term 4 FOLLOWER]: Starting forced leader election with config: opid_index: -1 OBSOLETE_local: false peers { permanent_uuid: "b309ef0859594bed94045e01299b5ffe" member_type: VOTER last_known_addr { host: "127.0.107.193" port: 37731 } } peers { permanent_uuid: "0300b73e39d64434aba4392ee6d78525" member_type: VOTER last_known_addr { host: "127.0.107.194" port: 43067 } } peers { permanent_uuid: "4580fade6ece4cee81d007d329dcfe76" member_type: VOTER last_known_addr { host: "127.0.107.195" port: 34695 } }
I20260709 12:57:32.507959   565 raft_consensus.cc:515] T 84819a4e709f46ac92f902f853bb5328 P b309ef0859594bed94045e01299b5ffe [term 5 FOLLOWER]: Starting forced leader election with config: opid_index: -1 OBSOLETE_local: false peers { permanent_uuid: "4580fade6ece4cee81d007d329dcfe76" member_type: VOTER last_known_addr { host: "127.0.107.195" port: 34695 } } peers { permanent_uuid: "b309ef0859594bed94045e01299b5ffe" member_type: VOTER last_known_addr { host: "127.0.107.193" port: 37731 } } peers { permanent_uuid: "0300b73e39d64434aba4392ee6d78525" member_type: VOTER last_known_addr { host: "127.0.107.194" port: 43067 } }
I20260709 12:57:32.509680   565 leader_election.cc:290] T 84819a4e709f46ac92f902f853bb5328 P b309ef0859594bed94045e01299b5ffe [CANDIDATE]: Term 5 election: Requested vote from peers 4580fade6ece4cee81d007d329dcfe76 (127.0.107.195:34695), 0300b73e39d64434aba4392ee6d78525 (127.0.107.194:43067)
I20260709 12:57:32.510597   639 tablet_service.cc:1917] Received RequestConsensusVote() RPC: tablet_id: "84819a4e709f46ac92f902f853bb5328" candidate_uuid: "b309ef0859594bed94045e01299b5ffe" candidate_term: 5 candidate_status { last_received { term: 4 index: 4 } } ignore_live_leader: true dest_uuid: "0300b73e39d64434aba4392ee6d78525"
I20260709 12:57:32.510756   640 tablet_service.cc:1917] Received RequestConsensusVote() RPC: tablet_id: "ca59ed4f415c4c3bbb5a829759d10d0b" candidate_uuid: "4580fade6ece4cee81d007d329dcfe76" candidate_term: 4 candidate_status { last_received { term: 3 index: 2 } } ignore_live_leader: true dest_uuid: "0300b73e39d64434aba4392ee6d78525"
I20260709 12:57:32.511165   639 raft_consensus.cc:3055] T 84819a4e709f46ac92f902f853bb5328 P 0300b73e39d64434aba4392ee6d78525 [term 4 LEADER]: Stepping down as leader of term 4
I20260709 12:57:32.510515   713 tablet_service.cc:1917] Received RequestConsensusVote() RPC: tablet_id: "84819a4e709f46ac92f902f853bb5328" candidate_uuid: "b309ef0859594bed94045e01299b5ffe" candidate_term: 5 candidate_status { last_received { term: 4 index: 4 } } ignore_live_leader: true dest_uuid: "4580fade6ece4cee81d007d329dcfe76"
I20260709 12:57:32.511521   639 raft_consensus.cc:740] T 84819a4e709f46ac92f902f853bb5328 P 0300b73e39d64434aba4392ee6d78525 [term 4 LEADER]: Becoming Follower/Learner. State: Replica: 0300b73e39d64434aba4392ee6d78525, State: Running, Role: LEADER
I20260709 12:57:32.511209   640 raft_consensus.cc:3055] T ca59ed4f415c4c3bbb5a829759d10d0b P 0300b73e39d64434aba4392ee6d78525 [term 3 LEADER]: Stepping down as leader of term 3
I20260709 12:57:32.511792   713 raft_consensus.cc:3060] T 84819a4e709f46ac92f902f853bb5328 P 4580fade6ece4cee81d007d329dcfe76 [term 4 FOLLOWER]: Advancing to term 5
I20260709 12:57:32.509526   714 leader_election.cc:290] T ca59ed4f415c4c3bbb5a829759d10d0b P 4580fade6ece4cee81d007d329dcfe76 [CANDIDATE]: Term 4 election: Requested vote from peers b309ef0859594bed94045e01299b5ffe (127.0.107.193:37731), 0300b73e39d64434aba4392ee6d78525 (127.0.107.194:43067)
I20260709 12:57:32.512167   640 raft_consensus.cc:740] T ca59ed4f415c4c3bbb5a829759d10d0b P 0300b73e39d64434aba4392ee6d78525 [term 3 LEADER]: Becoming Follower/Learner. State: Replica: 0300b73e39d64434aba4392ee6d78525, State: Running, Role: LEADER
I20260709 12:57:32.512246   639 consensus_queue.cc:260] T 84819a4e709f46ac92f902f853bb5328 P 0300b73e39d64434aba4392ee6d78525 [NON_LEADER]: Queue going to NON_LEADER mode. State: All replicated index: 0, Majority replicated index: 4, Committed index: 4, Last appended: 4.4, Last appended by leader: 4, Current term: 4, Majority size: -1, State: 0, Mode: NON_LEADER, active raft config: opid_index: -1 OBSOLETE_local: false peers { permanent_uuid: "4580fade6ece4cee81d007d329dcfe76" member_type: VOTER last_known_addr { host: "127.0.107.195" port: 34695 } } peers { permanent_uuid: "b309ef0859594bed94045e01299b5ffe" member_type: VOTER last_known_addr { host: "127.0.107.193" port: 37731 } } peers { permanent_uuid: "0300b73e39d64434aba4392ee6d78525" member_type: VOTER last_known_addr { host: "127.0.107.194" port: 43067 } }
I20260709 12:57:32.513497   639 raft_consensus.cc:3060] T 84819a4e709f46ac92f902f853bb5328 P 0300b73e39d64434aba4392ee6d78525 [term 4 FOLLOWER]: Advancing to term 5
I20260709 12:57:32.513190   640 consensus_queue.cc:260] T ca59ed4f415c4c3bbb5a829759d10d0b P 0300b73e39d64434aba4392ee6d78525 [NON_LEADER]: Queue going to NON_LEADER mode. State: All replicated index: 0, Majority replicated index: 2, Committed index: 2, Last appended: 3.2, Last appended by leader: 2, Current term: 3, Majority size: -1, State: 0, Mode: NON_LEADER, active raft config: opid_index: -1 OBSOLETE_local: false peers { permanent_uuid: "b309ef0859594bed94045e01299b5ffe" member_type: VOTER last_known_addr { host: "127.0.107.193" port: 37731 } } peers { permanent_uuid: "0300b73e39d64434aba4392ee6d78525" member_type: VOTER last_known_addr { host: "127.0.107.194" port: 43067 } } peers { permanent_uuid: "4580fade6ece4cee81d007d329dcfe76" member_type: VOTER last_known_addr { host: "127.0.107.195" port: 34695 } }
I20260709 12:57:32.514034   565 tablet_service.cc:1917] Received RequestConsensusVote() RPC: tablet_id: "ca59ed4f415c4c3bbb5a829759d10d0b" candidate_uuid: "4580fade6ece4cee81d007d329dcfe76" candidate_term: 4 candidate_status { last_received { term: 3 index: 2 } } ignore_live_leader: true dest_uuid: "b309ef0859594bed94045e01299b5ffe"
I20260709 12:57:32.514477   640 raft_consensus.cc:3060] T ca59ed4f415c4c3bbb5a829759d10d0b P 0300b73e39d64434aba4392ee6d78525 [term 3 FOLLOWER]: Advancing to term 4
I20260709 12:57:32.514632   565 raft_consensus.cc:3060] T ca59ed4f415c4c3bbb5a829759d10d0b P b309ef0859594bed94045e01299b5ffe [term 3 FOLLOWER]: Advancing to term 4
I20260709 12:57:32.519011   713 raft_consensus.cc:2468] T 84819a4e709f46ac92f902f853bb5328 P 4580fade6ece4cee81d007d329dcfe76 [term 5 FOLLOWER]: Leader election vote request: Granting yes vote for candidate b309ef0859594bed94045e01299b5ffe in term 5.
I20260709 12:57:32.520175   639 raft_consensus.cc:2468] T 84819a4e709f46ac92f902f853bb5328 P 0300b73e39d64434aba4392ee6d78525 [term 5 FOLLOWER]: Leader election vote request: Granting yes vote for candidate b309ef0859594bed94045e01299b5ffe in term 5.
I20260709 12:57:32.520831   529 leader_election.cc:304] T 84819a4e709f46ac92f902f853bb5328 P b309ef0859594bed94045e01299b5ffe [CANDIDATE]: Term 5 election: Election decided. Result: candidate won. Election summary: received 2 responses out of 3 voters: 2 yes votes; 0 no votes. yes voters: 4580fade6ece4cee81d007d329dcfe76, b309ef0859594bed94045e01299b5ffe; no voters: 
I20260709 12:57:32.521024   565 raft_consensus.cc:2468] T ca59ed4f415c4c3bbb5a829759d10d0b P b309ef0859594bed94045e01299b5ffe [term 4 FOLLOWER]: Leader election vote request: Granting yes vote for candidate 4580fade6ece4cee81d007d329dcfe76 in term 4.
I20260709 12:57:32.521656   941 raft_consensus.cc:2804] T 84819a4e709f46ac92f902f853bb5328 P b309ef0859594bed94045e01299b5ffe [term 5 FOLLOWER]: Leader election won for term 5
I20260709 12:57:32.522076   941 raft_consensus.cc:697] T 84819a4e709f46ac92f902f853bb5328 P b309ef0859594bed94045e01299b5ffe [term 5 LEADER]: Becoming Leader. State: Replica: b309ef0859594bed94045e01299b5ffe, State: Running, Role: LEADER
I20260709 12:57:32.522811   941 consensus_queue.cc:237] T 84819a4e709f46ac92f902f853bb5328 P b309ef0859594bed94045e01299b5ffe [LEADER]: Queue going to LEADER mode. State: All replicated index: 0, Majority replicated index: 4, Committed index: 4, Last appended: 4.4, Last appended by leader: 4, Current term: 5, Majority size: 2, State: 0, Mode: LEADER, active raft config: opid_index: -1 OBSOLETE_local: false peers { permanent_uuid: "4580fade6ece4cee81d007d329dcfe76" member_type: VOTER last_known_addr { host: "127.0.107.195" port: 34695 } } peers { permanent_uuid: "b309ef0859594bed94045e01299b5ffe" member_type: VOTER last_known_addr { host: "127.0.107.193" port: 37731 } } peers { permanent_uuid: "0300b73e39d64434aba4392ee6d78525" member_type: VOTER last_known_addr { host: "127.0.107.194" port: 43067 } }
