I20260709 13:08:15.453125 27805 consensus_queue.cc:260] T b9707ba1420944b88b9f6b367d6bf3ed P 9231ab68769e4daead2dca9afd6e7452 [NON_LEADER]: Queue going to NON_LEADER mode. State: All replicated index: 0, Majority replicated index: 1, Committed index: 1, Last appended: 1.1, Last appended by leader: 1, Current term: 1, Majority size: -1, State: 0, Mode: NON_LEADER, active raft config: opid_index: -1 OBSOLETE_local: false peers { permanent_uuid: "bd92d255f2c044a8b9a5c099b2982951" member_type: VOTER last_known_addr { host: "127.26.122.65" port: 37021 } } peers { permanent_uuid: "9231ab68769e4daead2dca9afd6e7452" member_type: VOTER last_known_addr { host: "127.26.122.66" port: 40805 } } peers { permanent_uuid: "d85360fa04aa4ab09b861d8689d9d808" member_type: VOTER last_known_addr { host: "127.26.122.67" port: 41413 } }
I20260709 13:08:15.454586 27805 raft_consensus.cc:3060] T b9707ba1420944b88b9f6b367d6bf3ed P 9231ab68769e4daead2dca9afd6e7452 [term 1 FOLLOWER]: Advancing to term 2
I20260709 13:08:15.455789 27958 consensus_queue.cc:1048] T 944e758ab8e346688cf328a3cab1f3da P d85360fa04aa4ab09b861d8689d9d808 [LEADER]: Connected to new peer: Peer: permanent_uuid: "bd92d255f2c044a8b9a5c099b2982951" member_type: VOTER last_known_addr { host: "127.26.122.65" port: 37021 }, Status: LMP_MISMATCH, Last received: 0.0, Next index: 1, Last known committed idx: 0, Time since last communication: 0.000s
I20260709 13:08:15.460057 27879 raft_consensus.cc:2468] T b9707ba1420944b88b9f6b367d6bf3ed P d85360fa04aa4ab09b861d8689d9d808 [term 2 FOLLOWER]: Leader election vote request: Granting yes vote for candidate bd92d255f2c044a8b9a5c099b2982951 in term 2.
I20260709 13:08:15.462615 27805 raft_consensus.cc:2468] T b9707ba1420944b88b9f6b367d6bf3ed P 9231ab68769e4daead2dca9afd6e7452 [term 2 FOLLOWER]: Leader election vote request: Granting yes vote for candidate bd92d255f2c044a8b9a5c099b2982951 in term 2.
I20260709 13:08:15.463714 27958 raft_consensus.cc:993] T 944e758ab8e346688cf328a3cab1f3da P d85360fa04aa4ab09b861d8689d9d808: : Instructing follower bd92d255f2c044a8b9a5c099b2982951 to start an election
I20260709 13:08:15.463635 27695 leader_election.cc:304] T b9707ba1420944b88b9f6b367d6bf3ed P bd92d255f2c044a8b9a5c099b2982951 [CANDIDATE]: Term 2 election: Election decided. Result: candidate won. Election summary: received 2 responses out of 3 voters: 2 yes votes; 0 no votes. yes voters: bd92d255f2c044a8b9a5c099b2982951, d85360fa04aa4ab09b861d8689d9d808; no voters: 
I20260709 13:08:15.464210 27958 raft_consensus.cc:1081] T 944e758ab8e346688cf328a3cab1f3da P d85360fa04aa4ab09b861d8689d9d808 [term 1 LEADER]: Signalling peer bd92d255f2c044a8b9a5c099b2982951 to start an election
I20260709 13:08:15.464908 28000 raft_consensus.cc:2804] T b9707ba1420944b88b9f6b367d6bf3ed P bd92d255f2c044a8b9a5c099b2982951 [term 2 FOLLOWER]: Leader election won for term 2
I20260709 13:08:15.465427 28000 raft_consensus.cc:697] T b9707ba1420944b88b9f6b367d6bf3ed P bd92d255f2c044a8b9a5c099b2982951 [term 2 LEADER]: Becoming Leader. State: Replica: bd92d255f2c044a8b9a5c099b2982951, State: Running, Role: LEADER
I20260709 13:08:15.466348 28000 consensus_queue.cc:237] T b9707ba1420944b88b9f6b367d6bf3ed P bd92d255f2c044a8b9a5c099b2982951 [LEADER]: Queue going to LEADER mode. State: All replicated index: 0, Majority replicated index: 1, Committed index: 1, Last appended: 1.1, Last appended by leader: 1, Current term: 2, Majority size: 2, State: 0, Mode: LEADER, active raft config: opid_index: -1 OBSOLETE_local: false peers { permanent_uuid: "bd92d255f2c044a8b9a5c099b2982951" member_type: VOTER last_known_addr { host: "127.26.122.65" port: 37021 } } peers { permanent_uuid: "9231ab68769e4daead2dca9afd6e7452" member_type: VOTER last_known_addr { host: "127.26.122.66" port: 40805 } } peers { permanent_uuid: "d85360fa04aa4ab09b861d8689d9d808" member_type: VOTER last_known_addr { host: "127.26.122.67" port: 41413 } }
I20260709 13:08:15.467607 27729 tablet_service.cc:2044] Received Run Leader Election RPC: tablet_id: "944e758ab8e346688cf328a3cab1f3da"
dest_uuid: "bd92d255f2c044a8b9a5c099b2982951"
 from {username='slave'} at 127.0.0.1:47000
I20260709 13:08:15.468232 27729 raft_consensus.cc:493] T 944e758ab8e346688cf328a3cab1f3da P bd92d255f2c044a8b9a5c099b2982951 [term 1 FOLLOWER]: Starting forced leader election (received explicit request)
I20260709 13:08:15.468662 27729 raft_consensus.cc:3060] T 944e758ab8e346688cf328a3cab1f3da P bd92d255f2c044a8b9a5c099b2982951 [term 1 FOLLOWER]: Advancing to term 2
I20260709 13:08:15.473356 27958 consensus_queue.cc:1048] T 944e758ab8e346688cf328a3cab1f3da P d85360fa04aa4ab09b861d8689d9d808 [LEADER]: Connected to new peer: Peer: permanent_uuid: "9231ab68769e4daead2dca9afd6e7452" member_type: VOTER last_known_addr { host: "127.26.122.66" port: 40805 }, Status: LMP_MISMATCH, Last received: 0.0, Next index: 1, Last known committed idx: 0, Time since last communication: 0.000s
I20260709 13:08:15.476521 27729 raft_consensus.cc:515] T 944e758ab8e346688cf328a3cab1f3da P bd92d255f2c044a8b9a5c099b2982951 [term 2 FOLLOWER]: Starting forced leader election with config: opid_index: -1 OBSOLETE_local: false peers { permanent_uuid: "bd92d255f2c044a8b9a5c099b2982951" member_type: VOTER last_known_addr { host: "127.26.122.65" port: 37021 } } peers { permanent_uuid: "9231ab68769e4daead2dca9afd6e7452" member_type: VOTER last_known_addr { host: "127.26.122.66" port: 40805 } } peers { permanent_uuid: "d85360fa04aa4ab09b861d8689d9d808" member_type: VOTER last_known_addr { host: "127.26.122.67" port: 41413 } }
I20260709 13:08:15.478632 27729 leader_election.cc:290] T 944e758ab8e346688cf328a3cab1f3da P bd92d255f2c044a8b9a5c099b2982951 [CANDIDATE]: Term 2 election: Requested vote from peers 9231ab68769e4daead2dca9afd6e7452 (127.26.122.66:40805), d85360fa04aa4ab09b861d8689d9d808 (127.26.122.67:41413)
I20260709 13:08:15.479859 27804 tablet_service.cc:1917] Received RequestConsensusVote() RPC: tablet_id: "944e758ab8e346688cf328a3cab1f3da" candidate_uuid: "bd92d255f2c044a8b9a5c099b2982951" candidate_term: 2 candidate_status { last_received { term: 1 index: 1 } } ignore_live_leader: true dest_uuid: "9231ab68769e4daead2dca9afd6e7452"
I20260709 13:08:15.480813 27879 tablet_service.cc:1917] Received RequestConsensusVote() RPC: tablet_id: "944e758ab8e346688cf328a3cab1f3da" candidate_uuid: "bd92d255f2c044a8b9a5c099b2982951" candidate_term: 2 candidate_status { last_received { term: 1 index: 1 } } ignore_live_leader: true dest_uuid: "d85360fa04aa4ab09b861d8689d9d808"
I20260709 13:08:15.481487 27879 raft_consensus.cc:3055] T 944e758ab8e346688cf328a3cab1f3da P d85360fa04aa4ab09b861d8689d9d808 [term 1 LEADER]: Stepping down as leader of term 1
I20260709 13:08:15.481863 27879 raft_consensus.cc:740] T 944e758ab8e346688cf328a3cab1f3da P d85360fa04aa4ab09b861d8689d9d808 [term 1 LEADER]: Becoming Follower/Learner. State: Replica: d85360fa04aa4ab09b861d8689d9d808, State: Running, Role: LEADER
I20260709 13:08:15.482607 27879 consensus_queue.cc:260] T 944e758ab8e346688cf328a3cab1f3da P d85360fa04aa4ab09b861d8689d9d808 [NON_LEADER]: Queue going to NON_LEADER mode. State: All replicated index: 0, Majority replicated index: 1, Committed index: 1, Last appended: 1.1, Last appended by leader: 1, Current term: 1, Majority size: -1, State: 0, Mode: NON_LEADER, active raft config: opid_index: -1 OBSOLETE_local: false peers { permanent_uuid: "bd92d255f2c044a8b9a5c099b2982951" member_type: VOTER last_known_addr { host: "127.26.122.65" port: 37021 } } peers { permanent_uuid: "9231ab68769e4daead2dca9afd6e7452" member_type: VOTER last_known_addr { host: "127.26.122.66" port: 40805 } } peers { permanent_uuid: "d85360fa04aa4ab09b861d8689d9d808" member_type: VOTER last_known_addr { host: "127.26.122.67" port: 41413 } }
I20260709 13:08:15.483423 27879 raft_consensus.cc:3060] T 944e758ab8e346688cf328a3cab1f3da P d85360fa04aa4ab09b861d8689d9d808 [term 1 FOLLOWER]: Advancing to term 2
I20260709 13:08:15.483098 27626 catalog_manager.cc:5697] T b9707ba1420944b88b9f6b367d6bf3ed P bd92d255f2c044a8b9a5c099b2982951 reported cstate change: term changed from 1 to 2, leader changed from 9231ab68769e4daead2dca9afd6e7452 (127.26.122.66) to bd92d255f2c044a8b9a5c099b2982951 (127.26.122.65). New cstate: current_term: 2 leader_uuid: "bd92d255f2c044a8b9a5c099b2982951" committed_config { opid_index: -1 OBSOLETE_local: false peers { permanent_uuid: "bd92d255f2c044a8b9a5c099b2982951" member_type: VOTER last_known_addr { host: "127.26.122.65" port: 37021 } health_report { overall_health: HEALTHY } } peers { permanent_uuid: "9231ab68769e4daead2dca9afd6e7452" member_type: VOTER last_known_addr { host: "127.26.122.66" port: 40805 } health_report { overall_health: UNKNOWN } } peers { permanent_uuid: "d85360fa04aa4ab09b861d8689d9d808" member_type: VOTER last_known_addr { host: "127.26.122.67" port: 41413 } health_report { overall_health: UNKNOWN } } }
I20260709 13:08:15.489811 27879 raft_consensus.cc:2468] T 944e758ab8e346688cf328a3cab1f3da P d85360fa04aa4ab09b861d8689d9d808 [term 2 FOLLOWER]: Leader election vote request: Granting yes vote for candidate bd92d255f2c044a8b9a5c099b2982951 in term 2.
I20260709 13:08:15.490940 27695 leader_election.cc:304] T 944e758ab8e346688cf328a3cab1f3da P bd92d255f2c044a8b9a5c099b2982951 [CANDIDATE]: Term 2 election: Election decided. Result: candidate won. Election summary: received 3 responses out of 3 voters: 2 yes votes; 1 no votes. yes voters: bd92d255f2c044a8b9a5c099b2982951, d85360fa04aa4ab09b861d8689d9d808; no voters: 9231ab68769e4daead2dca9afd6e7452
I20260709 13:08:15.491647 28000 raft_consensus.cc:2804] T 944e758ab8e346688cf328a3cab1f3da P bd92d255f2c044a8b9a5c099b2982951 [term 2 FOLLOWER]: Leader election won for term 2
I20260709 13:08:15.492106 28000 raft_consensus.cc:697] T 944e758ab8e346688cf328a3cab1f3da P bd92d255f2c044a8b9a5c099b2982951 [term 2 LEADER]: Becoming Leader. State: Replica: bd92d255f2c044a8b9a5c099b2982951, State: Running, Role: LEADER
I20260709 13:08:15.492954 28000 consensus_queue.cc:237] T 944e758ab8e346688cf328a3cab1f3da P bd92d255f2c044a8b9a5c099b2982951 [LEADER]: Queue going to LEADER mode. State: All replicated index: 0, Majority replicated index: 1, Committed index: 1, Last appended: 1.1, Last appended by leader: 1, Current term: 2, Majority size: 2, State: 0, Mode: LEADER, active raft config: opid_index: -1 OBSOLETE_local: false peers { permanent_uuid: "bd92d255f2c044a8b9a5c099b2982951" member_type: VOTER last_known_addr { host: "127.26.122.65" port: 37021 } } peers { permanent_uuid: "9231ab68769e4daead2dca9afd6e7452" member_type: VOTER last_known_addr { host: "127.26.122.66" port: 40805 } } peers { permanent_uuid: "d85360fa04aa4ab09b861d8689d9d808" member_type: VOTER last_known_addr { host: "127.26.122.67" port: 41413 } }
I20260709 13:08:15.499656 27626 catalog_manager.cc:5697] T 944e758ab8e346688cf328a3cab1f3da P bd92d255f2c044a8b9a5c099b2982951 reported cstate change: term changed from 1 to 2, leader changed from d85360fa04aa4ab09b861d8689d9d808 (127.26.122.67) to bd92d255f2c044a8b9a5c099b2982951 (127.26.122.65). New cstate: current_term: 2 leader_uuid: "bd92d255f2c044a8b9a5c099b2982951" committed_config { opid_index: -1 OBSOLETE_local: false peers { permanent_uuid: "bd92d255f2c044a8b9a5c099b2982951" member_type: VOTER last_known_addr { host: "127.26.122.65" port: 37021 } health_report { overall_health: HEALTHY } } peers { permanent_uuid: "9231ab68769e4daead2dca9afd6e7452" member_type: VOTER last_known_addr { host: "127.26.122.66" port: 40805 } health_report { overall_health: UNKNOWN } } peers { permanent_uuid: "d85360fa04aa4ab09b861d8689d9d808" member_type: VOTER last_known_addr { host: "127.26.122.67" port: 41413 } health_report { overall_health: UNKNOWN } } }
I20260709 13:08:15.642936 27879 raft_consensus.cc:1275] T e0fccb29ac134e60bece15c6a832c7e5 P d85360fa04aa4ab09b861d8689d9d808 [term 2 FOLLOWER]: Refusing update from remote peer 9231ab68769e4daead2dca9afd6e7452: Log matching property violated. Preceding OpId in replica: term: 1 index: 1. Preceding OpId from leader: term: 2 index: 2. (index mismatch)
I20260709 13:08:15.644237 27988 consensus_queue.cc:1048] T e0fccb29ac134e60bece15c6a832c7e5 P 9231ab68769e4daead2dca9afd6e7452 [LEADER]: Connected to new peer: Peer: permanent_uuid: "d85360fa04aa4ab09b861d8689d9d808" member_type: VOTER last_known_addr { host: "127.26.122.67" port: 41413 }, Status: LMP_MISMATCH, Last received: 0.0, Next index: 2, Last known committed idx: 1, Time since last communication: 0.000s
I20260709 13:08:15.652199 27729 raft_consensus.cc:1275] T e0fccb29ac134e60bece15c6a832c7e5 P bd92d255f2c044a8b9a5c099b2982951 [term 2 FOLLOWER]: Refusing update from remote peer 9231ab68769e4daead2dca9afd6e7452: Log matching property violated. Preceding OpId in replica: term: 1 index: 1. Preceding OpId from leader: term: 2 index: 2. (index mismatch)
I20260709 13:08:15.653671 27925 consensus_queue.cc:1048] T e0fccb29ac134e60bece15c6a832c7e5 P 9231ab68769e4daead2dca9afd6e7452 [LEADER]: Connected to new peer: Peer: permanent_uuid: "bd92d255f2c044a8b9a5c099b2982951" member_type: VOTER last_known_addr { host: "127.26.122.65" port: 37021 }, Status: LMP_MISMATCH, Last received: 0.0, Next index: 2, Last known committed idx: 1, Time since last communication: 0.000s
I20260709 13:08:15.879817 27805 raft_consensus.cc:1275] T 68c751915a0149988de8950b2d1d18a7 P 9231ab68769e4daead2dca9afd6e7452 [term 2 FOLLOWER]: Refusing update from remote peer bd92d255f2c044a8b9a5c099b2982951: Log matching property violated. Preceding OpId in replica: term: 1 index: 1. Preceding OpId from leader: term: 2 index: 2. (index mismatch)
I20260709 13:08:15.881170 28000 consensus_queue.cc:1048] T 68c751915a0149988de8950b2d1d18a7 P bd92d255f2c044a8b9a5c099b2982951 [LEADER]: Connected to new peer: Peer: permanent_uuid: "9231ab68769e4daead2dca9afd6e7452" member_type: VOTER last_known_addr { host: "127.26.122.66" port: 40805 }, Status: LMP_MISMATCH, Last received: 0.0, Next index: 2, Last known committed idx: 1, Time since last communication: 0.000s
I20260709 13:08:15.890444 27879 raft_consensus.cc:1275] T 68c751915a0149988de8950b2d1d18a7 P d85360fa04aa4ab09b861d8689d9d808 [term 2 FOLLOWER]: Refusing update from remote peer bd92d255f2c044a8b9a5c099b2982951: Log matching property violated. Preceding OpId in replica: term: 1 index: 1. Preceding OpId from leader: term: 2 index: 2. (index mismatch)
I20260709 13:08:15.893374 27943 consensus_queue.cc:1048] T 68c751915a0149988de8950b2d1d18a7 P bd92d255f2c044a8b9a5c099b2982951 [LEADER]: Connected to new peer: Peer: permanent_uuid: "d85360fa04aa4ab09b861d8689d9d808" member_type: VOTER last_known_addr { host: "127.26.122.67" port: 41413 }, Status: LMP_MISMATCH, Last received: 0.0, Next index: 2, Last known committed idx: 1, Time since last communication: 0.000s
I20260709 13:08:15.987502 27805 raft_consensus.cc:1275] T b9707ba1420944b88b9f6b367d6bf3ed P 9231ab68769e4daead2dca9afd6e7452 [term 2 FOLLOWER]: Refusing update from remote peer bd92d255f2c044a8b9a5c099b2982951: Log matching property violated. Preceding OpId in replica: term: 1 index: 1. Preceding OpId from leader: term: 2 index: 2. (index mismatch)
I20260709 13:08:15.988968 27943 consensus_queue.cc:1048] T b9707ba1420944b88b9f6b367d6bf3ed P bd92d255f2c044a8b9a5c099b2982951 [LEADER]: Connected to new peer: Peer: permanent_uuid: "9231ab68769e4daead2dca9afd6e7452" member_type: VOTER last_known_addr { host: "127.26.122.66" port: 40805 }, Status: LMP_MISMATCH, Last received: 0.0, Next index: 2, Last known committed idx: 1, Time since last communication: 0.000s
I20260709 13:08:15.998529 27879 raft_consensus.cc:1275] T b9707ba1420944b88b9f6b367d6bf3ed P d85360fa04aa4ab09b861d8689d9d808 [term 2 FOLLOWER]: Refusing update from remote peer bd92d255f2c044a8b9a5c099b2982951: Log matching property violated. Preceding OpId in replica: term: 1 index: 1. Preceding OpId from leader: term: 2 index: 2. (index mismatch)
I20260709 13:08:16.001187 27999 consensus_queue.cc:1048] T b9707ba1420944b88b9f6b367d6bf3ed P bd92d255f2c044a8b9a5c099b2982951 [LEADER]: Connected to new peer: Peer: permanent_uuid: "d85360fa04aa4ab09b861d8689d9d808" member_type: VOTER last_known_addr { host: "127.26.122.67" port: 41413 }, Status: LMP_MISMATCH, Last received: 0.0, Next index: 2, Last known committed idx: 1, Time since last communication: 0.001s
I20260709 13:08:16.094400 27879 raft_consensus.cc:1275] T 944e758ab8e346688cf328a3cab1f3da P d85360fa04aa4ab09b861d8689d9d808 [term 2 FOLLOWER]: Refusing update from remote peer bd92d255f2c044a8b9a5c099b2982951: Log matching property violated. Preceding OpId in replica: term: 1 index: 1. Preceding OpId from leader: term: 2 index: 2. (index mismatch)
I20260709 13:08:16.095842 27999 consensus_queue.cc:1048] T 944e758ab8e346688cf328a3cab1f3da P bd92d255f2c044a8b9a5c099b2982951 [LEADER]: Connected to new peer: Peer: permanent_uuid: "d85360fa04aa4ab09b861d8689d9d808" member_type: VOTER last_known_addr { host: "127.26.122.67" port: 41413 }, Status: LMP_MISMATCH, Last received: 0.0, Next index: 2, Last known committed idx: 1, Time since last communication: 0.000s
I20260709 13:08:16.103404 27805 raft_consensus.cc:3060] T 944e758ab8e346688cf328a3cab1f3da P 9231ab68769e4daead2dca9afd6e7452 [term 1 FOLLOWER]: Advancing to term 2
I20260709 13:08:16.110764 27805 raft_consensus.cc:1275] T 944e758ab8e346688cf328a3cab1f3da P 9231ab68769e4daead2dca9afd6e7452 [term 2 FOLLOWER]: Refusing update from remote peer bd92d255f2c044a8b9a5c099b2982951: Log matching property violated. Preceding OpId in replica: term: 1 index: 1. Preceding OpId from leader: term: 2 index: 2. (index mismatch)
I20260709 13:08:16.112242 27999 consensus_queue.cc:1048] T 944e758ab8e346688cf328a3cab1f3da P bd92d255f2c044a8b9a5c099b2982951 [LEADER]: Connected to new peer: Peer: permanent_uuid: "9231ab68769e4daead2dca9afd6e7452" member_type: VOTER last_known_addr { host: "127.26.122.66" port: 40805 }, Status: LMP_MISMATCH, Last received: 0.0, Next index: 2, Last known committed idx: 1, Time since last communication: 0.000s
I20260709 13:08:18.149060 27113 auto_leader_rebalancer-test.cc:348] The leader distribution is 
I20260709 13:08:18.149896 27113 auto_leader_rebalancer.cc:141] leader rebalance for table test-workload
I20260709 13:08:18.168305 27729 tablet_service.cc:2072] Received LeaderStepDown RPC: tablet_id: "68c751915a0149988de8950b2d1d18a7"
dest_uuid: "bd92d255f2c044a8b9a5c099b2982951"
mode: GRACEFUL
new_leader_uuid: "d85360fa04aa4ab09b861d8689d9d808"
 from {username='slave'} at 127.0.0.1:47014
I20260709 13:08:18.168777 27729 raft_consensus.cc:606] T 68c751915a0149988de8950b2d1d18a7 P bd92d255f2c044a8b9a5c099b2982951 [term 2 LEADER]: Received request to transfer leadership to TS d85360fa04aa4ab09b861d8689d9d808
I20260709 13:08:18.171129 27729 tablet_service.cc:2072] Received LeaderStepDown RPC: tablet_id: "b9707ba1420944b88b9f6b367d6bf3ed"
dest_uuid: "bd92d255f2c044a8b9a5c099b2982951"
mode: GRACEFUL
new_leader_uuid: "d85360fa04aa4ab09b861d8689d9d808"
 from {username='slave'} at 127.0.0.1:47014
I20260709 13:08:18.171562 27729 raft_consensus.cc:606] T b9707ba1420944b88b9f6b367d6bf3ed P bd92d255f2c044a8b9a5c099b2982951 [term 2 LEADER]: Received request to transfer leadership to TS d85360fa04aa4ab09b861d8689d9d808
I20260709 13:08:18.172488 27113 auto_leader_rebalancer.cc:452] table: test-workload, leader rebalance finish, leader transfer count: 2
I20260709 13:08:18.172941 27113 auto_leader_rebalancer.cc:527] All tables' leader rebalancing finished this round
I20260709 13:08:18.419807 27943 raft_consensus.cc:993] T b9707ba1420944b88b9f6b367d6bf3ed P bd92d255f2c044a8b9a5c099b2982951: : Instructing follower d85360fa04aa4ab09b861d8689d9d808 to start an election
I20260709 13:08:18.420331 28012 raft_consensus.cc:1081] T b9707ba1420944b88b9f6b367d6bf3ed P bd92d255f2c044a8b9a5c099b2982951 [term 2 LEADER]: Signalling peer d85360fa04aa4ab09b861d8689d9d808 to start an election
I20260709 13:08:18.421882 27879 tablet_service.cc:2044] Received Run Leader Election RPC: tablet_id: "b9707ba1420944b88b9f6b367d6bf3ed"
dest_uuid: "d85360fa04aa4ab09b861d8689d9d808"
 from {username='slave'} at 127.0.0.1:58890
I20260709 13:08:18.422482 27879 raft_consensus.cc:493] T b9707ba1420944b88b9f6b367d6bf3ed P d85360fa04aa4ab09b861d8689d9d808 [term 2 FOLLOWER]: Starting forced leader election (received explicit request)
I20260709 13:08:18.422789 27879 raft_consensus.cc:3060] T b9707ba1420944b88b9f6b367d6bf3ed P d85360fa04aa4ab09b861d8689d9d808 [term 2 FOLLOWER]: Advancing to term 3
I20260709 13:08:18.427141 27879 raft_consensus.cc:515] T b9707ba1420944b88b9f6b367d6bf3ed P d85360fa04aa4ab09b861d8689d9d808 [term 3 FOLLOWER]: Starting forced leader election with config: opid_index: -1 OBSOLETE_local: false peers { permanent_uuid: "bd92d255f2c044a8b9a5c099b2982951" member_type: VOTER last_known_addr { host: "127.26.122.65" port: 37021 } } peers { permanent_uuid: "9231ab68769e4daead2dca9afd6e7452" member_type: VOTER last_known_addr { host: "127.26.122.66" port: 40805 } } peers { permanent_uuid: "d85360fa04aa4ab09b861d8689d9d808" member_type: VOTER last_known_addr { host: "127.26.122.67" port: 41413 } }
I20260709 13:08:18.428509 27879 leader_election.cc:290] T b9707ba1420944b88b9f6b367d6bf3ed P d85360fa04aa4ab09b861d8689d9d808 [CANDIDATE]: Term 3 election: Requested vote from peers bd92d255f2c044a8b9a5c099b2982951 (127.26.122.65:37021), 9231ab68769e4daead2dca9afd6e7452 (127.26.122.66:40805)
I20260709 13:08:18.429560 27729 tablet_service.cc:1917] Received RequestConsensusVote() RPC: tablet_id: "b9707ba1420944b88b9f6b367d6bf3ed" candidate_uuid: "d85360fa04aa4ab09b861d8689d9d808" candidate_term: 3 candidate_status { last_received { term: 2 index: 2 } } ignore_live_leader: true dest_uuid: "bd92d255f2c044a8b9a5c099b2982951"
I20260709 13:08:18.430109 27729 raft_consensus.cc:3055] T b9707ba1420944b88b9f6b367d6bf3ed P bd92d255f2c044a8b9a5c099b2982951 [term 2 LEADER]: Stepping down as leader of term 2
I20260709 13:08:18.430095 27805 tablet_service.cc:1917] Received RequestConsensusVote() RPC: tablet_id: "b9707ba1420944b88b9f6b367d6bf3ed" candidate_uuid: "d85360fa04aa4ab09b861d8689d9d808" candidate_term: 3 candidate_status { last_received { term: 2 index: 2 } } ignore_live_leader: true dest_uuid: "9231ab68769e4daead2dca9afd6e7452"
I20260709 13:08:18.430461 27729 raft_consensus.cc:740] T b9707ba1420944b88b9f6b367d6bf3ed P bd92d255f2c044a8b9a5c099b2982951 [term 2 LEADER]: Becoming Follower/Learner. State: Replica: bd92d255f2c044a8b9a5c099b2982951, State: Running, Role: LEADER
I20260709 13:08:18.430684 27805 raft_consensus.cc:3060] T b9707ba1420944b88b9f6b367d6bf3ed P 9231ab68769e4daead2dca9afd6e7452 [term 2 FOLLOWER]: Advancing to term 3
I20260709 13:08:18.431169 27729 consensus_queue.cc:260] T b9707ba1420944b88b9f6b367d6bf3ed P bd92d255f2c044a8b9a5c099b2982951 [NON_LEADER]: Queue going to NON_LEADER mode. State: All replicated index: 0, Majority replicated index: 2, Committed index: 2, Last appended: 2.2, Last appended by leader: 2, Current term: 2, Majority size: -1, State: 0, Mode: NON_LEADER, active raft config: opid_index: -1 OBSOLETE_local: false peers { permanent_uuid: "bd92d255f2c044a8b9a5c099b2982951" member_type: VOTER last_known_addr { host: "127.26.122.65" port: 37021 } } peers { permanent_uuid: "9231ab68769e4daead2dca9afd6e7452" member_type: VOTER last_known_addr { host: "127.26.122.66" port: 40805 } } peers { permanent_uuid: "d85360fa04aa4ab09b861d8689d9d808" member_type: VOTER last_known_addr { host: "127.26.122.67" port: 41413 } }
I20260709 13:08:18.431980 27729 raft_consensus.cc:3060] T b9707ba1420944b88b9f6b367d6bf3ed P bd92d255f2c044a8b9a5c099b2982951 [term 2 FOLLOWER]: Advancing to term 3
I20260709 13:08:18.436523 27805 raft_consensus.cc:2468] T b9707ba1420944b88b9f6b367d6bf3ed P 9231ab68769e4daead2dca9afd6e7452 [term 3 FOLLOWER]: Leader election vote request: Granting yes vote for candidate d85360fa04aa4ab09b861d8689d9d808 in term 3.
I20260709 13:08:18.436616 27729 raft_consensus.cc:2468] T b9707ba1420944b88b9f6b367d6bf3ed P bd92d255f2c044a8b9a5c099b2982951 [term 3 FOLLOWER]: Leader election vote request: Granting yes vote for candidate d85360fa04aa4ab09b861d8689d9d808 in term 3.
I20260709 13:08:18.437980 27844 leader_election.cc:304] T b9707ba1420944b88b9f6b367d6bf3ed P d85360fa04aa4ab09b861d8689d9d808 [CANDIDATE]: Term 3 election: Election decided. Result: candidate won. Election summary: received 2 responses out of 3 voters: 2 yes votes; 0 no votes. yes voters: bd92d255f2c044a8b9a5c099b2982951, d85360fa04aa4ab09b861d8689d9d808; no voters: 
I20260709 13:08:18.438665 28016 raft_consensus.cc:2804] T b9707ba1420944b88b9f6b367d6bf3ed P d85360fa04aa4ab09b861d8689d9d808 [term 3 FOLLOWER]: Leader election won for term 3
I20260709 13:08:18.439091 28016 raft_consensus.cc:697] T b9707ba1420944b88b9f6b367d6bf3ed P d85360fa04aa4ab09b861d8689d9d808 [term 3 LEADER]: Becoming Leader. State: Replica: d85360fa04aa4ab09b861d8689d9d808, State: Running, Role: LEADER
I20260709 13:08:18.439801 28016 consensus_queue.cc:237] T b9707ba1420944b88b9f6b367d6bf3ed P d85360fa04aa4ab09b861d8689d9d808 [LEADER]: Queue going to LEADER mode. State: All replicated index: 0, Majority replicated index: 2, Committed index: 2, Last appended: 2.2, Last appended by leader: 2, Current term: 3, Majority size: 2, State: 0, Mode: LEADER, active raft config: opid_index: -1 OBSOLETE_local: false peers { permanent_uuid: "bd92d255f2c044a8b9a5c099b2982951" member_type: VOTER last_known_addr { host: "127.26.122.65" port: 37021 } } peers { permanent_uuid: "9231ab68769e4daead2dca9afd6e7452" member_type: VOTER last_known_addr { host: "127.26.122.66" port: 40805 } } peers { permanent_uuid: "d85360fa04aa4ab09b861d8689d9d808" member_type: VOTER last_known_addr { host: "127.26.122.67" port: 41413 } }
I20260709 13:08:18.447211 27626 catalog_manager.cc:5697] T b9707ba1420944b88b9f6b367d6bf3ed P d85360fa04aa4ab09b861d8689d9d808 reported cstate change: term changed from 2 to 3, leader changed from bd92d255f2c044a8b9a5c099b2982951 (127.26.122.65) to d85360fa04aa4ab09b861d8689d9d808 (127.26.122.67). New cstate: current_term: 3 leader_uuid: "d85360fa04aa4ab09b861d8689d9d808" committed_config { opid_index: -1 OBSOLETE_local: false peers { permanent_uuid: "bd92d255f2c044a8b9a5c099b2982951" member_type: VOTER last_known_addr { host: "127.26.122.65" port: 37021 } health_report { overall_health: UNKNOWN } } peers { permanent_uuid: "9231ab68769e4daead2dca9afd6e7452" member_type: VOTER last_known_addr { host: "127.26.122.66" port: 40805 } health_report { overall_health: UNKNOWN } } peers { permanent_uuid: "d85360fa04aa4ab09b861d8689d9d808" member_type: VOTER last_known_addr { host: "127.26.122.67" port: 41413 } health_report { overall_health: HEALTHY } } }
I20260709 13:08:18.614013 27943 raft_consensus.cc:993] T 68c751915a0149988de8950b2d1d18a7 P bd92d255f2c044a8b9a5c099b2982951: : Instructing follower d85360fa04aa4ab09b861d8689d9d808 to start an election
I20260709 13:08:18.614475 27943 raft_consensus.cc:1081] T 68c751915a0149988de8950b2d1d18a7 P bd92d255f2c044a8b9a5c099b2982951 [term 2 LEADER]: Signalling peer d85360fa04aa4ab09b861d8689d9d808 to start an election
I20260709 13:08:18.616250 27877 tablet_service.cc:2044] Received Run Leader Election RPC: tablet_id: "68c751915a0149988de8950b2d1d18a7"
dest_uuid: "d85360fa04aa4ab09b861d8689d9d808"
 from {username='slave'} at 127.0.0.1:58890
I20260709 13:08:18.616789 27877 raft_consensus.cc:493] T 68c751915a0149988de8950b2d1d18a7 P d85360fa04aa4ab09b861d8689d9d808 [term 2 FOLLOWER]: Starting forced leader election (received explicit request)
I20260709 13:08:18.617252 27877 raft_consensus.cc:3060] T 68c751915a0149988de8950b2d1d18a7 P d85360fa04aa4ab09b861d8689d9d808 [term 2 FOLLOWER]: Advancing to term 3
I20260709 13:08:18.623679 27877 raft_consensus.cc:515] T 68c751915a0149988de8950b2d1d18a7 P d85360fa04aa4ab09b861d8689d9d808 [term 3 FOLLOWER]: Starting forced leader election with config: opid_index: -1 OBSOLETE_local: false peers { permanent_uuid: "9231ab68769e4daead2dca9afd6e7452" member_type: VOTER last_known_addr { host: "127.26.122.66" port: 40805 } } peers { permanent_uuid: "d85360fa04aa4ab09b861d8689d9d808" member_type: VOTER last_known_addr { host: "127.26.122.67" port: 41413 } } peers { permanent_uuid: "bd92d255f2c044a8b9a5c099b2982951" member_type: VOTER last_known_addr { host: "127.26.122.65" port: 37021 } }
I20260709 13:08:18.625921 27877 leader_election.cc:290] T 68c751915a0149988de8950b2d1d18a7 P d85360fa04aa4ab09b861d8689d9d808 [CANDIDATE]: Term 3 election: Requested vote from peers 9231ab68769e4daead2dca9afd6e7452 (127.26.122.66:40805), bd92d255f2c044a8b9a5c099b2982951 (127.26.122.65:37021)
I20260709 13:08:18.626904 27729 tablet_service.cc:1917] Received RequestConsensusVote() RPC: tablet_id: "68c751915a0149988de8950b2d1d18a7" candidate_uuid: "d85360fa04aa4ab09b861d8689d9d808" candidate_term: 3 candidate_status { last_received { term: 2 index: 2 } } ignore_live_leader: true dest_uuid: "bd92d255f2c044a8b9a5c099b2982951"
I20260709 13:08:18.626962 27804 tablet_service.cc:1917] Received RequestConsensusVote() RPC: tablet_id: "68c751915a0149988de8950b2d1d18a7" candidate_uuid: "d85360fa04aa4ab09b861d8689d9d808" candidate_term: 3 candidate_status { last_received { term: 2 index: 2 } } ignore_live_leader: true dest_uuid: "9231ab68769e4daead2dca9afd6e7452"
I20260709 13:08:18.627413 27729 raft_consensus.cc:3055] T 68c751915a0149988de8950b2d1d18a7 P bd92d255f2c044a8b9a5c099b2982951 [term 2 LEADER]: Stepping down as leader of term 2
I20260709 13:08:18.627849 27804 raft_consensus.cc:3060] T 68c751915a0149988de8950b2d1d18a7 P 9231ab68769e4daead2dca9afd6e7452 [term 2 FOLLOWER]: Advancing to term 3
I20260709 13:08:18.627795 27729 raft_consensus.cc:740] T 68c751915a0149988de8950b2d1d18a7 P bd92d255f2c044a8b9a5c099b2982951 [term 2 LEADER]: Becoming Follower/Learner. State: Replica: bd92d255f2c044a8b9a5c099b2982951, State: Running, Role: LEADER
I20260709 13:08:18.629056 27729 consensus_queue.cc:260] T 68c751915a0149988de8950b2d1d18a7 P bd92d255f2c044a8b9a5c099b2982951 [NON_LEADER]: Queue going to NON_LEADER mode. State: All replicated index: 0, Majority replicated index: 2, Committed index: 2, Last appended: 2.2, Last appended by leader: 2, Current term: 2, Majority size: -1, State: 0, Mode: NON_LEADER, active raft config: opid_index: -1 OBSOLETE_local: false peers { permanent_uuid: "9231ab68769e4daead2dca9afd6e7452" member_type: VOTER last_known_addr { host: "127.26.122.66" port: 40805 } } peers { permanent_uuid: "d85360fa04aa4ab09b861d8689d9d808" member_type: VOTER last_known_addr { host: "127.26.122.67" port: 41413 } } peers { permanent_uuid: "bd92d255f2c044a8b9a5c099b2982951" member_type: VOTER last_known_addr { host: "127.26.122.65" port: 37021 } }
I20260709 13:08:18.629959 27729 raft_consensus.cc:3060] T 68c751915a0149988de8950b2d1d18a7 P bd92d255f2c044a8b9a5c099b2982951 [term 2 FOLLOWER]: Advancing to term 3
I20260709 13:08:18.633673 27804 raft_consensus.cc:2468] T 68c751915a0149988de8950b2d1d18a7 P 9231ab68769e4daead2dca9afd6e7452 [term 3 FOLLOWER]: Leader election vote request: Granting yes vote for candidate d85360fa04aa4ab09b861d8689d9d808 in term 3.
I20260709 13:08:18.634459 27729 raft_consensus.cc:2468] T 68c751915a0149988de8950b2d1d18a7 P bd92d255f2c044a8b9a5c099b2982951 [term 3 FOLLOWER]: Leader election vote request: Granting yes vote for candidate d85360fa04aa4ab09b861d8689d9d808 in term 3.
I20260709 13:08:18.634775 27844 leader_election.cc:304] T 68c751915a0149988de8950b2d1d18a7 P d85360fa04aa4ab09b861d8689d9d808 [CANDIDATE]: Term 3 election: Election decided. Result: candidate won. Election summary: received 2 responses out of 3 voters: 2 yes votes; 0 no votes. yes voters: 9231ab68769e4daead2dca9afd6e7452, d85360fa04aa4ab09b861d8689d9d808; no voters: 
I20260709 13:08:18.635581 28016 raft_consensus.cc:2804] T 68c751915a0149988de8950b2d1d18a7 P d85360fa04aa4ab09b861d8689d9d808 [term 3 FOLLOWER]: Leader election won for term 3
I20260709 13:08:18.636032 28016 raft_consensus.cc:697] T 68c751915a0149988de8950b2d1d18a7 P d85360fa04aa4ab09b861d8689d9d808 [term 3 LEADER]: Becoming Leader. State: Replica: d85360fa04aa4ab09b861d8689d9d808, State: Running, Role: LEADER
I20260709 13:08:18.636718 28016 consensus_queue.cc:237] T 68c751915a0149988de8950b2d1d18a7 P d85360fa04aa4ab09b861d8689d9d808 [LEADER]: Queue going to LEADER mode. State: All replicated index: 0, Majority replicated index: 2, Committed index: 2, Last appended: 2.2, Last appended by leader: 2, Current term: 3, Majority size: 2, State: 0, Mode: LEADER, active raft config: opid_index: -1 OBSOLETE_local: false peers { permanent_uuid: "9231ab68769e4daead2dca9afd6e7452" member_type: VOTER last_known_addr { host: "127.26.122.66" port: 40805 } } peers { permanent_uuid: "d85360fa04aa4ab09b861d8689d9d808" member_type: VOTER last_known_addr { host: "127.26.122.67" port: 41413 } } peers { permanent_uuid: "bd92d255f2c044a8b9a5c099b2982951" member_type: VOTER last_known_addr { host: "127.26.122.65" port: 37021 } }
I20260709 13:08:18.643573 27626 catalog_manager.cc:5697] T 68c751915a0149988de8950b2d1d18a7 P d85360fa04aa4ab09b861d8689d9d808 reported cstate change: term changed from 2 to 3, leader changed from bd92d255f2c044a8b9a5c099b2982951 (127.26.122.65) to d85360fa04aa4ab09b861d8689d9d808 (127.26.122.67). New cstate: current_term: 3 leader_uuid: "d85360fa04aa4ab09b861d8689d9d808" committed_config { opid_index: -1 OBSOLETE_local: false peers { permanent_uuid: "9231ab68769e4daead2dca9afd6e7452" member_type: VOTER last_known_addr { host: "127.26.122.66" port: 40805 } health_report { overall_health: UNKNOWN } } peers { permanent_uuid: "d85360fa04aa4ab09b861d8689d9d808" member_type: VOTER last_known_addr { host: "127.26.122.67" port: 41413 } health_report { overall_health: HEALTHY } } peers { permanent_uuid: "bd92d255f2c044a8b9a5c099b2982951" member_type: VOTER last_known_addr { host: "127.26.122.65" port: 37021 } health_report { overall_health: UNKNOWN } } }
I20260709 13:08:18.934938 27729 raft_consensus.cc:1275] T b9707ba1420944b88b9f6b367d6bf3ed P bd92d255f2c044a8b9a5c099b2982951 [term 3 FOLLOWER]: Refusing update from remote peer d85360fa04aa4ab09b861d8689d9d808: Log matching property violated. Preceding OpId in replica: term: 2 index: 2. Preceding OpId from leader: term: 3 index: 3. (index mismatch)
I20260709 13:08:18.936414 28016 consensus_queue.cc:1048] T b9707ba1420944b88b9f6b367d6bf3ed P d85360fa04aa4ab09b861d8689d9d808 [LEADER]: Connected to new peer: Peer: permanent_uuid: "bd92d255f2c044a8b9a5c099b2982951" member_type: VOTER last_known_addr { host: "127.26.122.65" port: 37021 }, Status: LMP_MISMATCH, Last received: 0.0, Next index: 3, Last known committed idx: 2, Time since last communication: 0.000s
I20260709 13:08:18.947877 27804 raft_consensus.cc:1275] T b9707ba1420944b88b9f6b367d6bf3ed P 9231ab68769e4daead2dca9afd6e7452 [term 3 FOLLOWER]: Refusing update from remote peer d85360fa04aa4ab09b861d8689d9d808: Log matching property violated. Preceding OpId in replica: term: 2 index: 2. Preceding OpId from leader: term: 3 index: 3. (index mismatch)
I20260709 13:08:18.949247 28017 consensus_queue.cc:1048] T b9707ba1420944b88b9f6b367d6bf3ed P d85360fa04aa4ab09b861d8689d9d808 [LEADER]: Connected to new peer: Peer: permanent_uuid: "9231ab68769e4daead2dca9afd6e7452" member_type: VOTER last_known_addr { host: "127.26.122.66" port: 40805 }, Status: LMP_MISMATCH, Last received: 0.0, Next index: 3, Last known committed idx: 2, Time since last communication: 0.000s
I20260709 13:08:19.025377 27729 raft_consensus.cc:1275] T 68c751915a0149988de8950b2d1d18a7 P bd92d255f2c044a8b9a5c099b2982951 [term 3 FOLLOWER]: Refusing update from remote peer d85360fa04aa4ab09b861d8689d9d808: Log matching property violated. Preceding OpId in replica: term: 2 index: 2. Preceding OpId from leader: term: 3 index: 3. (index mismatch)
I20260709 13:08:19.026629 28017 consensus_queue.cc:1048] T 68c751915a0149988de8950b2d1d18a7 P d85360fa04aa4ab09b861d8689d9d808 [LEADER]: Connected to new peer: Peer: permanent_uuid: "bd92d255f2c044a8b9a5c099b2982951" member_type: VOTER last_known_addr { host: "127.26.122.65" port: 37021 }, Status: LMP_MISMATCH, Last received: 0.0, Next index: 3, Last known committed idx: 2, Time since last communication: 0.000s
I20260709 13:08:19.037972 27804 raft_consensus.cc:1275] T 68c751915a0149988de8950b2d1d18a7 P 9231ab68769e4daead2dca9afd6e7452 [term 3 FOLLOWER]: Refusing update from remote peer d85360fa04aa4ab09b861d8689d9d808: Log matching property violated. Preceding OpId in replica: term: 2 index: 2. Preceding OpId from leader: term: 3 index: 3. (index mismatch)
I20260709 13:08:19.039942 28016 consensus_queue.cc:1048] T 68c751915a0149988de8950b2d1d18a7 P d85360fa04aa4ab09b861d8689d9d808 [LEADER]: Connected to new peer: Peer: permanent_uuid: "9231ab68769e4daead2dca9afd6e7452" member_type: VOTER last_known_addr { host: "127.26.122.66" port: 40805 }, Status: LMP_MISMATCH, Last received: 0.0, Next index: 3, Last known committed idx: 2, Time since last communication: 0.000s
I20260709 13:08:19.173724 27113 auto_leader_rebalancer.cc:141] leader rebalance for table test-workload
I20260709 13:08:19.184377 27877 tablet_service.cc:2072] Received LeaderStepDown RPC: tablet_id: "68c751915a0149988de8950b2d1d18a7"
dest_uuid: "d85360fa04aa4ab09b861d8689d9d808"
mode: GRACEFUL
new_leader_uuid: "bd92d255f2c044a8b9a5c099b2982951"
 from {username='slave'} at 127.0.0.1:58892
I20260709 13:08:19.184988 27877 raft_consensus.cc:606] T 68c751915a0149988de8950b2d1d18a7 P d85360fa04aa4ab09b861d8689d9d808 [term 3 LEADER]: Received request to transfer leadership to TS bd92d255f2c044a8b9a5c099b2982951
I20260709 13:08:19.190490 27877 tablet_service.cc:2072] Received LeaderStepDown RPC: tablet_id: "b9707ba1420944b88b9f6b367d6bf3ed"
dest_uuid: "d85360fa04aa4ab09b861d8689d9d808"
mode: GRACEFUL
new_leader_uuid: "bd92d255f2c044a8b9a5c099b2982951"
 from {username='slave'} at 127.0.0.1:58892
I20260709 13:08:19.190995 27877 raft_consensus.cc:606] T b9707ba1420944b88b9f6b367d6bf3ed P d85360fa04aa4ab09b861d8689d9d808 [term 3 LEADER]: Received request to transfer leadership to TS bd92d255f2c044a8b9a5c099b2982951
I20260709 13:08:19.204028 27804 tablet_service.cc:2072] Received LeaderStepDown RPC: tablet_id: "632fc2946f954f20bbf368aff36337c7"
dest_uuid: "9231ab68769e4daead2dca9afd6e7452"
mode: GRACEFUL
new_leader_uuid: "bd92d255f2c044a8b9a5c099b2982951"
 from {username='slave'} at 127.0.0.1:56330
I20260709 13:08:19.204687 27804 raft_consensus.cc:606] T 632fc2946f954f20bbf368aff36337c7 P 9231ab68769e4daead2dca9afd6e7452 [term 1 LEADER]: Received request to transfer leadership to TS bd92d255f2c044a8b9a5c099b2982951
I20260709 13:08:19.210553 27804 tablet_service.cc:2072] Received LeaderStepDown RPC: tablet_id: "e0fccb29ac134e60bece15c6a832c7e5"
dest_uuid: "9231ab68769e4daead2dca9afd6e7452"
mode: GRACEFUL
new_leader_uuid: "bd92d255f2c044a8b9a5c099b2982951"
 from {username='slave'} at 127.0.0.1:56330
I20260709 13:08:19.211159 27804 raft_consensus.cc:606] T e0fccb29ac134e60bece15c6a832c7e5 P 9231ab68769e4daead2dca9afd6e7452 [term 2 LEADER]: Received request to transfer leadership to TS bd92d255f2c044a8b9a5c099b2982951
I20260709 13:08:19.216177 27804 tablet_service.cc:2072] Received LeaderStepDown RPC: tablet_id: "b09e19a6e74f429989e08ae635723ed6"
dest_uuid: "9231ab68769e4daead2dca9afd6e7452"
mode: GRACEFUL
new_leader_uuid: "bd92d255f2c044a8b9a5c099b2982951"
 from {username='slave'} at 127.0.0.1:56330
I20260709 13:08:19.216704 27804 raft_consensus.cc:606] T b09e19a6e74f429989e08ae635723ed6 P 9231ab68769e4daead2dca9afd6e7452 [term 1 LEADER]: Received request to transfer leadership to TS bd92d255f2c044a8b9a5c099b2982951
I20260709 13:08:19.561532 28017 raft_consensus.cc:993] T b9707ba1420944b88b9f6b367d6bf3ed P d85360fa04aa4ab09b861d8689d9d808: : Instructing follower bd92d255f2c044a8b9a5c099b2982951 to start an election
I20260709 13:08:19.562023 28016 raft_consensus.cc:1081] T b9707ba1420944b88b9f6b367d6bf3ed P d85360fa04aa4ab09b861d8689d9d808 [term 3 LEADER]: Signalling peer bd92d255f2c044a8b9a5c099b2982951 to start an election
I20260709 13:08:19.563687 27729 tablet_service.cc:2044] Received Run Leader Election RPC: tablet_id: "b9707ba1420944b88b9f6b367d6bf3ed"
dest_uuid: "bd92d255f2c044a8b9a5c099b2982951"
 from {username='slave'} at 127.0.0.1:47000
I20260709 13:08:19.564247 27729 raft_consensus.cc:493] T b9707ba1420944b88b9f6b367d6bf3ed P bd92d255f2c044a8b9a5c099b2982951 [term 3 FOLLOWER]: Starting forced leader election (received explicit request)
I20260709 13:08:19.564585 27729 raft_consensus.cc:3060] T b9707ba1420944b88b9f6b367d6bf3ed P bd92d255f2c044a8b9a5c099b2982951 [term 3 FOLLOWER]: Advancing to term 4
I20260709 13:08:19.569310 27729 raft_consensus.cc:515] T b9707ba1420944b88b9f6b367d6bf3ed P bd92d255f2c044a8b9a5c099b2982951 [term 4 FOLLOWER]: Starting forced leader election with config: opid_index: -1 OBSOLETE_local: false peers { permanent_uuid: "bd92d255f2c044a8b9a5c099b2982951" member_type: VOTER last_known_addr { host: "127.26.122.65" port: 37021 } } peers { permanent_uuid: "9231ab68769e4daead2dca9afd6e7452" member_type: VOTER last_known_addr { host: "127.26.122.66" port: 40805 } } peers { permanent_uuid: "d85360fa04aa4ab09b861d8689d9d808" member_type: VOTER last_known_addr { host: "127.26.122.67" port: 41413 } }
I20260709 13:08:19.571151 27729 leader_election.cc:290] T b9707ba1420944b88b9f6b367d6bf3ed P bd92d255f2c044a8b9a5c099b2982951 [CANDIDATE]: Term 4 election: Requested vote from peers 9231ab68769e4daead2dca9afd6e7452 (127.26.122.66:40805), d85360fa04aa4ab09b861d8689d9d808 (127.26.122.67:41413)
I20260709 13:08:19.571887 27804 tablet_service.cc:1917] Received RequestConsensusVote() RPC: tablet_id: "b9707ba1420944b88b9f6b367d6bf3ed" candidate_uuid: "bd92d255f2c044a8b9a5c099b2982951" candidate_term: 4 candidate_status { last_received { term: 3 index: 3 } } ignore_live_leader: true dest_uuid: "9231ab68769e4daead2dca9afd6e7452"
I20260709 13:08:19.572167 27877 tablet_service.cc:1917] Received RequestConsensusVote() RPC: tablet_id: "b9707ba1420944b88b9f6b367d6bf3ed" candidate_uuid: "bd92d255f2c044a8b9a5c099b2982951" candidate_term: 4 candidate_status { last_received { term: 3 index: 3 } } ignore_live_leader: true dest_uuid: "d85360fa04aa4ab09b861d8689d9d808"
I20260709 13:08:19.572603 27804 raft_consensus.cc:3060] T b9707ba1420944b88b9f6b367d6bf3ed P 9231ab68769e4daead2dca9afd6e7452 [term 3 FOLLOWER]: Advancing to term 4
I20260709 13:08:19.572697 27877 raft_consensus.cc:3055] T b9707ba1420944b88b9f6b367d6bf3ed P d85360fa04aa4ab09b861d8689d9d808 [term 3 LEADER]: Stepping down as leader of term 3
I20260709 13:08:19.573040 28033 raft_consensus.cc:993] T 632fc2946f954f20bbf368aff36337c7 P 9231ab68769e4daead2dca9afd6e7452: : Instructing follower bd92d255f2c044a8b9a5c099b2982951 to start an election
I20260709 13:08:19.573194 27877 raft_consensus.cc:740] T b9707ba1420944b88b9f6b367d6bf3ed P d85360fa04aa4ab09b861d8689d9d808 [term 3 LEADER]: Becoming Follower/Learner. State: Replica: d85360fa04aa4ab09b861d8689d9d808, State: Running, Role: LEADER
I20260709 13:08:19.573652 27988 raft_consensus.cc:1081] T 632fc2946f954f20bbf368aff36337c7 P 9231ab68769e4daead2dca9afd6e7452 [term 1 LEADER]: Signalling peer bd92d255f2c044a8b9a5c099b2982951 to start an election
I20260709 13:08:19.574116 27877 consensus_queue.cc:260] T b9707ba1420944b88b9f6b367d6bf3ed P d85360fa04aa4ab09b861d8689d9d808 [NON_LEADER]: Queue going to NON_LEADER mode. State: All replicated index: 0, Majority replicated index: 3, Committed index: 3, Last appended: 3.3, Last appended by leader: 3, Current term: 3, Majority size: -1, State: 0, Mode: NON_LEADER, active raft config: opid_index: -1 OBSOLETE_local: false peers { permanent_uuid: "bd92d255f2c044a8b9a5c099b2982951" member_type: VOTER last_known_addr { host: "127.26.122.65" port: 37021 } } peers { permanent_uuid: "9231ab68769e4daead2dca9afd6e7452" member_type: VOTER last_known_addr { host: "127.26.122.66" port: 40805 } } peers { permanent_uuid: "d85360fa04aa4ab09b861d8689d9d808" member_type: VOTER last_known_addr { host: "127.26.122.67" port: 41413 } }
I20260709 13:08:19.575225 27729 tablet_service.cc:2044] Received Run Leader Election RPC: tablet_id: "632fc2946f954f20bbf368aff36337c7"
dest_uuid: "bd92d255f2c044a8b9a5c099b2982951"
 from {username='slave'} at 127.0.0.1:46990
I20260709 13:08:19.575344 27877 raft_consensus.cc:3060] T b9707ba1420944b88b9f6b367d6bf3ed P d85360fa04aa4ab09b861d8689d9d808 [term 3 FOLLOWER]: Advancing to term 4
I20260709 13:08:19.575637 27729 raft_consensus.cc:493] T 632fc2946f954f20bbf368aff36337c7 P bd92d255f2c044a8b9a5c099b2982951 [term 1 FOLLOWER]: Starting forced leader election (received explicit request)
I20260709 13:08:19.575911 27729 raft_consensus.cc:3060] T 632fc2946f954f20bbf368aff36337c7 P bd92d255f2c044a8b9a5c099b2982951 [term 1 FOLLOWER]: Advancing to term 2
I20260709 13:08:19.579838 27804 raft_consensus.cc:2468] T b9707ba1420944b88b9f6b367d6bf3ed P 9231ab68769e4daead2dca9afd6e7452 [term 4 FOLLOWER]: Leader election vote request: Granting yes vote for candidate bd92d255f2c044a8b9a5c099b2982951 in term 4.
I20260709 13:08:19.580219 27729 raft_consensus.cc:515] T 632fc2946f954f20bbf368aff36337c7 P bd92d255f2c044a8b9a5c099b2982951 [term 2 FOLLOWER]: Starting forced leader election with config: opid_index: -1 OBSOLETE_local: false peers { permanent_uuid: "bd92d255f2c044a8b9a5c099b2982951" member_type: VOTER last_known_addr { host: "127.26.122.65" port: 37021 } } peers { permanent_uuid: "9231ab68769e4daead2dca9afd6e7452" member_type: VOTER last_known_addr { host: "127.26.122.66" port: 40805 } } peers { permanent_uuid: "d85360fa04aa4ab09b861d8689d9d808" member_type: VOTER last_known_addr { host: "127.26.122.67" port: 41413 } }
I20260709 13:08:19.581261 27695 leader_election.cc:304] T b9707ba1420944b88b9f6b367d6bf3ed P bd92d255f2c044a8b9a5c099b2982951 [CANDIDATE]: Term 4 election: Election decided. Result: candidate won. Election summary: received 2 responses out of 3 voters: 2 yes votes; 0 no votes. yes voters: 9231ab68769e4daead2dca9afd6e7452, bd92d255f2c044a8b9a5c099b2982951; no voters: 
I20260709 13:08:19.582356 27729 leader_election.cc:290] T 632fc2946f954f20bbf368aff36337c7 P bd92d255f2c044a8b9a5c099b2982951 [CANDIDATE]: Term 2 election: Requested vote from peers 9231ab68769e4daead2dca9afd6e7452 (127.26.122.66:40805), d85360fa04aa4ab09b861d8689d9d808 (127.26.122.67:41413)
I20260709 13:08:19.582998 27943 raft_consensus.cc:2804] T b9707ba1420944b88b9f6b367d6bf3ed P bd92d255f2c044a8b9a5c099b2982951 [term 4 FOLLOWER]: Leader election won for term 4
I20260709 13:08:19.583506 27879 tablet_service.cc:1917] Received RequestConsensusVote() RPC: tablet_id: "632fc2946f954f20bbf368aff36337c7" candidate_uuid: "bd92d255f2c044a8b9a5c099b2982951" candidate_term: 2 candidate_status { last_received { term: 1 index: 1 } } ignore_live_leader: true dest_uuid: "d85360fa04aa4ab09b861d8689d9d808"
I20260709 13:08:19.583518 27804 tablet_service.cc:1917] Received RequestConsensusVote() RPC: tablet_id: "632fc2946f954f20bbf368aff36337c7" candidate_uuid: "bd92d255f2c044a8b9a5c099b2982951" candidate_term: 2 candidate_status { last_received { term: 1 index: 1 } } ignore_live_leader: true dest_uuid: "9231ab68769e4daead2dca9afd6e7452"
I20260709 13:08:19.584213 27879 raft_consensus.cc:3060] T 632fc2946f954f20bbf368aff36337c7 P d85360fa04aa4ab09b861d8689d9d808 [term 1 FOLLOWER]: Advancing to term 2
I20260709 13:08:19.584436 27804 raft_consensus.cc:3055] T 632fc2946f954f20bbf368aff36337c7 P 9231ab68769e4daead2dca9afd6e7452 [term 1 LEADER]: Stepping down as leader of term 1
I20260709 13:08:19.584908 27804 raft_consensus.cc:740] T 632fc2946f954f20bbf368aff36337c7 P 9231ab68769e4daead2dca9afd6e7452 [term 1 LEADER]: Becoming Follower/Learner. State: Replica: 9231ab68769e4daead2dca9afd6e7452, State: Running, Role: LEADER
I20260709 13:08:19.582351 27877 raft_consensus.cc:2468] T b9707ba1420944b88b9f6b367d6bf3ed P d85360fa04aa4ab09b861d8689d9d808 [term 4 FOLLOWER]: Leader election vote request: Granting yes vote for candidate bd92d255f2c044a8b9a5c099b2982951 in term 4.
I20260709 13:08:19.587888 27988 raft_consensus.cc:993] T b09e19a6e74f429989e08ae635723ed6 P 9231ab68769e4daead2dca9afd6e7452: : Instructing follower bd92d255f2c044a8b9a5c099b2982951 to start an election
I20260709 13:08:19.588335 27988 raft_consensus.cc:1081] T b09e19a6e74f429989e08ae635723ed6 P 9231ab68769e4daead2dca9afd6e7452 [term 1 LEADER]: Signalling peer bd92d255f2c044a8b9a5c099b2982951 to start an election
I20260709 13:08:19.588245 27804 consensus_queue.cc:260] T 632fc2946f954f20bbf368aff36337c7 P 9231ab68769e4daead2dca9afd6e7452 [NON_LEADER]: Queue going to NON_LEADER mode. State: All replicated index: 0, Majority replicated index: 1, Committed index: 1, Last appended: 1.1, Last appended by leader: 1, Current term: 1, Majority size: -1, State: 0, Mode: NON_LEADER, active raft config: opid_index: -1 OBSOLETE_local: false peers { permanent_uuid: "bd92d255f2c044a8b9a5c099b2982951" member_type: VOTER last_known_addr { host: "127.26.122.65" port: 37021 } } peers { permanent_uuid: "9231ab68769e4daead2dca9afd6e7452" member_type: VOTER last_known_addr { host: "127.26.122.66" port: 40805 } } peers { permanent_uuid: "d85360fa04aa4ab09b861d8689d9d808" member_type: VOTER last_known_addr { host: "127.26.122.67" port: 41413 } }
I20260709 13:08:19.590340 27804 raft_consensus.cc:3060] T 632fc2946f954f20bbf368aff36337c7 P 9231ab68769e4daead2dca9afd6e7452 [term 1 FOLLOWER]: Advancing to term 2
I20260709 13:08:19.590416 27729 tablet_service.cc:2044] Received Run Leader Election RPC: tablet_id: "b09e19a6e74f429989e08ae635723ed6"
dest_uuid: "bd92d255f2c044a8b9a5c099b2982951"
 from {username='slave'} at 127.0.0.1:46990
I20260709 13:08:19.591347 27729 raft_consensus.cc:493] T b09e19a6e74f429989e08ae635723ed6 P bd92d255f2c044a8b9a5c099b2982951 [term 1 FOLLOWER]: Starting forced leader election (received explicit request)
