I20260709 13:08:33.234447 25787 raft_consensus.cc:359] T d5fd88a457f845ec84d36c6f5dfa05e6 P 7ec665e345464cd7951a28476ae7ba48 [term 0 FOLLOWER]: Replica starting. Triggering 0 pending ops. Active config: opid_index: -1 OBSOLETE_local: false peers { permanent_uuid: "bc22e4b3cc9b4d84aa52ce0a58dee7dc" member_type: VOTER last_known_addr { host: "127.23.217.129" port: 37303 } } peers { permanent_uuid: "fecd17538b6e49a5a2ad56ae5ca8eb3c" member_type: VOTER last_known_addr { host: "127.23.217.130" port: 43693 } } peers { permanent_uuid: "7ec665e345464cd7951a28476ae7ba48" member_type: VOTER last_known_addr { host: "127.23.217.131" port: 37325 } }
I20260709 13:08:33.235172 25787 raft_consensus.cc:385] T d5fd88a457f845ec84d36c6f5dfa05e6 P 7ec665e345464cd7951a28476ae7ba48 [term 0 FOLLOWER]: Consensus starting up: Expiring failure detector timer to make a prompt election more likely
I20260709 13:08:33.235498 25787 raft_consensus.cc:740] T d5fd88a457f845ec84d36c6f5dfa05e6 P 7ec665e345464cd7951a28476ae7ba48 [term 0 FOLLOWER]: Becoming Follower/Learner. State: Replica: 7ec665e345464cd7951a28476ae7ba48, State: Initialized, Role: FOLLOWER
I20260709 13:08:33.235524 25712 leader_election.cc:304] T d3c9d1ccf8b3424197bc05830d4e0a6e P 7ec665e345464cd7951a28476ae7ba48 [CANDIDATE]: Term 2 election: Election decided. Result: candidate won. Election summary: received 3 responses out of 3 voters: 2 yes votes; 1 no votes. yes voters: 7ec665e345464cd7951a28476ae7ba48, fecd17538b6e49a5a2ad56ae5ca8eb3c; no voters: bc22e4b3cc9b4d84aa52ce0a58dee7dc
W20260709 13:08:33.236230 25544 auto_rebalancer.cc:288] Could not retrieve cluster info: Service unavailable: Tablet not running
I20260709 13:08:33.236176 25787 consensus_queue.cc:260] T d5fd88a457f845ec84d36c6f5dfa05e6 P 7ec665e345464cd7951a28476ae7ba48 [NON_LEADER]: Queue going to NON_LEADER mode. State: All replicated index: 0, Majority replicated index: 0, Committed index: 0, Last appended: 0.0, Last appended by leader: 0, Current term: 0, Majority size: -1, State: 0, Mode: NON_LEADER, active raft config: opid_index: -1 OBSOLETE_local: false peers { permanent_uuid: "bc22e4b3cc9b4d84aa52ce0a58dee7dc" member_type: VOTER last_known_addr { host: "127.23.217.129" port: 37303 } } peers { permanent_uuid: "fecd17538b6e49a5a2ad56ae5ca8eb3c" member_type: VOTER last_known_addr { host: "127.23.217.130" port: 43693 } } peers { permanent_uuid: "7ec665e345464cd7951a28476ae7ba48" member_type: VOTER last_known_addr { host: "127.23.217.131" port: 37325 } }
I20260709 13:08:33.236850 25932 raft_consensus.cc:2804] T d3c9d1ccf8b3424197bc05830d4e0a6e P 7ec665e345464cd7951a28476ae7ba48 [term 2 FOLLOWER]: Leader election won for term 2
I20260709 13:08:33.237299 25932 raft_consensus.cc:697] T d3c9d1ccf8b3424197bc05830d4e0a6e P 7ec665e345464cd7951a28476ae7ba48 [term 2 LEADER]: Becoming Leader. State: Replica: 7ec665e345464cd7951a28476ae7ba48, State: Running, Role: LEADER
I20260709 13:08:33.238312 25787 ts_tablet_manager.cc:1434] T d5fd88a457f845ec84d36c6f5dfa05e6 P 7ec665e345464cd7951a28476ae7ba48: Time spent starting tablet: real 0.006s	user 0.004s	sys 0.000s
I20260709 13:08:33.238062 25932 consensus_queue.cc:237] T d3c9d1ccf8b3424197bc05830d4e0a6e P 7ec665e345464cd7951a28476ae7ba48 [LEADER]: Queue going to LEADER mode. State: All replicated index: 0, Majority replicated index: 1, Committed index: 1, Last appended: 1.1, Last appended by leader: 1, Current term: 2, Majority size: 2, State: 0, Mode: LEADER, active raft config: opid_index: -1 OBSOLETE_local: false peers { permanent_uuid: "bc22e4b3cc9b4d84aa52ce0a58dee7dc" member_type: VOTER last_known_addr { host: "127.23.217.129" port: 37303 } } peers { permanent_uuid: "fecd17538b6e49a5a2ad56ae5ca8eb3c" member_type: VOTER last_known_addr { host: "127.23.217.130" port: 43693 } } peers { permanent_uuid: "7ec665e345464cd7951a28476ae7ba48" member_type: VOTER last_known_addr { host: "127.23.217.131" port: 37325 } }
I20260709 13:08:33.239220 25787 tablet_bootstrap.cc:492] T 3dcb9467587245a9b9c7e69394178b70 P 7ec665e345464cd7951a28476ae7ba48: Bootstrap starting.
I20260709 13:08:33.239144 25789 raft_consensus.cc:359] T c04ca97413dc439fba357f191d0e857b P fecd17538b6e49a5a2ad56ae5ca8eb3c [term 0 FOLLOWER]: Replica starting. Triggering 0 pending ops. Active config: opid_index: -1 OBSOLETE_local: false peers { permanent_uuid: "bc22e4b3cc9b4d84aa52ce0a58dee7dc" member_type: VOTER last_known_addr { host: "127.23.217.129" port: 37303 } } peers { permanent_uuid: "fecd17538b6e49a5a2ad56ae5ca8eb3c" member_type: VOTER last_known_addr { host: "127.23.217.130" port: 43693 } } peers { permanent_uuid: "7ec665e345464cd7951a28476ae7ba48" member_type: VOTER last_known_addr { host: "127.23.217.131" port: 37325 } }
I20260709 13:08:33.239708 25789 raft_consensus.cc:385] T c04ca97413dc439fba357f191d0e857b P fecd17538b6e49a5a2ad56ae5ca8eb3c [term 0 FOLLOWER]: Consensus starting up: Expiring failure detector timer to make a prompt election more likely
I20260709 13:08:33.239981 25789 raft_consensus.cc:740] T c04ca97413dc439fba357f191d0e857b P fecd17538b6e49a5a2ad56ae5ca8eb3c [term 0 FOLLOWER]: Becoming Follower/Learner. State: Replica: fecd17538b6e49a5a2ad56ae5ca8eb3c, State: Initialized, Role: FOLLOWER
I20260709 13:08:33.240697 25789 consensus_queue.cc:260] T c04ca97413dc439fba357f191d0e857b P fecd17538b6e49a5a2ad56ae5ca8eb3c [NON_LEADER]: Queue going to NON_LEADER mode. State: All replicated index: 0, Majority replicated index: 0, Committed index: 0, Last appended: 0.0, Last appended by leader: 0, Current term: 0, Majority size: -1, State: 0, Mode: NON_LEADER, active raft config: opid_index: -1 OBSOLETE_local: false peers { permanent_uuid: "bc22e4b3cc9b4d84aa52ce0a58dee7dc" member_type: VOTER last_known_addr { host: "127.23.217.129" port: 37303 } } peers { permanent_uuid: "fecd17538b6e49a5a2ad56ae5ca8eb3c" member_type: VOTER last_known_addr { host: "127.23.217.130" port: 43693 } } peers { permanent_uuid: "7ec665e345464cd7951a28476ae7ba48" member_type: VOTER last_known_addr { host: "127.23.217.131" port: 37325 } }
I20260709 13:08:33.242709 25789 ts_tablet_manager.cc:1434] T c04ca97413dc439fba357f191d0e857b P fecd17538b6e49a5a2ad56ae5ca8eb3c: Time spent starting tablet: real 0.009s	user 0.007s	sys 0.000s
I20260709 13:08:33.243618 25789 tablet_bootstrap.cc:492] T 8b0c7a6d6d53426da84b5e5a8c440155 P fecd17538b6e49a5a2ad56ae5ca8eb3c: Bootstrap starting.
I20260709 13:08:33.221406 25788 tablet_bootstrap.cc:654] T 2b8f2eeea23f4f148a3c36762e385dcc P bc22e4b3cc9b4d84aa52ce0a58dee7dc: Neither blocks nor log segments found. Creating new log.
I20260709 13:08:33.246160 25787 tablet_bootstrap.cc:654] T 3dcb9467587245a9b9c7e69394178b70 P 7ec665e345464cd7951a28476ae7ba48: Neither blocks nor log segments found. Creating new log.
I20260709 13:08:33.205287 25747 raft_consensus.cc:2468] T 8f54537b7e0542d8b5897f1cc13f3232 P 7ec665e345464cd7951a28476ae7ba48 [term 1 FOLLOWER]: Leader election vote request: Granting yes vote for candidate bc22e4b3cc9b4d84aa52ce0a58dee7dc in term 1.
I20260709 13:08:33.222152 26001 leader_election.cc:290] T d3c9d1ccf8b3424197bc05830d4e0a6e P 7ec665e345464cd7951a28476ae7ba48 [CANDIDATE]: Term 2 election: Requested vote from peers bc22e4b3cc9b4d84aa52ce0a58dee7dc (127.23.217.129:37303), fecd17538b6e49a5a2ad56ae5ca8eb3c (127.23.217.130:43693)
I20260709 13:08:33.238106 25494 catalog_manager.cc:5697] T 99db193346b04e5ebab3da1a57010b3e P fecd17538b6e49a5a2ad56ae5ca8eb3c reported cstate change: term changed from 0 to 1, leader changed from <none> to fecd17538b6e49a5a2ad56ae5ca8eb3c (127.23.217.130). New cstate: current_term: 1 leader_uuid: "fecd17538b6e49a5a2ad56ae5ca8eb3c" committed_config { opid_index: -1 OBSOLETE_local: false peers { permanent_uuid: "bc22e4b3cc9b4d84aa52ce0a58dee7dc" member_type: VOTER last_known_addr { host: "127.23.217.129" port: 37303 } health_report { overall_health: UNKNOWN } } peers { permanent_uuid: "fecd17538b6e49a5a2ad56ae5ca8eb3c" member_type: VOTER last_known_addr { host: "127.23.217.130" port: 43693 } health_report { overall_health: HEALTHY } } peers { permanent_uuid: "7ec665e345464cd7951a28476ae7ba48" member_type: VOTER last_known_addr { host: "127.23.217.131" port: 37325 } health_report { overall_health: UNKNOWN } } }
I20260709 13:08:33.252542 25493 catalog_manager.cc:5697] T 8f54537b7e0542d8b5897f1cc13f3232 P bc22e4b3cc9b4d84aa52ce0a58dee7dc reported cstate change: term changed from 0 to 1, leader changed from <none> to bc22e4b3cc9b4d84aa52ce0a58dee7dc (127.23.217.129). New cstate: current_term: 1 leader_uuid: "bc22e4b3cc9b4d84aa52ce0a58dee7dc" committed_config { opid_index: -1 OBSOLETE_local: false peers { permanent_uuid: "bc22e4b3cc9b4d84aa52ce0a58dee7dc" member_type: VOTER last_known_addr { host: "127.23.217.129" port: 37303 } health_report { overall_health: HEALTHY } } peers { permanent_uuid: "fecd17538b6e49a5a2ad56ae5ca8eb3c" member_type: VOTER last_known_addr { host: "127.23.217.130" port: 43693 } health_report { overall_health: UNKNOWN } } peers { permanent_uuid: "7ec665e345464cd7951a28476ae7ba48" member_type: VOTER last_known_addr { host: "127.23.217.131" port: 37325 } health_report { overall_health: UNKNOWN } } }
I20260709 13:08:33.260427 26001 raft_consensus.cc:493] T d5fd88a457f845ec84d36c6f5dfa05e6 P 7ec665e345464cd7951a28476ae7ba48 [term 0 FOLLOWER]: Starting pre-election (no leader contacted us within the election timeout)
I20260709 13:08:33.261104 26001 raft_consensus.cc:515] T d5fd88a457f845ec84d36c6f5dfa05e6 P 7ec665e345464cd7951a28476ae7ba48 [term 0 FOLLOWER]: Starting pre-election with config: opid_index: -1 OBSOLETE_local: false peers { permanent_uuid: "bc22e4b3cc9b4d84aa52ce0a58dee7dc" member_type: VOTER last_known_addr { host: "127.23.217.129" port: 37303 } } peers { permanent_uuid: "fecd17538b6e49a5a2ad56ae5ca8eb3c" member_type: VOTER last_known_addr { host: "127.23.217.130" port: 43693 } } peers { permanent_uuid: "7ec665e345464cd7951a28476ae7ba48" member_type: VOTER last_known_addr { host: "127.23.217.131" port: 37325 } }
I20260709 13:08:33.263621 26001 leader_election.cc:290] T d5fd88a457f845ec84d36c6f5dfa05e6 P 7ec665e345464cd7951a28476ae7ba48 [CANDIDATE]: Term 1 pre-election: Requested pre-vote from peers bc22e4b3cc9b4d84aa52ce0a58dee7dc (127.23.217.129:37303), fecd17538b6e49a5a2ad56ae5ca8eb3c (127.23.217.130:43693)
I20260709 13:08:33.265805 25598 tablet_service.cc:1917] Received RequestConsensusVote() RPC: tablet_id: "d5fd88a457f845ec84d36c6f5dfa05e6" candidate_uuid: "7ec665e345464cd7951a28476ae7ba48" candidate_term: 1 candidate_status { last_received { term: 0 index: 0 } } ignore_live_leader: false dest_uuid: "bc22e4b3cc9b4d84aa52ce0a58dee7dc" is_pre_election: true
I20260709 13:08:33.266665 25598 raft_consensus.cc:2468] T d5fd88a457f845ec84d36c6f5dfa05e6 P bc22e4b3cc9b4d84aa52ce0a58dee7dc [term 0 FOLLOWER]: Leader pre-election vote request: Granting yes vote for candidate 7ec665e345464cd7951a28476ae7ba48 in term 0.
I20260709 13:08:33.266932 25670 tablet_service.cc:1917] Received RequestConsensusVote() RPC: tablet_id: "d5fd88a457f845ec84d36c6f5dfa05e6" candidate_uuid: "7ec665e345464cd7951a28476ae7ba48" candidate_term: 1 candidate_status { last_received { term: 0 index: 0 } } ignore_live_leader: false dest_uuid: "fecd17538b6e49a5a2ad56ae5ca8eb3c" is_pre_election: true
I20260709 13:08:33.267565 25670 raft_consensus.cc:2468] T d5fd88a457f845ec84d36c6f5dfa05e6 P fecd17538b6e49a5a2ad56ae5ca8eb3c [term 0 FOLLOWER]: Leader pre-election vote request: Granting yes vote for candidate 7ec665e345464cd7951a28476ae7ba48 in term 0.
I20260709 13:08:33.267668 25712 leader_election.cc:304] T d5fd88a457f845ec84d36c6f5dfa05e6 P 7ec665e345464cd7951a28476ae7ba48 [CANDIDATE]: Term 1 pre-election: Election decided. Result: candidate won. Election summary: received 2 responses out of 3 voters: 2 yes votes; 0 no votes. yes voters: 7ec665e345464cd7951a28476ae7ba48, bc22e4b3cc9b4d84aa52ce0a58dee7dc; no voters: 
I20260709 13:08:33.268388 25788 tablet_bootstrap.cc:492] T 2b8f2eeea23f4f148a3c36762e385dcc P bc22e4b3cc9b4d84aa52ce0a58dee7dc: No bootstrap required, opened a new log
I20260709 13:08:33.268832 25788 ts_tablet_manager.cc:1403] T 2b8f2eeea23f4f148a3c36762e385dcc P bc22e4b3cc9b4d84aa52ce0a58dee7dc: Time spent bootstrapping tablet: real 0.062s	user 0.008s	sys 0.003s
I20260709 13:08:33.269317 26001 raft_consensus.cc:2804] T d5fd88a457f845ec84d36c6f5dfa05e6 P 7ec665e345464cd7951a28476ae7ba48 [term 0 FOLLOWER]: Leader pre-election won for term 1
I20260709 13:08:33.269922 26001 raft_consensus.cc:493] T d5fd88a457f845ec84d36c6f5dfa05e6 P 7ec665e345464cd7951a28476ae7ba48 [term 0 FOLLOWER]: Starting leader election (no leader contacted us within the election timeout)
I20260709 13:08:33.270251 26001 raft_consensus.cc:3060] T d5fd88a457f845ec84d36c6f5dfa05e6 P 7ec665e345464cd7951a28476ae7ba48 [term 0 FOLLOWER]: Advancing to term 1
I20260709 13:08:33.272166 25789 tablet_bootstrap.cc:654] T 8b0c7a6d6d53426da84b5e5a8c440155 P fecd17538b6e49a5a2ad56ae5ca8eb3c: Neither blocks nor log segments found. Creating new log.
I20260709 13:08:33.271826 25788 raft_consensus.cc:359] T 2b8f2eeea23f4f148a3c36762e385dcc P bc22e4b3cc9b4d84aa52ce0a58dee7dc [term 0 FOLLOWER]: Replica starting. Triggering 0 pending ops. Active config: opid_index: -1 OBSOLETE_local: false peers { permanent_uuid: "bc22e4b3cc9b4d84aa52ce0a58dee7dc" member_type: VOTER last_known_addr { host: "127.23.217.129" port: 37303 } } peers { permanent_uuid: "fecd17538b6e49a5a2ad56ae5ca8eb3c" member_type: VOTER last_known_addr { host: "127.23.217.130" port: 43693 } } peers { permanent_uuid: "7ec665e345464cd7951a28476ae7ba48" member_type: VOTER last_known_addr { host: "127.23.217.131" port: 37325 } }
I20260709 13:08:33.272503 25788 raft_consensus.cc:385] T 2b8f2eeea23f4f148a3c36762e385dcc P bc22e4b3cc9b4d84aa52ce0a58dee7dc [term 0 FOLLOWER]: Consensus starting up: Expiring failure detector timer to make a prompt election more likely
I20260709 13:08:33.272758 25788 raft_consensus.cc:740] T 2b8f2eeea23f4f148a3c36762e385dcc P bc22e4b3cc9b4d84aa52ce0a58dee7dc [term 0 FOLLOWER]: Becoming Follower/Learner. State: Replica: bc22e4b3cc9b4d84aa52ce0a58dee7dc, State: Initialized, Role: FOLLOWER
I20260709 13:08:33.273386 25788 consensus_queue.cc:260] T 2b8f2eeea23f4f148a3c36762e385dcc P bc22e4b3cc9b4d84aa52ce0a58dee7dc [NON_LEADER]: Queue going to NON_LEADER mode. State: All replicated index: 0, Majority replicated index: 0, Committed index: 0, Last appended: 0.0, Last appended by leader: 0, Current term: 0, Majority size: -1, State: 0, Mode: NON_LEADER, active raft config: opid_index: -1 OBSOLETE_local: false peers { permanent_uuid: "bc22e4b3cc9b4d84aa52ce0a58dee7dc" member_type: VOTER last_known_addr { host: "127.23.217.129" port: 37303 } } peers { permanent_uuid: "fecd17538b6e49a5a2ad56ae5ca8eb3c" member_type: VOTER last_known_addr { host: "127.23.217.130" port: 43693 } } peers { permanent_uuid: "7ec665e345464cd7951a28476ae7ba48" member_type: VOTER last_known_addr { host: "127.23.217.131" port: 37325 } }
I20260709 13:08:33.276072 25788 ts_tablet_manager.cc:1434] T 2b8f2eeea23f4f148a3c36762e385dcc P bc22e4b3cc9b4d84aa52ce0a58dee7dc: Time spent starting tablet: real 0.007s	user 0.002s	sys 0.004s
I20260709 13:08:33.277055 26001 raft_consensus.cc:515] T d5fd88a457f845ec84d36c6f5dfa05e6 P 7ec665e345464cd7951a28476ae7ba48 [term 1 FOLLOWER]: Starting leader election with config: opid_index: -1 OBSOLETE_local: false peers { permanent_uuid: "bc22e4b3cc9b4d84aa52ce0a58dee7dc" member_type: VOTER last_known_addr { host: "127.23.217.129" port: 37303 } } peers { permanent_uuid: "fecd17538b6e49a5a2ad56ae5ca8eb3c" member_type: VOTER last_known_addr { host: "127.23.217.130" port: 43693 } } peers { permanent_uuid: "7ec665e345464cd7951a28476ae7ba48" member_type: VOTER last_known_addr { host: "127.23.217.131" port: 37325 } }
I20260709 13:08:33.278462 25788 tablet_bootstrap.cc:492] T c04ca97413dc439fba357f191d0e857b P bc22e4b3cc9b4d84aa52ce0a58dee7dc: Bootstrap starting.
I20260709 13:08:33.283670 25598 tablet_service.cc:1917] Received RequestConsensusVote() RPC: tablet_id: "d5fd88a457f845ec84d36c6f5dfa05e6" candidate_uuid: "7ec665e345464cd7951a28476ae7ba48" candidate_term: 1 candidate_status { last_received { term: 0 index: 0 } } ignore_live_leader: false dest_uuid: "bc22e4b3cc9b4d84aa52ce0a58dee7dc"
I20260709 13:08:33.284292 25598 raft_consensus.cc:3060] T d5fd88a457f845ec84d36c6f5dfa05e6 P bc22e4b3cc9b4d84aa52ce0a58dee7dc [term 0 FOLLOWER]: Advancing to term 1
I20260709 13:08:33.284668 25788 tablet_bootstrap.cc:654] T c04ca97413dc439fba357f191d0e857b P bc22e4b3cc9b4d84aa52ce0a58dee7dc: Neither blocks nor log segments found. Creating new log.
I20260709 13:08:33.292361 25598 raft_consensus.cc:2468] T d5fd88a457f845ec84d36c6f5dfa05e6 P bc22e4b3cc9b4d84aa52ce0a58dee7dc [term 1 FOLLOWER]: Leader election vote request: Granting yes vote for candidate 7ec665e345464cd7951a28476ae7ba48 in term 1.
I20260709 13:08:33.291541 25495 catalog_manager.cc:5697] T d3c9d1ccf8b3424197bc05830d4e0a6e P 7ec665e345464cd7951a28476ae7ba48 reported cstate change: term changed from 1 to 2, leader changed from fecd17538b6e49a5a2ad56ae5ca8eb3c (127.23.217.130) to 7ec665e345464cd7951a28476ae7ba48 (127.23.217.131). New cstate: current_term: 2 leader_uuid: "7ec665e345464cd7951a28476ae7ba48" committed_config { opid_index: -1 OBSOLETE_local: false peers { permanent_uuid: "bc22e4b3cc9b4d84aa52ce0a58dee7dc" member_type: VOTER last_known_addr { host: "127.23.217.129" port: 37303 } health_report { overall_health: UNKNOWN } } peers { permanent_uuid: "fecd17538b6e49a5a2ad56ae5ca8eb3c" member_type: VOTER last_known_addr { host: "127.23.217.130" port: 43693 } health_report { overall_health: UNKNOWN } } peers { permanent_uuid: "7ec665e345464cd7951a28476ae7ba48" member_type: VOTER last_known_addr { host: "127.23.217.131" port: 37325 } health_report { overall_health: HEALTHY } } }
I20260709 13:08:33.295462 25788 tablet_bootstrap.cc:492] T c04ca97413dc439fba357f191d0e857b P bc22e4b3cc9b4d84aa52ce0a58dee7dc: No bootstrap required, opened a new log
I20260709 13:08:33.295912 25788 ts_tablet_manager.cc:1403] T c04ca97413dc439fba357f191d0e857b P bc22e4b3cc9b4d84aa52ce0a58dee7dc: Time spent bootstrapping tablet: real 0.018s	user 0.012s	sys 0.003s
I20260709 13:08:33.297079 25670 tablet_service.cc:1917] Received RequestConsensusVote() RPC: tablet_id: "d5fd88a457f845ec84d36c6f5dfa05e6" candidate_uuid: "7ec665e345464cd7951a28476ae7ba48" candidate_term: 1 candidate_status { last_received { term: 0 index: 0 } } ignore_live_leader: false dest_uuid: "fecd17538b6e49a5a2ad56ae5ca8eb3c"
I20260709 13:08:33.297258 25712 leader_election.cc:304] T d5fd88a457f845ec84d36c6f5dfa05e6 P 7ec665e345464cd7951a28476ae7ba48 [CANDIDATE]: Term 1 election: Election decided. Result: candidate won. Election summary: received 2 responses out of 3 voters: 2 yes votes; 0 no votes. yes voters: 7ec665e345464cd7951a28476ae7ba48, bc22e4b3cc9b4d84aa52ce0a58dee7dc; no voters: 
I20260709 13:08:33.297700 25670 raft_consensus.cc:3060] T d5fd88a457f845ec84d36c6f5dfa05e6 P fecd17538b6e49a5a2ad56ae5ca8eb3c [term 0 FOLLOWER]: Advancing to term 1
I20260709 13:08:33.298127 25932 raft_consensus.cc:2804] T d5fd88a457f845ec84d36c6f5dfa05e6 P 7ec665e345464cd7951a28476ae7ba48 [term 1 FOLLOWER]: Leader election won for term 1
I20260709 13:08:33.298647 25932 raft_consensus.cc:697] T d5fd88a457f845ec84d36c6f5dfa05e6 P 7ec665e345464cd7951a28476ae7ba48 [term 1 LEADER]: Becoming Leader. State: Replica: 7ec665e345464cd7951a28476ae7ba48, State: Running, Role: LEADER
I20260709 13:08:33.299456 25932 consensus_queue.cc:237] T d5fd88a457f845ec84d36c6f5dfa05e6 P 7ec665e345464cd7951a28476ae7ba48 [LEADER]: Queue going to LEADER mode. State: All replicated index: 0, Majority replicated index: 0, Committed index: 0, Last appended: 0.0, Last appended by leader: 0, Current term: 1, Majority size: 2, State: 0, Mode: LEADER, active raft config: opid_index: -1 OBSOLETE_local: false peers { permanent_uuid: "bc22e4b3cc9b4d84aa52ce0a58dee7dc" member_type: VOTER last_known_addr { host: "127.23.217.129" port: 37303 } } peers { permanent_uuid: "fecd17538b6e49a5a2ad56ae5ca8eb3c" member_type: VOTER last_known_addr { host: "127.23.217.130" port: 43693 } } peers { permanent_uuid: "7ec665e345464cd7951a28476ae7ba48" member_type: VOTER last_known_addr { host: "127.23.217.131" port: 37325 } }
I20260709 13:08:33.304600 26001 leader_election.cc:290] T d5fd88a457f845ec84d36c6f5dfa05e6 P 7ec665e345464cd7951a28476ae7ba48 [CANDIDATE]: Term 1 election: Requested vote from peers bc22e4b3cc9b4d84aa52ce0a58dee7dc (127.23.217.129:37303), fecd17538b6e49a5a2ad56ae5ca8eb3c (127.23.217.130:43693)
I20260709 13:08:33.308507 25788 raft_consensus.cc:359] T c04ca97413dc439fba357f191d0e857b P bc22e4b3cc9b4d84aa52ce0a58dee7dc [term 0 FOLLOWER]: Replica starting. Triggering 0 pending ops. Active config: opid_index: -1 OBSOLETE_local: false peers { permanent_uuid: "bc22e4b3cc9b4d84aa52ce0a58dee7dc" member_type: VOTER last_known_addr { host: "127.23.217.129" port: 37303 } } peers { permanent_uuid: "fecd17538b6e49a5a2ad56ae5ca8eb3c" member_type: VOTER last_known_addr { host: "127.23.217.130" port: 43693 } } peers { permanent_uuid: "7ec665e345464cd7951a28476ae7ba48" member_type: VOTER last_known_addr { host: "127.23.217.131" port: 37325 } }
I20260709 13:08:33.309444 25788 raft_consensus.cc:385] T c04ca97413dc439fba357f191d0e857b P bc22e4b3cc9b4d84aa52ce0a58dee7dc [term 0 FOLLOWER]: Consensus starting up: Expiring failure detector timer to make a prompt election more likely
I20260709 13:08:33.309785 25788 raft_consensus.cc:740] T c04ca97413dc439fba357f191d0e857b P bc22e4b3cc9b4d84aa52ce0a58dee7dc [term 0 FOLLOWER]: Becoming Follower/Learner. State: Replica: bc22e4b3cc9b4d84aa52ce0a58dee7dc, State: Initialized, Role: FOLLOWER
I20260709 13:08:33.310774 25670 raft_consensus.cc:2468] T d5fd88a457f845ec84d36c6f5dfa05e6 P fecd17538b6e49a5a2ad56ae5ca8eb3c [term 1 FOLLOWER]: Leader election vote request: Granting yes vote for candidate 7ec665e345464cd7951a28476ae7ba48 in term 1.
I20260709 13:08:33.313079 25788 consensus_queue.cc:260] T c04ca97413dc439fba357f191d0e857b P bc22e4b3cc9b4d84aa52ce0a58dee7dc [NON_LEADER]: Queue going to NON_LEADER mode. State: All replicated index: 0, Majority replicated index: 0, Committed index: 0, Last appended: 0.0, Last appended by leader: 0, Current term: 0, Majority size: -1, State: 0, Mode: NON_LEADER, active raft config: opid_index: -1 OBSOLETE_local: false peers { permanent_uuid: "bc22e4b3cc9b4d84aa52ce0a58dee7dc" member_type: VOTER last_known_addr { host: "127.23.217.129" port: 37303 } } peers { permanent_uuid: "fecd17538b6e49a5a2ad56ae5ca8eb3c" member_type: VOTER last_known_addr { host: "127.23.217.130" port: 43693 } } peers { permanent_uuid: "7ec665e345464cd7951a28476ae7ba48" member_type: VOTER last_known_addr { host: "127.23.217.131" port: 37325 } }
I20260709 13:08:33.317202 25788 ts_tablet_manager.cc:1434] T c04ca97413dc439fba357f191d0e857b P bc22e4b3cc9b4d84aa52ce0a58dee7dc: Time spent starting tablet: real 0.012s	user 0.002s	sys 0.004s
I20260709 13:08:33.319053 25788 tablet_bootstrap.cc:492] T 1945e8e12cdd4c8e8a61fd25ce0b6636 P bc22e4b3cc9b4d84aa52ce0a58dee7dc: Bootstrap starting.
I20260709 13:08:33.325505 26056 consensus_queue.cc:1048] T cdbe19e61ba8484b9cb29d167df8cac0 P fecd17538b6e49a5a2ad56ae5ca8eb3c [LEADER]: Connected to new peer: Peer: permanent_uuid: "7ec665e345464cd7951a28476ae7ba48" member_type: VOTER last_known_addr { host: "127.23.217.131" port: 37325 }, Status: LMP_MISMATCH, Last received: 0.0, Next index: 1, Last known committed idx: 0, Time since last communication: 0.000s
I20260709 13:08:33.326367 25788 tablet_bootstrap.cc:654] T 1945e8e12cdd4c8e8a61fd25ce0b6636 P bc22e4b3cc9b4d84aa52ce0a58dee7dc: Neither blocks nor log segments found. Creating new log.
I20260709 13:08:33.328025 25494 catalog_manager.cc:5697] T d5fd88a457f845ec84d36c6f5dfa05e6 P 7ec665e345464cd7951a28476ae7ba48 reported cstate change: term changed from 0 to 1, leader changed from <none> to 7ec665e345464cd7951a28476ae7ba48 (127.23.217.131). New cstate: current_term: 1 leader_uuid: "7ec665e345464cd7951a28476ae7ba48" committed_config { opid_index: -1 OBSOLETE_local: false peers { permanent_uuid: "bc22e4b3cc9b4d84aa52ce0a58dee7dc" member_type: VOTER last_known_addr { host: "127.23.217.129" port: 37303 } health_report { overall_health: UNKNOWN } } peers { permanent_uuid: "fecd17538b6e49a5a2ad56ae5ca8eb3c" member_type: VOTER last_known_addr { host: "127.23.217.130" port: 43693 } health_report { overall_health: UNKNOWN } } peers { permanent_uuid: "7ec665e345464cd7951a28476ae7ba48" member_type: VOTER last_known_addr { host: "127.23.217.131" port: 37325 } health_report { overall_health: HEALTHY } } }
I20260709 13:08:33.335264 25787 tablet_bootstrap.cc:492] T 3dcb9467587245a9b9c7e69394178b70 P 7ec665e345464cd7951a28476ae7ba48: No bootstrap required, opened a new log
I20260709 13:08:33.335774 25787 ts_tablet_manager.cc:1403] T 3dcb9467587245a9b9c7e69394178b70 P 7ec665e345464cd7951a28476ae7ba48: Time spent bootstrapping tablet: real 0.097s	user 0.026s	sys 0.050s
I20260709 13:08:33.338281 25787 raft_consensus.cc:359] T 3dcb9467587245a9b9c7e69394178b70 P 7ec665e345464cd7951a28476ae7ba48 [term 0 FOLLOWER]: Replica starting. Triggering 0 pending ops. Active config: opid_index: -1 OBSOLETE_local: false peers { permanent_uuid: "bc22e4b3cc9b4d84aa52ce0a58dee7dc" member_type: VOTER last_known_addr { host: "127.23.217.129" port: 37303 } } peers { permanent_uuid: "fecd17538b6e49a5a2ad56ae5ca8eb3c" member_type: VOTER last_known_addr { host: "127.23.217.130" port: 43693 } } peers { permanent_uuid: "7ec665e345464cd7951a28476ae7ba48" member_type: VOTER last_known_addr { host: "127.23.217.131" port: 37325 } }
I20260709 13:08:33.338905 25787 raft_consensus.cc:385] T 3dcb9467587245a9b9c7e69394178b70 P 7ec665e345464cd7951a28476ae7ba48 [term 0 FOLLOWER]: Consensus starting up: Expiring failure detector timer to make a prompt election more likely
I20260709 13:08:33.339167 25787 raft_consensus.cc:740] T 3dcb9467587245a9b9c7e69394178b70 P 7ec665e345464cd7951a28476ae7ba48 [term 0 FOLLOWER]: Becoming Follower/Learner. State: Replica: 7ec665e345464cd7951a28476ae7ba48, State: Initialized, Role: FOLLOWER
I20260709 13:08:33.339672 25787 consensus_queue.cc:260] T 3dcb9467587245a9b9c7e69394178b70 P 7ec665e345464cd7951a28476ae7ba48 [NON_LEADER]: Queue going to NON_LEADER mode. State: All replicated index: 0, Majority replicated index: 0, Committed index: 0, Last appended: 0.0, Last appended by leader: 0, Current term: 0, Majority size: -1, State: 0, Mode: NON_LEADER, active raft config: opid_index: -1 OBSOLETE_local: false peers { permanent_uuid: "bc22e4b3cc9b4d84aa52ce0a58dee7dc" member_type: VOTER last_known_addr { host: "127.23.217.129" port: 37303 } } peers { permanent_uuid: "fecd17538b6e49a5a2ad56ae5ca8eb3c" member_type: VOTER last_known_addr { host: "127.23.217.130" port: 43693 } } peers { permanent_uuid: "7ec665e345464cd7951a28476ae7ba48" member_type: VOTER last_known_addr { host: "127.23.217.131" port: 37325 } }
I20260709 13:08:33.340082 25788 tablet_bootstrap.cc:492] T 1945e8e12cdd4c8e8a61fd25ce0b6636 P bc22e4b3cc9b4d84aa52ce0a58dee7dc: No bootstrap required, opened a new log
I20260709 13:08:33.340549 25788 ts_tablet_manager.cc:1403] T 1945e8e12cdd4c8e8a61fd25ce0b6636 P bc22e4b3cc9b4d84aa52ce0a58dee7dc: Time spent bootstrapping tablet: real 0.022s	user 0.003s	sys 0.011s
I20260709 13:08:33.340760 26056 consensus_queue.cc:1048] T cdbe19e61ba8484b9cb29d167df8cac0 P fecd17538b6e49a5a2ad56ae5ca8eb3c [LEADER]: Connected to new peer: Peer: permanent_uuid: "bc22e4b3cc9b4d84aa52ce0a58dee7dc" member_type: VOTER last_known_addr { host: "127.23.217.129" port: 37303 }, Status: LMP_MISMATCH, Last received: 0.0, Next index: 1, Last known committed idx: 0, Time since last communication: 0.000s
I20260709 13:08:33.341631 25787 ts_tablet_manager.cc:1434] T 3dcb9467587245a9b9c7e69394178b70 P 7ec665e345464cd7951a28476ae7ba48: Time spent starting tablet: real 0.006s	user 0.004s	sys 0.000s
I20260709 13:08:33.342530 25787 tablet_bootstrap.cc:492] T a6cda54632064959b678e13c65946a0e P 7ec665e345464cd7951a28476ae7ba48: Bootstrap starting.
I20260709 13:08:33.343093 25788 raft_consensus.cc:359] T 1945e8e12cdd4c8e8a61fd25ce0b6636 P bc22e4b3cc9b4d84aa52ce0a58dee7dc [term 0 FOLLOWER]: Replica starting. Triggering 0 pending ops. Active config: opid_index: -1 OBSOLETE_local: false peers { permanent_uuid: "bc22e4b3cc9b4d84aa52ce0a58dee7dc" member_type: VOTER last_known_addr { host: "127.23.217.129" port: 37303 } } peers { permanent_uuid: "fecd17538b6e49a5a2ad56ae5ca8eb3c" member_type: VOTER last_known_addr { host: "127.23.217.130" port: 43693 } } peers { permanent_uuid: "7ec665e345464cd7951a28476ae7ba48" member_type: VOTER last_known_addr { host: "127.23.217.131" port: 37325 } }
I20260709 13:08:33.348335 25788 raft_consensus.cc:385] T 1945e8e12cdd4c8e8a61fd25ce0b6636 P bc22e4b3cc9b4d84aa52ce0a58dee7dc [term 0 FOLLOWER]: Consensus starting up: Expiring failure detector timer to make a prompt election more likely
I20260709 13:08:33.348621 25788 raft_consensus.cc:740] T 1945e8e12cdd4c8e8a61fd25ce0b6636 P bc22e4b3cc9b4d84aa52ce0a58dee7dc [term 0 FOLLOWER]: Becoming Follower/Learner. State: Replica: bc22e4b3cc9b4d84aa52ce0a58dee7dc, State: Initialized, Role: FOLLOWER
I20260709 13:08:33.349294 25788 consensus_queue.cc:260] T 1945e8e12cdd4c8e8a61fd25ce0b6636 P bc22e4b3cc9b4d84aa52ce0a58dee7dc [NON_LEADER]: Queue going to NON_LEADER mode. State: All replicated index: 0, Majority replicated index: 0, Committed index: 0, Last appended: 0.0, Last appended by leader: 0, Current term: 0, Majority size: -1, State: 0, Mode: NON_LEADER, active raft config: opid_index: -1 OBSOLETE_local: false peers { permanent_uuid: "bc22e4b3cc9b4d84aa52ce0a58dee7dc" member_type: VOTER last_known_addr { host: "127.23.217.129" port: 37303 } } peers { permanent_uuid: "fecd17538b6e49a5a2ad56ae5ca8eb3c" member_type: VOTER last_known_addr { host: "127.23.217.130" port: 43693 } } peers { permanent_uuid: "7ec665e345464cd7951a28476ae7ba48" member_type: VOTER last_known_addr { host: "127.23.217.131" port: 37325 } }
I20260709 13:08:33.353025 25788 ts_tablet_manager.cc:1434] T 1945e8e12cdd4c8e8a61fd25ce0b6636 P bc22e4b3cc9b4d84aa52ce0a58dee7dc: Time spent starting tablet: real 0.012s	user 0.006s	sys 0.002s
I20260709 13:08:33.353744 25789 tablet_bootstrap.cc:492] T 8b0c7a6d6d53426da84b5e5a8c440155 P fecd17538b6e49a5a2ad56ae5ca8eb3c: No bootstrap required, opened a new log
I20260709 13:08:33.354144 25789 ts_tablet_manager.cc:1403] T 8b0c7a6d6d53426da84b5e5a8c440155 P fecd17538b6e49a5a2ad56ae5ca8eb3c: Time spent bootstrapping tablet: real 0.111s	user 0.008s	sys 0.002s
I20260709 13:08:33.354683 25788 tablet_bootstrap.cc:492] T 6b74929f912e491ab55dd7bfcba72a4b P bc22e4b3cc9b4d84aa52ce0a58dee7dc: Bootstrap starting.
I20260709 13:08:33.360522 25788 tablet_bootstrap.cc:654] T 6b74929f912e491ab55dd7bfcba72a4b P bc22e4b3cc9b4d84aa52ce0a58dee7dc: Neither blocks nor log segments found. Creating new log.
I20260709 13:08:33.361574 25892 raft_consensus.cc:493] T c04ca97413dc439fba357f191d0e857b P fecd17538b6e49a5a2ad56ae5ca8eb3c [term 0 FOLLOWER]: Starting pre-election (no leader contacted us within the election timeout)
I20260709 13:08:33.362033 25892 raft_consensus.cc:515] T c04ca97413dc439fba357f191d0e857b P fecd17538b6e49a5a2ad56ae5ca8eb3c [term 0 FOLLOWER]: Starting pre-election with config: opid_index: -1 OBSOLETE_local: false peers { permanent_uuid: "bc22e4b3cc9b4d84aa52ce0a58dee7dc" member_type: VOTER last_known_addr { host: "127.23.217.129" port: 37303 } } peers { permanent_uuid: "fecd17538b6e49a5a2ad56ae5ca8eb3c" member_type: VOTER last_known_addr { host: "127.23.217.130" port: 43693 } } peers { permanent_uuid: "7ec665e345464cd7951a28476ae7ba48" member_type: VOTER last_known_addr { host: "127.23.217.131" port: 37325 } }
I20260709 13:08:33.362335 25789 raft_consensus.cc:359] T 8b0c7a6d6d53426da84b5e5a8c440155 P fecd17538b6e49a5a2ad56ae5ca8eb3c [term 0 FOLLOWER]: Replica starting. Triggering 0 pending ops. Active config: opid_index: -1 OBSOLETE_local: false peers { permanent_uuid: "bc22e4b3cc9b4d84aa52ce0a58dee7dc" member_type: VOTER last_known_addr { host: "127.23.217.129" port: 37303 } } peers { permanent_uuid: "fecd17538b6e49a5a2ad56ae5ca8eb3c" member_type: VOTER last_known_addr { host: "127.23.217.130" port: 43693 } } peers { permanent_uuid: "7ec665e345464cd7951a28476ae7ba48" member_type: VOTER last_known_addr { host: "127.23.217.131" port: 37325 } }
I20260709 13:08:33.362965 25789 raft_consensus.cc:385] T 8b0c7a6d6d53426da84b5e5a8c440155 P fecd17538b6e49a5a2ad56ae5ca8eb3c [term 0 FOLLOWER]: Consensus starting up: Expiring failure detector timer to make a prompt election more likely
I20260709 13:08:33.363221 25789 raft_consensus.cc:740] T 8b0c7a6d6d53426da84b5e5a8c440155 P fecd17538b6e49a5a2ad56ae5ca8eb3c [term 0 FOLLOWER]: Becoming Follower/Learner. State: Replica: fecd17538b6e49a5a2ad56ae5ca8eb3c, State: Initialized, Role: FOLLOWER
I20260709 13:08:33.364284 25789 consensus_queue.cc:260] T 8b0c7a6d6d53426da84b5e5a8c440155 P fecd17538b6e49a5a2ad56ae5ca8eb3c [NON_LEADER]: Queue going to NON_LEADER mode. State: All replicated index: 0, Majority replicated index: 0, Committed index: 0, Last appended: 0.0, Last appended by leader: 0, Current term: 0, Majority size: -1, State: 0, Mode: NON_LEADER, active raft config: opid_index: -1 OBSOLETE_local: false peers { permanent_uuid: "bc22e4b3cc9b4d84aa52ce0a58dee7dc" member_type: VOTER last_known_addr { host: "127.23.217.129" port: 37303 } } peers { permanent_uuid: "fecd17538b6e49a5a2ad56ae5ca8eb3c" member_type: VOTER last_known_addr { host: "127.23.217.130" port: 43693 } } peers { permanent_uuid: "7ec665e345464cd7951a28476ae7ba48" member_type: VOTER last_known_addr { host: "127.23.217.131" port: 37325 } }
I20260709 13:08:33.364634 25892 leader_election.cc:290] T c04ca97413dc439fba357f191d0e857b P fecd17538b6e49a5a2ad56ae5ca8eb3c [CANDIDATE]: Term 1 pre-election: Requested pre-vote from peers bc22e4b3cc9b4d84aa52ce0a58dee7dc (127.23.217.129:37303), 7ec665e345464cd7951a28476ae7ba48 (127.23.217.131:37325)
I20260709 13:08:33.364940 25597 tablet_service.cc:1917] Received RequestConsensusVote() RPC: tablet_id: "c04ca97413dc439fba357f191d0e857b" candidate_uuid: "fecd17538b6e49a5a2ad56ae5ca8eb3c" candidate_term: 1 candidate_status { last_received { term: 0 index: 0 } } ignore_live_leader: false dest_uuid: "bc22e4b3cc9b4d84aa52ce0a58dee7dc" is_pre_election: true
I20260709 13:08:33.365603 25597 raft_consensus.cc:2468] T c04ca97413dc439fba357f191d0e857b P bc22e4b3cc9b4d84aa52ce0a58dee7dc [term 0 FOLLOWER]: Leader pre-election vote request: Granting yes vote for candidate fecd17538b6e49a5a2ad56ae5ca8eb3c in term 0.
I20260709 13:08:33.366264 25789 ts_tablet_manager.cc:1434] T 8b0c7a6d6d53426da84b5e5a8c440155 P fecd17538b6e49a5a2ad56ae5ca8eb3c: Time spent starting tablet: real 0.012s	user 0.002s	sys 0.003s
I20260709 13:08:33.367204 25789 tablet_bootstrap.cc:492] T 2c4417ce1f394834a4c046f7bb63a194 P fecd17538b6e49a5a2ad56ae5ca8eb3c: Bootstrap starting.
I20260709 13:08:33.365630 25747 tablet_service.cc:1917] Received RequestConsensusVote() RPC: tablet_id: "c04ca97413dc439fba357f191d0e857b" candidate_uuid: "fecd17538b6e49a5a2ad56ae5ca8eb3c" candidate_term: 1 candidate_status { last_received { term: 0 index: 0 } } ignore_live_leader: false dest_uuid: "7ec665e345464cd7951a28476ae7ba48" is_pre_election: true
I20260709 13:08:33.368407 25747 raft_consensus.cc:2468] T c04ca97413dc439fba357f191d0e857b P 7ec665e345464cd7951a28476ae7ba48 [term 0 FOLLOWER]: Leader pre-election vote request: Granting yes vote for candidate fecd17538b6e49a5a2ad56ae5ca8eb3c in term 0.
I20260709 13:08:33.369721 25637 leader_election.cc:304] T c04ca97413dc439fba357f191d0e857b P fecd17538b6e49a5a2ad56ae5ca8eb3c [CANDIDATE]: Term 1 pre-election: Election decided. Result: candidate won. Election summary: received 2 responses out of 3 voters: 2 yes votes; 0 no votes. yes voters: 7ec665e345464cd7951a28476ae7ba48, fecd17538b6e49a5a2ad56ae5ca8eb3c; no voters: 
I20260709 13:08:33.372628 25788 tablet_bootstrap.cc:492] T 6b74929f912e491ab55dd7bfcba72a4b P bc22e4b3cc9b4d84aa52ce0a58dee7dc: No bootstrap required, opened a new log
I20260709 13:08:33.372712 26056 raft_consensus.cc:2804] T c04ca97413dc439fba357f191d0e857b P fecd17538b6e49a5a2ad56ae5ca8eb3c [term 0 FOLLOWER]: Leader pre-election won for term 1
I20260709 13:08:33.372857 25805 raft_consensus.cc:493] T 0db2fbed1c1b4af7a73d96d67db7edc3 P fecd17538b6e49a5a2ad56ae5ca8eb3c [term 2 FOLLOWER]: Starting pre-election (no leader contacted us within the election timeout)
I20260709 13:08:33.373102 25788 ts_tablet_manager.cc:1403] T 6b74929f912e491ab55dd7bfcba72a4b P bc22e4b3cc9b4d84aa52ce0a58dee7dc: Time spent bootstrapping tablet: real 0.019s	user 0.007s	sys 0.007s
I20260709 13:08:33.373349 25805 raft_consensus.cc:515] T 0db2fbed1c1b4af7a73d96d67db7edc3 P fecd17538b6e49a5a2ad56ae5ca8eb3c [term 2 FOLLOWER]: Starting pre-election with config: opid_index: -1 OBSOLETE_local: false peers { permanent_uuid: "bc22e4b3cc9b4d84aa52ce0a58dee7dc" member_type: VOTER last_known_addr { host: "127.23.217.129" port: 37303 } } peers { permanent_uuid: "fecd17538b6e49a5a2ad56ae5ca8eb3c" member_type: VOTER last_known_addr { host: "127.23.217.130" port: 43693 } } peers { permanent_uuid: "7ec665e345464cd7951a28476ae7ba48" member_type: VOTER last_known_addr { host: "127.23.217.131" port: 37325 } }
I20260709 13:08:33.373126 26056 raft_consensus.cc:493] T c04ca97413dc439fba357f191d0e857b P fecd17538b6e49a5a2ad56ae5ca8eb3c [term 0 FOLLOWER]: Starting leader election (no leader contacted us within the election timeout)
I20260709 13:08:33.374969 26056 raft_consensus.cc:3060] T c04ca97413dc439fba357f191d0e857b P fecd17538b6e49a5a2ad56ae5ca8eb3c [term 0 FOLLOWER]: Advancing to term 1
I20260709 13:08:33.375200 25805 leader_election.cc:290] T 0db2fbed1c1b4af7a73d96d67db7edc3 P fecd17538b6e49a5a2ad56ae5ca8eb3c [CANDIDATE]: Term 3 pre-election: Requested pre-vote from peers bc22e4b3cc9b4d84aa52ce0a58dee7dc (127.23.217.129:37303), 7ec665e345464cd7951a28476ae7ba48 (127.23.217.131:37325)
I20260709 13:08:33.372872 25787 tablet_bootstrap.cc:654] T a6cda54632064959b678e13c65946a0e P 7ec665e345464cd7951a28476ae7ba48: Neither blocks nor log segments found. Creating new log.
I20260709 13:08:33.376593 25747 tablet_service.cc:1917] Received RequestConsensusVote() RPC: tablet_id: "0db2fbed1c1b4af7a73d96d67db7edc3" candidate_uuid: "fecd17538b6e49a5a2ad56ae5ca8eb3c" candidate_term: 3 candidate_status { last_received { term: 1 index: 1 } } ignore_live_leader: false dest_uuid: "7ec665e345464cd7951a28476ae7ba48" is_pre_election: true
I20260709 13:08:33.378965 25597 tablet_service.cc:1917] Received RequestConsensusVote() RPC: tablet_id: "0db2fbed1c1b4af7a73d96d67db7edc3" candidate_uuid: "fecd17538b6e49a5a2ad56ae5ca8eb3c" candidate_term: 3 candidate_status { last_received { term: 1 index: 1 } } ignore_live_leader: false dest_uuid: "bc22e4b3cc9b4d84aa52ce0a58dee7dc" is_pre_election: true
I20260709 13:08:33.379554 25597 raft_consensus.cc:2468] T 0db2fbed1c1b4af7a73d96d67db7edc3 P bc22e4b3cc9b4d84aa52ce0a58dee7dc [term 2 FOLLOWER]: Leader pre-election vote request: Granting yes vote for candidate fecd17538b6e49a5a2ad56ae5ca8eb3c in term 2.
I20260709 13:08:33.381229 25638 leader_election.cc:304] T 0db2fbed1c1b4af7a73d96d67db7edc3 P fecd17538b6e49a5a2ad56ae5ca8eb3c [CANDIDATE]: Term 3 pre-election: Election decided. Result: candidate won. Election summary: received 3 responses out of 3 voters: 2 yes votes; 1 no votes. yes voters: bc22e4b3cc9b4d84aa52ce0a58dee7dc, fecd17538b6e49a5a2ad56ae5ca8eb3c; no voters: 7ec665e345464cd7951a28476ae7ba48
I20260709 13:08:33.381690 26056 raft_consensus.cc:515] T c04ca97413dc439fba357f191d0e857b P fecd17538b6e49a5a2ad56ae5ca8eb3c [term 1 FOLLOWER]: Starting leader election with config: opid_index: -1 OBSOLETE_local: false peers { permanent_uuid: "bc22e4b3cc9b4d84aa52ce0a58dee7dc" member_type: VOTER last_known_addr { host: "127.23.217.129" port: 37303 } } peers { permanent_uuid: "fecd17538b6e49a5a2ad56ae5ca8eb3c" member_type: VOTER last_known_addr { host: "127.23.217.130" port: 43693 } } peers { permanent_uuid: "7ec665e345464cd7951a28476ae7ba48" member_type: VOTER last_known_addr { host: "127.23.217.131" port: 37325 } }
I20260709 13:08:33.384506 25788 raft_consensus.cc:359] T 6b74929f912e491ab55dd7bfcba72a4b P bc22e4b3cc9b4d84aa52ce0a58dee7dc [term 0 FOLLOWER]: Replica starting. Triggering 0 pending ops. Active config: opid_index: -1 OBSOLETE_local: false peers { permanent_uuid: "bc22e4b3cc9b4d84aa52ce0a58dee7dc" member_type: VOTER last_known_addr { host: "127.23.217.129" port: 37303 } } peers { permanent_uuid: "fecd17538b6e49a5a2ad56ae5ca8eb3c" member_type: VOTER last_known_addr { host: "127.23.217.130" port: 43693 } } peers { permanent_uuid: "7ec665e345464cd7951a28476ae7ba48" member_type: VOTER last_known_addr { host: "127.23.217.131" port: 37325 } }
I20260709 13:08:33.385190 25788 raft_consensus.cc:385] T 6b74929f912e491ab55dd7bfcba72a4b P bc22e4b3cc9b4d84aa52ce0a58dee7dc [term 0 FOLLOWER]: Consensus starting up: Expiring failure detector timer to make a prompt election more likely
I20260709 13:08:33.385470 25788 raft_consensus.cc:740] T 6b74929f912e491ab55dd7bfcba72a4b P bc22e4b3cc9b4d84aa52ce0a58dee7dc [term 0 FOLLOWER]: Becoming Follower/Learner. State: Replica: bc22e4b3cc9b4d84aa52ce0a58dee7dc, State: Initialized, Role: FOLLOWER
I20260709 13:08:33.386180 25788 consensus_queue.cc:260] T 6b74929f912e491ab55dd7bfcba72a4b P bc22e4b3cc9b4d84aa52ce0a58dee7dc [NON_LEADER]: Queue going to NON_LEADER mode. State: All replicated index: 0, Majority replicated index: 0, Committed index: 0, Last appended: 0.0, Last appended by leader: 0, Current term: 0, Majority size: -1, State: 0, Mode: NON_LEADER, active raft config: opid_index: -1 OBSOLETE_local: false peers { permanent_uuid: "bc22e4b3cc9b4d84aa52ce0a58dee7dc" member_type: VOTER last_known_addr { host: "127.23.217.129" port: 37303 } } peers { permanent_uuid: "fecd17538b6e49a5a2ad56ae5ca8eb3c" member_type: VOTER last_known_addr { host: "127.23.217.130" port: 43693 } } peers { permanent_uuid: "7ec665e345464cd7951a28476ae7ba48" member_type: VOTER last_known_addr { host: "127.23.217.131" port: 37325 } }
I20260709 13:08:33.386494 25805 raft_consensus.cc:2804] T 0db2fbed1c1b4af7a73d96d67db7edc3 P fecd17538b6e49a5a2ad56ae5ca8eb3c [term 2 FOLLOWER]: Leader pre-election won for term 3
I20260709 13:08:33.386991 25805 raft_consensus.cc:493] T 0db2fbed1c1b4af7a73d96d67db7edc3 P fecd17538b6e49a5a2ad56ae5ca8eb3c [term 2 FOLLOWER]: Starting leader election (no leader contacted us within the election timeout)
I20260709 13:08:33.387300 25805 raft_consensus.cc:3060] T 0db2fbed1c1b4af7a73d96d67db7edc3 P fecd17538b6e49a5a2ad56ae5ca8eb3c [term 2 FOLLOWER]: Advancing to term 3
I20260709 13:08:33.388657 25788 ts_tablet_manager.cc:1434] T 6b74929f912e491ab55dd7bfcba72a4b P bc22e4b3cc9b4d84aa52ce0a58dee7dc: Time spent starting tablet: real 0.015s	user 0.005s	sys 0.001s
I20260709 13:08:33.389539 25788 tablet_bootstrap.cc:492] T 2b56d517b09c4d61bd49b2e9d8ae850a P bc22e4b3cc9b4d84aa52ce0a58dee7dc: Bootstrap starting.
I20260709 13:08:33.391536 25597 tablet_service.cc:1917] Received RequestConsensusVote() RPC: tablet_id: "c04ca97413dc439fba357f191d0e857b" candidate_uuid: "fecd17538b6e49a5a2ad56ae5ca8eb3c" candidate_term: 1 candidate_status { last_received { term: 0 index: 0 } } ignore_live_leader: false dest_uuid: "bc22e4b3cc9b4d84aa52ce0a58dee7dc"
I20260709 13:08:33.391993 25747 tablet_service.cc:1917] Received RequestConsensusVote() RPC: tablet_id: "c04ca97413dc439fba357f191d0e857b" candidate_uuid: "fecd17538b6e49a5a2ad56ae5ca8eb3c" candidate_term: 1 candidate_status { last_received { term: 0 index: 0 } } ignore_live_leader: false dest_uuid: "7ec665e345464cd7951a28476ae7ba48"
I20260709 13:08:33.392356 25597 raft_consensus.cc:3060] T c04ca97413dc439fba357f191d0e857b P bc22e4b3cc9b4d84aa52ce0a58dee7dc [term 0 FOLLOWER]: Advancing to term 1
I20260709 13:08:33.392576 25747 raft_consensus.cc:3060] T c04ca97413dc439fba357f191d0e857b P 7ec665e345464cd7951a28476ae7ba48 [term 0 FOLLOWER]: Advancing to term 1
I20260709 13:08:33.392920 26056 leader_election.cc:290] T c04ca97413dc439fba357f191d0e857b P fecd17538b6e49a5a2ad56ae5ca8eb3c [CANDIDATE]: Term 1 election: Requested vote from peers bc22e4b3cc9b4d84aa52ce0a58dee7dc (127.23.217.129:37303), 7ec665e345464cd7951a28476ae7ba48 (127.23.217.131:37325)
I20260709 13:08:33.394542 25788 tablet_bootstrap.cc:654] T 2b56d517b09c4d61bd49b2e9d8ae850a P bc22e4b3cc9b4d84aa52ce0a58dee7dc: Neither blocks nor log segments found. Creating new log.
I20260709 13:08:33.400967 25747 raft_consensus.cc:2468] T c04ca97413dc439fba357f191d0e857b P 7ec665e345464cd7951a28476ae7ba48 [term 1 FOLLOWER]: Leader election vote request: Granting yes vote for candidate fecd17538b6e49a5a2ad56ae5ca8eb3c in term 1.
I20260709 13:08:33.402444 26041 raft_consensus.cc:493] T 2b8f2eeea23f4f148a3c36762e385dcc P bc22e4b3cc9b4d84aa52ce0a58dee7dc [term 0 FOLLOWER]: Starting pre-election (no leader contacted us within the election timeout)
I20260709 13:08:33.402415 25637 leader_election.cc:304] T c04ca97413dc439fba357f191d0e857b P fecd17538b6e49a5a2ad56ae5ca8eb3c [CANDIDATE]: Term 1 election: Election decided. Result: candidate won. Election summary: received 2 responses out of 3 voters: 2 yes votes; 0 no votes. yes voters: 7ec665e345464cd7951a28476ae7ba48, fecd17538b6e49a5a2ad56ae5ca8eb3c; no voters: 
I20260709 13:08:33.403067 26041 raft_consensus.cc:515] T 2b8f2eeea23f4f148a3c36762e385dcc P bc22e4b3cc9b4d84aa52ce0a58dee7dc [term 0 FOLLOWER]: Starting pre-election with config: opid_index: -1 OBSOLETE_local: false peers { permanent_uuid: "bc22e4b3cc9b4d84aa52ce0a58dee7dc" member_type: VOTER last_known_addr { host: "127.23.217.129" port: 37303 } } peers { permanent_uuid: "fecd17538b6e49a5a2ad56ae5ca8eb3c" member_type: VOTER last_known_addr { host: "127.23.217.130" port: 43693 } } peers { permanent_uuid: "7ec665e345464cd7951a28476ae7ba48" member_type: VOTER last_known_addr { host: "127.23.217.131" port: 37325 } }
I20260709 13:08:33.403468 26056 raft_consensus.cc:2804] T c04ca97413dc439fba357f191d0e857b P fecd17538b6e49a5a2ad56ae5ca8eb3c [term 1 FOLLOWER]: Leader election won for term 1
I20260709 13:08:33.404228 26056 raft_consensus.cc:697] T c04ca97413dc439fba357f191d0e857b P fecd17538b6e49a5a2ad56ae5ca8eb3c [term 1 LEADER]: Becoming Leader. State: Replica: fecd17538b6e49a5a2ad56ae5ca8eb3c, State: Running, Role: LEADER
I20260709 13:08:33.405092 26056 consensus_queue.cc:237] T c04ca97413dc439fba357f191d0e857b P fecd17538b6e49a5a2ad56ae5ca8eb3c [LEADER]: Queue going to LEADER mode. State: All replicated index: 0, Majority replicated index: 0, Committed index: 0, Last appended: 0.0, Last appended by leader: 0, Current term: 1, Majority size: 2, State: 0, Mode: LEADER, active raft config: opid_index: -1 OBSOLETE_local: false peers { permanent_uuid: "bc22e4b3cc9b4d84aa52ce0a58dee7dc" member_type: VOTER last_known_addr { host: "127.23.217.129" port: 37303 } } peers { permanent_uuid: "fecd17538b6e49a5a2ad56ae5ca8eb3c" member_type: VOTER last_known_addr { host: "127.23.217.130" port: 43693 } } peers { permanent_uuid: "7ec665e345464cd7951a28476ae7ba48" member_type: VOTER last_known_addr { host: "127.23.217.131" port: 37325 } }
I20260709 13:08:33.407341 25670 tablet_service.cc:1917] Received RequestConsensusVote() RPC: tablet_id: "2b8f2eeea23f4f148a3c36762e385dcc" candidate_uuid: "bc22e4b3cc9b4d84aa52ce0a58dee7dc" candidate_term: 1 candidate_status { last_received { term: 0 index: 0 } } ignore_live_leader: false dest_uuid: "fecd17538b6e49a5a2ad56ae5ca8eb3c" is_pre_election: true
I20260709 13:08:33.408005 25670 raft_consensus.cc:2468] T 2b8f2eeea23f4f148a3c36762e385dcc P fecd17538b6e49a5a2ad56ae5ca8eb3c [term 0 FOLLOWER]: Leader pre-election vote request: Granting yes vote for candidate bc22e4b3cc9b4d84aa52ce0a58dee7dc in term 0.
I20260709 13:08:33.409384 25563 leader_election.cc:304] T 2b8f2eeea23f4f148a3c36762e385dcc P bc22e4b3cc9b4d84aa52ce0a58dee7dc [CANDIDATE]: Term 1 pre-election: Election decided. Result: candidate won. Election summary: received 2 responses out of 3 voters: 2 yes votes; 0 no votes. yes voters: bc22e4b3cc9b4d84aa52ce0a58dee7dc, fecd17538b6e49a5a2ad56ae5ca8eb3c; no voters: 
I20260709 13:08:33.405141 26041 leader_election.cc:290] T 2b8f2eeea23f4f148a3c36762e385dcc P bc22e4b3cc9b4d84aa52ce0a58dee7dc [CANDIDATE]: Term 1 pre-election: Requested pre-vote from peers fecd17538b6e49a5a2ad56ae5ca8eb3c (127.23.217.130:43693), 7ec665e345464cd7951a28476ae7ba48 (127.23.217.131:37325)
I20260709 13:08:33.410280 26047 raft_consensus.cc:2804] T 2b8f2eeea23f4f148a3c36762e385dcc P bc22e4b3cc9b4d84aa52ce0a58dee7dc [term 0 FOLLOWER]: Leader pre-election won for term 1
I20260709 13:08:33.410753 26047 raft_consensus.cc:493] T 2b8f2eeea23f4f148a3c36762e385dcc P bc22e4b3cc9b4d84aa52ce0a58dee7dc [term 0 FOLLOWER]: Starting leader election (no leader contacted us within the election timeout)
I20260709 13:08:33.410732 25747 tablet_service.cc:1917] Received RequestConsensusVote() RPC: tablet_id: "2b8f2eeea23f4f148a3c36762e385dcc" candidate_uuid: "bc22e4b3cc9b4d84aa52ce0a58dee7dc" candidate_term: 1 candidate_status { last_received { term: 0 index: 0 } } ignore_live_leader: false dest_uuid: "7ec665e345464cd7951a28476ae7ba48" is_pre_election: true
I20260709 13:08:33.411276 26047 raft_consensus.cc:3060] T 2b8f2eeea23f4f148a3c36762e385dcc P bc22e4b3cc9b4d84aa52ce0a58dee7dc [term 0 FOLLOWER]: Advancing to term 1
I20260709 13:08:33.411453 25747 raft_consensus.cc:2468] T 2b8f2eeea23f4f148a3c36762e385dcc P 7ec665e345464cd7951a28476ae7ba48 [term 0 FOLLOWER]: Leader pre-election vote request: Granting yes vote for candidate bc22e4b3cc9b4d84aa52ce0a58dee7dc in term 0.
I20260709 13:08:33.413060 25787 tablet_bootstrap.cc:492] T a6cda54632064959b678e13c65946a0e P 7ec665e345464cd7951a28476ae7ba48: No bootstrap required, opened a new log
