I20260709 13:08:05.288070 21180 consensus_queue.cc:1048] T 474da40e60d14b47bfbfc5040b65cb81 P a57a3c3d4fb94df6a22814a79c0f1c37 [LEADER]: Connected to new peer: Peer: permanent_uuid: "080f309ca99e47b5af5afe977a334979" member_type: VOTER last_known_addr { host: "127.20.63.193" port: 45309 }, Status: LMP_MISMATCH, Last received: 0.0, Next index: 2, Last known committed idx: 1, Time since last communication: 0.001s
I20260709 13:08:05.299787 20943 raft_consensus.cc:1275] T 474da40e60d14b47bfbfc5040b65cb81 P b9ef5b810b4c4f9e9e8191b946a865fc [term 2 FOLLOWER]: Refusing update from remote peer a57a3c3d4fb94df6a22814a79c0f1c37: Log matching property violated. Preceding OpId in replica: term: 1 index: 1. Preceding OpId from leader: term: 2 index: 2. (index mismatch)
I20260709 13:08:05.302224 21180 consensus_queue.cc:1048] T 474da40e60d14b47bfbfc5040b65cb81 P a57a3c3d4fb94df6a22814a79c0f1c37 [LEADER]: Connected to new peer: Peer: permanent_uuid: "b9ef5b810b4c4f9e9e8191b946a865fc" member_type: VOTER last_known_addr { host: "127.20.63.194" port: 39499 }, Status: LMP_MISMATCH, Last received: 0.0, Next index: 2, Last known committed idx: 1, Time since last communication: 0.000s
I20260709 13:08:05.552735 20735 auto_leader_rebalancer.cc:141] leader rebalance for table test-workload
I20260709 13:08:05.564545 21018 tablet_service.cc:2072] Received LeaderStepDown RPC: tablet_id: "474da40e60d14b47bfbfc5040b65cb81"
dest_uuid: "a57a3c3d4fb94df6a22814a79c0f1c37"
mode: GRACEFUL
new_leader_uuid: "b9ef5b810b4c4f9e9e8191b946a865fc"
 from {username='slave'} at 127.0.0.1:40196
I20260709 13:08:05.565223 21018 raft_consensus.cc:606] T 474da40e60d14b47bfbfc5040b65cb81 P a57a3c3d4fb94df6a22814a79c0f1c37 [term 2 LEADER]: Received request to transfer leadership to TS b9ef5b810b4c4f9e9e8191b946a865fc
I20260709 13:08:05.572232 20869 tablet_service.cc:2072] Received LeaderStepDown RPC: tablet_id: "81a31f0fd7cc4c8094640c830f6dee60"
dest_uuid: "080f309ca99e47b5af5afe977a334979"
mode: GRACEFUL
new_leader_uuid: "b9ef5b810b4c4f9e9e8191b946a865fc"
 from {username='slave'} at 127.0.0.1:58722
I20260709 13:08:05.572794 20869 raft_consensus.cc:606] T 81a31f0fd7cc4c8094640c830f6dee60 P 080f309ca99e47b5af5afe977a334979 [term 2 LEADER]: Received request to transfer leadership to TS b9ef5b810b4c4f9e9e8191b946a865fc
I20260709 13:08:05.579082 20869 tablet_service.cc:2072] Received LeaderStepDown RPC: tablet_id: "ea802de1df574b379f5a14c8495d9009"
dest_uuid: "080f309ca99e47b5af5afe977a334979"
mode: GRACEFUL
new_leader_uuid: "b9ef5b810b4c4f9e9e8191b946a865fc"
 from {username='slave'} at 127.0.0.1:58722
I20260709 13:08:05.579695 20869 raft_consensus.cc:606] T ea802de1df574b379f5a14c8495d9009 P 080f309ca99e47b5af5afe977a334979 [term 1 LEADER]: Received request to transfer leadership to TS b9ef5b810b4c4f9e9e8191b946a865fc
I20260709 13:08:05.586990 20869 tablet_service.cc:2072] Received LeaderStepDown RPC: tablet_id: "59e4d0905b84491b85c4ec74d97a8ffc"
dest_uuid: "080f309ca99e47b5af5afe977a334979"
mode: GRACEFUL
new_leader_uuid: "b9ef5b810b4c4f9e9e8191b946a865fc"
 from {username='slave'} at 127.0.0.1:58722
I20260709 13:08:05.587599 20869 raft_consensus.cc:606] T 59e4d0905b84491b85c4ec74d97a8ffc P 080f309ca99e47b5af5afe977a334979 [term 2 LEADER]: Received request to transfer leadership to TS b9ef5b810b4c4f9e9e8191b946a865fc
I20260709 13:08:05.596887 21018 tablet_service.cc:2072] Received LeaderStepDown RPC: tablet_id: "6685f32ce5ec4a9289616ac749291e3a"
dest_uuid: "a57a3c3d4fb94df6a22814a79c0f1c37"
mode: GRACEFUL
new_leader_uuid: "b9ef5b810b4c4f9e9e8191b946a865fc"
 from {username='slave'} at 127.0.0.1:40196
I20260709 13:08:05.597551 21018 raft_consensus.cc:606] T 6685f32ce5ec4a9289616ac749291e3a P a57a3c3d4fb94df6a22814a79c0f1c37 [term 3 LEADER]: Received request to transfer leadership to TS b9ef5b810b4c4f9e9e8191b946a865fc
I20260709 13:08:05.641088 21112 raft_consensus.cc:993] T 6685f32ce5ec4a9289616ac749291e3a P a57a3c3d4fb94df6a22814a79c0f1c37: : Instructing follower b9ef5b810b4c4f9e9e8191b946a865fc to start an election
I20260709 13:08:05.641601 21112 raft_consensus.cc:1081] T 6685f32ce5ec4a9289616ac749291e3a P a57a3c3d4fb94df6a22814a79c0f1c37 [term 3 LEADER]: Signalling peer b9ef5b810b4c4f9e9e8191b946a865fc to start an election
I20260709 13:08:05.643536 20943 tablet_service.cc:2044] Received Run Leader Election RPC: tablet_id: "6685f32ce5ec4a9289616ac749291e3a"
dest_uuid: "b9ef5b810b4c4f9e9e8191b946a865fc"
 from {username='slave'} at 127.0.0.1:55320
I20260709 13:08:05.644176 20943 raft_consensus.cc:493] T 6685f32ce5ec4a9289616ac749291e3a P b9ef5b810b4c4f9e9e8191b946a865fc [term 3 FOLLOWER]: Starting forced leader election (received explicit request)
I20260709 13:08:05.644596 20943 raft_consensus.cc:3060] T 6685f32ce5ec4a9289616ac749291e3a P b9ef5b810b4c4f9e9e8191b946a865fc [term 3 FOLLOWER]: Advancing to term 4
I20260709 13:08:05.649085 20943 raft_consensus.cc:515] T 6685f32ce5ec4a9289616ac749291e3a P b9ef5b810b4c4f9e9e8191b946a865fc [term 4 FOLLOWER]: Starting forced leader election with config: opid_index: -1 OBSOLETE_local: false peers { permanent_uuid: "080f309ca99e47b5af5afe977a334979" member_type: VOTER last_known_addr { host: "127.20.63.193" port: 45309 } } peers { permanent_uuid: "b9ef5b810b4c4f9e9e8191b946a865fc" member_type: VOTER last_known_addr { host: "127.20.63.194" port: 39499 } } peers { permanent_uuid: "a57a3c3d4fb94df6a22814a79c0f1c37" member_type: VOTER last_known_addr { host: "127.20.63.195" port: 46825 } }
I20260709 13:08:05.650892 20943 leader_election.cc:290] T 6685f32ce5ec4a9289616ac749291e3a P b9ef5b810b4c4f9e9e8191b946a865fc [CANDIDATE]: Term 4 election: Requested vote from peers 080f309ca99e47b5af5afe977a334979 (127.20.63.193:45309), a57a3c3d4fb94df6a22814a79c0f1c37 (127.20.63.195:46825)
I20260709 13:08:05.652628 21018 tablet_service.cc:1917] Received RequestConsensusVote() RPC: tablet_id: "6685f32ce5ec4a9289616ac749291e3a" candidate_uuid: "b9ef5b810b4c4f9e9e8191b946a865fc" candidate_term: 4 candidate_status { last_received { term: 3 index: 3 } } ignore_live_leader: true dest_uuid: "a57a3c3d4fb94df6a22814a79c0f1c37"
I20260709 13:08:05.652391 20869 tablet_service.cc:1917] Received RequestConsensusVote() RPC: tablet_id: "6685f32ce5ec4a9289616ac749291e3a" candidate_uuid: "b9ef5b810b4c4f9e9e8191b946a865fc" candidate_term: 4 candidate_status { last_received { term: 3 index: 3 } } ignore_live_leader: true dest_uuid: "080f309ca99e47b5af5afe977a334979"
I20260709 13:08:05.653394 21018 raft_consensus.cc:3055] T 6685f32ce5ec4a9289616ac749291e3a P a57a3c3d4fb94df6a22814a79c0f1c37 [term 3 LEADER]: Stepping down as leader of term 3
I20260709 13:08:05.653484 20869 raft_consensus.cc:3060] T 6685f32ce5ec4a9289616ac749291e3a P 080f309ca99e47b5af5afe977a334979 [term 3 FOLLOWER]: Advancing to term 4
I20260709 13:08:05.654036 21018 raft_consensus.cc:740] T 6685f32ce5ec4a9289616ac749291e3a P a57a3c3d4fb94df6a22814a79c0f1c37 [term 3 LEADER]: Becoming Follower/Learner. State: Replica: a57a3c3d4fb94df6a22814a79c0f1c37, State: Running, Role: LEADER
I20260709 13:08:05.655217 21018 consensus_queue.cc:260] T 6685f32ce5ec4a9289616ac749291e3a P a57a3c3d4fb94df6a22814a79c0f1c37 [NON_LEADER]: Queue going to NON_LEADER mode. State: All replicated index: 0, Majority replicated index: 3, Committed index: 3, Last appended: 3.3, Last appended by leader: 3, Current term: 3, Majority size: -1, State: 0, Mode: NON_LEADER, active raft config: opid_index: -1 OBSOLETE_local: false peers { permanent_uuid: "080f309ca99e47b5af5afe977a334979" member_type: VOTER last_known_addr { host: "127.20.63.193" port: 45309 } } peers { permanent_uuid: "b9ef5b810b4c4f9e9e8191b946a865fc" member_type: VOTER last_known_addr { host: "127.20.63.194" port: 39499 } } peers { permanent_uuid: "a57a3c3d4fb94df6a22814a79c0f1c37" member_type: VOTER last_known_addr { host: "127.20.63.195" port: 46825 } }
I20260709 13:08:05.656258 21018 raft_consensus.cc:3060] T 6685f32ce5ec4a9289616ac749291e3a P a57a3c3d4fb94df6a22814a79c0f1c37 [term 3 FOLLOWER]: Advancing to term 4
I20260709 13:08:05.661232 20869 raft_consensus.cc:2468] T 6685f32ce5ec4a9289616ac749291e3a P 080f309ca99e47b5af5afe977a334979 [term 4 FOLLOWER]: Leader election vote request: Granting yes vote for candidate b9ef5b810b4c4f9e9e8191b946a865fc in term 4.
I20260709 13:08:05.662617 20909 leader_election.cc:304] T 6685f32ce5ec4a9289616ac749291e3a P b9ef5b810b4c4f9e9e8191b946a865fc [CANDIDATE]: Term 4 election: Election decided. Result: candidate won. Election summary: received 2 responses out of 3 voters: 2 yes votes; 0 no votes. yes voters: 080f309ca99e47b5af5afe977a334979, b9ef5b810b4c4f9e9e8191b946a865fc; no voters: 
I20260709 13:08:05.663403 21085 raft_consensus.cc:2804] T 6685f32ce5ec4a9289616ac749291e3a P b9ef5b810b4c4f9e9e8191b946a865fc [term 4 FOLLOWER]: Leader election won for term 4
I20260709 13:08:05.663216 21018 raft_consensus.cc:2468] T 6685f32ce5ec4a9289616ac749291e3a P a57a3c3d4fb94df6a22814a79c0f1c37 [term 4 FOLLOWER]: Leader election vote request: Granting yes vote for candidate b9ef5b810b4c4f9e9e8191b946a865fc in term 4.
I20260709 13:08:05.664811 21085 raft_consensus.cc:697] T 6685f32ce5ec4a9289616ac749291e3a P b9ef5b810b4c4f9e9e8191b946a865fc [term 4 LEADER]: Becoming Leader. State: Replica: b9ef5b810b4c4f9e9e8191b946a865fc, State: Running, Role: LEADER
I20260709 13:08:05.665822 21085 consensus_queue.cc:237] T 6685f32ce5ec4a9289616ac749291e3a P b9ef5b810b4c4f9e9e8191b946a865fc [LEADER]: Queue going to LEADER mode. State: All replicated index: 0, Majority replicated index: 3, Committed index: 3, Last appended: 3.3, Last appended by leader: 3, Current term: 4, Majority size: 2, State: 0, Mode: LEADER, active raft config: opid_index: -1 OBSOLETE_local: false peers { permanent_uuid: "080f309ca99e47b5af5afe977a334979" member_type: VOTER last_known_addr { host: "127.20.63.193" port: 45309 } } peers { permanent_uuid: "b9ef5b810b4c4f9e9e8191b946a865fc" member_type: VOTER last_known_addr { host: "127.20.63.194" port: 39499 } } peers { permanent_uuid: "a57a3c3d4fb94df6a22814a79c0f1c37" member_type: VOTER last_known_addr { host: "127.20.63.195" port: 46825 } }
I20260709 13:08:05.671569 20764 catalog_manager.cc:5697] T 6685f32ce5ec4a9289616ac749291e3a P b9ef5b810b4c4f9e9e8191b946a865fc reported cstate change: term changed from 3 to 4, leader changed from a57a3c3d4fb94df6a22814a79c0f1c37 (127.20.63.195) to b9ef5b810b4c4f9e9e8191b946a865fc (127.20.63.194). New cstate: current_term: 4 leader_uuid: "b9ef5b810b4c4f9e9e8191b946a865fc" committed_config { opid_index: -1 OBSOLETE_local: false peers { permanent_uuid: "080f309ca99e47b5af5afe977a334979" member_type: VOTER last_known_addr { host: "127.20.63.193" port: 45309 } health_report { overall_health: UNKNOWN } } peers { permanent_uuid: "b9ef5b810b4c4f9e9e8191b946a865fc" member_type: VOTER last_known_addr { host: "127.20.63.194" port: 39499 } health_report { overall_health: HEALTHY } } peers { permanent_uuid: "a57a3c3d4fb94df6a22814a79c0f1c37" member_type: VOTER last_known_addr { host: "127.20.63.195" port: 46825 } health_report { overall_health: UNKNOWN } } }
I20260709 13:08:05.713670 21191 raft_consensus.cc:993] T ea802de1df574b379f5a14c8495d9009 P 080f309ca99e47b5af5afe977a334979: : Instructing follower b9ef5b810b4c4f9e9e8191b946a865fc to start an election
I20260709 13:08:05.714135 21191 raft_consensus.cc:1081] T ea802de1df574b379f5a14c8495d9009 P 080f309ca99e47b5af5afe977a334979 [term 1 LEADER]: Signalling peer b9ef5b810b4c4f9e9e8191b946a865fc to start an election
I20260709 13:08:05.715962 20943 tablet_service.cc:2044] Received Run Leader Election RPC: tablet_id: "ea802de1df574b379f5a14c8495d9009"
dest_uuid: "b9ef5b810b4c4f9e9e8191b946a865fc"
 from {username='slave'} at 127.0.0.1:55304
I20260709 13:08:05.716499 20943 raft_consensus.cc:493] T ea802de1df574b379f5a14c8495d9009 P b9ef5b810b4c4f9e9e8191b946a865fc [term 1 FOLLOWER]: Starting forced leader election (received explicit request)
I20260709 13:08:05.716811 20943 raft_consensus.cc:3060] T ea802de1df574b379f5a14c8495d9009 P b9ef5b810b4c4f9e9e8191b946a865fc [term 1 FOLLOWER]: Advancing to term 2
I20260709 13:08:05.722052 20943 raft_consensus.cc:515] T ea802de1df574b379f5a14c8495d9009 P b9ef5b810b4c4f9e9e8191b946a865fc [term 2 FOLLOWER]: Starting forced leader election with config: opid_index: -1 OBSOLETE_local: false peers { permanent_uuid: "080f309ca99e47b5af5afe977a334979" member_type: VOTER last_known_addr { host: "127.20.63.193" port: 45309 } } peers { permanent_uuid: "b9ef5b810b4c4f9e9e8191b946a865fc" member_type: VOTER last_known_addr { host: "127.20.63.194" port: 39499 } } peers { permanent_uuid: "a57a3c3d4fb94df6a22814a79c0f1c37" member_type: VOTER last_known_addr { host: "127.20.63.195" port: 46825 } }
I20260709 13:08:05.725121 20943 leader_election.cc:290] T ea802de1df574b379f5a14c8495d9009 P b9ef5b810b4c4f9e9e8191b946a865fc [CANDIDATE]: Term 2 election: Requested vote from peers 080f309ca99e47b5af5afe977a334979 (127.20.63.193:45309), a57a3c3d4fb94df6a22814a79c0f1c37 (127.20.63.195:46825)
I20260709 13:08:05.725610 20869 tablet_service.cc:1917] Received RequestConsensusVote() RPC: tablet_id: "ea802de1df574b379f5a14c8495d9009" candidate_uuid: "b9ef5b810b4c4f9e9e8191b946a865fc" candidate_term: 2 candidate_status { last_received { term: 1 index: 1 } } ignore_live_leader: true dest_uuid: "080f309ca99e47b5af5afe977a334979"
I20260709 13:08:05.726658 20869 raft_consensus.cc:3055] T ea802de1df574b379f5a14c8495d9009 P 080f309ca99e47b5af5afe977a334979 [term 1 LEADER]: Stepping down as leader of term 1
I20260709 13:08:05.727540 20869 raft_consensus.cc:740] T ea802de1df574b379f5a14c8495d9009 P 080f309ca99e47b5af5afe977a334979 [term 1 LEADER]: Becoming Follower/Learner. State: Replica: 080f309ca99e47b5af5afe977a334979, State: Running, Role: LEADER
I20260709 13:08:05.726792 21018 tablet_service.cc:1917] Received RequestConsensusVote() RPC: tablet_id: "ea802de1df574b379f5a14c8495d9009" candidate_uuid: "b9ef5b810b4c4f9e9e8191b946a865fc" candidate_term: 2 candidate_status { last_received { term: 1 index: 1 } } ignore_live_leader: true dest_uuid: "a57a3c3d4fb94df6a22814a79c0f1c37"
I20260709 13:08:05.728116 21018 raft_consensus.cc:3060] T ea802de1df574b379f5a14c8495d9009 P a57a3c3d4fb94df6a22814a79c0f1c37 [term 1 FOLLOWER]: Advancing to term 2
I20260709 13:08:05.728410 20869 consensus_queue.cc:260] T ea802de1df574b379f5a14c8495d9009 P 080f309ca99e47b5af5afe977a334979 [NON_LEADER]: Queue going to NON_LEADER mode. State: All replicated index: 0, Majority replicated index: 1, Committed index: 1, Last appended: 1.1, Last appended by leader: 1, Current term: 1, Majority size: -1, State: 0, Mode: NON_LEADER, active raft config: opid_index: -1 OBSOLETE_local: false peers { permanent_uuid: "080f309ca99e47b5af5afe977a334979" member_type: VOTER last_known_addr { host: "127.20.63.193" port: 45309 } } peers { permanent_uuid: "b9ef5b810b4c4f9e9e8191b946a865fc" member_type: VOTER last_known_addr { host: "127.20.63.194" port: 39499 } } peers { permanent_uuid: "a57a3c3d4fb94df6a22814a79c0f1c37" member_type: VOTER last_known_addr { host: "127.20.63.195" port: 46825 } }
I20260709 13:08:05.730682 20869 raft_consensus.cc:3060] T ea802de1df574b379f5a14c8495d9009 P 080f309ca99e47b5af5afe977a334979 [term 1 FOLLOWER]: Advancing to term 2
I20260709 13:08:05.735762 21018 raft_consensus.cc:2468] T ea802de1df574b379f5a14c8495d9009 P a57a3c3d4fb94df6a22814a79c0f1c37 [term 2 FOLLOWER]: Leader election vote request: Granting yes vote for candidate b9ef5b810b4c4f9e9e8191b946a865fc in term 2.
I20260709 13:08:05.736524 20869 raft_consensus.cc:2468] T ea802de1df574b379f5a14c8495d9009 P 080f309ca99e47b5af5afe977a334979 [term 2 FOLLOWER]: Leader election vote request: Granting yes vote for candidate b9ef5b810b4c4f9e9e8191b946a865fc in term 2.
I20260709 13:08:05.737197 20908 leader_election.cc:304] T ea802de1df574b379f5a14c8495d9009 P b9ef5b810b4c4f9e9e8191b946a865fc [CANDIDATE]: Term 2 election: Election decided. Result: candidate won. Election summary: received 2 responses out of 3 voters: 2 yes votes; 0 no votes. yes voters: a57a3c3d4fb94df6a22814a79c0f1c37, b9ef5b810b4c4f9e9e8191b946a865fc; no voters: 
I20260709 13:08:05.738173 21085 raft_consensus.cc:2804] T ea802de1df574b379f5a14c8495d9009 P b9ef5b810b4c4f9e9e8191b946a865fc [term 2 FOLLOWER]: Leader election won for term 2
I20260709 13:08:05.738817 21085 raft_consensus.cc:697] T ea802de1df574b379f5a14c8495d9009 P b9ef5b810b4c4f9e9e8191b946a865fc [term 2 LEADER]: Becoming Leader. State: Replica: b9ef5b810b4c4f9e9e8191b946a865fc, State: Running, Role: LEADER
I20260709 13:08:05.739622 21085 consensus_queue.cc:237] T ea802de1df574b379f5a14c8495d9009 P b9ef5b810b4c4f9e9e8191b946a865fc [LEADER]: Queue going to LEADER mode. State: All replicated index: 0, Majority replicated index: 1, Committed index: 1, Last appended: 1.1, Last appended by leader: 1, Current term: 2, Majority size: 2, State: 0, Mode: LEADER, active raft config: opid_index: -1 OBSOLETE_local: false peers { permanent_uuid: "080f309ca99e47b5af5afe977a334979" member_type: VOTER last_known_addr { host: "127.20.63.193" port: 45309 } } peers { permanent_uuid: "b9ef5b810b4c4f9e9e8191b946a865fc" member_type: VOTER last_known_addr { host: "127.20.63.194" port: 39499 } } peers { permanent_uuid: "a57a3c3d4fb94df6a22814a79c0f1c37" member_type: VOTER last_known_addr { host: "127.20.63.195" port: 46825 } }
I20260709 13:08:05.751773 20764 catalog_manager.cc:5697] T ea802de1df574b379f5a14c8495d9009 P b9ef5b810b4c4f9e9e8191b946a865fc reported cstate change: term changed from 1 to 2, leader changed from 080f309ca99e47b5af5afe977a334979 (127.20.63.193) to b9ef5b810b4c4f9e9e8191b946a865fc (127.20.63.194). New cstate: current_term: 2 leader_uuid: "b9ef5b810b4c4f9e9e8191b946a865fc" committed_config { opid_index: -1 OBSOLETE_local: false peers { permanent_uuid: "080f309ca99e47b5af5afe977a334979" member_type: VOTER last_known_addr { host: "127.20.63.193" port: 45309 } health_report { overall_health: UNKNOWN } } peers { permanent_uuid: "b9ef5b810b4c4f9e9e8191b946a865fc" member_type: VOTER last_known_addr { host: "127.20.63.194" port: 39499 } health_report { overall_health: HEALTHY } } peers { permanent_uuid: "a57a3c3d4fb94df6a22814a79c0f1c37" member_type: VOTER last_known_addr { host: "127.20.63.195" port: 46825 } health_report { overall_health: UNKNOWN } } }
I20260709 13:08:05.828117 21113 raft_consensus.cc:993] T 81a31f0fd7cc4c8094640c830f6dee60 P 080f309ca99e47b5af5afe977a334979: : Instructing follower b9ef5b810b4c4f9e9e8191b946a865fc to start an election
I20260709 13:08:05.828886 21191 raft_consensus.cc:1081] T 81a31f0fd7cc4c8094640c830f6dee60 P 080f309ca99e47b5af5afe977a334979 [term 2 LEADER]: Signalling peer b9ef5b810b4c4f9e9e8191b946a865fc to start an election
I20260709 13:08:05.831562 20943 tablet_service.cc:2044] Received Run Leader Election RPC: tablet_id: "81a31f0fd7cc4c8094640c830f6dee60"
dest_uuid: "b9ef5b810b4c4f9e9e8191b946a865fc"
 from {username='slave'} at 127.0.0.1:55304
I20260709 13:08:05.832010 20943 raft_consensus.cc:493] T 81a31f0fd7cc4c8094640c830f6dee60 P b9ef5b810b4c4f9e9e8191b946a865fc [term 2 FOLLOWER]: Starting forced leader election (received explicit request)
I20260709 13:08:05.832239 20943 raft_consensus.cc:3060] T 81a31f0fd7cc4c8094640c830f6dee60 P b9ef5b810b4c4f9e9e8191b946a865fc [term 2 FOLLOWER]: Advancing to term 3
I20260709 13:08:05.836179 20943 raft_consensus.cc:515] T 81a31f0fd7cc4c8094640c830f6dee60 P b9ef5b810b4c4f9e9e8191b946a865fc [term 3 FOLLOWER]: Starting forced leader election with config: opid_index: -1 OBSOLETE_local: false peers { permanent_uuid: "080f309ca99e47b5af5afe977a334979" member_type: VOTER last_known_addr { host: "127.20.63.193" port: 45309 } } peers { permanent_uuid: "b9ef5b810b4c4f9e9e8191b946a865fc" member_type: VOTER last_known_addr { host: "127.20.63.194" port: 39499 } } peers { permanent_uuid: "a57a3c3d4fb94df6a22814a79c0f1c37" member_type: VOTER last_known_addr { host: "127.20.63.195" port: 46825 } }
I20260709 13:08:05.837740 20943 leader_election.cc:290] T 81a31f0fd7cc4c8094640c830f6dee60 P b9ef5b810b4c4f9e9e8191b946a865fc [CANDIDATE]: Term 3 election: Requested vote from peers 080f309ca99e47b5af5afe977a334979 (127.20.63.193:45309), a57a3c3d4fb94df6a22814a79c0f1c37 (127.20.63.195:46825)
I20260709 13:08:05.838820 21018 tablet_service.cc:1917] Received RequestConsensusVote() RPC: tablet_id: "81a31f0fd7cc4c8094640c830f6dee60" candidate_uuid: "b9ef5b810b4c4f9e9e8191b946a865fc" candidate_term: 3 candidate_status { last_received { term: 2 index: 2 } } ignore_live_leader: true dest_uuid: "a57a3c3d4fb94df6a22814a79c0f1c37"
I20260709 13:08:05.839071 20869 tablet_service.cc:1917] Received RequestConsensusVote() RPC: tablet_id: "81a31f0fd7cc4c8094640c830f6dee60" candidate_uuid: "b9ef5b810b4c4f9e9e8191b946a865fc" candidate_term: 3 candidate_status { last_received { term: 2 index: 2 } } ignore_live_leader: true dest_uuid: "080f309ca99e47b5af5afe977a334979"
I20260709 13:08:05.839344 21018 raft_consensus.cc:3060] T 81a31f0fd7cc4c8094640c830f6dee60 P a57a3c3d4fb94df6a22814a79c0f1c37 [term 2 FOLLOWER]: Advancing to term 3
I20260709 13:08:05.839618 20869 raft_consensus.cc:3055] T 81a31f0fd7cc4c8094640c830f6dee60 P 080f309ca99e47b5af5afe977a334979 [term 2 LEADER]: Stepping down as leader of term 2
I20260709 13:08:05.839963 20869 raft_consensus.cc:740] T 81a31f0fd7cc4c8094640c830f6dee60 P 080f309ca99e47b5af5afe977a334979 [term 2 LEADER]: Becoming Follower/Learner. State: Replica: 080f309ca99e47b5af5afe977a334979, State: Running, Role: LEADER
I20260709 13:08:05.840822 20869 consensus_queue.cc:260] T 81a31f0fd7cc4c8094640c830f6dee60 P 080f309ca99e47b5af5afe977a334979 [NON_LEADER]: Queue going to NON_LEADER mode. State: All replicated index: 0, Majority replicated index: 2, Committed index: 2, Last appended: 2.2, Last appended by leader: 2, Current term: 2, Majority size: -1, State: 0, Mode: NON_LEADER, active raft config: opid_index: -1 OBSOLETE_local: false peers { permanent_uuid: "080f309ca99e47b5af5afe977a334979" member_type: VOTER last_known_addr { host: "127.20.63.193" port: 45309 } } peers { permanent_uuid: "b9ef5b810b4c4f9e9e8191b946a865fc" member_type: VOTER last_known_addr { host: "127.20.63.194" port: 39499 } } peers { permanent_uuid: "a57a3c3d4fb94df6a22814a79c0f1c37" member_type: VOTER last_known_addr { host: "127.20.63.195" port: 46825 } }
I20260709 13:08:05.842082 20869 raft_consensus.cc:3060] T 81a31f0fd7cc4c8094640c830f6dee60 P 080f309ca99e47b5af5afe977a334979 [term 2 FOLLOWER]: Advancing to term 3
I20260709 13:08:05.847540 21113 raft_consensus.cc:993] T 59e4d0905b84491b85c4ec74d97a8ffc P 080f309ca99e47b5af5afe977a334979: : Instructing follower b9ef5b810b4c4f9e9e8191b946a865fc to start an election
I20260709 13:08:05.848214 21191 raft_consensus.cc:1081] T 59e4d0905b84491b85c4ec74d97a8ffc P 080f309ca99e47b5af5afe977a334979 [term 2 LEADER]: Signalling peer b9ef5b810b4c4f9e9e8191b946a865fc to start an election
I20260709 13:08:05.849272 21018 raft_consensus.cc:2468] T 81a31f0fd7cc4c8094640c830f6dee60 P a57a3c3d4fb94df6a22814a79c0f1c37 [term 3 FOLLOWER]: Leader election vote request: Granting yes vote for candidate b9ef5b810b4c4f9e9e8191b946a865fc in term 3.
I20260709 13:08:05.850634 20908 leader_election.cc:304] T 81a31f0fd7cc4c8094640c830f6dee60 P b9ef5b810b4c4f9e9e8191b946a865fc [CANDIDATE]: Term 3 election: Election decided. Result: candidate won. Election summary: received 2 responses out of 3 voters: 2 yes votes; 0 no votes. yes voters: a57a3c3d4fb94df6a22814a79c0f1c37, b9ef5b810b4c4f9e9e8191b946a865fc; no voters: 
I20260709 13:08:05.850739 20943 tablet_service.cc:2044] Received Run Leader Election RPC: tablet_id: "59e4d0905b84491b85c4ec74d97a8ffc"
dest_uuid: "b9ef5b810b4c4f9e9e8191b946a865fc"
 from {username='slave'} at 127.0.0.1:55304
I20260709 13:08:05.851467 20943 raft_consensus.cc:493] T 59e4d0905b84491b85c4ec74d97a8ffc P b9ef5b810b4c4f9e9e8191b946a865fc [term 2 FOLLOWER]: Starting forced leader election (received explicit request)
I20260709 13:08:05.851565 21187 raft_consensus.cc:2804] T 81a31f0fd7cc4c8094640c830f6dee60 P b9ef5b810b4c4f9e9e8191b946a865fc [term 3 FOLLOWER]: Leader election won for term 3
I20260709 13:08:05.851655 20869 raft_consensus.cc:2468] T 81a31f0fd7cc4c8094640c830f6dee60 P 080f309ca99e47b5af5afe977a334979 [term 3 FOLLOWER]: Leader election vote request: Granting yes vote for candidate b9ef5b810b4c4f9e9e8191b946a865fc in term 3.
I20260709 13:08:05.851912 20943 raft_consensus.cc:3060] T 59e4d0905b84491b85c4ec74d97a8ffc P b9ef5b810b4c4f9e9e8191b946a865fc [term 2 FOLLOWER]: Advancing to term 3
I20260709 13:08:05.852458 21187 raft_consensus.cc:697] T 81a31f0fd7cc4c8094640c830f6dee60 P b9ef5b810b4c4f9e9e8191b946a865fc [term 3 LEADER]: Becoming Leader. State: Replica: b9ef5b810b4c4f9e9e8191b946a865fc, State: Running, Role: LEADER
I20260709 13:08:05.853217 21187 consensus_queue.cc:237] T 81a31f0fd7cc4c8094640c830f6dee60 P b9ef5b810b4c4f9e9e8191b946a865fc [LEADER]: Queue going to LEADER mode. State: All replicated index: 0, Majority replicated index: 2, Committed index: 2, Last appended: 2.2, Last appended by leader: 2, Current term: 3, Majority size: 2, State: 0, Mode: LEADER, active raft config: opid_index: -1 OBSOLETE_local: false peers { permanent_uuid: "080f309ca99e47b5af5afe977a334979" member_type: VOTER last_known_addr { host: "127.20.63.193" port: 45309 } } peers { permanent_uuid: "b9ef5b810b4c4f9e9e8191b946a865fc" member_type: VOTER last_known_addr { host: "127.20.63.194" port: 39499 } } peers { permanent_uuid: "a57a3c3d4fb94df6a22814a79c0f1c37" member_type: VOTER last_known_addr { host: "127.20.63.195" port: 46825 } }
I20260709 13:08:05.857870 20943 raft_consensus.cc:515] T 59e4d0905b84491b85c4ec74d97a8ffc P b9ef5b810b4c4f9e9e8191b946a865fc [term 3 FOLLOWER]: Starting forced leader election with config: opid_index: -1 OBSOLETE_local: false peers { permanent_uuid: "080f309ca99e47b5af5afe977a334979" member_type: VOTER last_known_addr { host: "127.20.63.193" port: 45309 } } peers { permanent_uuid: "b9ef5b810b4c4f9e9e8191b946a865fc" member_type: VOTER last_known_addr { host: "127.20.63.194" port: 39499 } } peers { permanent_uuid: "a57a3c3d4fb94df6a22814a79c0f1c37" member_type: VOTER last_known_addr { host: "127.20.63.195" port: 46825 } }
I20260709 13:08:05.860314 20943 leader_election.cc:290] T 59e4d0905b84491b85c4ec74d97a8ffc P b9ef5b810b4c4f9e9e8191b946a865fc [CANDIDATE]: Term 3 election: Requested vote from peers 080f309ca99e47b5af5afe977a334979 (127.20.63.193:45309), a57a3c3d4fb94df6a22814a79c0f1c37 (127.20.63.195:46825)
I20260709 13:08:05.860491 20869 tablet_service.cc:1917] Received RequestConsensusVote() RPC: tablet_id: "59e4d0905b84491b85c4ec74d97a8ffc" candidate_uuid: "b9ef5b810b4c4f9e9e8191b946a865fc" candidate_term: 3 candidate_status { last_received { term: 2 index: 2 } } ignore_live_leader: true dest_uuid: "080f309ca99e47b5af5afe977a334979"
I20260709 13:08:05.861068 20869 raft_consensus.cc:3055] T 59e4d0905b84491b85c4ec74d97a8ffc P 080f309ca99e47b5af5afe977a334979 [term 2 LEADER]: Stepping down as leader of term 2
I20260709 13:08:05.861330 20869 raft_consensus.cc:740] T 59e4d0905b84491b85c4ec74d97a8ffc P 080f309ca99e47b5af5afe977a334979 [term 2 LEADER]: Becoming Follower/Learner. State: Replica: 080f309ca99e47b5af5afe977a334979, State: Running, Role: LEADER
I20260709 13:08:05.861485 20764 catalog_manager.cc:5697] T 81a31f0fd7cc4c8094640c830f6dee60 P b9ef5b810b4c4f9e9e8191b946a865fc reported cstate change: term changed from 2 to 3, leader changed from 080f309ca99e47b5af5afe977a334979 (127.20.63.193) to b9ef5b810b4c4f9e9e8191b946a865fc (127.20.63.194). New cstate: current_term: 3 leader_uuid: "b9ef5b810b4c4f9e9e8191b946a865fc" committed_config { opid_index: -1 OBSOLETE_local: false peers { permanent_uuid: "080f309ca99e47b5af5afe977a334979" member_type: VOTER last_known_addr { host: "127.20.63.193" port: 45309 } health_report { overall_health: UNKNOWN } } peers { permanent_uuid: "b9ef5b810b4c4f9e9e8191b946a865fc" member_type: VOTER last_known_addr { host: "127.20.63.194" port: 39499 } health_report { overall_health: HEALTHY } } peers { permanent_uuid: "a57a3c3d4fb94df6a22814a79c0f1c37" member_type: VOTER last_known_addr { host: "127.20.63.195" port: 46825 } health_report { overall_health: UNKNOWN } } }
I20260709 13:08:05.862352 21018 tablet_service.cc:1917] Received RequestConsensusVote() RPC: tablet_id: "59e4d0905b84491b85c4ec74d97a8ffc" candidate_uuid: "b9ef5b810b4c4f9e9e8191b946a865fc" candidate_term: 3 candidate_status { last_received { term: 2 index: 2 } } ignore_live_leader: true dest_uuid: "a57a3c3d4fb94df6a22814a79c0f1c37"
I20260709 13:08:05.862202 20869 consensus_queue.cc:260] T 59e4d0905b84491b85c4ec74d97a8ffc P 080f309ca99e47b5af5afe977a334979 [NON_LEADER]: Queue going to NON_LEADER mode. State: All replicated index: 0, Majority replicated index: 2, Committed index: 2, Last appended: 2.2, Last appended by leader: 2, Current term: 2, Majority size: -1, State: 0, Mode: NON_LEADER, active raft config: opid_index: -1 OBSOLETE_local: false peers { permanent_uuid: "080f309ca99e47b5af5afe977a334979" member_type: VOTER last_known_addr { host: "127.20.63.193" port: 45309 } } peers { permanent_uuid: "b9ef5b810b4c4f9e9e8191b946a865fc" member_type: VOTER last_known_addr { host: "127.20.63.194" port: 39499 } } peers { permanent_uuid: "a57a3c3d4fb94df6a22814a79c0f1c37" member_type: VOTER last_known_addr { host: "127.20.63.195" port: 46825 } }
I20260709 13:08:05.862910 21018 raft_consensus.cc:3060] T 59e4d0905b84491b85c4ec74d97a8ffc P a57a3c3d4fb94df6a22814a79c0f1c37 [term 2 FOLLOWER]: Advancing to term 3
I20260709 13:08:05.863226 20869 raft_consensus.cc:3060] T 59e4d0905b84491b85c4ec74d97a8ffc P 080f309ca99e47b5af5afe977a334979 [term 2 FOLLOWER]: Advancing to term 3
I20260709 13:08:05.870016 20869 raft_consensus.cc:2468] T 59e4d0905b84491b85c4ec74d97a8ffc P 080f309ca99e47b5af5afe977a334979 [term 3 FOLLOWER]: Leader election vote request: Granting yes vote for candidate b9ef5b810b4c4f9e9e8191b946a865fc in term 3.
I20260709 13:08:05.870478 21018 raft_consensus.cc:2468] T 59e4d0905b84491b85c4ec74d97a8ffc P a57a3c3d4fb94df6a22814a79c0f1c37 [term 3 FOLLOWER]: Leader election vote request: Granting yes vote for candidate b9ef5b810b4c4f9e9e8191b946a865fc in term 3.
I20260709 13:08:05.871235 20909 leader_election.cc:304] T 59e4d0905b84491b85c4ec74d97a8ffc P b9ef5b810b4c4f9e9e8191b946a865fc [CANDIDATE]: Term 3 election: Election decided. Result: candidate won. Election summary: received 2 responses out of 3 voters: 2 yes votes; 0 no votes. yes voters: 080f309ca99e47b5af5afe977a334979, b9ef5b810b4c4f9e9e8191b946a865fc; no voters: 
I20260709 13:08:05.872180 21187 raft_consensus.cc:2804] T 59e4d0905b84491b85c4ec74d97a8ffc P b9ef5b810b4c4f9e9e8191b946a865fc [term 3 FOLLOWER]: Leader election won for term 3
I20260709 13:08:05.872805 21187 raft_consensus.cc:697] T 59e4d0905b84491b85c4ec74d97a8ffc P b9ef5b810b4c4f9e9e8191b946a865fc [term 3 LEADER]: Becoming Leader. State: Replica: b9ef5b810b4c4f9e9e8191b946a865fc, State: Running, Role: LEADER
I20260709 13:08:05.873744 21187 consensus_queue.cc:237] T 59e4d0905b84491b85c4ec74d97a8ffc P b9ef5b810b4c4f9e9e8191b946a865fc [LEADER]: Queue going to LEADER mode. State: All replicated index: 0, Majority replicated index: 2, Committed index: 2, Last appended: 2.2, Last appended by leader: 2, Current term: 3, Majority size: 2, State: 0, Mode: LEADER, active raft config: opid_index: -1 OBSOLETE_local: false peers { permanent_uuid: "080f309ca99e47b5af5afe977a334979" member_type: VOTER last_known_addr { host: "127.20.63.193" port: 45309 } } peers { permanent_uuid: "b9ef5b810b4c4f9e9e8191b946a865fc" member_type: VOTER last_known_addr { host: "127.20.63.194" port: 39499 } } peers { permanent_uuid: "a57a3c3d4fb94df6a22814a79c0f1c37" member_type: VOTER last_known_addr { host: "127.20.63.195" port: 46825 } }
I20260709 13:08:05.880415 20764 catalog_manager.cc:5697] T 59e4d0905b84491b85c4ec74d97a8ffc P b9ef5b810b4c4f9e9e8191b946a865fc reported cstate change: term changed from 2 to 3, leader changed from 080f309ca99e47b5af5afe977a334979 (127.20.63.193) to b9ef5b810b4c4f9e9e8191b946a865fc (127.20.63.194). New cstate: current_term: 3 leader_uuid: "b9ef5b810b4c4f9e9e8191b946a865fc" committed_config { opid_index: -1 OBSOLETE_local: false peers { permanent_uuid: "080f309ca99e47b5af5afe977a334979" member_type: VOTER last_known_addr { host: "127.20.63.193" port: 45309 } health_report { overall_health: UNKNOWN } } peers { permanent_uuid: "b9ef5b810b4c4f9e9e8191b946a865fc" member_type: VOTER last_known_addr { host: "127.20.63.194" port: 39499 } health_report { overall_health: HEALTHY } } peers { permanent_uuid: "a57a3c3d4fb94df6a22814a79c0f1c37" member_type: VOTER last_known_addr { host: "127.20.63.195" port: 46825 } health_report { overall_health: UNKNOWN } } }
I20260709 13:08:05.907290 21180 raft_consensus.cc:993] T 474da40e60d14b47bfbfc5040b65cb81 P a57a3c3d4fb94df6a22814a79c0f1c37: : Instructing follower b9ef5b810b4c4f9e9e8191b946a865fc to start an election
I20260709 13:08:05.907778 21112 raft_consensus.cc:1081] T 474da40e60d14b47bfbfc5040b65cb81 P a57a3c3d4fb94df6a22814a79c0f1c37 [term 2 LEADER]: Signalling peer b9ef5b810b4c4f9e9e8191b946a865fc to start an election
I20260709 13:08:05.909873 20943 tablet_service.cc:2044] Received Run Leader Election RPC: tablet_id: "474da40e60d14b47bfbfc5040b65cb81"
dest_uuid: "b9ef5b810b4c4f9e9e8191b946a865fc"
 from {username='slave'} at 127.0.0.1:55320
I20260709 13:08:05.910461 20943 raft_consensus.cc:493] T 474da40e60d14b47bfbfc5040b65cb81 P b9ef5b810b4c4f9e9e8191b946a865fc [term 2 FOLLOWER]: Starting forced leader election (received explicit request)
I20260709 13:08:05.910804 20943 raft_consensus.cc:3060] T 474da40e60d14b47bfbfc5040b65cb81 P b9ef5b810b4c4f9e9e8191b946a865fc [term 2 FOLLOWER]: Advancing to term 3
I20260709 13:08:05.915105 20943 raft_consensus.cc:515] T 474da40e60d14b47bfbfc5040b65cb81 P b9ef5b810b4c4f9e9e8191b946a865fc [term 3 FOLLOWER]: Starting forced leader election with config: opid_index: -1 OBSOLETE_local: false peers { permanent_uuid: "a57a3c3d4fb94df6a22814a79c0f1c37" member_type: VOTER last_known_addr { host: "127.20.63.195" port: 46825 } } peers { permanent_uuid: "080f309ca99e47b5af5afe977a334979" member_type: VOTER last_known_addr { host: "127.20.63.193" port: 45309 } } peers { permanent_uuid: "b9ef5b810b4c4f9e9e8191b946a865fc" member_type: VOTER last_known_addr { host: "127.20.63.194" port: 39499 } }
I20260709 13:08:05.916821 20943 leader_election.cc:290] T 474da40e60d14b47bfbfc5040b65cb81 P b9ef5b810b4c4f9e9e8191b946a865fc [CANDIDATE]: Term 3 election: Requested vote from peers a57a3c3d4fb94df6a22814a79c0f1c37 (127.20.63.195:46825), 080f309ca99e47b5af5afe977a334979 (127.20.63.193:45309)
I20260709 13:08:05.917771 21018 tablet_service.cc:1917] Received RequestConsensusVote() RPC: tablet_id: "474da40e60d14b47bfbfc5040b65cb81" candidate_uuid: "b9ef5b810b4c4f9e9e8191b946a865fc" candidate_term: 3 candidate_status { last_received { term: 2 index: 2 } } ignore_live_leader: true dest_uuid: "a57a3c3d4fb94df6a22814a79c0f1c37"
I20260709 13:08:05.918007 20869 tablet_service.cc:1917] Received RequestConsensusVote() RPC: tablet_id: "474da40e60d14b47bfbfc5040b65cb81" candidate_uuid: "b9ef5b810b4c4f9e9e8191b946a865fc" candidate_term: 3 candidate_status { last_received { term: 2 index: 2 } } ignore_live_leader: true dest_uuid: "080f309ca99e47b5af5afe977a334979"
I20260709 13:08:05.918381 21018 raft_consensus.cc:3055] T 474da40e60d14b47bfbfc5040b65cb81 P a57a3c3d4fb94df6a22814a79c0f1c37 [term 2 LEADER]: Stepping down as leader of term 2
I20260709 13:08:05.918480 20869 raft_consensus.cc:3060] T 474da40e60d14b47bfbfc5040b65cb81 P 080f309ca99e47b5af5afe977a334979 [term 2 FOLLOWER]: Advancing to term 3
I20260709 13:08:05.918728 21018 raft_consensus.cc:740] T 474da40e60d14b47bfbfc5040b65cb81 P a57a3c3d4fb94df6a22814a79c0f1c37 [term 2 LEADER]: Becoming Follower/Learner. State: Replica: a57a3c3d4fb94df6a22814a79c0f1c37, State: Running, Role: LEADER
I20260709 13:08:05.919512 21018 consensus_queue.cc:260] T 474da40e60d14b47bfbfc5040b65cb81 P a57a3c3d4fb94df6a22814a79c0f1c37 [NON_LEADER]: Queue going to NON_LEADER mode. State: All replicated index: 0, Majority replicated index: 2, Committed index: 2, Last appended: 2.2, Last appended by leader: 2, Current term: 2, Majority size: -1, State: 0, Mode: NON_LEADER, active raft config: opid_index: -1 OBSOLETE_local: false peers { permanent_uuid: "a57a3c3d4fb94df6a22814a79c0f1c37" member_type: VOTER last_known_addr { host: "127.20.63.195" port: 46825 } } peers { permanent_uuid: "080f309ca99e47b5af5afe977a334979" member_type: VOTER last_known_addr { host: "127.20.63.193" port: 45309 } } peers { permanent_uuid: "b9ef5b810b4c4f9e9e8191b946a865fc" member_type: VOTER last_known_addr { host: "127.20.63.194" port: 39499 } }
I20260709 13:08:05.920619 21018 raft_consensus.cc:3060] T 474da40e60d14b47bfbfc5040b65cb81 P a57a3c3d4fb94df6a22814a79c0f1c37 [term 2 FOLLOWER]: Advancing to term 3
I20260709 13:08:05.924949 20869 raft_consensus.cc:2468] T 474da40e60d14b47bfbfc5040b65cb81 P 080f309ca99e47b5af5afe977a334979 [term 3 FOLLOWER]: Leader election vote request: Granting yes vote for candidate b9ef5b810b4c4f9e9e8191b946a865fc in term 3.
I20260709 13:08:05.926360 20909 leader_election.cc:304] T 474da40e60d14b47bfbfc5040b65cb81 P b9ef5b810b4c4f9e9e8191b946a865fc [CANDIDATE]: Term 3 election: Election decided. Result: candidate won. Election summary: received 2 responses out of 3 voters: 2 yes votes; 0 no votes. yes voters: 080f309ca99e47b5af5afe977a334979, b9ef5b810b4c4f9e9e8191b946a865fc; no voters: 
I20260709 13:08:05.926906 21018 raft_consensus.cc:2468] T 474da40e60d14b47bfbfc5040b65cb81 P a57a3c3d4fb94df6a22814a79c0f1c37 [term 3 FOLLOWER]: Leader election vote request: Granting yes vote for candidate b9ef5b810b4c4f9e9e8191b946a865fc in term 3.
I20260709 13:08:05.927856 21187 raft_consensus.cc:2804] T 474da40e60d14b47bfbfc5040b65cb81 P b9ef5b810b4c4f9e9e8191b946a865fc [term 3 FOLLOWER]: Leader election won for term 3
I20260709 13:08:05.928550 21187 raft_consensus.cc:697] T 474da40e60d14b47bfbfc5040b65cb81 P b9ef5b810b4c4f9e9e8191b946a865fc [term 3 LEADER]: Becoming Leader. State: Replica: b9ef5b810b4c4f9e9e8191b946a865fc, State: Running, Role: LEADER
I20260709 13:08:05.929960 21187 consensus_queue.cc:237] T 474da40e60d14b47bfbfc5040b65cb81 P b9ef5b810b4c4f9e9e8191b946a865fc [LEADER]: Queue going to LEADER mode. State: All replicated index: 0, Majority replicated index: 2, Committed index: 2, Last appended: 2.2, Last appended by leader: 2, Current term: 3, Majority size: 2, State: 0, Mode: LEADER, active raft config: opid_index: -1 OBSOLETE_local: false peers { permanent_uuid: "a57a3c3d4fb94df6a22814a79c0f1c37" member_type: VOTER last_known_addr { host: "127.20.63.195" port: 46825 } } peers { permanent_uuid: "080f309ca99e47b5af5afe977a334979" member_type: VOTER last_known_addr { host: "127.20.63.193" port: 45309 } } peers { permanent_uuid: "b9ef5b810b4c4f9e9e8191b946a865fc" member_type: VOTER last_known_addr { host: "127.20.63.194" port: 39499 } }
I20260709 13:08:05.937094 20764 catalog_manager.cc:5697] T 474da40e60d14b47bfbfc5040b65cb81 P b9ef5b810b4c4f9e9e8191b946a865fc reported cstate change: term changed from 2 to 3, leader changed from a57a3c3d4fb94df6a22814a79c0f1c37 (127.20.63.195) to b9ef5b810b4c4f9e9e8191b946a865fc (127.20.63.194). New cstate: current_term: 3 leader_uuid: "b9ef5b810b4c4f9e9e8191b946a865fc" committed_config { opid_index: -1 OBSOLETE_local: false peers { permanent_uuid: "a57a3c3d4fb94df6a22814a79c0f1c37" member_type: VOTER last_known_addr { host: "127.20.63.195" port: 46825 } health_report { overall_health: UNKNOWN } } peers { permanent_uuid: "080f309ca99e47b5af5afe977a334979" member_type: VOTER last_known_addr { host: "127.20.63.193" port: 45309 } health_report { overall_health: UNKNOWN } } peers { permanent_uuid: "b9ef5b810b4c4f9e9e8191b946a865fc" member_type: VOTER last_known_addr { host: "127.20.63.194" port: 39499 } health_report { overall_health: HEALTHY } } }
I20260709 13:08:06.098953 21018 raft_consensus.cc:1275] T 6685f32ce5ec4a9289616ac749291e3a P a57a3c3d4fb94df6a22814a79c0f1c37 [term 4 FOLLOWER]: Refusing update from remote peer b9ef5b810b4c4f9e9e8191b946a865fc: Log matching property violated. Preceding OpId in replica: term: 3 index: 3. Preceding OpId from leader: term: 4 index: 4. (index mismatch)
I20260709 13:08:06.100208 21085 consensus_queue.cc:1048] T 6685f32ce5ec4a9289616ac749291e3a P b9ef5b810b4c4f9e9e8191b946a865fc [LEADER]: Connected to new peer: Peer: permanent_uuid: "a57a3c3d4fb94df6a22814a79c0f1c37" member_type: VOTER last_known_addr { host: "127.20.63.195" port: 46825 }, Status: LMP_MISMATCH, Last received: 0.0, Next index: 4, Last known committed idx: 3, Time since last communication: 0.000s
I20260709 13:08:06.112535 20869 raft_consensus.cc:1275] T 6685f32ce5ec4a9289616ac749291e3a P 080f309ca99e47b5af5afe977a334979 [term 4 FOLLOWER]: Refusing update from remote peer b9ef5b810b4c4f9e9e8191b946a865fc: Log matching property violated. Preceding OpId in replica: term: 3 index: 3. Preceding OpId from leader: term: 4 index: 4. (index mismatch)
I20260709 13:08:06.114292 21197 consensus_queue.cc:1048] T 6685f32ce5ec4a9289616ac749291e3a P b9ef5b810b4c4f9e9e8191b946a865fc [LEADER]: Connected to new peer: Peer: permanent_uuid: "080f309ca99e47b5af5afe977a334979" member_type: VOTER last_known_addr { host: "127.20.63.193" port: 45309 }, Status: LMP_MISMATCH, Last received: 0.0, Next index: 4, Last known committed idx: 3, Time since last communication: 0.000s
I20260709 13:08:06.251209 20869 raft_consensus.cc:1275] T 81a31f0fd7cc4c8094640c830f6dee60 P 080f309ca99e47b5af5afe977a334979 [term 3 FOLLOWER]: Refusing update from remote peer b9ef5b810b4c4f9e9e8191b946a865fc: Log matching property violated. Preceding OpId in replica: term: 2 index: 2. Preceding OpId from leader: term: 3 index: 3. (index mismatch)
I20260709 13:08:06.252477 21197 consensus_queue.cc:1048] T 81a31f0fd7cc4c8094640c830f6dee60 P b9ef5b810b4c4f9e9e8191b946a865fc [LEADER]: Connected to new peer: Peer: permanent_uuid: "080f309ca99e47b5af5afe977a334979" member_type: VOTER last_known_addr { host: "127.20.63.193" port: 45309 }, Status: LMP_MISMATCH, Last received: 0.0, Next index: 3, Last known committed idx: 2, Time since last communication: 0.000s
I20260709 13:08:06.261983 21018 raft_consensus.cc:1275] T 81a31f0fd7cc4c8094640c830f6dee60 P a57a3c3d4fb94df6a22814a79c0f1c37 [term 3 FOLLOWER]: Refusing update from remote peer b9ef5b810b4c4f9e9e8191b946a865fc: Log matching property violated. Preceding OpId in replica: term: 2 index: 2. Preceding OpId from leader: term: 3 index: 3. (index mismatch)
I20260709 13:08:06.264420 21197 consensus_queue.cc:1048] T 81a31f0fd7cc4c8094640c830f6dee60 P b9ef5b810b4c4f9e9e8191b946a865fc [LEADER]: Connected to new peer: Peer: permanent_uuid: "a57a3c3d4fb94df6a22814a79c0f1c37" member_type: VOTER last_known_addr { host: "127.20.63.195" port: 46825 }, Status: LMP_MISMATCH, Last received: 0.0, Next index: 3, Last known committed idx: 2, Time since last communication: 0.000s
I20260709 13:08:06.289776 20868 raft_consensus.cc:1275] T ea802de1df574b379f5a14c8495d9009 P 080f309ca99e47b5af5afe977a334979 [term 2 FOLLOWER]: Refusing update from remote peer b9ef5b810b4c4f9e9e8191b946a865fc: Log matching property violated. Preceding OpId in replica: term: 1 index: 1. Preceding OpId from leader: term: 2 index: 2. (index mismatch)
I20260709 13:08:06.291814 21197 consensus_queue.cc:1048] T ea802de1df574b379f5a14c8495d9009 P b9ef5b810b4c4f9e9e8191b946a865fc [LEADER]: Connected to new peer: Peer: permanent_uuid: "080f309ca99e47b5af5afe977a334979" member_type: VOTER last_known_addr { host: "127.20.63.193" port: 45309 }, Status: LMP_MISMATCH, Last received: 0.0, Next index: 2, Last known committed idx: 1, Time since last communication: 0.000s
I20260709 13:08:06.301512 21018 raft_consensus.cc:1275] T ea802de1df574b379f5a14c8495d9009 P a57a3c3d4fb94df6a22814a79c0f1c37 [term 2 FOLLOWER]: Refusing update from remote peer b9ef5b810b4c4f9e9e8191b946a865fc: Log matching property violated. Preceding OpId in replica: term: 1 index: 1. Preceding OpId from leader: term: 2 index: 2. (index mismatch)
I20260709 13:08:06.304769 21202 consensus_queue.cc:1048] T ea802de1df574b379f5a14c8495d9009 P b9ef5b810b4c4f9e9e8191b946a865fc [LEADER]: Connected to new peer: Peer: permanent_uuid: "a57a3c3d4fb94df6a22814a79c0f1c37" member_type: VOTER last_known_addr { host: "127.20.63.195" port: 46825 }, Status: LMP_MISMATCH, Last received: 0.0, Next index: 2, Last known committed idx: 1, Time since last communication: 0.001s
I20260709 13:08:06.342444 20868 raft_consensus.cc:1275] T 474da40e60d14b47bfbfc5040b65cb81 P 080f309ca99e47b5af5afe977a334979 [term 3 FOLLOWER]: Refusing update from remote peer b9ef5b810b4c4f9e9e8191b946a865fc: Log matching property violated. Preceding OpId in replica: term: 2 index: 2. Preceding OpId from leader: term: 3 index: 3. (index mismatch)
I20260709 13:08:06.346354 21202 consensus_queue.cc:1048] T 474da40e60d14b47bfbfc5040b65cb81 P b9ef5b810b4c4f9e9e8191b946a865fc [LEADER]: Connected to new peer: Peer: permanent_uuid: "080f309ca99e47b5af5afe977a334979" member_type: VOTER last_known_addr { host: "127.20.63.193" port: 45309 }, Status: LMP_MISMATCH, Last received: 0.0, Next index: 3, Last known committed idx: 2, Time since last communication: 0.001s
I20260709 13:08:06.358861 21018 raft_consensus.cc:1275] T 474da40e60d14b47bfbfc5040b65cb81 P a57a3c3d4fb94df6a22814a79c0f1c37 [term 3 FOLLOWER]: Refusing update from remote peer b9ef5b810b4c4f9e9e8191b946a865fc: Log matching property violated. Preceding OpId in replica: term: 2 index: 2. Preceding OpId from leader: term: 3 index: 3. (index mismatch)
I20260709 13:08:06.360447 21187 consensus_queue.cc:1048] T 474da40e60d14b47bfbfc5040b65cb81 P b9ef5b810b4c4f9e9e8191b946a865fc [LEADER]: Connected to new peer: Peer: permanent_uuid: "a57a3c3d4fb94df6a22814a79c0f1c37" member_type: VOTER last_known_addr { host: "127.20.63.195" port: 46825 }, Status: LMP_MISMATCH, Last received: 0.0, Next index: 3, Last known committed idx: 2, Time since last communication: 0.000s
I20260709 13:08:06.436180 21018 raft_consensus.cc:1275] T 59e4d0905b84491b85c4ec74d97a8ffc P a57a3c3d4fb94df6a22814a79c0f1c37 [term 3 FOLLOWER]: Refusing update from remote peer b9ef5b810b4c4f9e9e8191b946a865fc: Log matching property violated. Preceding OpId in replica: term: 2 index: 2. Preceding OpId from leader: term: 3 index: 3. (index mismatch)
I20260709 13:08:06.437625 21187 consensus_queue.cc:1048] T 59e4d0905b84491b85c4ec74d97a8ffc P b9ef5b810b4c4f9e9e8191b946a865fc [LEADER]: Connected to new peer: Peer: permanent_uuid: "a57a3c3d4fb94df6a22814a79c0f1c37" member_type: VOTER last_known_addr { host: "127.20.63.195" port: 46825 }, Status: LMP_MISMATCH, Last received: 0.0, Next index: 3, Last known committed idx: 2, Time since last communication: 0.000s
I20260709 13:08:06.438910 20868 raft_consensus.cc:1275] T 59e4d0905b84491b85c4ec74d97a8ffc P 080f309ca99e47b5af5afe977a334979 [term 3 FOLLOWER]: Refusing update from remote peer b9ef5b810b4c4f9e9e8191b946a865fc: Log matching property violated. Preceding OpId in replica: term: 2 index: 2. Preceding OpId from leader: term: 3 index: 3. (index mismatch)
I20260709 13:08:06.440737 21187 consensus_queue.cc:1048] T 59e4d0905b84491b85c4ec74d97a8ffc P b9ef5b810b4c4f9e9e8191b946a865fc [LEADER]: Connected to new peer: Peer: permanent_uuid: "080f309ca99e47b5af5afe977a334979" member_type: VOTER last_known_addr { host: "127.20.63.193" port: 45309 }, Status: LMP_MISMATCH, Last received: 0.0, Next index: 3, Last known committed idx: 2, Time since last communication: 0.000s
I20260709 13:08:08.609292 20735 auto_leader_rebalancer.cc:141] leader rebalance for table test-workload
I20260709 13:08:08.620240 20943 tablet_service.cc:2072] Received LeaderStepDown RPC: tablet_id: "474da40e60d14b47bfbfc5040b65cb81"
dest_uuid: "b9ef5b810b4c4f9e9e8191b946a865fc"
mode: GRACEFUL
new_leader_uuid: "080f309ca99e47b5af5afe977a334979"
 from {username='slave'} at 127.0.0.1:42060
I20260709 13:08:08.621065 20943 raft_consensus.cc:606] T 474da40e60d14b47bfbfc5040b65cb81 P b9ef5b810b4c4f9e9e8191b946a865fc [term 3 LEADER]: Received request to transfer leadership to TS 080f309ca99e47b5af5afe977a334979
I20260709 13:08:08.625389 20943 tablet_service.cc:2072] Received LeaderStepDown RPC: tablet_id: "53e50ea0f32648d6b145a2261819748c"
dest_uuid: "b9ef5b810b4c4f9e9e8191b946a865fc"
mode: GRACEFUL
new_leader_uuid: "a57a3c3d4fb94df6a22814a79c0f1c37"
 from {username='slave'} at 127.0.0.1:42060
I20260709 13:08:08.625958 20943 raft_consensus.cc:606] T 53e50ea0f32648d6b145a2261819748c P b9ef5b810b4c4f9e9e8191b946a865fc [term 1 LEADER]: Received request to transfer leadership to TS a57a3c3d4fb94df6a22814a79c0f1c37
I20260709 13:08:08.629465 20943 tablet_service.cc:2072] Received LeaderStepDown RPC: tablet_id: "59e4d0905b84491b85c4ec74d97a8ffc"
dest_uuid: "b9ef5b810b4c4f9e9e8191b946a865fc"
mode: GRACEFUL
new_leader_uuid: "080f309ca99e47b5af5afe977a334979"
 from {username='slave'} at 127.0.0.1:42060
I20260709 13:08:08.630187 20943 raft_consensus.cc:606] T 59e4d0905b84491b85c4ec74d97a8ffc P b9ef5b810b4c4f9e9e8191b946a865fc [term 3 LEADER]: Received request to transfer leadership to TS 080f309ca99e47b5af5afe977a334979
I20260709 13:08:08.633489 20943 tablet_service.cc:2072] Received LeaderStepDown RPC: tablet_id: "81a31f0fd7cc4c8094640c830f6dee60"
dest_uuid: "b9ef5b810b4c4f9e9e8191b946a865fc"
mode: GRACEFUL
new_leader_uuid: "a57a3c3d4fb94df6a22814a79c0f1c37"
 from {username='slave'} at 127.0.0.1:42060
I20260709 13:08:08.634006 20943 raft_consensus.cc:606] T 81a31f0fd7cc4c8094640c830f6dee60 P b9ef5b810b4c4f9e9e8191b946a865fc [term 3 LEADER]: Received request to transfer leadership to TS a57a3c3d4fb94df6a22814a79c0f1c37
I20260709 13:08:08.636828 20943 tablet_service.cc:2072] Received LeaderStepDown RPC: tablet_id: "ea802de1df574b379f5a14c8495d9009"
