I20260709 13:08:20.198895 28966 consensus_queue.cc:260] T a7a9d78d4fdc42a99ffdfd23e75700e3 P 14ef8be3e01249489b4ee476d33758da [NON_LEADER]: Queue going to NON_LEADER mode. State: All replicated index: 0, Majority replicated index: 0, Committed index: 0, Last appended: 0.0, Last appended by leader: 0, Current term: 0, Majority size: -1, State: 0, Mode: NON_LEADER, active raft config: opid_index: -1 OBSOLETE_local: false peers { permanent_uuid: "ce0976480d9e4f1e933f0f9c2e0b0912" member_type: VOTER last_known_addr { host: "127.27.6.129" port: 40823 } } peers { permanent_uuid: "14ef8be3e01249489b4ee476d33758da" member_type: VOTER last_known_addr { host: "127.27.6.130" port: 36271 } } peers { permanent_uuid: "125cdefdc44f44c0b6d7ed0fe10e7b39" member_type: VOTER last_known_addr { host: "127.27.6.131" port: 37667 } }
I20260709 13:08:20.202029 28849 raft_consensus.cc:2468] T e13df0dd54604c68be19e2527ddd9d29 P 14ef8be3e01249489b4ee476d33758da [term 0 FOLLOWER]: Leader pre-election vote request: Granting yes vote for candidate ce0976480d9e4f1e933f0f9c2e0b0912 in term 0.
I20260709 13:08:20.201586 29028 raft_consensus.cc:515] T 585b57b615374fff8a5ae269ee692dd9 P 14ef8be3e01249489b4ee476d33758da [term 1 FOLLOWER]: Starting leader election with config: opid_index: -1 OBSOLETE_local: false peers { permanent_uuid: "ce0976480d9e4f1e933f0f9c2e0b0912" member_type: VOTER last_known_addr { host: "127.27.6.129" port: 40823 } } peers { permanent_uuid: "14ef8be3e01249489b4ee476d33758da" member_type: VOTER last_known_addr { host: "127.27.6.130" port: 36271 } } peers { permanent_uuid: "125cdefdc44f44c0b6d7ed0fe10e7b39" member_type: VOTER last_known_addr { host: "127.27.6.131" port: 37667 } }
W20260709 13:08:20.202548 28815 leader_election.cc:343] T cf42f70aa3194661aafbde356f96bd4c P 14ef8be3e01249489b4ee476d33758da [CANDIDATE]: Term 1 pre-election: Tablet error from VoteRequest() call to peer 125cdefdc44f44c0b6d7ed0fe10e7b39 (127.27.6.131:37667): Illegal state: must be running to vote when last-logged opid is not known
I20260709 13:08:20.204123 28924 tablet_service.cc:1917] Received RequestConsensusVote() RPC: tablet_id: "e13df0dd54604c68be19e2527ddd9d29" candidate_uuid: "ce0976480d9e4f1e933f0f9c2e0b0912" candidate_term: 1 candidate_status { last_received { term: 0 index: 0 } } ignore_live_leader: false dest_uuid: "125cdefdc44f44c0b6d7ed0fe10e7b39" is_pre_election: true
I20260709 13:08:20.209070 29025 leader_election.cc:290] T 0043e05dc49045b5b772f6f012e894b4 P 125cdefdc44f44c0b6d7ed0fe10e7b39 [CANDIDATE]: Term 1 election: Requested vote from peers ce0976480d9e4f1e933f0f9c2e0b0912 (127.27.6.129:40823), 14ef8be3e01249489b4ee476d33758da (127.27.6.130:36271)
I20260709 13:08:20.209020 28924 raft_consensus.cc:2468] T e13df0dd54604c68be19e2527ddd9d29 P 125cdefdc44f44c0b6d7ed0fe10e7b39 [term 0 FOLLOWER]: Leader pre-election vote request: Granting yes vote for candidate ce0976480d9e4f1e933f0f9c2e0b0912 in term 0.
I20260709 13:08:20.207031 28739 leader_election.cc:304] T e13df0dd54604c68be19e2527ddd9d29 P ce0976480d9e4f1e933f0f9c2e0b0912 [CANDIDATE]: Term 1 pre-election: Election decided. Result: candidate won. Election summary: received 2 responses out of 3 voters: 2 yes votes; 0 no votes. yes voters: 14ef8be3e01249489b4ee476d33758da, ce0976480d9e4f1e933f0f9c2e0b0912; no voters: 
I20260709 13:08:20.210918 28773 tablet_service.cc:1917] Received RequestConsensusVote() RPC: tablet_id: "cf42f70aa3194661aafbde356f96bd4c" candidate_uuid: "14ef8be3e01249489b4ee476d33758da" candidate_term: 1 candidate_status { last_received { term: 0 index: 0 } } ignore_live_leader: false dest_uuid: "ce0976480d9e4f1e933f0f9c2e0b0912" is_pre_election: true
I20260709 13:08:20.211565 28773 raft_consensus.cc:2468] T cf42f70aa3194661aafbde356f96bd4c P ce0976480d9e4f1e933f0f9c2e0b0912 [term 0 FOLLOWER]: Leader pre-election vote request: Granting yes vote for candidate 14ef8be3e01249489b4ee476d33758da in term 0.
I20260709 13:08:20.209570 28969 raft_consensus.cc:493] T 1ee21ae923c442698329ad19d7078dbb P 14ef8be3e01249489b4ee476d33758da [term 0 FOLLOWER]: Starting pre-election (no leader contacted us within the election timeout)
I20260709 13:08:20.212916 28969 raft_consensus.cc:515] T 1ee21ae923c442698329ad19d7078dbb P 14ef8be3e01249489b4ee476d33758da [term 0 FOLLOWER]: Starting pre-election with config: opid_index: -1 OBSOLETE_local: false peers { permanent_uuid: "ce0976480d9e4f1e933f0f9c2e0b0912" member_type: VOTER last_known_addr { host: "127.27.6.129" port: 40823 } } peers { permanent_uuid: "14ef8be3e01249489b4ee476d33758da" member_type: VOTER last_known_addr { host: "127.27.6.130" port: 36271 } } peers { permanent_uuid: "125cdefdc44f44c0b6d7ed0fe10e7b39" member_type: VOTER last_known_addr { host: "127.27.6.131" port: 37667 } }
I20260709 13:08:20.139554 28984 raft_consensus.cc:2749] T c14c9bf3533a46fc8f08304cfe29da01 P 125cdefdc44f44c0b6d7ed0fe10e7b39 [term 1 FOLLOWER]: Leader pre-election lost for term 1. Reason: could not achieve majority
I20260709 13:08:20.215528 29020 raft_consensus.cc:2804] T e13df0dd54604c68be19e2527ddd9d29 P ce0976480d9e4f1e933f0f9c2e0b0912 [term 0 FOLLOWER]: Leader pre-election won for term 1
I20260709 13:08:20.215987 29020 raft_consensus.cc:493] T e13df0dd54604c68be19e2527ddd9d29 P ce0976480d9e4f1e933f0f9c2e0b0912 [term 0 FOLLOWER]: Starting leader election (no leader contacted us within the election timeout)
I20260709 13:08:20.216327 29020 raft_consensus.cc:3060] T e13df0dd54604c68be19e2527ddd9d29 P ce0976480d9e4f1e933f0f9c2e0b0912 [term 0 FOLLOWER]: Advancing to term 1
I20260709 13:08:20.217846 28851 tablet_service.cc:1917] Received RequestConsensusVote() RPC: tablet_id: "abd4363e6a804e7db94b8d6db3a9f1e8" candidate_uuid: "125cdefdc44f44c0b6d7ed0fe10e7b39" candidate_term: 1 candidate_status { last_received { term: 0 index: 0 } } ignore_live_leader: false dest_uuid: "14ef8be3e01249489b4ee476d33758da"
I20260709 13:08:20.218590 28851 raft_consensus.cc:3060] T abd4363e6a804e7db94b8d6db3a9f1e8 P 14ef8be3e01249489b4ee476d33758da [term 0 FOLLOWER]: Advancing to term 1
I20260709 13:08:20.229306 29028 leader_election.cc:290] T 585b57b615374fff8a5ae269ee692dd9 P 14ef8be3e01249489b4ee476d33758da [CANDIDATE]: Term 1 election: Requested vote from peers ce0976480d9e4f1e933f0f9c2e0b0912 (127.27.6.129:40823), 125cdefdc44f44c0b6d7ed0fe10e7b39 (127.27.6.131:37667)
I20260709 13:08:20.230347 28969 leader_election.cc:290] T 1ee21ae923c442698329ad19d7078dbb P 14ef8be3e01249489b4ee476d33758da [CANDIDATE]: Term 1 pre-election: Requested pre-vote from peers ce0976480d9e4f1e933f0f9c2e0b0912 (127.27.6.129:40823), 125cdefdc44f44c0b6d7ed0fe10e7b39 (127.27.6.131:37667)
I20260709 13:08:20.231850 28924 tablet_service.cc:1917] Received RequestConsensusVote() RPC: tablet_id: "1ee21ae923c442698329ad19d7078dbb" candidate_uuid: "14ef8be3e01249489b4ee476d33758da" candidate_term: 1 candidate_status { last_received { term: 0 index: 0 } } ignore_live_leader: false dest_uuid: "125cdefdc44f44c0b6d7ed0fe10e7b39" is_pre_election: true
I20260709 13:08:20.231220 28851 raft_consensus.cc:2468] T abd4363e6a804e7db94b8d6db3a9f1e8 P 14ef8be3e01249489b4ee476d33758da [term 1 FOLLOWER]: Leader election vote request: Granting yes vote for candidate 125cdefdc44f44c0b6d7ed0fe10e7b39 in term 1.
I20260709 13:08:20.234968 28816 leader_election.cc:304] T cf42f70aa3194661aafbde356f96bd4c P 14ef8be3e01249489b4ee476d33758da [CANDIDATE]: Term 1 pre-election: Election decided. Result: candidate won. Election summary: received 3 responses out of 3 voters: 2 yes votes; 1 no votes. yes voters: 14ef8be3e01249489b4ee476d33758da, ce0976480d9e4f1e933f0f9c2e0b0912; no voters: 125cdefdc44f44c0b6d7ed0fe10e7b39
I20260709 13:08:20.235056 28773 tablet_service.cc:1917] Received RequestConsensusVote() RPC: tablet_id: "1ee21ae923c442698329ad19d7078dbb" candidate_uuid: "14ef8be3e01249489b4ee476d33758da" candidate_term: 1 candidate_status { last_received { term: 0 index: 0 } } ignore_live_leader: false dest_uuid: "ce0976480d9e4f1e933f0f9c2e0b0912" is_pre_election: true
I20260709 13:08:20.235378 28965 tablet_bootstrap.cc:492] T 0043e05dc49045b5b772f6f012e894b4 P ce0976480d9e4f1e933f0f9c2e0b0912: No bootstrap required, opened a new log
I20260709 13:08:20.235724 28776 tablet_service.cc:1917] Received RequestConsensusVote() RPC: tablet_id: "585b57b615374fff8a5ae269ee692dd9" candidate_uuid: "14ef8be3e01249489b4ee476d33758da" candidate_term: 1 candidate_status { last_received { term: 0 index: 0 } } ignore_live_leader: false dest_uuid: "ce0976480d9e4f1e933f0f9c2e0b0912"
I20260709 13:08:20.236263 28965 ts_tablet_manager.cc:1403] T 0043e05dc49045b5b772f6f012e894b4 P ce0976480d9e4f1e933f0f9c2e0b0912: Time spent bootstrapping tablet: real 0.107s	user 0.058s	sys 0.030s
I20260709 13:08:20.236660 28776 raft_consensus.cc:3060] T 585b57b615374fff8a5ae269ee692dd9 P ce0976480d9e4f1e933f0f9c2e0b0912 [term 0 FOLLOWER]: Advancing to term 1
I20260709 13:08:20.238708 28970 tablet_bootstrap.cc:492] T d898c923043942d59b0a5dbbdab1c603 P 125cdefdc44f44c0b6d7ed0fe10e7b39: No bootstrap required, opened a new log
I20260709 13:08:20.239184 28970 ts_tablet_manager.cc:1403] T d898c923043942d59b0a5dbbdab1c603 P 125cdefdc44f44c0b6d7ed0fe10e7b39: Time spent bootstrapping tablet: real 0.168s	user 0.078s	sys 0.030s
I20260709 13:08:20.239089 28965 raft_consensus.cc:359] T 0043e05dc49045b5b772f6f012e894b4 P ce0976480d9e4f1e933f0f9c2e0b0912 [term 0 FOLLOWER]: Replica starting. Triggering 0 pending ops. Active config: opid_index: -1 OBSOLETE_local: false peers { permanent_uuid: "ce0976480d9e4f1e933f0f9c2e0b0912" member_type: VOTER last_known_addr { host: "127.27.6.129" port: 40823 } } peers { permanent_uuid: "14ef8be3e01249489b4ee476d33758da" member_type: VOTER last_known_addr { host: "127.27.6.130" port: 36271 } } peers { permanent_uuid: "125cdefdc44f44c0b6d7ed0fe10e7b39" member_type: VOTER last_known_addr { host: "127.27.6.131" port: 37667 } }
I20260709 13:08:20.239741 28965 raft_consensus.cc:385] T 0043e05dc49045b5b772f6f012e894b4 P ce0976480d9e4f1e933f0f9c2e0b0912 [term 0 FOLLOWER]: Consensus starting up: Expiring failure detector timer to make a prompt election more likely
I20260709 13:08:20.240024 28965 raft_consensus.cc:740] T 0043e05dc49045b5b772f6f012e894b4 P ce0976480d9e4f1e933f0f9c2e0b0912 [term 0 FOLLOWER]: Becoming Follower/Learner. State: Replica: ce0976480d9e4f1e933f0f9c2e0b0912, State: Initialized, Role: FOLLOWER
W20260709 13:08:20.240330 28815 leader_election.cc:343] T 1ee21ae923c442698329ad19d7078dbb P 14ef8be3e01249489b4ee476d33758da [CANDIDATE]: Term 1 pre-election: Tablet error from VoteRequest() call to peer 125cdefdc44f44c0b6d7ed0fe10e7b39 (127.27.6.131:37667): Illegal state: must be running to vote when last-logged opid is not known
I20260709 13:08:20.240729 28965 consensus_queue.cc:260] T 0043e05dc49045b5b772f6f012e894b4 P ce0976480d9e4f1e933f0f9c2e0b0912 [NON_LEADER]: Queue going to NON_LEADER mode. State: All replicated index: 0, Majority replicated index: 0, Committed index: 0, Last appended: 0.0, Last appended by leader: 0, Current term: 0, Majority size: -1, State: 0, Mode: NON_LEADER, active raft config: opid_index: -1 OBSOLETE_local: false peers { permanent_uuid: "ce0976480d9e4f1e933f0f9c2e0b0912" member_type: VOTER last_known_addr { host: "127.27.6.129" port: 40823 } } peers { permanent_uuid: "14ef8be3e01249489b4ee476d33758da" member_type: VOTER last_known_addr { host: "127.27.6.130" port: 36271 } } peers { permanent_uuid: "125cdefdc44f44c0b6d7ed0fe10e7b39" member_type: VOTER last_known_addr { host: "127.27.6.131" port: 37667 } }
I20260709 13:08:20.242945 28965 ts_tablet_manager.cc:1434] T 0043e05dc49045b5b772f6f012e894b4 P ce0976480d9e4f1e933f0f9c2e0b0912: Time spent starting tablet: real 0.006s	user 0.005s	sys 0.000s
I20260709 13:08:20.243165 28776 raft_consensus.cc:2468] T 585b57b615374fff8a5ae269ee692dd9 P ce0976480d9e4f1e933f0f9c2e0b0912 [term 1 FOLLOWER]: Leader election vote request: Granting yes vote for candidate 14ef8be3e01249489b4ee476d33758da in term 1.
I20260709 13:08:20.244411 29028 consensus_queue.cc:1048] T 68a05ac3b35446bdbf0b08192ee27c26 P 14ef8be3e01249489b4ee476d33758da [LEADER]: Connected to new peer: Peer: permanent_uuid: "125cdefdc44f44c0b6d7ed0fe10e7b39" member_type: VOTER last_known_addr { host: "127.27.6.131" port: 37667 }, Status: LMP_MISMATCH, Last received: 0.0, Next index: 1, Last known committed idx: 0, Time since last communication: 0.000s
I20260709 13:08:20.245970 28965 tablet_bootstrap.cc:492] T c5ba46ced0b0439191d40051508dbe3f P ce0976480d9e4f1e933f0f9c2e0b0912: Bootstrap starting.
I20260709 13:08:20.247153 28923 tablet_service.cc:1917] Received RequestConsensusVote() RPC: tablet_id: "585b57b615374fff8a5ae269ee692dd9" candidate_uuid: "14ef8be3e01249489b4ee476d33758da" candidate_term: 1 candidate_status { last_received { term: 0 index: 0 } } ignore_live_leader: false dest_uuid: "125cdefdc44f44c0b6d7ed0fe10e7b39"
I20260709 13:08:20.248775 29020 raft_consensus.cc:515] T e13df0dd54604c68be19e2527ddd9d29 P ce0976480d9e4f1e933f0f9c2e0b0912 [term 1 FOLLOWER]: Starting leader election with config: opid_index: -1 OBSOLETE_local: false peers { permanent_uuid: "ce0976480d9e4f1e933f0f9c2e0b0912" member_type: VOTER last_known_addr { host: "127.27.6.129" port: 40823 } } peers { permanent_uuid: "14ef8be3e01249489b4ee476d33758da" member_type: VOTER last_known_addr { host: "127.27.6.130" port: 36271 } } peers { permanent_uuid: "125cdefdc44f44c0b6d7ed0fe10e7b39" member_type: VOTER last_known_addr { host: "127.27.6.131" port: 37667 } }
W20260709 13:08:20.250111 28815 leader_election.cc:343] T 585b57b615374fff8a5ae269ee692dd9 P 14ef8be3e01249489b4ee476d33758da [CANDIDATE]: Term 1 election: Tablet error from VoteRequest() call to peer 125cdefdc44f44c0b6d7ed0fe10e7b39 (127.27.6.131:37667): Illegal state: must be running to vote when last-logged opid is not known
I20260709 13:08:20.251431 28851 tablet_service.cc:1917] Received RequestConsensusVote() RPC: tablet_id: "e13df0dd54604c68be19e2527ddd9d29" candidate_uuid: "ce0976480d9e4f1e933f0f9c2e0b0912" candidate_term: 1 candidate_status { last_received { term: 0 index: 0 } } ignore_live_leader: false dest_uuid: "14ef8be3e01249489b4ee476d33758da"
I20260709 13:08:20.251998 28851 raft_consensus.cc:3060] T e13df0dd54604c68be19e2527ddd9d29 P 14ef8be3e01249489b4ee476d33758da [term 0 FOLLOWER]: Advancing to term 1
I20260709 13:08:20.252236 28965 tablet_bootstrap.cc:654] T c5ba46ced0b0439191d40051508dbe3f P ce0976480d9e4f1e933f0f9c2e0b0912: Neither blocks nor log segments found. Creating new log.
I20260709 13:08:20.251569 29028 raft_consensus.cc:2804] T cf42f70aa3194661aafbde356f96bd4c P 14ef8be3e01249489b4ee476d33758da [term 0 FOLLOWER]: Leader pre-election won for term 1
I20260709 13:08:20.258612 29028 raft_consensus.cc:493] T cf42f70aa3194661aafbde356f96bd4c P 14ef8be3e01249489b4ee476d33758da [term 0 FOLLOWER]: Starting leader election (no leader contacted us within the election timeout)
I20260709 13:08:20.258977 29028 raft_consensus.cc:3060] T cf42f70aa3194661aafbde356f96bd4c P 14ef8be3e01249489b4ee476d33758da [term 0 FOLLOWER]: Advancing to term 1
I20260709 13:08:20.259945 28674 catalog_manager.cc:5697] T abd4363e6a804e7db94b8d6db3a9f1e8 P 125cdefdc44f44c0b6d7ed0fe10e7b39 reported cstate change: term changed from 0 to 1, leader changed from <none> to 125cdefdc44f44c0b6d7ed0fe10e7b39 (127.27.6.131). New cstate: current_term: 1 leader_uuid: "125cdefdc44f44c0b6d7ed0fe10e7b39" committed_config { opid_index: -1 OBSOLETE_local: false peers { permanent_uuid: "ce0976480d9e4f1e933f0f9c2e0b0912" member_type: VOTER last_known_addr { host: "127.27.6.129" port: 40823 } health_report { overall_health: UNKNOWN } } peers { permanent_uuid: "14ef8be3e01249489b4ee476d33758da" member_type: VOTER last_known_addr { host: "127.27.6.130" port: 36271 } health_report { overall_health: UNKNOWN } } peers { permanent_uuid: "125cdefdc44f44c0b6d7ed0fe10e7b39" member_type: VOTER last_known_addr { host: "127.27.6.131" port: 37667 } health_report { overall_health: HEALTHY } } }
I20260709 13:08:20.265806 29028 raft_consensus.cc:515] T cf42f70aa3194661aafbde356f96bd4c P 14ef8be3e01249489b4ee476d33758da [term 1 FOLLOWER]: Starting leader election with config: opid_index: -1 OBSOLETE_local: false peers { permanent_uuid: "ce0976480d9e4f1e933f0f9c2e0b0912" member_type: VOTER last_known_addr { host: "127.27.6.129" port: 40823 } } peers { permanent_uuid: "14ef8be3e01249489b4ee476d33758da" member_type: VOTER last_known_addr { host: "127.27.6.130" port: 36271 } } peers { permanent_uuid: "125cdefdc44f44c0b6d7ed0fe10e7b39" member_type: VOTER last_known_addr { host: "127.27.6.131" port: 37667 } }
W20260709 13:08:20.267325 28816 leader_election.cc:343] T 1ee21ae923c442698329ad19d7078dbb P 14ef8be3e01249489b4ee476d33758da [CANDIDATE]: Term 1 pre-election: Tablet error from VoteRequest() call to peer ce0976480d9e4f1e933f0f9c2e0b0912 (127.27.6.129:40823): Illegal state: must be running to vote when last-logged opid is not known
I20260709 13:08:20.269151 28816 leader_election.cc:304] T 1ee21ae923c442698329ad19d7078dbb P 14ef8be3e01249489b4ee476d33758da [CANDIDATE]: Term 1 pre-election: Election decided. Result: candidate lost. Election summary: received 3 responses out of 3 voters: 1 yes votes; 2 no votes. yes voters: 14ef8be3e01249489b4ee476d33758da; no voters: 125cdefdc44f44c0b6d7ed0fe10e7b39, ce0976480d9e4f1e933f0f9c2e0b0912
I20260709 13:08:20.242878 28970 raft_consensus.cc:359] T d898c923043942d59b0a5dbbdab1c603 P 125cdefdc44f44c0b6d7ed0fe10e7b39 [term 0 FOLLOWER]: Replica starting. Triggering 0 pending ops. Active config: opid_index: -1 OBSOLETE_local: false peers { permanent_uuid: "ce0976480d9e4f1e933f0f9c2e0b0912" member_type: VOTER last_known_addr { host: "127.27.6.129" port: 40823 } } peers { permanent_uuid: "14ef8be3e01249489b4ee476d33758da" member_type: VOTER last_known_addr { host: "127.27.6.130" port: 36271 } } peers { permanent_uuid: "125cdefdc44f44c0b6d7ed0fe10e7b39" member_type: VOTER last_known_addr { host: "127.27.6.131" port: 37667 } }
I20260709 13:08:20.271207 28925 tablet_service.cc:1917] Received RequestConsensusVote() RPC: tablet_id: "cf42f70aa3194661aafbde356f96bd4c" candidate_uuid: "14ef8be3e01249489b4ee476d33758da" candidate_term: 1 candidate_status { last_received { term: 0 index: 0 } } ignore_live_leader: false dest_uuid: "125cdefdc44f44c0b6d7ed0fe10e7b39"
I20260709 13:08:20.269153 28851 raft_consensus.cc:2468] T e13df0dd54604c68be19e2527ddd9d29 P 14ef8be3e01249489b4ee476d33758da [term 1 FOLLOWER]: Leader election vote request: Granting yes vote for candidate ce0976480d9e4f1e933f0f9c2e0b0912 in term 1.
I20260709 13:08:20.271144 28983 raft_consensus.cc:2749] T 1ee21ae923c442698329ad19d7078dbb P 14ef8be3e01249489b4ee476d33758da [term 0 FOLLOWER]: Leader pre-election lost for term 1. Reason: could not achieve majority
I20260709 13:08:20.271651 28970 raft_consensus.cc:385] T d898c923043942d59b0a5dbbdab1c603 P 125cdefdc44f44c0b6d7ed0fe10e7b39 [term 0 FOLLOWER]: Consensus starting up: Expiring failure detector timer to make a prompt election more likely
I20260709 13:08:20.272588 28970 raft_consensus.cc:740] T d898c923043942d59b0a5dbbdab1c603 P 125cdefdc44f44c0b6d7ed0fe10e7b39 [term 0 FOLLOWER]: Becoming Follower/Learner. State: Replica: 125cdefdc44f44c0b6d7ed0fe10e7b39, State: Initialized, Role: FOLLOWER
I20260709 13:08:20.272810 28739 leader_election.cc:304] T e13df0dd54604c68be19e2527ddd9d29 P ce0976480d9e4f1e933f0f9c2e0b0912 [CANDIDATE]: Term 1 election: Election decided. Result: candidate won. Election summary: received 2 responses out of 3 voters: 2 yes votes; 0 no votes. yes voters: 14ef8be3e01249489b4ee476d33758da, ce0976480d9e4f1e933f0f9c2e0b0912; no voters: 
I20260709 13:08:20.273594 28972 raft_consensus.cc:2804] T e13df0dd54604c68be19e2527ddd9d29 P ce0976480d9e4f1e933f0f9c2e0b0912 [term 1 FOLLOWER]: Leader election won for term 1
I20260709 13:08:20.273365 28970 consensus_queue.cc:260] T d898c923043942d59b0a5dbbdab1c603 P 125cdefdc44f44c0b6d7ed0fe10e7b39 [NON_LEADER]: Queue going to NON_LEADER mode. State: All replicated index: 0, Majority replicated index: 0, Committed index: 0, Last appended: 0.0, Last appended by leader: 0, Current term: 0, Majority size: -1, State: 0, Mode: NON_LEADER, active raft config: opid_index: -1 OBSOLETE_local: false peers { permanent_uuid: "ce0976480d9e4f1e933f0f9c2e0b0912" member_type: VOTER last_known_addr { host: "127.27.6.129" port: 40823 } } peers { permanent_uuid: "14ef8be3e01249489b4ee476d33758da" member_type: VOTER last_known_addr { host: "127.27.6.130" port: 36271 } } peers { permanent_uuid: "125cdefdc44f44c0b6d7ed0fe10e7b39" member_type: VOTER last_known_addr { host: "127.27.6.131" port: 37667 } }
I20260709 13:08:20.275719 29025 consensus_queue.cc:1048] T df9d667fad974930b46db7ec9db92809 P 125cdefdc44f44c0b6d7ed0fe10e7b39 [LEADER]: Connected to new peer: Peer: permanent_uuid: "ce0976480d9e4f1e933f0f9c2e0b0912" member_type: VOTER last_known_addr { host: "127.27.6.129" port: 40823 }, Status: LMP_MISMATCH, Last received: 0.0, Next index: 1, Last known committed idx: 0, Time since last communication: 0.000s
I20260709 13:08:20.271354 28816 leader_election.cc:304] T 585b57b615374fff8a5ae269ee692dd9 P 14ef8be3e01249489b4ee476d33758da [CANDIDATE]: Term 1 election: Election decided. Result: candidate won. Election summary: received 3 responses out of 3 voters: 2 yes votes; 1 no votes. yes voters: 14ef8be3e01249489b4ee476d33758da, ce0976480d9e4f1e933f0f9c2e0b0912; no voters: 125cdefdc44f44c0b6d7ed0fe10e7b39
I20260709 13:08:20.278534 28983 raft_consensus.cc:2804] T 585b57b615374fff8a5ae269ee692dd9 P 14ef8be3e01249489b4ee476d33758da [term 1 FOLLOWER]: Leader election won for term 1
I20260709 13:08:20.279032 28983 raft_consensus.cc:697] T 585b57b615374fff8a5ae269ee692dd9 P 14ef8be3e01249489b4ee476d33758da [term 1 LEADER]: Becoming Leader. State: Replica: 14ef8be3e01249489b4ee476d33758da, State: Running, Role: LEADER
I20260709 13:08:20.204320 28966 ts_tablet_manager.cc:1434] T a7a9d78d4fdc42a99ffdfd23e75700e3 P 14ef8be3e01249489b4ee476d33758da: Time spent starting tablet: real 0.045s	user 0.006s	sys 0.000s
I20260709 13:08:20.281519 28966 tablet_bootstrap.cc:492] T 608dd5d3ae6f4c70895b24a0b63b35f2 P 14ef8be3e01249489b4ee476d33758da: Bootstrap starting.
W20260709 13:08:20.284955 28815 leader_election.cc:343] T cf42f70aa3194661aafbde356f96bd4c P 14ef8be3e01249489b4ee476d33758da [CANDIDATE]: Term 1 election: Tablet error from VoteRequest() call to peer 125cdefdc44f44c0b6d7ed0fe10e7b39 (127.27.6.131:37667): Illegal state: must be running to vote when last-logged opid is not known
I20260709 13:08:20.279848 28983 consensus_queue.cc:237] T 585b57b615374fff8a5ae269ee692dd9 P 14ef8be3e01249489b4ee476d33758da [LEADER]: Queue going to LEADER mode. State: All replicated index: 0, Majority replicated index: 0, Committed index: 0, Last appended: 0.0, Last appended by leader: 0, Current term: 1, Majority size: 2, State: 0, Mode: LEADER, active raft config: opid_index: -1 OBSOLETE_local: false peers { permanent_uuid: "ce0976480d9e4f1e933f0f9c2e0b0912" member_type: VOTER last_known_addr { host: "127.27.6.129" port: 40823 } } peers { permanent_uuid: "14ef8be3e01249489b4ee476d33758da" member_type: VOTER last_known_addr { host: "127.27.6.130" port: 36271 } } peers { permanent_uuid: "125cdefdc44f44c0b6d7ed0fe10e7b39" member_type: VOTER last_known_addr { host: "127.27.6.131" port: 37667 } }
I20260709 13:08:20.286440 29020 leader_election.cc:290] T e13df0dd54604c68be19e2527ddd9d29 P ce0976480d9e4f1e933f0f9c2e0b0912 [CANDIDATE]: Term 1 election: Requested vote from peers 14ef8be3e01249489b4ee476d33758da (127.27.6.130:36271), 125cdefdc44f44c0b6d7ed0fe10e7b39 (127.27.6.131:37667)
I20260709 13:08:20.289126 28985 raft_consensus.cc:493] T de42766c264a433d8a9523fdccf578be P 14ef8be3e01249489b4ee476d33758da [term 0 FOLLOWER]: Starting pre-election (no leader contacted us within the election timeout)
I20260709 13:08:20.289618 28985 raft_consensus.cc:515] T de42766c264a433d8a9523fdccf578be P 14ef8be3e01249489b4ee476d33758da [term 0 FOLLOWER]: Starting pre-election with config: opid_index: -1 OBSOLETE_local: false peers { permanent_uuid: "ce0976480d9e4f1e933f0f9c2e0b0912" member_type: VOTER last_known_addr { host: "127.27.6.129" port: 40823 } } peers { permanent_uuid: "14ef8be3e01249489b4ee476d33758da" member_type: VOTER last_known_addr { host: "127.27.6.130" port: 36271 } } peers { permanent_uuid: "125cdefdc44f44c0b6d7ed0fe10e7b39" member_type: VOTER last_known_addr { host: "127.27.6.131" port: 37667 } }
I20260709 13:08:20.291601 28985 leader_election.cc:290] T de42766c264a433d8a9523fdccf578be P 14ef8be3e01249489b4ee476d33758da [CANDIDATE]: Term 1 pre-election: Requested pre-vote from peers ce0976480d9e4f1e933f0f9c2e0b0912 (127.27.6.129:40823), 125cdefdc44f44c0b6d7ed0fe10e7b39 (127.27.6.131:37667)
I20260709 13:08:20.293339 28985 consensus_queue.cc:1048] T c14c9bf3533a46fc8f08304cfe29da01 P 14ef8be3e01249489b4ee476d33758da [LEADER]: Connected to new peer: Peer: permanent_uuid: "ce0976480d9e4f1e933f0f9c2e0b0912" member_type: VOTER last_known_addr { host: "127.27.6.129" port: 40823 }, Status: LMP_MISMATCH, Last received: 0.0, Next index: 1, Last known committed idx: 0, Time since last communication: 0.000s
I20260709 13:08:20.303275 29028 leader_election.cc:290] T cf42f70aa3194661aafbde356f96bd4c P 14ef8be3e01249489b4ee476d33758da [CANDIDATE]: Term 1 election: Requested vote from peers ce0976480d9e4f1e933f0f9c2e0b0912 (127.27.6.129:40823), 125cdefdc44f44c0b6d7ed0fe10e7b39 (127.27.6.131:37667)
I20260709 13:08:20.307258 28775 tablet_service.cc:1917] Received RequestConsensusVote() RPC: tablet_id: "de42766c264a433d8a9523fdccf578be" candidate_uuid: "14ef8be3e01249489b4ee476d33758da" candidate_term: 1 candidate_status { last_received { term: 0 index: 0 } } ignore_live_leader: false dest_uuid: "ce0976480d9e4f1e933f0f9c2e0b0912" is_pre_election: true
W20260709 13:08:20.307917 28722 auto_rebalancer.cc:288] Could not retrieve cluster info: Service unavailable: Tablet not running
I20260709 13:08:20.280283 28970 ts_tablet_manager.cc:1434] T d898c923043942d59b0a5dbbdab1c603 P 125cdefdc44f44c0b6d7ed0fe10e7b39: Time spent starting tablet: real 0.041s	user 0.006s	sys 0.000s
W20260709 13:08:20.310029 28816 leader_election.cc:343] T de42766c264a433d8a9523fdccf578be P 14ef8be3e01249489b4ee476d33758da [CANDIDATE]: Term 1 pre-election: Tablet error from VoteRequest() call to peer ce0976480d9e4f1e933f0f9c2e0b0912 (127.27.6.129:40823): Illegal state: must be running to vote when last-logged opid is not known
I20260709 13:08:20.311611 28972 raft_consensus.cc:697] T e13df0dd54604c68be19e2527ddd9d29 P ce0976480d9e4f1e933f0f9c2e0b0912 [term 1 LEADER]: Becoming Leader. State: Replica: ce0976480d9e4f1e933f0f9c2e0b0912, State: Running, Role: LEADER
I20260709 13:08:20.310355 28970 tablet_bootstrap.cc:492] T d893e2368b7e421aa67abd00883d2004 P 125cdefdc44f44c0b6d7ed0fe10e7b39: Bootstrap starting.
I20260709 13:08:20.312633 28773 tablet_service.cc:1917] Received RequestConsensusVote() RPC: tablet_id: "cf42f70aa3194661aafbde356f96bd4c" candidate_uuid: "14ef8be3e01249489b4ee476d33758da" candidate_term: 1 candidate_status { last_received { term: 0 index: 0 } } ignore_live_leader: false dest_uuid: "ce0976480d9e4f1e933f0f9c2e0b0912"
I20260709 13:08:20.312489 28972 consensus_queue.cc:237] T e13df0dd54604c68be19e2527ddd9d29 P ce0976480d9e4f1e933f0f9c2e0b0912 [LEADER]: Queue going to LEADER mode. State: All replicated index: 0, Majority replicated index: 0, Committed index: 0, Last appended: 0.0, Last appended by leader: 0, Current term: 1, Majority size: 2, State: 0, Mode: LEADER, active raft config: opid_index: -1 OBSOLETE_local: false peers { permanent_uuid: "ce0976480d9e4f1e933f0f9c2e0b0912" member_type: VOTER last_known_addr { host: "127.27.6.129" port: 40823 } } peers { permanent_uuid: "14ef8be3e01249489b4ee476d33758da" member_type: VOTER last_known_addr { host: "127.27.6.130" port: 36271 } } peers { permanent_uuid: "125cdefdc44f44c0b6d7ed0fe10e7b39" member_type: VOTER last_known_addr { host: "127.27.6.131" port: 37667 } }
I20260709 13:08:20.313194 28773 raft_consensus.cc:3060] T cf42f70aa3194661aafbde356f96bd4c P ce0976480d9e4f1e933f0f9c2e0b0912 [term 0 FOLLOWER]: Advancing to term 1
I20260709 13:08:20.317205 29026 consensus_queue.cc:1048] T 93086585a7ca482aa163a5d1ab279ee5 P 125cdefdc44f44c0b6d7ed0fe10e7b39 [LEADER]: Connected to new peer: Peer: permanent_uuid: "ce0976480d9e4f1e933f0f9c2e0b0912" member_type: VOTER last_known_addr { host: "127.27.6.129" port: 40823 }, Status: LMP_MISMATCH, Last received: 0.0, Next index: 1, Last known committed idx: 0, Time since last communication: 0.000s
I20260709 13:08:20.319847 28673 catalog_manager.cc:5697] T 0043e05dc49045b5b772f6f012e894b4 P 125cdefdc44f44c0b6d7ed0fe10e7b39 reported cstate change: term changed from 0 to 1, leader changed from <none> to 125cdefdc44f44c0b6d7ed0fe10e7b39 (127.27.6.131). New cstate: current_term: 1 leader_uuid: "125cdefdc44f44c0b6d7ed0fe10e7b39" committed_config { opid_index: -1 OBSOLETE_local: false peers { permanent_uuid: "ce0976480d9e4f1e933f0f9c2e0b0912" member_type: VOTER last_known_addr { host: "127.27.6.129" port: 40823 } health_report { overall_health: UNKNOWN } } peers { permanent_uuid: "14ef8be3e01249489b4ee476d33758da" member_type: VOTER last_known_addr { host: "127.27.6.130" port: 36271 } health_report { overall_health: UNKNOWN } } peers { permanent_uuid: "125cdefdc44f44c0b6d7ed0fe10e7b39" member_type: VOTER last_known_addr { host: "127.27.6.131" port: 37667 } health_report { overall_health: HEALTHY } } }
I20260709 13:08:20.322830 28773 raft_consensus.cc:2468] T cf42f70aa3194661aafbde356f96bd4c P ce0976480d9e4f1e933f0f9c2e0b0912 [term 1 FOLLOWER]: Leader election vote request: Granting yes vote for candidate 14ef8be3e01249489b4ee476d33758da in term 1.
I20260709 13:08:20.325973 28816 leader_election.cc:304] T cf42f70aa3194661aafbde356f96bd4c P 14ef8be3e01249489b4ee476d33758da [CANDIDATE]: Term 1 election: Election decided. Result: candidate won. Election summary: received 3 responses out of 3 voters: 2 yes votes; 1 no votes. yes voters: 14ef8be3e01249489b4ee476d33758da, ce0976480d9e4f1e933f0f9c2e0b0912; no voters: 125cdefdc44f44c0b6d7ed0fe10e7b39
I20260709 13:08:20.327725 28985 raft_consensus.cc:2804] T cf42f70aa3194661aafbde356f96bd4c P 14ef8be3e01249489b4ee476d33758da [term 1 FOLLOWER]: Leader election won for term 1
I20260709 13:08:20.328486 28985 raft_consensus.cc:697] T cf42f70aa3194661aafbde356f96bd4c P 14ef8be3e01249489b4ee476d33758da [term 1 LEADER]: Becoming Leader. State: Replica: 14ef8be3e01249489b4ee476d33758da, State: Running, Role: LEADER
I20260709 13:08:20.329149 29026 consensus_queue.cc:1048] T 8fee76e7324c4d9bbea6b6c053ed7182 P 125cdefdc44f44c0b6d7ed0fe10e7b39 [LEADER]: Connected to new peer: Peer: permanent_uuid: "14ef8be3e01249489b4ee476d33758da" member_type: VOTER last_known_addr { host: "127.27.6.130" port: 36271 }, Status: LMP_MISMATCH, Last received: 0.0, Next index: 1, Last known committed idx: 0, Time since last communication: 0.000s
I20260709 13:08:20.329372 28985 consensus_queue.cc:237] T cf42f70aa3194661aafbde356f96bd4c P 14ef8be3e01249489b4ee476d33758da [LEADER]: Queue going to LEADER mode. State: All replicated index: 0, Majority replicated index: 0, Committed index: 0, Last appended: 0.0, Last appended by leader: 0, Current term: 1, Majority size: 2, State: 0, Mode: LEADER, active raft config: opid_index: -1 OBSOLETE_local: false peers { permanent_uuid: "ce0976480d9e4f1e933f0f9c2e0b0912" member_type: VOTER last_known_addr { host: "127.27.6.129" port: 40823 } } peers { permanent_uuid: "14ef8be3e01249489b4ee476d33758da" member_type: VOTER last_known_addr { host: "127.27.6.130" port: 36271 } } peers { permanent_uuid: "125cdefdc44f44c0b6d7ed0fe10e7b39" member_type: VOTER last_known_addr { host: "127.27.6.131" port: 37667 } }
I20260709 13:08:20.333611 28923 tablet_service.cc:1917] Received RequestConsensusVote() RPC: tablet_id: "e13df0dd54604c68be19e2527ddd9d29" candidate_uuid: "ce0976480d9e4f1e933f0f9c2e0b0912" candidate_term: 1 candidate_status { last_received { term: 0 index: 0 } } ignore_live_leader: false dest_uuid: "125cdefdc44f44c0b6d7ed0fe10e7b39"
I20260709 13:08:20.334154 28923 raft_consensus.cc:3060] T e13df0dd54604c68be19e2527ddd9d29 P 125cdefdc44f44c0b6d7ed0fe10e7b39 [term 0 FOLLOWER]: Advancing to term 1
I20260709 13:08:20.334363 28966 tablet_bootstrap.cc:654] T 608dd5d3ae6f4c70895b24a0b63b35f2 P 14ef8be3e01249489b4ee476d33758da: Neither blocks nor log segments found. Creating new log.
I20260709 13:08:20.339264 28970 tablet_bootstrap.cc:654] T d893e2368b7e421aa67abd00883d2004 P 125cdefdc44f44c0b6d7ed0fe10e7b39: Neither blocks nor log segments found. Creating new log.
I20260709 13:08:20.341408 28923 raft_consensus.cc:2468] T e13df0dd54604c68be19e2527ddd9d29 P 125cdefdc44f44c0b6d7ed0fe10e7b39 [term 1 FOLLOWER]: Leader election vote request: Granting yes vote for candidate ce0976480d9e4f1e933f0f9c2e0b0912 in term 1.
I20260709 13:08:20.349565 28923 tablet_service.cc:1917] Received RequestConsensusVote() RPC: tablet_id: "de42766c264a433d8a9523fdccf578be" candidate_uuid: "14ef8be3e01249489b4ee476d33758da" candidate_term: 1 candidate_status { last_received { term: 0 index: 0 } } ignore_live_leader: false dest_uuid: "125cdefdc44f44c0b6d7ed0fe10e7b39" is_pre_election: true
W20260709 13:08:20.360803 28815 leader_election.cc:343] T de42766c264a433d8a9523fdccf578be P 14ef8be3e01249489b4ee476d33758da [CANDIDATE]: Term 1 pre-election: Tablet error from VoteRequest() call to peer 125cdefdc44f44c0b6d7ed0fe10e7b39 (127.27.6.131:37667): Illegal state: must be running to vote when last-logged opid is not known
I20260709 13:08:20.361268 28815 leader_election.cc:304] T de42766c264a433d8a9523fdccf578be P 14ef8be3e01249489b4ee476d33758da [CANDIDATE]: Term 1 pre-election: Election decided. Result: candidate lost. Election summary: received 3 responses out of 3 voters: 1 yes votes; 2 no votes. yes voters: 14ef8be3e01249489b4ee476d33758da; no voters: 125cdefdc44f44c0b6d7ed0fe10e7b39, ce0976480d9e4f1e933f0f9c2e0b0912
I20260709 13:08:20.361632 28965 tablet_bootstrap.cc:492] T c5ba46ced0b0439191d40051508dbe3f P ce0976480d9e4f1e933f0f9c2e0b0912: No bootstrap required, opened a new log
I20260709 13:08:20.362160 28965 ts_tablet_manager.cc:1403] T c5ba46ced0b0439191d40051508dbe3f P ce0976480d9e4f1e933f0f9c2e0b0912: Time spent bootstrapping tablet: real 0.116s	user 0.033s	sys 0.022s
I20260709 13:08:20.377120 29025 consensus_queue.cc:1048] T 191af70098e2416b8daa444c37a10620 P 125cdefdc44f44c0b6d7ed0fe10e7b39 [LEADER]: Connected to new peer: Peer: permanent_uuid: "ce0976480d9e4f1e933f0f9c2e0b0912" member_type: VOTER last_known_addr { host: "127.27.6.129" port: 40823 }, Status: LMP_MISMATCH, Last received: 0.0, Next index: 1, Last known committed idx: 0, Time since last communication: 0.000s
I20260709 13:08:20.371367 29028 raft_consensus.cc:2749] T de42766c264a433d8a9523fdccf578be P 14ef8be3e01249489b4ee476d33758da [term 0 FOLLOWER]: Leader pre-election lost for term 1. Reason: could not achieve majority
I20260709 13:08:20.386549 28673 catalog_manager.cc:5697] T 585b57b615374fff8a5ae269ee692dd9 P 14ef8be3e01249489b4ee476d33758da reported cstate change: term changed from 0 to 1, leader changed from <none> to 14ef8be3e01249489b4ee476d33758da (127.27.6.130). New cstate: current_term: 1 leader_uuid: "14ef8be3e01249489b4ee476d33758da" committed_config { opid_index: -1 OBSOLETE_local: false peers { permanent_uuid: "ce0976480d9e4f1e933f0f9c2e0b0912" member_type: VOTER last_known_addr { host: "127.27.6.129" port: 40823 } health_report { overall_health: UNKNOWN } } peers { permanent_uuid: "14ef8be3e01249489b4ee476d33758da" member_type: VOTER last_known_addr { host: "127.27.6.130" port: 36271 } health_report { overall_health: HEALTHY } } peers { permanent_uuid: "125cdefdc44f44c0b6d7ed0fe10e7b39" member_type: VOTER last_known_addr { host: "127.27.6.131" port: 37667 } health_report { overall_health: UNKNOWN } } }
I20260709 13:08:20.392716 29025 consensus_queue.cc:1048] T 93086585a7ca482aa163a5d1ab279ee5 P 125cdefdc44f44c0b6d7ed0fe10e7b39 [LEADER]: Connected to new peer: Peer: permanent_uuid: "14ef8be3e01249489b4ee476d33758da" member_type: VOTER last_known_addr { host: "127.27.6.130" port: 36271 }, Status: LMP_MISMATCH, Last received: 0.0, Next index: 1, Last known committed idx: 0, Time since last communication: 0.000s
I20260709 13:08:20.400462 29028 consensus_queue.cc:1048] T c14c9bf3533a46fc8f08304cfe29da01 P 14ef8be3e01249489b4ee476d33758da [LEADER]: Connected to new peer: Peer: permanent_uuid: "125cdefdc44f44c0b6d7ed0fe10e7b39" member_type: VOTER last_known_addr { host: "127.27.6.131" port: 37667 }, Status: LMP_MISMATCH, Last received: 0.0, Next index: 1, Last known committed idx: 0, Time since last communication: 0.019s
I20260709 13:08:20.420578 28983 consensus_queue.cc:1048] T 8807d558e33e476cbea3a7a653c8ac90 P 14ef8be3e01249489b4ee476d33758da [LEADER]: Connected to new peer: Peer: permanent_uuid: "ce0976480d9e4f1e933f0f9c2e0b0912" member_type: VOTER last_known_addr { host: "127.27.6.129" port: 40823 }, Status: LMP_MISMATCH, Last received: 0.0, Next index: 1, Last known committed idx: 0, Time since last communication: 0.000s
I20260709 13:08:20.421237 28984 consensus_queue.cc:1048] T 191af70098e2416b8daa444c37a10620 P 125cdefdc44f44c0b6d7ed0fe10e7b39 [LEADER]: Connected to new peer: Peer: permanent_uuid: "14ef8be3e01249489b4ee476d33758da" member_type: VOTER last_known_addr { host: "127.27.6.130" port: 36271 }, Status: LMP_MISMATCH, Last received: 0.0, Next index: 1, Last known committed idx: 0, Time since last communication: 0.000s
I20260709 13:08:20.437172 28965 raft_consensus.cc:359] T c5ba46ced0b0439191d40051508dbe3f P ce0976480d9e4f1e933f0f9c2e0b0912 [term 0 FOLLOWER]: Replica starting. Triggering 0 pending ops. Active config: opid_index: -1 OBSOLETE_local: false peers { permanent_uuid: "ce0976480d9e4f1e933f0f9c2e0b0912" member_type: VOTER last_known_addr { host: "127.27.6.129" port: 40823 } } peers { permanent_uuid: "14ef8be3e01249489b4ee476d33758da" member_type: VOTER last_known_addr { host: "127.27.6.130" port: 36271 } } peers { permanent_uuid: "125cdefdc44f44c0b6d7ed0fe10e7b39" member_type: VOTER last_known_addr { host: "127.27.6.131" port: 37667 } }
W20260709 13:08:20.439136 28890 consensus_peers.cc:597] T 8fee76e7324c4d9bbea6b6c053ed7182 P 125cdefdc44f44c0b6d7ed0fe10e7b39 -> Peer ce0976480d9e4f1e933f0f9c2e0b0912 (127.27.6.129:40823): Couldn't send request to peer ce0976480d9e4f1e933f0f9c2e0b0912. Error code: TABLET_NOT_RUNNING (12). Status: Illegal state: Tablet not RUNNING: INITIALIZED. This is attempt 1: this message will repeat every 5th retry.
I20260709 13:08:20.449550 28969 raft_consensus.cc:493] T 6ed5619c9e344f318a1618d045ca8d39 P 14ef8be3e01249489b4ee476d33758da [term 0 FOLLOWER]: Starting pre-election (no leader contacted us within the election timeout)
I20260709 13:08:20.450172 28969 raft_consensus.cc:515] T 6ed5619c9e344f318a1618d045ca8d39 P 14ef8be3e01249489b4ee476d33758da [term 0 FOLLOWER]: Starting pre-election with config: opid_index: -1 OBSOLETE_local: false peers { permanent_uuid: "ce0976480d9e4f1e933f0f9c2e0b0912" member_type: VOTER last_known_addr { host: "127.27.6.129" port: 40823 } } peers { permanent_uuid: "14ef8be3e01249489b4ee476d33758da" member_type: VOTER last_known_addr { host: "127.27.6.130" port: 36271 } } peers { permanent_uuid: "125cdefdc44f44c0b6d7ed0fe10e7b39" member_type: VOTER last_known_addr { host: "127.27.6.131" port: 37667 } }
I20260709 13:08:20.452368 28969 leader_election.cc:290] T 6ed5619c9e344f318a1618d045ca8d39 P 14ef8be3e01249489b4ee476d33758da [CANDIDATE]: Term 1 pre-election: Requested pre-vote from peers ce0976480d9e4f1e933f0f9c2e0b0912 (127.27.6.129:40823), 125cdefdc44f44c0b6d7ed0fe10e7b39 (127.27.6.131:37667)
I20260709 13:08:20.457492 28673 catalog_manager.cc:5697] T e13df0dd54604c68be19e2527ddd9d29 P ce0976480d9e4f1e933f0f9c2e0b0912 reported cstate change: term changed from 0 to 1, leader changed from <none> to ce0976480d9e4f1e933f0f9c2e0b0912 (127.27.6.129). New cstate: current_term: 1 leader_uuid: "ce0976480d9e4f1e933f0f9c2e0b0912" committed_config { opid_index: -1 OBSOLETE_local: false peers { permanent_uuid: "ce0976480d9e4f1e933f0f9c2e0b0912" member_type: VOTER last_known_addr { host: "127.27.6.129" port: 40823 } health_report { overall_health: HEALTHY } } peers { permanent_uuid: "14ef8be3e01249489b4ee476d33758da" member_type: VOTER last_known_addr { host: "127.27.6.130" port: 36271 } health_report { overall_health: UNKNOWN } } peers { permanent_uuid: "125cdefdc44f44c0b6d7ed0fe10e7b39" member_type: VOTER last_known_addr { host: "127.27.6.131" port: 37667 } health_report { overall_health: UNKNOWN } } }
I20260709 13:08:20.460268 28966 tablet_bootstrap.cc:492] T 608dd5d3ae6f4c70895b24a0b63b35f2 P 14ef8be3e01249489b4ee476d33758da: No bootstrap required, opened a new log
I20260709 13:08:20.461637 29065 raft_consensus.cc:493] T 0043e05dc49045b5b772f6f012e894b4 P ce0976480d9e4f1e933f0f9c2e0b0912 [term 0 FOLLOWER]: Starting pre-election (no leader contacted us within the election timeout)
I20260709 13:08:20.477487 29065 raft_consensus.cc:515] T 0043e05dc49045b5b772f6f012e894b4 P ce0976480d9e4f1e933f0f9c2e0b0912 [term 0 FOLLOWER]: Starting pre-election with config: opid_index: -1 OBSOLETE_local: false peers { permanent_uuid: "ce0976480d9e4f1e933f0f9c2e0b0912" member_type: VOTER last_known_addr { host: "127.27.6.129" port: 40823 } } peers { permanent_uuid: "14ef8be3e01249489b4ee476d33758da" member_type: VOTER last_known_addr { host: "127.27.6.130" port: 36271 } } peers { permanent_uuid: "125cdefdc44f44c0b6d7ed0fe10e7b39" member_type: VOTER last_known_addr { host: "127.27.6.131" port: 37667 } }
I20260709 13:08:20.478279 28773 raft_consensus.cc:3060] T d6907682f72d4e448e405f086ebf1ce6 P ce0976480d9e4f1e933f0f9c2e0b0912 [term 0 FOLLOWER]: Advancing to term 1
I20260709 13:08:20.479763 29065 leader_election.cc:290] T 0043e05dc49045b5b772f6f012e894b4 P ce0976480d9e4f1e933f0f9c2e0b0912 [CANDIDATE]: Term 1 pre-election: Requested pre-vote from peers 14ef8be3e01249489b4ee476d33758da (127.27.6.130:36271), 125cdefdc44f44c0b6d7ed0fe10e7b39 (127.27.6.131:37667)
I20260709 13:08:20.483841 28850 tablet_service.cc:1917] Received RequestConsensusVote() RPC: tablet_id: "0043e05dc49045b5b772f6f012e894b4" candidate_uuid: "ce0976480d9e4f1e933f0f9c2e0b0912" candidate_term: 1 candidate_status { last_received { term: 0 index: 0 } } ignore_live_leader: false dest_uuid: "14ef8be3e01249489b4ee476d33758da" is_pre_election: true
I20260709 13:08:20.484633 28850 raft_consensus.cc:2393] T 0043e05dc49045b5b772f6f012e894b4 P 14ef8be3e01249489b4ee476d33758da [term 1 FOLLOWER]: Leader pre-election vote request: Denying vote to candidate ce0976480d9e4f1e933f0f9c2e0b0912 in current term 1: Already voted for candidate 125cdefdc44f44c0b6d7ed0fe10e7b39 in this term.
I20260709 13:08:20.489629 28924 tablet_service.cc:1917] Received RequestConsensusVote() RPC: tablet_id: "0043e05dc49045b5b772f6f012e894b4" candidate_uuid: "ce0976480d9e4f1e933f0f9c2e0b0912" candidate_term: 1 candidate_status { last_received { term: 0 index: 0 } } ignore_live_leader: false dest_uuid: "125cdefdc44f44c0b6d7ed0fe10e7b39" is_pre_election: true
I20260709 13:08:20.490703 28771 tablet_service.cc:1917] Received RequestConsensusVote() RPC: tablet_id: "6ed5619c9e344f318a1618d045ca8d39" candidate_uuid: "14ef8be3e01249489b4ee476d33758da" candidate_term: 1 candidate_status { last_received { term: 0 index: 0 } } ignore_live_leader: false dest_uuid: "ce0976480d9e4f1e933f0f9c2e0b0912" is_pre_election: true
I20260709 13:08:20.491236 28740 leader_election.cc:304] T 0043e05dc49045b5b772f6f012e894b4 P ce0976480d9e4f1e933f0f9c2e0b0912 [CANDIDATE]: Term 1 pre-election: Election decided. Result: candidate lost. Election summary: received 3 responses out of 3 voters: 1 yes votes; 2 no votes. yes voters: ce0976480d9e4f1e933f0f9c2e0b0912; no voters: 125cdefdc44f44c0b6d7ed0fe10e7b39, 14ef8be3e01249489b4ee476d33758da
W20260709 13:08:20.492029 28816 leader_election.cc:343] T 6ed5619c9e344f318a1618d045ca8d39 P 14ef8be3e01249489b4ee476d33758da [CANDIDATE]: Term 1 pre-election: Tablet error from VoteRequest() call to peer ce0976480d9e4f1e933f0f9c2e0b0912 (127.27.6.129:40823): Illegal state: must be running to vote when last-logged opid is not known
I20260709 13:08:20.492746 29065 raft_consensus.cc:3060] T 0043e05dc49045b5b772f6f012e894b4 P ce0976480d9e4f1e933f0f9c2e0b0912 [term 0 FOLLOWER]: Advancing to term 1
I20260709 13:08:20.443672 28965 raft_consensus.cc:385] T c5ba46ced0b0439191d40051508dbe3f P ce0976480d9e4f1e933f0f9c2e0b0912 [term 0 FOLLOWER]: Consensus starting up: Expiring failure detector timer to make a prompt election more likely
I20260709 13:08:20.475565 28925 tablet_service.cc:1917] Received RequestConsensusVote() RPC: tablet_id: "6ed5619c9e344f318a1618d045ca8d39" candidate_uuid: "14ef8be3e01249489b4ee476d33758da" candidate_term: 1 candidate_status { last_received { term: 0 index: 0 } } ignore_live_leader: false dest_uuid: "125cdefdc44f44c0b6d7ed0fe10e7b39" is_pre_election: true
I20260709 13:08:20.504416 28965 raft_consensus.cc:740] T c5ba46ced0b0439191d40051508dbe3f P ce0976480d9e4f1e933f0f9c2e0b0912 [term 0 FOLLOWER]: Becoming Follower/Learner. State: Replica: ce0976480d9e4f1e933f0f9c2e0b0912, State: Initialized, Role: FOLLOWER
I20260709 13:08:20.504596 28970 tablet_bootstrap.cc:492] T d893e2368b7e421aa67abd00883d2004 P 125cdefdc44f44c0b6d7ed0fe10e7b39: No bootstrap required, opened a new log
I20260709 13:08:20.505051 28970 ts_tablet_manager.cc:1403] T d893e2368b7e421aa67abd00883d2004 P 125cdefdc44f44c0b6d7ed0fe10e7b39: Time spent bootstrapping tablet: real 0.195s	user 0.019s	sys 0.001s
I20260709 13:08:20.506130 29065 raft_consensus.cc:2749] T 0043e05dc49045b5b772f6f012e894b4 P ce0976480d9e4f1e933f0f9c2e0b0912 [term 1 FOLLOWER]: Leader pre-election lost for term 1. Reason: could not achieve majority
I20260709 13:08:20.507074 28965 consensus_queue.cc:260] T c5ba46ced0b0439191d40051508dbe3f P ce0976480d9e4f1e933f0f9c2e0b0912 [NON_LEADER]: Queue going to NON_LEADER mode. State: All replicated index: 0, Majority replicated index: 0, Committed index: 0, Last appended: 0.0, Last appended by leader: 0, Current term: 0, Majority size: -1, State: 0, Mode: NON_LEADER, active raft config: opid_index: -1 OBSOLETE_local: false peers { permanent_uuid: "ce0976480d9e4f1e933f0f9c2e0b0912" member_type: VOTER last_known_addr { host: "127.27.6.129" port: 40823 } } peers { permanent_uuid: "14ef8be3e01249489b4ee476d33758da" member_type: VOTER last_known_addr { host: "127.27.6.130" port: 36271 } } peers { permanent_uuid: "125cdefdc44f44c0b6d7ed0fe10e7b39" member_type: VOTER last_known_addr { host: "127.27.6.131" port: 37667 } }
I20260709 13:08:20.507508 28970 raft_consensus.cc:359] T d893e2368b7e421aa67abd00883d2004 P 125cdefdc44f44c0b6d7ed0fe10e7b39 [term 0 FOLLOWER]: Replica starting. Triggering 0 pending ops. Active config: opid_index: -1 OBSOLETE_local: false peers { permanent_uuid: "ce0976480d9e4f1e933f0f9c2e0b0912" member_type: VOTER last_known_addr { host: "127.27.6.129" port: 40823 } } peers { permanent_uuid: "14ef8be3e01249489b4ee476d33758da" member_type: VOTER last_known_addr { host: "127.27.6.130" port: 36271 } } peers { permanent_uuid: "125cdefdc44f44c0b6d7ed0fe10e7b39" member_type: VOTER last_known_addr { host: "127.27.6.131" port: 37667 } }
I20260709 13:08:20.508129 28970 raft_consensus.cc:385] T d893e2368b7e421aa67abd00883d2004 P 125cdefdc44f44c0b6d7ed0fe10e7b39 [term 0 FOLLOWER]: Consensus starting up: Expiring failure detector timer to make a prompt election more likely
I20260709 13:08:20.508391 28970 raft_consensus.cc:740] T d893e2368b7e421aa67abd00883d2004 P 125cdefdc44f44c0b6d7ed0fe10e7b39 [term 0 FOLLOWER]: Becoming Follower/Learner. State: Replica: 125cdefdc44f44c0b6d7ed0fe10e7b39, State: Initialized, Role: FOLLOWER
I20260709 13:08:20.508785 28965 ts_tablet_manager.cc:1434] T c5ba46ced0b0439191d40051508dbe3f P ce0976480d9e4f1e933f0f9c2e0b0912: Time spent starting tablet: real 0.146s	user 0.001s	sys 0.004s
I20260709 13:08:20.508980 28970 consensus_queue.cc:260] T d893e2368b7e421aa67abd00883d2004 P 125cdefdc44f44c0b6d7ed0fe10e7b39 [NON_LEADER]: Queue going to NON_LEADER mode. State: All replicated index: 0, Majority replicated index: 0, Committed index: 0, Last appended: 0.0, Last appended by leader: 0, Current term: 0, Majority size: -1, State: 0, Mode: NON_LEADER, active raft config: opid_index: -1 OBSOLETE_local: false peers { permanent_uuid: "ce0976480d9e4f1e933f0f9c2e0b0912" member_type: VOTER last_known_addr { host: "127.27.6.129" port: 40823 } } peers { permanent_uuid: "14ef8be3e01249489b4ee476d33758da" member_type: VOTER last_known_addr { host: "127.27.6.130" port: 36271 } } peers { permanent_uuid: "125cdefdc44f44c0b6d7ed0fe10e7b39" member_type: VOTER last_known_addr { host: "127.27.6.131" port: 37667 } }
I20260709 13:08:20.509596 28965 tablet_bootstrap.cc:492] T 8fee76e7324c4d9bbea6b6c053ed7182 P ce0976480d9e4f1e933f0f9c2e0b0912: Bootstrap starting.
I20260709 13:08:20.511133 28966 ts_tablet_manager.cc:1403] T 608dd5d3ae6f4c70895b24a0b63b35f2 P 14ef8be3e01249489b4ee476d33758da: Time spent bootstrapping tablet: real 0.230s	user 0.012s	sys 0.012s
I20260709 13:08:20.512042 28771 raft_consensus.cc:3060] T c5ba46ced0b0439191d40051508dbe3f P ce0976480d9e4f1e933f0f9c2e0b0912 [term 0 FOLLOWER]: Advancing to term 1
I20260709 13:08:20.517143 28985 consensus_queue.cc:1048] T 8807d558e33e476cbea3a7a653c8ac90 P 14ef8be3e01249489b4ee476d33758da [LEADER]: Connected to new peer: Peer: permanent_uuid: "125cdefdc44f44c0b6d7ed0fe10e7b39" member_type: VOTER last_known_addr { host: "127.27.6.131" port: 37667 }, Status: LMP_MISMATCH, Last received: 0.0, Next index: 1, Last known committed idx: 0, Time since last communication: 0.000s
