I20260709 13:08:08.860849 26920 raft_consensus.cc:515] T 4d3005472ea54aaaa8cf84721ac0bd13 P a2867f46432c4308ac953057e61c63ac [term 0 FOLLOWER]: Starting pre-election with config: opid_index: -1 OBSOLETE_local: false peers { permanent_uuid: "0432581e32e34ef08ac55243970eac0b" member_type: VOTER last_known_addr { host: "127.25.117.193" port: 46747 } } peers { permanent_uuid: "a2867f46432c4308ac953057e61c63ac" member_type: VOTER last_known_addr { host: "127.25.117.194" port: 45809 } } peers { permanent_uuid: "ed7af77b5a5645b381da523eda4e98dc" member_type: VOTER last_known_addr { host: "127.25.117.195" port: 38043 } }
I20260709 13:08:08.862097 26916 tablet_bootstrap.cc:492] T 4d3005472ea54aaaa8cf84721ac0bd13 P ed7af77b5a5645b381da523eda4e98dc: No bootstrap required, opened a new log
I20260709 13:08:08.862581 26916 ts_tablet_manager.cc:1403] T 4d3005472ea54aaaa8cf84721ac0bd13 P ed7af77b5a5645b381da523eda4e98dc: Time spent bootstrapping tablet: real 0.104s	user 0.037s	sys 0.061s
I20260709 13:08:08.863499 26919 raft_consensus.cc:493] T 17cb1465c9254b39b8e9bc2ba9041d11 P 0432581e32e34ef08ac55243970eac0b [term 0 FOLLOWER]: Starting pre-election (no leader contacted us within the election timeout)
I20260709 13:08:08.863581 26920 leader_election.cc:290] T 4d3005472ea54aaaa8cf84721ac0bd13 P a2867f46432c4308ac953057e61c63ac [CANDIDATE]: Term 1 pre-election: Requested pre-vote from peers 0432581e32e34ef08ac55243970eac0b (127.25.117.193:46747), ed7af77b5a5645b381da523eda4e98dc (127.25.117.195:38043)
I20260709 13:08:08.864028 26919 raft_consensus.cc:515] T 17cb1465c9254b39b8e9bc2ba9041d11 P 0432581e32e34ef08ac55243970eac0b [term 0 FOLLOWER]: Starting pre-election with config: opid_index: -1 OBSOLETE_local: false peers { permanent_uuid: "0432581e32e34ef08ac55243970eac0b" member_type: VOTER last_known_addr { host: "127.25.117.193" port: 46747 } } peers { permanent_uuid: "a2867f46432c4308ac953057e61c63ac" member_type: VOTER last_known_addr { host: "127.25.117.194" port: 45809 } } peers { permanent_uuid: "ed7af77b5a5645b381da523eda4e98dc" member_type: VOTER last_known_addr { host: "127.25.117.195" port: 38043 } }
I20260709 13:08:08.866053 26919 leader_election.cc:290] T 17cb1465c9254b39b8e9bc2ba9041d11 P 0432581e32e34ef08ac55243970eac0b [CANDIDATE]: Term 1 pre-election: Requested pre-vote from peers a2867f46432c4308ac953057e61c63ac (127.25.117.194:45809), ed7af77b5a5645b381da523eda4e98dc (127.25.117.195:38043)
I20260709 13:08:08.867591 26916 raft_consensus.cc:359] T 4d3005472ea54aaaa8cf84721ac0bd13 P ed7af77b5a5645b381da523eda4e98dc [term 0 FOLLOWER]: Replica starting. Triggering 0 pending ops. Active config: opid_index: -1 OBSOLETE_local: false peers { permanent_uuid: "0432581e32e34ef08ac55243970eac0b" member_type: VOTER last_known_addr { host: "127.25.117.193" port: 46747 } } peers { permanent_uuid: "a2867f46432c4308ac953057e61c63ac" member_type: VOTER last_known_addr { host: "127.25.117.194" port: 45809 } } peers { permanent_uuid: "ed7af77b5a5645b381da523eda4e98dc" member_type: VOTER last_known_addr { host: "127.25.117.195" port: 38043 } }
I20260709 13:08:08.868705 26916 raft_consensus.cc:385] T 4d3005472ea54aaaa8cf84721ac0bd13 P ed7af77b5a5645b381da523eda4e98dc [term 0 FOLLOWER]: Consensus starting up: Expiring failure detector timer to make a prompt election more likely
I20260709 13:08:08.869153 26916 raft_consensus.cc:740] T 4d3005472ea54aaaa8cf84721ac0bd13 P ed7af77b5a5645b381da523eda4e98dc [term 0 FOLLOWER]: Becoming Follower/Learner. State: Replica: ed7af77b5a5645b381da523eda4e98dc, State: Initialized, Role: FOLLOWER
I20260709 13:08:08.870249 26916 consensus_queue.cc:260] T 4d3005472ea54aaaa8cf84721ac0bd13 P ed7af77b5a5645b381da523eda4e98dc [NON_LEADER]: Queue going to NON_LEADER mode. State: All replicated index: 0, Majority replicated index: 0, Committed index: 0, Last appended: 0.0, Last appended by leader: 0, Current term: 0, Majority size: -1, State: 0, Mode: NON_LEADER, active raft config: opid_index: -1 OBSOLETE_local: false peers { permanent_uuid: "0432581e32e34ef08ac55243970eac0b" member_type: VOTER last_known_addr { host: "127.25.117.193" port: 46747 } } peers { permanent_uuid: "a2867f46432c4308ac953057e61c63ac" member_type: VOTER last_known_addr { host: "127.25.117.194" port: 45809 } } peers { permanent_uuid: "ed7af77b5a5645b381da523eda4e98dc" member_type: VOTER last_known_addr { host: "127.25.117.195" port: 38043 } }
I20260709 13:08:08.872217 26914 tablet_bootstrap.cc:492] T 96d3e1b7ff494e90b912871a7be7c989 P a2867f46432c4308ac953057e61c63ac: No bootstrap required, opened a new log
I20260709 13:08:08.872675 26914 ts_tablet_manager.cc:1403] T 96d3e1b7ff494e90b912871a7be7c989 P a2867f46432c4308ac953057e61c63ac: Time spent bootstrapping tablet: real 0.081s	user 0.014s	sys 0.035s
I20260709 13:08:08.873107 26916 ts_tablet_manager.cc:1434] T 4d3005472ea54aaaa8cf84721ac0bd13 P ed7af77b5a5645b381da523eda4e98dc: Time spent starting tablet: real 0.010s	user 0.009s	sys 0.001s
I20260709 13:08:08.874138 26916 tablet_bootstrap.cc:492] T 96d3e1b7ff494e90b912871a7be7c989 P ed7af77b5a5645b381da523eda4e98dc: Bootstrap starting.
I20260709 13:08:08.875200 26914 raft_consensus.cc:359] T 96d3e1b7ff494e90b912871a7be7c989 P a2867f46432c4308ac953057e61c63ac [term 0 FOLLOWER]: Replica starting. Triggering 0 pending ops. Active config: opid_index: -1 OBSOLETE_local: false peers { permanent_uuid: "0432581e32e34ef08ac55243970eac0b" member_type: VOTER last_known_addr { host: "127.25.117.193" port: 46747 } } peers { permanent_uuid: "a2867f46432c4308ac953057e61c63ac" member_type: VOTER last_known_addr { host: "127.25.117.194" port: 45809 } } peers { permanent_uuid: "ed7af77b5a5645b381da523eda4e98dc" member_type: VOTER last_known_addr { host: "127.25.117.195" port: 38043 } }
I20260709 13:08:08.875873 26914 raft_consensus.cc:385] T 96d3e1b7ff494e90b912871a7be7c989 P a2867f46432c4308ac953057e61c63ac [term 0 FOLLOWER]: Consensus starting up: Expiring failure detector timer to make a prompt election more likely
I20260709 13:08:08.876168 26914 raft_consensus.cc:740] T 96d3e1b7ff494e90b912871a7be7c989 P a2867f46432c4308ac953057e61c63ac [term 0 FOLLOWER]: Becoming Follower/Learner. State: Replica: a2867f46432c4308ac953057e61c63ac, State: Initialized, Role: FOLLOWER
I20260709 13:08:08.876820 26914 consensus_queue.cc:260] T 96d3e1b7ff494e90b912871a7be7c989 P a2867f46432c4308ac953057e61c63ac [NON_LEADER]: Queue going to NON_LEADER mode. State: All replicated index: 0, Majority replicated index: 0, Committed index: 0, Last appended: 0.0, Last appended by leader: 0, Current term: 0, Majority size: -1, State: 0, Mode: NON_LEADER, active raft config: opid_index: -1 OBSOLETE_local: false peers { permanent_uuid: "0432581e32e34ef08ac55243970eac0b" member_type: VOTER last_known_addr { host: "127.25.117.193" port: 46747 } } peers { permanent_uuid: "a2867f46432c4308ac953057e61c63ac" member_type: VOTER last_known_addr { host: "127.25.117.194" port: 45809 } } peers { permanent_uuid: "ed7af77b5a5645b381da523eda4e98dc" member_type: VOTER last_known_addr { host: "127.25.117.195" port: 38043 } }
I20260709 13:08:08.882259 26916 tablet_bootstrap.cc:654] T 96d3e1b7ff494e90b912871a7be7c989 P ed7af77b5a5645b381da523eda4e98dc: Neither blocks nor log segments found. Creating new log.
I20260709 13:08:08.884867 26800 tablet_service.cc:1917] Received RequestConsensusVote() RPC: tablet_id: "eb5dec6eca994900ab2a5fc1fa048067" candidate_uuid: "0432581e32e34ef08ac55243970eac0b" candidate_term: 1 candidate_status { last_received { term: 0 index: 0 } } ignore_live_leader: false dest_uuid: "a2867f46432c4308ac953057e61c63ac"
I20260709 13:08:08.885643 26800 raft_consensus.cc:3060] T eb5dec6eca994900ab2a5fc1fa048067 P a2867f46432c4308ac953057e61c63ac [term 0 FOLLOWER]: Advancing to term 1
I20260709 13:08:08.888072 26874 tablet_service.cc:1917] Received RequestConsensusVote() RPC: tablet_id: "eb5dec6eca994900ab2a5fc1fa048067" candidate_uuid: "0432581e32e34ef08ac55243970eac0b" candidate_term: 1 candidate_status { last_received { term: 0 index: 0 } } ignore_live_leader: false dest_uuid: "ed7af77b5a5645b381da523eda4e98dc"
I20260709 13:08:08.888653 26874 raft_consensus.cc:3060] T eb5dec6eca994900ab2a5fc1fa048067 P ed7af77b5a5645b381da523eda4e98dc [term 0 FOLLOWER]: Advancing to term 1
I20260709 13:08:08.895380 26916 tablet_bootstrap.cc:492] T 96d3e1b7ff494e90b912871a7be7c989 P ed7af77b5a5645b381da523eda4e98dc: No bootstrap required, opened a new log
I20260709 13:08:08.896173 26916 ts_tablet_manager.cc:1403] T 96d3e1b7ff494e90b912871a7be7c989 P ed7af77b5a5645b381da523eda4e98dc: Time spent bootstrapping tablet: real 0.022s	user 0.013s	sys 0.007s
I20260709 13:08:08.898186 26799 raft_consensus.cc:2468] T 0c35a553b8dd4babbb782e351af9f17e P a2867f46432c4308ac953057e61c63ac [term 1 FOLLOWER]: Leader election vote request: Granting yes vote for candidate ed7af77b5a5645b381da523eda4e98dc in term 1.
I20260709 13:08:08.900007 26916 raft_consensus.cc:359] T 96d3e1b7ff494e90b912871a7be7c989 P ed7af77b5a5645b381da523eda4e98dc [term 0 FOLLOWER]: Replica starting. Triggering 0 pending ops. Active config: opid_index: -1 OBSOLETE_local: false peers { permanent_uuid: "0432581e32e34ef08ac55243970eac0b" member_type: VOTER last_known_addr { host: "127.25.117.193" port: 46747 } } peers { permanent_uuid: "a2867f46432c4308ac953057e61c63ac" member_type: VOTER last_known_addr { host: "127.25.117.194" port: 45809 } } peers { permanent_uuid: "ed7af77b5a5645b381da523eda4e98dc" member_type: VOTER last_known_addr { host: "127.25.117.195" port: 38043 } }
I20260709 13:08:08.901002 26916 raft_consensus.cc:385] T 96d3e1b7ff494e90b912871a7be7c989 P ed7af77b5a5645b381da523eda4e98dc [term 0 FOLLOWER]: Consensus starting up: Expiring failure detector timer to make a prompt election more likely
I20260709 13:08:08.901405 26916 raft_consensus.cc:740] T 96d3e1b7ff494e90b912871a7be7c989 P ed7af77b5a5645b381da523eda4e98dc [term 0 FOLLOWER]: Becoming Follower/Learner. State: Replica: ed7af77b5a5645b381da523eda4e98dc, State: Initialized, Role: FOLLOWER
I20260709 13:08:08.902141 26725 raft_consensus.cc:2468] T 0c35a553b8dd4babbb782e351af9f17e P 0432581e32e34ef08ac55243970eac0b [term 1 FOLLOWER]: Leader election vote request: Granting yes vote for candidate ed7af77b5a5645b381da523eda4e98dc in term 1.
I20260709 13:08:08.902374 26916 consensus_queue.cc:260] T 96d3e1b7ff494e90b912871a7be7c989 P ed7af77b5a5645b381da523eda4e98dc [NON_LEADER]: Queue going to NON_LEADER mode. State: All replicated index: 0, Majority replicated index: 0, Committed index: 0, Last appended: 0.0, Last appended by leader: 0, Current term: 0, Majority size: -1, State: 0, Mode: NON_LEADER, active raft config: opid_index: -1 OBSOLETE_local: false peers { permanent_uuid: "0432581e32e34ef08ac55243970eac0b" member_type: VOTER last_known_addr { host: "127.25.117.193" port: 46747 } } peers { permanent_uuid: "a2867f46432c4308ac953057e61c63ac" member_type: VOTER last_known_addr { host: "127.25.117.194" port: 45809 } } peers { permanent_uuid: "ed7af77b5a5645b381da523eda4e98dc" member_type: VOTER last_known_addr { host: "127.25.117.195" port: 38043 } }
I20260709 13:08:08.903710 26838 leader_election.cc:304] T 0c35a553b8dd4babbb782e351af9f17e P ed7af77b5a5645b381da523eda4e98dc [CANDIDATE]: Term 1 election: Election decided. Result: candidate won. Election summary: received 2 responses out of 3 voters: 2 yes votes; 0 no votes. yes voters: 0432581e32e34ef08ac55243970eac0b, ed7af77b5a5645b381da523eda4e98dc; no voters: 
I20260709 13:08:08.904795 26922 raft_consensus.cc:2804] T 0c35a553b8dd4babbb782e351af9f17e P ed7af77b5a5645b381da523eda4e98dc [term 1 FOLLOWER]: Leader election won for term 1
I20260709 13:08:08.905301 26922 raft_consensus.cc:697] T 0c35a553b8dd4babbb782e351af9f17e P ed7af77b5a5645b381da523eda4e98dc [term 1 LEADER]: Becoming Leader. State: Replica: ed7af77b5a5645b381da523eda4e98dc, State: Running, Role: LEADER
I20260709 13:08:08.905491 26916 ts_tablet_manager.cc:1434] T 96d3e1b7ff494e90b912871a7be7c989 P ed7af77b5a5645b381da523eda4e98dc: Time spent starting tablet: real 0.009s	user 0.008s	sys 0.000s
I20260709 13:08:08.906594 26916 tablet_bootstrap.cc:492] T 4072c98bb07348fbb5141c8eac67cfed P ed7af77b5a5645b381da523eda4e98dc: Bootstrap starting.
I20260709 13:08:08.906195 26922 consensus_queue.cc:237] T 0c35a553b8dd4babbb782e351af9f17e P ed7af77b5a5645b381da523eda4e98dc [LEADER]: Queue going to LEADER mode. State: All replicated index: 0, Majority replicated index: 0, Committed index: 0, Last appended: 0.0, Last appended by leader: 0, Current term: 1, Majority size: 2, State: 0, Mode: LEADER, active raft config: opid_index: -1 OBSOLETE_local: false peers { permanent_uuid: "0432581e32e34ef08ac55243970eac0b" member_type: VOTER last_known_addr { host: "127.25.117.193" port: 46747 } } peers { permanent_uuid: "a2867f46432c4308ac953057e61c63ac" member_type: VOTER last_known_addr { host: "127.25.117.194" port: 45809 } } peers { permanent_uuid: "ed7af77b5a5645b381da523eda4e98dc" member_type: VOTER last_known_addr { host: "127.25.117.195" port: 38043 } }
I20260709 13:08:08.908988 26914 ts_tablet_manager.cc:1434] T 96d3e1b7ff494e90b912871a7be7c989 P a2867f46432c4308ac953057e61c63ac: Time spent starting tablet: real 0.036s	user 0.003s	sys 0.003s
I20260709 13:08:08.909937 26914 tablet_bootstrap.cc:492] T 4072c98bb07348fbb5141c8eac67cfed P a2867f46432c4308ac953057e61c63ac: Bootstrap starting.
I20260709 13:08:08.913544 26916 tablet_bootstrap.cc:654] T 4072c98bb07348fbb5141c8eac67cfed P ed7af77b5a5645b381da523eda4e98dc: Neither blocks nor log segments found. Creating new log.
I20260709 13:08:08.918151 26915 tablet_bootstrap.cc:492] T 8b50c49af57148348c92e8dba8cf002d P 0432581e32e34ef08ac55243970eac0b: No bootstrap required, opened a new log
I20260709 13:08:08.918598 26915 ts_tablet_manager.cc:1403] T 8b50c49af57148348c92e8dba8cf002d P 0432581e32e34ef08ac55243970eac0b: Time spent bootstrapping tablet: real 0.086s	user 0.021s	sys 0.005s
I20260709 13:08:08.919930 26874 raft_consensus.cc:2468] T eb5dec6eca994900ab2a5fc1fa048067 P ed7af77b5a5645b381da523eda4e98dc [term 1 FOLLOWER]: Leader election vote request: Granting yes vote for candidate 0432581e32e34ef08ac55243970eac0b in term 1.
I20260709 13:08:08.916678 26931 raft_consensus.cc:493] T 17cb1465c9254b39b8e9bc2ba9041d11 P ed7af77b5a5645b381da523eda4e98dc [term 0 FOLLOWER]: Starting pre-election (no leader contacted us within the election timeout)
I20260709 13:08:08.920930 26931 raft_consensus.cc:515] T 17cb1465c9254b39b8e9bc2ba9041d11 P ed7af77b5a5645b381da523eda4e98dc [term 0 FOLLOWER]: Starting pre-election with config: opid_index: -1 OBSOLETE_local: false peers { permanent_uuid: "0432581e32e34ef08ac55243970eac0b" member_type: VOTER last_known_addr { host: "127.25.117.193" port: 46747 } } peers { permanent_uuid: "a2867f46432c4308ac953057e61c63ac" member_type: VOTER last_known_addr { host: "127.25.117.194" port: 45809 } } peers { permanent_uuid: "ed7af77b5a5645b381da523eda4e98dc" member_type: VOTER last_known_addr { host: "127.25.117.195" port: 38043 } }
I20260709 13:08:08.921187 26915 raft_consensus.cc:359] T 8b50c49af57148348c92e8dba8cf002d P 0432581e32e34ef08ac55243970eac0b [term 0 FOLLOWER]: Replica starting. Triggering 0 pending ops. Active config: opid_index: -1 OBSOLETE_local: false peers { permanent_uuid: "0432581e32e34ef08ac55243970eac0b" member_type: VOTER last_known_addr { host: "127.25.117.193" port: 46747 } } peers { permanent_uuid: "a2867f46432c4308ac953057e61c63ac" member_type: VOTER last_known_addr { host: "127.25.117.194" port: 45809 } } peers { permanent_uuid: "ed7af77b5a5645b381da523eda4e98dc" member_type: VOTER last_known_addr { host: "127.25.117.195" port: 38043 } }
I20260709 13:08:08.921865 26915 raft_consensus.cc:385] T 8b50c49af57148348c92e8dba8cf002d P 0432581e32e34ef08ac55243970eac0b [term 0 FOLLOWER]: Consensus starting up: Expiring failure detector timer to make a prompt election more likely
I20260709 13:08:08.922128 26915 raft_consensus.cc:740] T 8b50c49af57148348c92e8dba8cf002d P 0432581e32e34ef08ac55243970eac0b [term 0 FOLLOWER]: Becoming Follower/Learner. State: Replica: 0432581e32e34ef08ac55243970eac0b, State: Initialized, Role: FOLLOWER
I20260709 13:08:08.917500 26873 tablet_service.cc:1917] Received RequestConsensusVote() RPC: tablet_id: "4d3005472ea54aaaa8cf84721ac0bd13" candidate_uuid: "a2867f46432c4308ac953057e61c63ac" candidate_term: 1 candidate_status { last_received { term: 0 index: 0 } } ignore_live_leader: false dest_uuid: "ed7af77b5a5645b381da523eda4e98dc" is_pre_election: true
I20260709 13:08:08.920179 26872 tablet_service.cc:1917] Received RequestConsensusVote() RPC: tablet_id: "17cb1465c9254b39b8e9bc2ba9041d11" candidate_uuid: "0432581e32e34ef08ac55243970eac0b" candidate_term: 1 candidate_status { last_received { term: 0 index: 0 } } ignore_live_leader: false dest_uuid: "ed7af77b5a5645b381da523eda4e98dc" is_pre_election: true
I20260709 13:08:08.923038 26915 consensus_queue.cc:260] T 8b50c49af57148348c92e8dba8cf002d P 0432581e32e34ef08ac55243970eac0b [NON_LEADER]: Queue going to NON_LEADER mode. State: All replicated index: 0, Majority replicated index: 0, Committed index: 0, Last appended: 0.0, Last appended by leader: 0, Current term: 0, Majority size: -1, State: 0, Mode: NON_LEADER, active raft config: opid_index: -1 OBSOLETE_local: false peers { permanent_uuid: "0432581e32e34ef08ac55243970eac0b" member_type: VOTER last_known_addr { host: "127.25.117.193" port: 46747 } } peers { permanent_uuid: "a2867f46432c4308ac953057e61c63ac" member_type: VOTER last_known_addr { host: "127.25.117.194" port: 45809 } } peers { permanent_uuid: "ed7af77b5a5645b381da523eda4e98dc" member_type: VOTER last_known_addr { host: "127.25.117.195" port: 38043 } }
I20260709 13:08:08.923430 26873 raft_consensus.cc:2468] T 4d3005472ea54aaaa8cf84721ac0bd13 P ed7af77b5a5645b381da523eda4e98dc [term 0 FOLLOWER]: Leader pre-election vote request: Granting yes vote for candidate a2867f46432c4308ac953057e61c63ac in term 0.
I20260709 13:08:08.923552 26872 raft_consensus.cc:2468] T 17cb1465c9254b39b8e9bc2ba9041d11 P ed7af77b5a5645b381da523eda4e98dc [term 0 FOLLOWER]: Leader pre-election vote request: Granting yes vote for candidate 0432581e32e34ef08ac55243970eac0b in term 0.
I20260709 13:08:08.925081 26915 ts_tablet_manager.cc:1434] T 8b50c49af57148348c92e8dba8cf002d P 0432581e32e34ef08ac55243970eac0b: Time spent starting tablet: real 0.006s	user 0.005s	sys 0.001s
I20260709 13:08:08.924947 26725 tablet_service.cc:1917] Received RequestConsensusVote() RPC: tablet_id: "17cb1465c9254b39b8e9bc2ba9041d11" candidate_uuid: "ed7af77b5a5645b381da523eda4e98dc" candidate_term: 1 candidate_status { last_received { term: 0 index: 0 } } ignore_live_leader: false dest_uuid: "0432581e32e34ef08ac55243970eac0b" is_pre_election: true
I20260709 13:08:08.925942 26798 tablet_service.cc:1917] Received RequestConsensusVote() RPC: tablet_id: "17cb1465c9254b39b8e9bc2ba9041d11" candidate_uuid: "ed7af77b5a5645b381da523eda4e98dc" candidate_term: 1 candidate_status { last_received { term: 0 index: 0 } } ignore_live_leader: false dest_uuid: "a2867f46432c4308ac953057e61c63ac" is_pre_election: true
I20260709 13:08:08.926203 26725 raft_consensus.cc:2468] T 17cb1465c9254b39b8e9bc2ba9041d11 P 0432581e32e34ef08ac55243970eac0b [term 0 FOLLOWER]: Leader pre-election vote request: Granting yes vote for candidate ed7af77b5a5645b381da523eda4e98dc in term 0.
I20260709 13:08:08.926661 26798 raft_consensus.cc:2468] T 17cb1465c9254b39b8e9bc2ba9041d11 P a2867f46432c4308ac953057e61c63ac [term 0 FOLLOWER]: Leader pre-election vote request: Granting yes vote for candidate ed7af77b5a5645b381da523eda4e98dc in term 0.
I20260709 13:08:08.927619 26838 leader_election.cc:304] T 17cb1465c9254b39b8e9bc2ba9041d11 P ed7af77b5a5645b381da523eda4e98dc [CANDIDATE]: Term 1 pre-election: Election decided. Result: candidate won. Election summary: received 2 responses out of 3 voters: 2 yes votes; 0 no votes. yes voters: 0432581e32e34ef08ac55243970eac0b, ed7af77b5a5645b381da523eda4e98dc; no voters: 
I20260709 13:08:08.927677 26725 tablet_service.cc:1917] Received RequestConsensusVote() RPC: tablet_id: "4d3005472ea54aaaa8cf84721ac0bd13" candidate_uuid: "a2867f46432c4308ac953057e61c63ac" candidate_term: 1 candidate_status { last_received { term: 0 index: 0 } } ignore_live_leader: false dest_uuid: "0432581e32e34ef08ac55243970eac0b" is_pre_election: true
I20260709 13:08:08.928161 26763 leader_election.cc:304] T 4d3005472ea54aaaa8cf84721ac0bd13 P a2867f46432c4308ac953057e61c63ac [CANDIDATE]: Term 1 pre-election: Election decided. Result: candidate won. Election summary: received 2 responses out of 3 voters: 2 yes votes; 0 no votes. yes voters: a2867f46432c4308ac953057e61c63ac, ed7af77b5a5645b381da523eda4e98dc; no voters: 
I20260709 13:08:08.928654 26920 raft_consensus.cc:493] T 3f97448911084485ab14a9204bdaca2a P a2867f46432c4308ac953057e61c63ac [term 0 FOLLOWER]: Starting pre-election (no leader contacted us within the election timeout)
I20260709 13:08:08.928925 26930 raft_consensus.cc:2804] T 17cb1465c9254b39b8e9bc2ba9041d11 P ed7af77b5a5645b381da523eda4e98dc [term 0 FOLLOWER]: Leader pre-election won for term 1
I20260709 13:08:08.929369 26930 raft_consensus.cc:493] T 17cb1465c9254b39b8e9bc2ba9041d11 P ed7af77b5a5645b381da523eda4e98dc [term 0 FOLLOWER]: Starting leader election (no leader contacted us within the election timeout)
I20260709 13:08:08.929582 26725 raft_consensus.cc:2468] T 4d3005472ea54aaaa8cf84721ac0bd13 P 0432581e32e34ef08ac55243970eac0b [term 0 FOLLOWER]: Leader pre-election vote request: Granting yes vote for candidate a2867f46432c4308ac953057e61c63ac in term 0.
I20260709 13:08:08.929805 26930 raft_consensus.cc:3060] T 17cb1465c9254b39b8e9bc2ba9041d11 P ed7af77b5a5645b381da523eda4e98dc [term 0 FOLLOWER]: Advancing to term 1
I20260709 13:08:08.925046 26931 leader_election.cc:290] T 17cb1465c9254b39b8e9bc2ba9041d11 P ed7af77b5a5645b381da523eda4e98dc [CANDIDATE]: Term 1 pre-election: Requested pre-vote from peers 0432581e32e34ef08ac55243970eac0b (127.25.117.193:46747), a2867f46432c4308ac953057e61c63ac (127.25.117.194:45809)
I20260709 13:08:08.926020 26915 tablet_bootstrap.cc:492] T 96d3e1b7ff494e90b912871a7be7c989 P 0432581e32e34ef08ac55243970eac0b: Bootstrap starting.
I20260709 13:08:08.929361 26920 raft_consensus.cc:515] T 3f97448911084485ab14a9204bdaca2a P a2867f46432c4308ac953057e61c63ac [term 0 FOLLOWER]: Starting pre-election with config: opid_index: -1 OBSOLETE_local: false peers { permanent_uuid: "0432581e32e34ef08ac55243970eac0b" member_type: VOTER last_known_addr { host: "127.25.117.193" port: 46747 } } peers { permanent_uuid: "a2867f46432c4308ac953057e61c63ac" member_type: VOTER last_known_addr { host: "127.25.117.194" port: 45809 } } peers { permanent_uuid: "ed7af77b5a5645b381da523eda4e98dc" member_type: VOTER last_known_addr { host: "127.25.117.195" port: 38043 } }
I20260709 13:08:08.931548 26688 leader_election.cc:304] T 17cb1465c9254b39b8e9bc2ba9041d11 P 0432581e32e34ef08ac55243970eac0b [CANDIDATE]: Term 1 pre-election: Election decided. Result: candidate won. Election summary: received 2 responses out of 3 voters: 2 yes votes; 0 no votes. yes voters: 0432581e32e34ef08ac55243970eac0b, ed7af77b5a5645b381da523eda4e98dc; no voters: 
I20260709 13:08:08.932819 26944 raft_consensus.cc:2804] T 17cb1465c9254b39b8e9bc2ba9041d11 P 0432581e32e34ef08ac55243970eac0b [term 0 FOLLOWER]: Leader pre-election won for term 1
I20260709 13:08:08.933409 26944 raft_consensus.cc:493] T 17cb1465c9254b39b8e9bc2ba9041d11 P 0432581e32e34ef08ac55243970eac0b [term 0 FOLLOWER]: Starting leader election (no leader contacted us within the election timeout)
I20260709 13:08:08.933527 26920 leader_election.cc:290] T 3f97448911084485ab14a9204bdaca2a P a2867f46432c4308ac953057e61c63ac [CANDIDATE]: Term 1 pre-election: Requested pre-vote from peers 0432581e32e34ef08ac55243970eac0b (127.25.117.193:46747), ed7af77b5a5645b381da523eda4e98dc (127.25.117.195:38043)
I20260709 13:08:08.933872 26944 raft_consensus.cc:3060] T 17cb1465c9254b39b8e9bc2ba9041d11 P 0432581e32e34ef08ac55243970eac0b [term 0 FOLLOWER]: Advancing to term 1
I20260709 13:08:08.934206 26920 raft_consensus.cc:2804] T 4d3005472ea54aaaa8cf84721ac0bd13 P a2867f46432c4308ac953057e61c63ac [term 0 FOLLOWER]: Leader pre-election won for term 1
I20260709 13:08:08.934634 26920 raft_consensus.cc:493] T 4d3005472ea54aaaa8cf84721ac0bd13 P a2867f46432c4308ac953057e61c63ac [term 0 FOLLOWER]: Starting leader election (no leader contacted us within the election timeout)
I20260709 13:08:08.938565 26800 raft_consensus.cc:2468] T eb5dec6eca994900ab2a5fc1fa048067 P a2867f46432c4308ac953057e61c63ac [term 1 FOLLOWER]: Leader election vote request: Granting yes vote for candidate 0432581e32e34ef08ac55243970eac0b in term 1.
I20260709 13:08:08.939610 26725 tablet_service.cc:1917] Received RequestConsensusVote() RPC: tablet_id: "3f97448911084485ab14a9204bdaca2a" candidate_uuid: "a2867f46432c4308ac953057e61c63ac" candidate_term: 1 candidate_status { last_received { term: 0 index: 0 } } ignore_live_leader: false dest_uuid: "0432581e32e34ef08ac55243970eac0b" is_pre_election: true
I20260709 13:08:08.940591 26725 raft_consensus.cc:2468] T 3f97448911084485ab14a9204bdaca2a P 0432581e32e34ef08ac55243970eac0b [term 0 FOLLOWER]: Leader pre-election vote request: Granting yes vote for candidate a2867f46432c4308ac953057e61c63ac in term 0.
I20260709 13:08:08.947834 26688 leader_election.cc:304] T eb5dec6eca994900ab2a5fc1fa048067 P 0432581e32e34ef08ac55243970eac0b [CANDIDATE]: Term 1 election: Election decided. Result: candidate won. Election summary: received 2 responses out of 3 voters: 2 yes votes; 0 no votes. yes voters: 0432581e32e34ef08ac55243970eac0b, ed7af77b5a5645b381da523eda4e98dc; no voters: 
I20260709 13:08:08.948352 26764 leader_election.cc:304] T 3f97448911084485ab14a9204bdaca2a P a2867f46432c4308ac953057e61c63ac [CANDIDATE]: Term 1 pre-election: Election decided. Result: candidate won. Election summary: received 2 responses out of 3 voters: 2 yes votes; 0 no votes. yes voters: 0432581e32e34ef08ac55243970eac0b, a2867f46432c4308ac953057e61c63ac; no voters: 
I20260709 13:08:08.949172 26919 raft_consensus.cc:2804] T eb5dec6eca994900ab2a5fc1fa048067 P 0432581e32e34ef08ac55243970eac0b [term 1 FOLLOWER]: Leader election won for term 1
I20260709 13:08:08.942039 26920 raft_consensus.cc:3060] T 4d3005472ea54aaaa8cf84721ac0bd13 P a2867f46432c4308ac953057e61c63ac [term 0 FOLLOWER]: Advancing to term 1
I20260709 13:08:08.916188 26914 tablet_bootstrap.cc:654] T 4072c98bb07348fbb5141c8eac67cfed P a2867f46432c4308ac953057e61c63ac: Neither blocks nor log segments found. Creating new log.
I20260709 13:08:08.942049 26799 tablet_service.cc:1917] Received RequestConsensusVote() RPC: tablet_id: "17cb1465c9254b39b8e9bc2ba9041d11" candidate_uuid: "0432581e32e34ef08ac55243970eac0b" candidate_term: 1 candidate_status { last_received { term: 0 index: 0 } } ignore_live_leader: false dest_uuid: "a2867f46432c4308ac953057e61c63ac" is_pre_election: true
I20260709 13:08:08.957618 26799 raft_consensus.cc:2468] T 17cb1465c9254b39b8e9bc2ba9041d11 P a2867f46432c4308ac953057e61c63ac [term 0 FOLLOWER]: Leader pre-election vote request: Granting yes vote for candidate 0432581e32e34ef08ac55243970eac0b in term 0.
I20260709 13:08:08.946174 26930 raft_consensus.cc:515] T 17cb1465c9254b39b8e9bc2ba9041d11 P ed7af77b5a5645b381da523eda4e98dc [term 1 FOLLOWER]: Starting leader election with config: opid_index: -1 OBSOLETE_local: false peers { permanent_uuid: "0432581e32e34ef08ac55243970eac0b" member_type: VOTER last_known_addr { host: "127.25.117.193" port: 46747 } } peers { permanent_uuid: "a2867f46432c4308ac953057e61c63ac" member_type: VOTER last_known_addr { host: "127.25.117.194" port: 45809 } } peers { permanent_uuid: "ed7af77b5a5645b381da523eda4e98dc" member_type: VOTER last_known_addr { host: "127.25.117.195" port: 38043 } }
I20260709 13:08:08.965739 26930 leader_election.cc:290] T 17cb1465c9254b39b8e9bc2ba9041d11 P ed7af77b5a5645b381da523eda4e98dc [CANDIDATE]: Term 1 election: Requested vote from peers 0432581e32e34ef08ac55243970eac0b (127.25.117.193:46747), a2867f46432c4308ac953057e61c63ac (127.25.117.194:45809)
I20260709 13:08:08.967154 26725 tablet_service.cc:1917] Received RequestConsensusVote() RPC: tablet_id: "17cb1465c9254b39b8e9bc2ba9041d11" candidate_uuid: "ed7af77b5a5645b381da523eda4e98dc" candidate_term: 1 candidate_status { last_received { term: 0 index: 0 } } ignore_live_leader: false dest_uuid: "0432581e32e34ef08ac55243970eac0b"
I20260709 13:08:08.974531 26956 raft_consensus.cc:2804] T 3f97448911084485ab14a9204bdaca2a P a2867f46432c4308ac953057e61c63ac [term 0 FOLLOWER]: Leader pre-election won for term 1
I20260709 13:08:08.978181 26956 raft_consensus.cc:493] T 3f97448911084485ab14a9204bdaca2a P a2867f46432c4308ac953057e61c63ac [term 0 FOLLOWER]: Starting leader election (no leader contacted us within the election timeout)
I20260709 13:08:08.978679 26956 raft_consensus.cc:3060] T 3f97448911084485ab14a9204bdaca2a P a2867f46432c4308ac953057e61c63ac [term 0 FOLLOWER]: Advancing to term 1
W20260709 13:08:08.974537 26763 outbound_call.cc:321] RPC callback for RPC call kudu.consensus.ConsensusService.RequestConsensusVote -> {remote=127.25.117.195:38043, user_credentials={real_user=slave}} blocked reactor thread for 46432us
I20260709 13:08:08.980388 26920 raft_consensus.cc:515] T 4d3005472ea54aaaa8cf84721ac0bd13 P a2867f46432c4308ac953057e61c63ac [term 1 FOLLOWER]: Starting leader election with config: opid_index: -1 OBSOLETE_local: false peers { permanent_uuid: "0432581e32e34ef08ac55243970eac0b" member_type: VOTER last_known_addr { host: "127.25.117.193" port: 46747 } } peers { permanent_uuid: "a2867f46432c4308ac953057e61c63ac" member_type: VOTER last_known_addr { host: "127.25.117.194" port: 45809 } } peers { permanent_uuid: "ed7af77b5a5645b381da523eda4e98dc" member_type: VOTER last_known_addr { host: "127.25.117.195" port: 38043 } }
I20260709 13:08:08.980963 26874 tablet_service.cc:1917] Received RequestConsensusVote() RPC: tablet_id: "3f97448911084485ab14a9204bdaca2a" candidate_uuid: "a2867f46432c4308ac953057e61c63ac" candidate_term: 1 candidate_status { last_received { term: 0 index: 0 } } ignore_live_leader: false dest_uuid: "ed7af77b5a5645b381da523eda4e98dc" is_pre_election: true
I20260709 13:08:08.981616 26874 raft_consensus.cc:2468] T 3f97448911084485ab14a9204bdaca2a P ed7af77b5a5645b381da523eda4e98dc [term 0 FOLLOWER]: Leader pre-election vote request: Granting yes vote for candidate a2867f46432c4308ac953057e61c63ac in term 0.
I20260709 13:08:08.975178 26919 raft_consensus.cc:697] T eb5dec6eca994900ab2a5fc1fa048067 P 0432581e32e34ef08ac55243970eac0b [term 1 LEADER]: Becoming Leader. State: Replica: 0432581e32e34ef08ac55243970eac0b, State: Running, Role: LEADER
I20260709 13:08:08.972837 26957 raft_consensus.cc:493] T 851891dcf08a4dfbbea249929038a301 P a2867f46432c4308ac953057e61c63ac [term 0 FOLLOWER]: Starting pre-election (no leader contacted us within the election timeout)
I20260709 13:08:08.983062 26957 raft_consensus.cc:515] T 851891dcf08a4dfbbea249929038a301 P a2867f46432c4308ac953057e61c63ac [term 0 FOLLOWER]: Starting pre-election with config: opid_index: -1 OBSOLETE_local: false peers { permanent_uuid: "0432581e32e34ef08ac55243970eac0b" member_type: VOTER last_known_addr { host: "127.25.117.193" port: 46747 } } peers { permanent_uuid: "a2867f46432c4308ac953057e61c63ac" member_type: VOTER last_known_addr { host: "127.25.117.194" port: 45809 } } peers { permanent_uuid: "ed7af77b5a5645b381da523eda4e98dc" member_type: VOTER last_known_addr { host: "127.25.117.195" port: 38043 } }
I20260709 13:08:08.984575 26724 tablet_service.cc:1917] Received RequestConsensusVote() RPC: tablet_id: "4d3005472ea54aaaa8cf84721ac0bd13" candidate_uuid: "a2867f46432c4308ac953057e61c63ac" candidate_term: 1 candidate_status { last_received { term: 0 index: 0 } } ignore_live_leader: false dest_uuid: "0432581e32e34ef08ac55243970eac0b"
I20260709 13:08:08.984956 26920 leader_election.cc:290] T 4d3005472ea54aaaa8cf84721ac0bd13 P a2867f46432c4308ac953057e61c63ac [CANDIDATE]: Term 1 election: Requested vote from peers 0432581e32e34ef08ac55243970eac0b (127.25.117.193:46747), ed7af77b5a5645b381da523eda4e98dc (127.25.117.195:38043)
I20260709 13:08:08.985314 26724 raft_consensus.cc:3060] T 4d3005472ea54aaaa8cf84721ac0bd13 P 0432581e32e34ef08ac55243970eac0b [term 0 FOLLOWER]: Advancing to term 1
I20260709 13:08:08.978832 26915 tablet_bootstrap.cc:654] T 96d3e1b7ff494e90b912871a7be7c989 P 0432581e32e34ef08ac55243970eac0b: Neither blocks nor log segments found. Creating new log.
I20260709 13:08:08.986208 26874 tablet_service.cc:1917] Received RequestConsensusVote() RPC: tablet_id: "4d3005472ea54aaaa8cf84721ac0bd13" candidate_uuid: "a2867f46432c4308ac953057e61c63ac" candidate_term: 1 candidate_status { last_received { term: 0 index: 0 } } ignore_live_leader: false dest_uuid: "ed7af77b5a5645b381da523eda4e98dc"
I20260709 13:08:08.986878 26874 raft_consensus.cc:3060] T 4d3005472ea54aaaa8cf84721ac0bd13 P ed7af77b5a5645b381da523eda4e98dc [term 0 FOLLOWER]: Advancing to term 1
I20260709 13:08:08.988210 26916 tablet_bootstrap.cc:492] T 4072c98bb07348fbb5141c8eac67cfed P ed7af77b5a5645b381da523eda4e98dc: No bootstrap required, opened a new log
I20260709 13:08:08.988708 26916 ts_tablet_manager.cc:1403] T 4072c98bb07348fbb5141c8eac67cfed P ed7af77b5a5645b381da523eda4e98dc: Time spent bootstrapping tablet: real 0.082s	user 0.030s	sys 0.037s
I20260709 13:08:08.946781 26944 raft_consensus.cc:515] T 17cb1465c9254b39b8e9bc2ba9041d11 P 0432581e32e34ef08ac55243970eac0b [term 1 FOLLOWER]: Starting leader election with config: opid_index: -1 OBSOLETE_local: false peers { permanent_uuid: "0432581e32e34ef08ac55243970eac0b" member_type: VOTER last_known_addr { host: "127.25.117.193" port: 46747 } } peers { permanent_uuid: "a2867f46432c4308ac953057e61c63ac" member_type: VOTER last_known_addr { host: "127.25.117.194" port: 45809 } } peers { permanent_uuid: "ed7af77b5a5645b381da523eda4e98dc" member_type: VOTER last_known_addr { host: "127.25.117.195" port: 38043 } }
I20260709 13:08:08.989993 26725 raft_consensus.cc:2393] T 17cb1465c9254b39b8e9bc2ba9041d11 P 0432581e32e34ef08ac55243970eac0b [term 1 FOLLOWER]: Leader election vote request: Denying vote to candidate ed7af77b5a5645b381da523eda4e98dc in current term 1: Already voted for candidate 0432581e32e34ef08ac55243970eac0b in this term.
I20260709 13:08:08.983381 26919 consensus_queue.cc:237] T eb5dec6eca994900ab2a5fc1fa048067 P 0432581e32e34ef08ac55243970eac0b [LEADER]: Queue going to LEADER mode. State: All replicated index: 0, Majority replicated index: 0, Committed index: 0, Last appended: 0.0, Last appended by leader: 0, Current term: 1, Majority size: 2, State: 0, Mode: LEADER, active raft config: opid_index: -1 OBSOLETE_local: false peers { permanent_uuid: "a2867f46432c4308ac953057e61c63ac" member_type: VOTER last_known_addr { host: "127.25.117.194" port: 45809 } } peers { permanent_uuid: "0432581e32e34ef08ac55243970eac0b" member_type: VOTER last_known_addr { host: "127.25.117.193" port: 46747 } } peers { permanent_uuid: "ed7af77b5a5645b381da523eda4e98dc" member_type: VOTER last_known_addr { host: "127.25.117.195" port: 38043 } }
I20260709 13:08:08.971062 26619 catalog_manager.cc:5697] T 0c35a553b8dd4babbb782e351af9f17e P ed7af77b5a5645b381da523eda4e98dc reported cstate change: term changed from 0 to 1, leader changed from <none> to ed7af77b5a5645b381da523eda4e98dc (127.25.117.195). New cstate: current_term: 1 leader_uuid: "ed7af77b5a5645b381da523eda4e98dc" committed_config { opid_index: -1 OBSOLETE_local: false peers { permanent_uuid: "0432581e32e34ef08ac55243970eac0b" member_type: VOTER last_known_addr { host: "127.25.117.193" port: 46747 } health_report { overall_health: UNKNOWN } } peers { permanent_uuid: "a2867f46432c4308ac953057e61c63ac" member_type: VOTER last_known_addr { host: "127.25.117.194" port: 45809 } health_report { overall_health: UNKNOWN } } peers { permanent_uuid: "ed7af77b5a5645b381da523eda4e98dc" member_type: VOTER last_known_addr { host: "127.25.117.195" port: 38043 } health_report { overall_health: HEALTHY } } }
I20260709 13:08:08.991912 26916 raft_consensus.cc:359] T 4072c98bb07348fbb5141c8eac67cfed P ed7af77b5a5645b381da523eda4e98dc [term 0 FOLLOWER]: Replica starting. Triggering 0 pending ops. Active config: opid_index: -1 OBSOLETE_local: false peers { permanent_uuid: "0432581e32e34ef08ac55243970eac0b" member_type: VOTER last_known_addr { host: "127.25.117.193" port: 46747 } } peers { permanent_uuid: "a2867f46432c4308ac953057e61c63ac" member_type: VOTER last_known_addr { host: "127.25.117.194" port: 45809 } } peers { permanent_uuid: "ed7af77b5a5645b381da523eda4e98dc" member_type: VOTER last_known_addr { host: "127.25.117.195" port: 38043 } }
I20260709 13:08:08.992628 26916 raft_consensus.cc:385] T 4072c98bb07348fbb5141c8eac67cfed P ed7af77b5a5645b381da523eda4e98dc [term 0 FOLLOWER]: Consensus starting up: Expiring failure detector timer to make a prompt election more likely
I20260709 13:08:08.993377 26724 raft_consensus.cc:2468] T 4d3005472ea54aaaa8cf84721ac0bd13 P 0432581e32e34ef08ac55243970eac0b [term 1 FOLLOWER]: Leader election vote request: Granting yes vote for candidate a2867f46432c4308ac953057e61c63ac in term 1.
I20260709 13:08:08.994649 26764 leader_election.cc:304] T 4d3005472ea54aaaa8cf84721ac0bd13 P a2867f46432c4308ac953057e61c63ac [CANDIDATE]: Term 1 election: Election decided. Result: candidate won. Election summary: received 2 responses out of 3 voters: 2 yes votes; 0 no votes. yes voters: 0432581e32e34ef08ac55243970eac0b, a2867f46432c4308ac953057e61c63ac; no voters: 
I20260709 13:08:08.995585 26920 raft_consensus.cc:2804] T 4d3005472ea54aaaa8cf84721ac0bd13 P a2867f46432c4308ac953057e61c63ac [term 1 FOLLOWER]: Leader election won for term 1
I20260709 13:08:08.998911 26874 raft_consensus.cc:2468] T 4d3005472ea54aaaa8cf84721ac0bd13 P ed7af77b5a5645b381da523eda4e98dc [term 1 FOLLOWER]: Leader election vote request: Granting yes vote for candidate a2867f46432c4308ac953057e61c63ac in term 1.
I20260709 13:08:08.985001 26799 tablet_service.cc:1917] Received RequestConsensusVote() RPC: tablet_id: "17cb1465c9254b39b8e9bc2ba9041d11" candidate_uuid: "ed7af77b5a5645b381da523eda4e98dc" candidate_term: 1 candidate_status { last_received { term: 0 index: 0 } } ignore_live_leader: false dest_uuid: "a2867f46432c4308ac953057e61c63ac"
I20260709 13:08:09.001317 26799 raft_consensus.cc:3060] T 17cb1465c9254b39b8e9bc2ba9041d11 P a2867f46432c4308ac953057e61c63ac [term 0 FOLLOWER]: Advancing to term 1
I20260709 13:08:09.001030 26956 raft_consensus.cc:515] T 3f97448911084485ab14a9204bdaca2a P a2867f46432c4308ac953057e61c63ac [term 1 FOLLOWER]: Starting leader election with config: opid_index: -1 OBSOLETE_local: false peers { permanent_uuid: "0432581e32e34ef08ac55243970eac0b" member_type: VOTER last_known_addr { host: "127.25.117.193" port: 46747 } } peers { permanent_uuid: "a2867f46432c4308ac953057e61c63ac" member_type: VOTER last_known_addr { host: "127.25.117.194" port: 45809 } } peers { permanent_uuid: "ed7af77b5a5645b381da523eda4e98dc" member_type: VOTER last_known_addr { host: "127.25.117.195" port: 38043 } }
I20260709 13:08:08.992920 26916 raft_consensus.cc:740] T 4072c98bb07348fbb5141c8eac67cfed P ed7af77b5a5645b381da523eda4e98dc [term 0 FOLLOWER]: Becoming Follower/Learner. State: Replica: ed7af77b5a5645b381da523eda4e98dc, State: Initialized, Role: FOLLOWER
I20260709 13:08:09.004956 26724 tablet_service.cc:1917] Received RequestConsensusVote() RPC: tablet_id: "3f97448911084485ab14a9204bdaca2a" candidate_uuid: "a2867f46432c4308ac953057e61c63ac" candidate_term: 1 candidate_status { last_received { term: 0 index: 0 } } ignore_live_leader: false dest_uuid: "0432581e32e34ef08ac55243970eac0b"
I20260709 13:08:09.005193 26872 tablet_service.cc:1917] Received RequestConsensusVote() RPC: tablet_id: "3f97448911084485ab14a9204bdaca2a" candidate_uuid: "a2867f46432c4308ac953057e61c63ac" candidate_term: 1 candidate_status { last_received { term: 0 index: 0 } } ignore_live_leader: false dest_uuid: "ed7af77b5a5645b381da523eda4e98dc"
I20260709 13:08:09.005924 26872 raft_consensus.cc:3060] T 3f97448911084485ab14a9204bdaca2a P ed7af77b5a5645b381da523eda4e98dc [term 0 FOLLOWER]: Advancing to term 1
I20260709 13:08:09.006259 26800 tablet_service.cc:1917] Received RequestConsensusVote() RPC: tablet_id: "17cb1465c9254b39b8e9bc2ba9041d11" candidate_uuid: "0432581e32e34ef08ac55243970eac0b" candidate_term: 1 candidate_status { last_received { term: 0 index: 0 } } ignore_live_leader: false dest_uuid: "a2867f46432c4308ac953057e61c63ac"
I20260709 13:08:09.006122 26916 consensus_queue.cc:260] T 4072c98bb07348fbb5141c8eac67cfed P ed7af77b5a5645b381da523eda4e98dc [NON_LEADER]: Queue going to NON_LEADER mode. State: All replicated index: 0, Majority replicated index: 0, Committed index: 0, Last appended: 0.0, Last appended by leader: 0, Current term: 0, Majority size: -1, State: 0, Mode: NON_LEADER, active raft config: opid_index: -1 OBSOLETE_local: false peers { permanent_uuid: "0432581e32e34ef08ac55243970eac0b" member_type: VOTER last_known_addr { host: "127.25.117.193" port: 46747 } } peers { permanent_uuid: "a2867f46432c4308ac953057e61c63ac" member_type: VOTER last_known_addr { host: "127.25.117.194" port: 45809 } } peers { permanent_uuid: "ed7af77b5a5645b381da523eda4e98dc" member_type: VOTER last_known_addr { host: "127.25.117.195" port: 38043 } }
I20260709 13:08:09.006520 26944 leader_election.cc:290] T 17cb1465c9254b39b8e9bc2ba9041d11 P 0432581e32e34ef08ac55243970eac0b [CANDIDATE]: Term 1 election: Requested vote from peers a2867f46432c4308ac953057e61c63ac (127.25.117.194:45809), ed7af77b5a5645b381da523eda4e98dc (127.25.117.195:38043)
I20260709 13:08:09.007432 26957 leader_election.cc:290] T 851891dcf08a4dfbbea249929038a301 P a2867f46432c4308ac953057e61c63ac [CANDIDATE]: Term 1 pre-election: Requested pre-vote from peers 0432581e32e34ef08ac55243970eac0b (127.25.117.193:46747), ed7af77b5a5645b381da523eda4e98dc (127.25.117.195:38043)
I20260709 13:08:09.009181 26873 tablet_service.cc:1917] Received RequestConsensusVote() RPC: tablet_id: "17cb1465c9254b39b8e9bc2ba9041d11" candidate_uuid: "0432581e32e34ef08ac55243970eac0b" candidate_term: 1 candidate_status { last_received { term: 0 index: 0 } } ignore_live_leader: false dest_uuid: "ed7af77b5a5645b381da523eda4e98dc"
I20260709 13:08:09.010084 26873 raft_consensus.cc:2393] T 17cb1465c9254b39b8e9bc2ba9041d11 P ed7af77b5a5645b381da523eda4e98dc [term 1 FOLLOWER]: Leader election vote request: Denying vote to candidate 0432581e32e34ef08ac55243970eac0b in current term 1: Already voted for candidate ed7af77b5a5645b381da523eda4e98dc in this term.
I20260709 13:08:09.004122 26956 leader_election.cc:290] T 3f97448911084485ab14a9204bdaca2a P a2867f46432c4308ac953057e61c63ac [CANDIDATE]: Term 1 election: Requested vote from peers 0432581e32e34ef08ac55243970eac0b (127.25.117.193:46747), ed7af77b5a5645b381da523eda4e98dc (127.25.117.195:38043)
I20260709 13:08:09.011929 26916 ts_tablet_manager.cc:1434] T 4072c98bb07348fbb5141c8eac67cfed P ed7af77b5a5645b381da523eda4e98dc: Time spent starting tablet: real 0.023s	user 0.009s	sys 0.000s
I20260709 13:08:09.012293 26725 tablet_service.cc:1917] Received RequestConsensusVote() RPC: tablet_id: "851891dcf08a4dfbbea249929038a301" candidate_uuid: "a2867f46432c4308ac953057e61c63ac" candidate_term: 1 candidate_status { last_received { term: 0 index: 0 } } ignore_live_leader: false dest_uuid: "0432581e32e34ef08ac55243970eac0b" is_pre_election: true
I20260709 13:08:09.012858 26916 tablet_bootstrap.cc:492] T 8b50c49af57148348c92e8dba8cf002d P ed7af77b5a5645b381da523eda4e98dc: Bootstrap starting.
I20260709 13:08:09.012878 26725 raft_consensus.cc:2468] T 851891dcf08a4dfbbea249929038a301 P 0432581e32e34ef08ac55243970eac0b [term 0 FOLLOWER]: Leader pre-election vote request: Granting yes vote for candidate a2867f46432c4308ac953057e61c63ac in term 0.
I20260709 13:08:09.014132 26871 tablet_service.cc:1917] Received RequestConsensusVote() RPC: tablet_id: "851891dcf08a4dfbbea249929038a301" candidate_uuid: "a2867f46432c4308ac953057e61c63ac" candidate_term: 1 candidate_status { last_received { term: 0 index: 0 } } ignore_live_leader: false dest_uuid: "ed7af77b5a5645b381da523eda4e98dc" is_pre_election: true
I20260709 13:08:09.014799 26871 raft_consensus.cc:2468] T 851891dcf08a4dfbbea249929038a301 P ed7af77b5a5645b381da523eda4e98dc [term 0 FOLLOWER]: Leader pre-election vote request: Granting yes vote for candidate a2867f46432c4308ac953057e61c63ac in term 0.
I20260709 13:08:09.016075 26764 leader_election.cc:304] T 851891dcf08a4dfbbea249929038a301 P a2867f46432c4308ac953057e61c63ac [CANDIDATE]: Term 1 pre-election: Election decided. Result: candidate won. Election summary: received 2 responses out of 3 voters: 2 yes votes; 0 no votes. yes voters: 0432581e32e34ef08ac55243970eac0b, a2867f46432c4308ac953057e61c63ac; no voters: 
I20260709 13:08:09.017724 26914 tablet_bootstrap.cc:492] T 4072c98bb07348fbb5141c8eac67cfed P a2867f46432c4308ac953057e61c63ac: No bootstrap required, opened a new log
I20260709 13:08:09.005898 26724 raft_consensus.cc:3060] T 3f97448911084485ab14a9204bdaca2a P 0432581e32e34ef08ac55243970eac0b [term 0 FOLLOWER]: Advancing to term 1
I20260709 13:08:09.023123 26872 raft_consensus.cc:2468] T 3f97448911084485ab14a9204bdaca2a P ed7af77b5a5645b381da523eda4e98dc [term 1 FOLLOWER]: Leader election vote request: Granting yes vote for candidate a2867f46432c4308ac953057e61c63ac in term 1.
I20260709 13:08:09.023977 26956 raft_consensus.cc:2804] T 851891dcf08a4dfbbea249929038a301 P a2867f46432c4308ac953057e61c63ac [term 0 FOLLOWER]: Leader pre-election won for term 1
I20260709 13:08:09.024387 26956 raft_consensus.cc:493] T 851891dcf08a4dfbbea249929038a301 P a2867f46432c4308ac953057e61c63ac [term 0 FOLLOWER]: Starting leader election (no leader contacted us within the election timeout)
I20260709 13:08:09.024756 26956 raft_consensus.cc:3060] T 851891dcf08a4dfbbea249929038a301 P a2867f46432c4308ac953057e61c63ac [term 0 FOLLOWER]: Advancing to term 1
I20260709 13:08:09.028194 26724 raft_consensus.cc:2468] T 3f97448911084485ab14a9204bdaca2a P 0432581e32e34ef08ac55243970eac0b [term 1 FOLLOWER]: Leader election vote request: Granting yes vote for candidate a2867f46432c4308ac953057e61c63ac in term 1.
I20260709 13:08:09.028738 26688 leader_election.cc:304] T 17cb1465c9254b39b8e9bc2ba9041d11 P 0432581e32e34ef08ac55243970eac0b [CANDIDATE]: Term 1 election: Election decided. Result: candidate lost. Election summary: received 3 responses out of 3 voters: 1 yes votes; 2 no votes. yes voters: 0432581e32e34ef08ac55243970eac0b; no voters: a2867f46432c4308ac953057e61c63ac, ed7af77b5a5645b381da523eda4e98dc
I20260709 13:08:09.029491 26764 leader_election.cc:304] T 3f97448911084485ab14a9204bdaca2a P a2867f46432c4308ac953057e61c63ac [CANDIDATE]: Term 1 election: Election decided. Result: candidate won. Election summary: received 2 responses out of 3 voters: 2 yes votes; 0 no votes. yes voters: 0432581e32e34ef08ac55243970eac0b, a2867f46432c4308ac953057e61c63ac; no voters: 
I20260709 13:08:09.029662 26920 raft_consensus.cc:697] T 4d3005472ea54aaaa8cf84721ac0bd13 P a2867f46432c4308ac953057e61c63ac [term 1 LEADER]: Becoming Leader. State: Replica: a2867f46432c4308ac953057e61c63ac, State: Running, Role: LEADER
I20260709 13:08:09.020344 26916 tablet_bootstrap.cc:654] T 8b50c49af57148348c92e8dba8cf002d P ed7af77b5a5645b381da523eda4e98dc: Neither blocks nor log segments found. Creating new log.
I20260709 13:08:09.020257 26914 ts_tablet_manager.cc:1403] T 4072c98bb07348fbb5141c8eac67cfed P a2867f46432c4308ac953057e61c63ac: Time spent bootstrapping tablet: real 0.110s	user 0.016s	sys 0.005s
I20260709 13:08:09.030351 26944 raft_consensus.cc:2749] T 17cb1465c9254b39b8e9bc2ba9041d11 P 0432581e32e34ef08ac55243970eac0b [term 1 FOLLOWER]: Leader election lost for term 1. Reason: could not achieve majority
I20260709 13:08:09.030704 26920 consensus_queue.cc:237] T 4d3005472ea54aaaa8cf84721ac0bd13 P a2867f46432c4308ac953057e61c63ac [LEADER]: Queue going to LEADER mode. State: All replicated index: 0, Majority replicated index: 0, Committed index: 0, Last appended: 0.0, Last appended by leader: 0, Current term: 1, Majority size: 2, State: 0, Mode: LEADER, active raft config: opid_index: -1 OBSOLETE_local: false peers { permanent_uuid: "0432581e32e34ef08ac55243970eac0b" member_type: VOTER last_known_addr { host: "127.25.117.193" port: 46747 } } peers { permanent_uuid: "a2867f46432c4308ac953057e61c63ac" member_type: VOTER last_known_addr { host: "127.25.117.194" port: 45809 } } peers { permanent_uuid: "ed7af77b5a5645b381da523eda4e98dc" member_type: VOTER last_known_addr { host: "127.25.117.195" port: 38043 } }
I20260709 13:08:09.033061 26914 raft_consensus.cc:359] T 4072c98bb07348fbb5141c8eac67cfed P a2867f46432c4308ac953057e61c63ac [term 0 FOLLOWER]: Replica starting. Triggering 0 pending ops. Active config: opid_index: -1 OBSOLETE_local: false peers { permanent_uuid: "0432581e32e34ef08ac55243970eac0b" member_type: VOTER last_known_addr { host: "127.25.117.193" port: 46747 } } peers { permanent_uuid: "a2867f46432c4308ac953057e61c63ac" member_type: VOTER last_known_addr { host: "127.25.117.194" port: 45809 } } peers { permanent_uuid: "ed7af77b5a5645b381da523eda4e98dc" member_type: VOTER last_known_addr { host: "127.25.117.195" port: 38043 } }
I20260709 13:08:09.033728 26914 raft_consensus.cc:385] T 4072c98bb07348fbb5141c8eac67cfed P a2867f46432c4308ac953057e61c63ac [term 0 FOLLOWER]: Consensus starting up: Expiring failure detector timer to make a prompt election more likely
I20260709 13:08:09.034017 26914 raft_consensus.cc:740] T 4072c98bb07348fbb5141c8eac67cfed P a2867f46432c4308ac953057e61c63ac [term 0 FOLLOWER]: Becoming Follower/Learner. State: Replica: a2867f46432c4308ac953057e61c63ac, State: Initialized, Role: FOLLOWER
