I20260709 13:08:17.604728 23070 tablet_service.cc:1511] Processing CreateTablet for tablet 8e8b5f462dc44c7d96f09188ade5c13d (DEFAULT_TABLE table=test-workload [id=872230e774634a39b5e9768204a6ad91]), partition=RANGE (key) PARTITION 1674309242 <= VALUES < 1710707269
I20260709 13:08:17.614567 23121 tablet_bootstrap.cc:654] T 8c7d0f07529640fcbd96e1a627491d86 P b655449a388a41e3a606c6ea794825ad: Neither blocks nor log segments found. Creating new log.
I20260709 13:08:17.617137 22914 data_dirs.cc:400] Could only allocate 1 dirs of requested 3 for tablet 6c18ae3a17d947e8b70820e473626cb8. 1 dirs total, 0 dirs full, 0 dirs failed
I20260709 13:08:17.621176 23061 tablet_service.cc:1511] Processing CreateTablet for tablet a2c9f6da39cd452dbbc2fe4221c4b7ee (DEFAULT_TABLE table=test-workload [id=872230e774634a39b5e9768204a6ad91]), partition=RANGE (key) PARTITION 1710707269 <= VALUES < 1747105296
I20260709 13:08:17.622392 23061 data_dirs.cc:400] Could only allocate 1 dirs of requested 3 for tablet a2c9f6da39cd452dbbc2fe4221c4b7ee. 1 dirs total, 0 dirs full, 0 dirs failed
I20260709 13:08:17.634519 23080 tablet_service.cc:1917] Received RequestConsensusVote() RPC: tablet_id: "7c435cd2efc84579b5b18dbaa04ee538" candidate_uuid: "0db2f61e34a24096a5baf0de9a32d4f7" candidate_term: 1 candidate_status { last_received { term: 0 index: 0 } } ignore_live_leader: false dest_uuid: "b655449a388a41e3a606c6ea794825ad" is_pre_election: true
I20260709 13:08:17.635938 22991 data_dirs.cc:400] Could only allocate 1 dirs of requested 3 for tablet b8c270d6f9de4942999edb2e7e999066. 1 dirs total, 0 dirs full, 0 dirs failed
W20260709 13:08:17.636601 22895 leader_election.cc:343] T 7c435cd2efc84579b5b18dbaa04ee538 P 0db2f61e34a24096a5baf0de9a32d4f7 [CANDIDATE]: Term 1 pre-election: Tablet error from VoteRequest() call to peer b655449a388a41e3a606c6ea794825ad (127.21.67.195:45219): Illegal state: must be running to vote when last-logged opid is not known
I20260709 13:08:17.637091 22990 data_dirs.cc:400] Could only allocate 1 dirs of requested 3 for tablet 8e8b5f462dc44c7d96f09188ade5c13d. 1 dirs total, 0 dirs full, 0 dirs failed
I20260709 13:08:17.638044 22916 tablet_service.cc:1511] Processing CreateTablet for tablet 8e8b5f462dc44c7d96f09188ade5c13d (DEFAULT_TABLE table=test-workload [id=872230e774634a39b5e9768204a6ad91]), partition=RANGE (key) PARTITION 1674309242 <= VALUES < 1710707269
I20260709 13:08:17.640866 22916 data_dirs.cc:400] Could only allocate 1 dirs of requested 3 for tablet 8e8b5f462dc44c7d96f09188ade5c13d. 1 dirs total, 0 dirs full, 0 dirs failed
I20260709 13:08:17.648501 23070 data_dirs.cc:400] Could only allocate 1 dirs of requested 3 for tablet 8e8b5f462dc44c7d96f09188ade5c13d. 1 dirs total, 0 dirs full, 0 dirs failed
I20260709 13:08:17.656093 23006 tablet_service.cc:1917] Received RequestConsensusVote() RPC: tablet_id: "7c435cd2efc84579b5b18dbaa04ee538" candidate_uuid: "0db2f61e34a24096a5baf0de9a32d4f7" candidate_term: 1 candidate_status { last_received { term: 0 index: 0 } } ignore_live_leader: false dest_uuid: "216ff6323e434e399d196d8ba262c8f3" is_pre_election: true
I20260709 13:08:17.656406 22993 tablet_service.cc:1511] Processing CreateTablet for tablet a2c9f6da39cd452dbbc2fe4221c4b7ee (DEFAULT_TABLE table=test-workload [id=872230e774634a39b5e9768204a6ad91]), partition=RANGE (key) PARTITION 1710707269 <= VALUES < 1747105296
I20260709 13:08:17.658031 23120 tablet_bootstrap.cc:654] T ee9d7188ba094ea3b277000bf9f3a73e P 216ff6323e434e399d196d8ba262c8f3: Neither blocks nor log segments found. Creating new log.
I20260709 13:08:17.660993 23068 tablet_service.cc:1511] Processing CreateTablet for tablet 52e9d1a1bba44536a9f74a4b0a1ae1ff (DEFAULT_TABLE table=test-workload [id=872230e774634a39b5e9768204a6ad91]), partition=RANGE (key) PARTITION 1747105296 <= VALUES < 1783503323
I20260709 13:08:17.662138 23068 data_dirs.cc:400] Could only allocate 1 dirs of requested 3 for tablet 52e9d1a1bba44536a9f74a4b0a1ae1ff. 1 dirs total, 0 dirs full, 0 dirs failed
W20260709 13:08:17.664206 22896 leader_election.cc:343] T 7c435cd2efc84579b5b18dbaa04ee538 P 0db2f61e34a24096a5baf0de9a32d4f7 [CANDIDATE]: Term 1 pre-election: Tablet error from VoteRequest() call to peer 216ff6323e434e399d196d8ba262c8f3 (127.21.67.194:39749): Illegal state: must be running to vote when last-logged opid is not known
I20260709 13:08:17.664652 22896 leader_election.cc:304] T 7c435cd2efc84579b5b18dbaa04ee538 P 0db2f61e34a24096a5baf0de9a32d4f7 [CANDIDATE]: Term 1 pre-election: Election decided. Result: candidate lost. Election summary: received 3 responses out of 3 voters: 1 yes votes; 2 no votes. yes voters: 0db2f61e34a24096a5baf0de9a32d4f7; no voters: 216ff6323e434e399d196d8ba262c8f3, b655449a388a41e3a606c6ea794825ad
I20260709 13:08:17.665719 23137 raft_consensus.cc:2749] T 7c435cd2efc84579b5b18dbaa04ee538 P 0db2f61e34a24096a5baf0de9a32d4f7 [term 0 FOLLOWER]: Leader pre-election lost for term 1. Reason: could not achieve majority
I20260709 13:08:17.665954 23065 tablet_service.cc:1511] Processing CreateTablet for tablet adf5adaae5184191bdaff064d051da2a (DEFAULT_TABLE table=test-workload [id=872230e774634a39b5e9768204a6ad91]), partition=RANGE (key) PARTITION 1783503323 <= VALUES < 1819901350
I20260709 13:08:17.667131 22988 data_dirs.cc:400] Could only allocate 1 dirs of requested 3 for tablet 6c18ae3a17d947e8b70820e473626cb8. 1 dirs total, 0 dirs full, 0 dirs failed
I20260709 13:08:17.667251 23065 data_dirs.cc:400] Could only allocate 1 dirs of requested 3 for tablet adf5adaae5184191bdaff064d051da2a. 1 dirs total, 0 dirs full, 0 dirs failed
I20260709 13:08:17.668599 22996 tablet_service.cc:1511] Processing CreateTablet for tablet 52e9d1a1bba44536a9f74a4b0a1ae1ff (DEFAULT_TABLE table=test-workload [id=872230e774634a39b5e9768204a6ad91]), partition=RANGE (key) PARTITION 1747105296 <= VALUES < 1783503323
I20260709 13:08:17.669752 22996 data_dirs.cc:400] Could only allocate 1 dirs of requested 3 for tablet 52e9d1a1bba44536a9f74a4b0a1ae1ff. 1 dirs total, 0 dirs full, 0 dirs failed
I20260709 13:08:17.672254 22989 tablet_service.cc:1511] Processing CreateTablet for tablet adf5adaae5184191bdaff064d051da2a (DEFAULT_TABLE table=test-workload [id=872230e774634a39b5e9768204a6ad91]), partition=RANGE (key) PARTITION 1783503323 <= VALUES < 1819901350
I20260709 13:08:17.673578 22989 data_dirs.cc:400] Could only allocate 1 dirs of requested 3 for tablet adf5adaae5184191bdaff064d051da2a. 1 dirs total, 0 dirs full, 0 dirs failed
I20260709 13:08:17.674821 23122 tablet_bootstrap.cc:492] T ee9d7188ba094ea3b277000bf9f3a73e P 0db2f61e34a24096a5baf0de9a32d4f7: No bootstrap required, opened a new log
I20260709 13:08:17.675266 23122 ts_tablet_manager.cc:1403] T ee9d7188ba094ea3b277000bf9f3a73e P 0db2f61e34a24096a5baf0de9a32d4f7: Time spent bootstrapping tablet: real 0.272s	user 0.021s	sys 0.025s
I20260709 13:08:17.678247 23122 raft_consensus.cc:359] T ee9d7188ba094ea3b277000bf9f3a73e P 0db2f61e34a24096a5baf0de9a32d4f7 [term 0 FOLLOWER]: Replica starting. Triggering 0 pending ops. Active config: opid_index: -1 OBSOLETE_local: false peers { permanent_uuid: "0db2f61e34a24096a5baf0de9a32d4f7" member_type: VOTER last_known_addr { host: "127.21.67.193" port: 39171 } } peers { permanent_uuid: "216ff6323e434e399d196d8ba262c8f3" member_type: VOTER last_known_addr { host: "127.21.67.194" port: 39749 } } peers { permanent_uuid: "b655449a388a41e3a606c6ea794825ad" member_type: VOTER last_known_addr { host: "127.21.67.195" port: 45219 } }
I20260709 13:08:17.680353 23122 raft_consensus.cc:385] T ee9d7188ba094ea3b277000bf9f3a73e P 0db2f61e34a24096a5baf0de9a32d4f7 [term 0 FOLLOWER]: Consensus starting up: Expiring failure detector timer to make a prompt election more likely
I20260709 13:08:17.687911 23122 raft_consensus.cc:740] T ee9d7188ba094ea3b277000bf9f3a73e P 0db2f61e34a24096a5baf0de9a32d4f7 [term 0 FOLLOWER]: Becoming Follower/Learner. State: Replica: 0db2f61e34a24096a5baf0de9a32d4f7, State: Initialized, Role: FOLLOWER
I20260709 13:08:17.688087 22993 data_dirs.cc:400] Could only allocate 1 dirs of requested 3 for tablet a2c9f6da39cd452dbbc2fe4221c4b7ee. 1 dirs total, 0 dirs full, 0 dirs failed
I20260709 13:08:17.689628 23122 consensus_queue.cc:260] T ee9d7188ba094ea3b277000bf9f3a73e P 0db2f61e34a24096a5baf0de9a32d4f7 [NON_LEADER]: Queue going to NON_LEADER mode. State: All replicated index: 0, Majority replicated index: 0, Committed index: 0, Last appended: 0.0, Last appended by leader: 0, Current term: 0, Majority size: -1, State: 0, Mode: NON_LEADER, active raft config: opid_index: -1 OBSOLETE_local: false peers { permanent_uuid: "0db2f61e34a24096a5baf0de9a32d4f7" member_type: VOTER last_known_addr { host: "127.21.67.193" port: 39171 } } peers { permanent_uuid: "216ff6323e434e399d196d8ba262c8f3" member_type: VOTER last_known_addr { host: "127.21.67.194" port: 39749 } } peers { permanent_uuid: "b655449a388a41e3a606c6ea794825ad" member_type: VOTER last_known_addr { host: "127.21.67.195" port: 45219 } }
I20260709 13:08:17.692122 23122 ts_tablet_manager.cc:1434] T ee9d7188ba094ea3b277000bf9f3a73e P 0db2f61e34a24096a5baf0de9a32d4f7: Time spent starting tablet: real 0.017s	user 0.002s	sys 0.006s
I20260709 13:08:17.693142 23122 tablet_bootstrap.cc:492] T f09dae9312b04b4c8d390ab7d430e7cb P 0db2f61e34a24096a5baf0de9a32d4f7: Bootstrap starting.
I20260709 13:08:17.696184 22914 tablet_service.cc:1511] Processing CreateTablet for tablet adf5adaae5184191bdaff064d051da2a (DEFAULT_TABLE table=test-workload [id=872230e774634a39b5e9768204a6ad91]), partition=RANGE (key) PARTITION 1783503323 <= VALUES < 1819901350
I20260709 13:08:17.697412 22914 data_dirs.cc:400] Could only allocate 1 dirs of requested 3 for tablet adf5adaae5184191bdaff064d051da2a. 1 dirs total, 0 dirs full, 0 dirs failed
I20260709 13:08:17.705358 23126 raft_consensus.cc:493] T 94bcbf412cf54b0fa378f2ce70dec99f P 216ff6323e434e399d196d8ba262c8f3 [term 0 FOLLOWER]: Starting pre-election (no leader contacted us within the election timeout)
I20260709 13:08:17.705607 23121 tablet_bootstrap.cc:492] T 8c7d0f07529640fcbd96e1a627491d86 P b655449a388a41e3a606c6ea794825ad: No bootstrap required, opened a new log
I20260709 13:08:17.706187 23121 ts_tablet_manager.cc:1403] T 8c7d0f07529640fcbd96e1a627491d86 P b655449a388a41e3a606c6ea794825ad: Time spent bootstrapping tablet: real 0.154s	user 0.015s	sys 0.007s
I20260709 13:08:17.705843 23126 raft_consensus.cc:515] T 94bcbf412cf54b0fa378f2ce70dec99f P 216ff6323e434e399d196d8ba262c8f3 [term 0 FOLLOWER]: Starting pre-election with config: opid_index: -1 OBSOLETE_local: false peers { permanent_uuid: "0db2f61e34a24096a5baf0de9a32d4f7" member_type: VOTER last_known_addr { host: "127.21.67.193" port: 39171 } } peers { permanent_uuid: "216ff6323e434e399d196d8ba262c8f3" member_type: VOTER last_known_addr { host: "127.21.67.194" port: 39749 } } peers { permanent_uuid: "b655449a388a41e3a606c6ea794825ad" member_type: VOTER last_known_addr { host: "127.21.67.195" port: 45219 } }
I20260709 13:08:17.708140 23126 leader_election.cc:290] T 94bcbf412cf54b0fa378f2ce70dec99f P 216ff6323e434e399d196d8ba262c8f3 [CANDIDATE]: Term 1 pre-election: Requested pre-vote from peers 0db2f61e34a24096a5baf0de9a32d4f7 (127.21.67.193:39171), b655449a388a41e3a606c6ea794825ad (127.21.67.195:45219)
I20260709 13:08:17.710151 23080 tablet_service.cc:1917] Received RequestConsensusVote() RPC: tablet_id: "94bcbf412cf54b0fa378f2ce70dec99f" candidate_uuid: "216ff6323e434e399d196d8ba262c8f3" candidate_term: 1 candidate_status { last_received { term: 0 index: 0 } } ignore_live_leader: false dest_uuid: "b655449a388a41e3a606c6ea794825ad" is_pre_election: true
I20260709 13:08:17.710785 23080 raft_consensus.cc:2468] T 94bcbf412cf54b0fa378f2ce70dec99f P b655449a388a41e3a606c6ea794825ad [term 0 FOLLOWER]: Leader pre-election vote request: Granting yes vote for candidate 216ff6323e434e399d196d8ba262c8f3 in term 0.
I20260709 13:08:17.712172 22931 tablet_service.cc:1917] Received RequestConsensusVote() RPC: tablet_id: "94bcbf412cf54b0fa378f2ce70dec99f" candidate_uuid: "216ff6323e434e399d196d8ba262c8f3" candidate_term: 1 candidate_status { last_received { term: 0 index: 0 } } ignore_live_leader: false dest_uuid: "0db2f61e34a24096a5baf0de9a32d4f7" is_pre_election: true
I20260709 13:08:17.710382 23121 raft_consensus.cc:359] T 8c7d0f07529640fcbd96e1a627491d86 P b655449a388a41e3a606c6ea794825ad [term 0 FOLLOWER]: Replica starting. Triggering 0 pending ops. Active config: opid_index: -1 OBSOLETE_local: false peers { permanent_uuid: "0db2f61e34a24096a5baf0de9a32d4f7" member_type: VOTER last_known_addr { host: "127.21.67.193" port: 39171 } } peers { permanent_uuid: "216ff6323e434e399d196d8ba262c8f3" member_type: VOTER last_known_addr { host: "127.21.67.194" port: 39749 } } peers { permanent_uuid: "b655449a388a41e3a606c6ea794825ad" member_type: VOTER last_known_addr { host: "127.21.67.195" port: 45219 } }
I20260709 13:08:17.712831 23121 raft_consensus.cc:385] T 8c7d0f07529640fcbd96e1a627491d86 P b655449a388a41e3a606c6ea794825ad [term 0 FOLLOWER]: Consensus starting up: Expiring failure detector timer to make a prompt election more likely
I20260709 13:08:17.713146 23121 raft_consensus.cc:740] T 8c7d0f07529640fcbd96e1a627491d86 P b655449a388a41e3a606c6ea794825ad [term 0 FOLLOWER]: Becoming Follower/Learner. State: Replica: b655449a388a41e3a606c6ea794825ad, State: Initialized, Role: FOLLOWER
W20260709 13:08:17.713616 22972 leader_election.cc:343] T 94bcbf412cf54b0fa378f2ce70dec99f P 216ff6323e434e399d196d8ba262c8f3 [CANDIDATE]: Term 1 pre-election: Tablet error from VoteRequest() call to peer 0db2f61e34a24096a5baf0de9a32d4f7 (127.21.67.193:39171): Illegal state: must be running to vote when last-logged opid is not known
I20260709 13:08:17.715533 22970 leader_election.cc:304] T 94bcbf412cf54b0fa378f2ce70dec99f P 216ff6323e434e399d196d8ba262c8f3 [CANDIDATE]: Term 1 pre-election: Election decided. Result: candidate won. Election summary: received 3 responses out of 3 voters: 2 yes votes; 1 no votes. yes voters: 216ff6323e434e399d196d8ba262c8f3, b655449a388a41e3a606c6ea794825ad; no voters: 0db2f61e34a24096a5baf0de9a32d4f7
I20260709 13:08:17.720762 23122 tablet_bootstrap.cc:654] T f09dae9312b04b4c8d390ab7d430e7cb P 0db2f61e34a24096a5baf0de9a32d4f7: Neither blocks nor log segments found. Creating new log.
I20260709 13:08:17.725253 23126 raft_consensus.cc:2804] T 94bcbf412cf54b0fa378f2ce70dec99f P 216ff6323e434e399d196d8ba262c8f3 [term 0 FOLLOWER]: Leader pre-election won for term 1
I20260709 13:08:17.725752 23126 raft_consensus.cc:493] T 94bcbf412cf54b0fa378f2ce70dec99f P 216ff6323e434e399d196d8ba262c8f3 [term 0 FOLLOWER]: Starting leader election (no leader contacted us within the election timeout)
I20260709 13:08:17.726166 23126 raft_consensus.cc:3060] T 94bcbf412cf54b0fa378f2ce70dec99f P 216ff6323e434e399d196d8ba262c8f3 [term 0 FOLLOWER]: Advancing to term 1
I20260709 13:08:17.729516 23066 tablet_service.cc:1511] Processing CreateTablet for tablet f9d4f6ae66214bcb808947c251df9862 (DEFAULT_TABLE table=test-workload [id=872230e774634a39b5e9768204a6ad91]), partition=RANGE (key) PARTITION 1819901350 <= VALUES < 1856299377
I20260709 13:08:17.731169 23066 data_dirs.cc:400] Could only allocate 1 dirs of requested 3 for tablet f9d4f6ae66214bcb808947c251df9862. 1 dirs total, 0 dirs full, 0 dirs failed
I20260709 13:08:17.732656 22993 tablet_service.cc:1511] Processing CreateTablet for tablet f9d4f6ae66214bcb808947c251df9862 (DEFAULT_TABLE table=test-workload [id=872230e774634a39b5e9768204a6ad91]), partition=RANGE (key) PARTITION 1819901350 <= VALUES < 1856299377
I20260709 13:08:17.733820 22993 data_dirs.cc:400] Could only allocate 1 dirs of requested 3 for tablet f9d4f6ae66214bcb808947c251df9862. 1 dirs total, 0 dirs full, 0 dirs failed
I20260709 13:08:17.734779 22921 tablet_service.cc:1511] Processing CreateTablet for tablet f9d4f6ae66214bcb808947c251df9862 (DEFAULT_TABLE table=test-workload [id=872230e774634a39b5e9768204a6ad91]), partition=RANGE (key) PARTITION 1819901350 <= VALUES < 1856299377
I20260709 13:08:17.736406 22921 data_dirs.cc:400] Could only allocate 1 dirs of requested 3 for tablet f9d4f6ae66214bcb808947c251df9862. 1 dirs total, 0 dirs full, 0 dirs failed
I20260709 13:08:17.686723 22919 tablet_service.cc:1511] Processing CreateTablet for tablet 52e9d1a1bba44536a9f74a4b0a1ae1ff (DEFAULT_TABLE table=test-workload [id=872230e774634a39b5e9768204a6ad91]), partition=RANGE (key) PARTITION 1747105296 <= VALUES < 1783503323
I20260709 13:08:17.743103 22919 data_dirs.cc:400] Could only allocate 1 dirs of requested 3 for tablet 52e9d1a1bba44536a9f74a4b0a1ae1ff. 1 dirs total, 0 dirs full, 0 dirs failed
I20260709 13:08:17.763847 22920 tablet_service.cc:1511] Processing CreateTablet for tablet a2c9f6da39cd452dbbc2fe4221c4b7ee (DEFAULT_TABLE table=test-workload [id=872230e774634a39b5e9768204a6ad91]), partition=RANGE (key) PARTITION 1710707269 <= VALUES < 1747105296
I20260709 13:08:17.765592 22920 data_dirs.cc:400] Could only allocate 1 dirs of requested 3 for tablet a2c9f6da39cd452dbbc2fe4221c4b7ee. 1 dirs total, 0 dirs full, 0 dirs failed
I20260709 13:08:17.765717 22915 tablet_service.cc:1511] Processing CreateTablet for tablet 2aadad04f3914b6998492885aaba04f6 (DEFAULT_TABLE table=test-workload [id=872230e774634a39b5e9768204a6ad91]), partition=RANGE (key) PARTITION 1856299377 <= VALUES < 1892697404
I20260709 13:08:17.766958 22915 data_dirs.cc:400] Could only allocate 1 dirs of requested 3 for tablet 2aadad04f3914b6998492885aaba04f6. 1 dirs total, 0 dirs full, 0 dirs failed
I20260709 13:08:17.713858 23121 consensus_queue.cc:260] T 8c7d0f07529640fcbd96e1a627491d86 P b655449a388a41e3a606c6ea794825ad [NON_LEADER]: Queue going to NON_LEADER mode. State: All replicated index: 0, Majority replicated index: 0, Committed index: 0, Last appended: 0.0, Last appended by leader: 0, Current term: 0, Majority size: -1, State: 0, Mode: NON_LEADER, active raft config: opid_index: -1 OBSOLETE_local: false peers { permanent_uuid: "0db2f61e34a24096a5baf0de9a32d4f7" member_type: VOTER last_known_addr { host: "127.21.67.193" port: 39171 } } peers { permanent_uuid: "216ff6323e434e399d196d8ba262c8f3" member_type: VOTER last_known_addr { host: "127.21.67.194" port: 39749 } } peers { permanent_uuid: "b655449a388a41e3a606c6ea794825ad" member_type: VOTER last_known_addr { host: "127.21.67.195" port: 45219 } }
I20260709 13:08:17.773897 23121 ts_tablet_manager.cc:1434] T 8c7d0f07529640fcbd96e1a627491d86 P b655449a388a41e3a606c6ea794825ad: Time spent starting tablet: real 0.066s	user 0.001s	sys 0.004s
I20260709 13:08:17.775146 23121 tablet_bootstrap.cc:492] T 9c57d9be04024fee96aa769711f72d7c P b655449a388a41e3a606c6ea794825ad: Bootstrap starting.
I20260709 13:08:17.788470 22992 tablet_service.cc:1511] Processing CreateTablet for tablet 2aadad04f3914b6998492885aaba04f6 (DEFAULT_TABLE table=test-workload [id=872230e774634a39b5e9768204a6ad91]), partition=RANGE (key) PARTITION 1856299377 <= VALUES < 1892697404
I20260709 13:08:17.789455 22992 data_dirs.cc:400] Could only allocate 1 dirs of requested 3 for tablet 2aadad04f3914b6998492885aaba04f6. 1 dirs total, 0 dirs full, 0 dirs failed
I20260709 13:08:17.798097 23061 tablet_service.cc:1511] Processing CreateTablet for tablet 2aadad04f3914b6998492885aaba04f6 (DEFAULT_TABLE table=test-workload [id=872230e774634a39b5e9768204a6ad91]), partition=RANGE (key) PARTITION 1856299377 <= VALUES < 1892697404
I20260709 13:08:17.799302 23061 data_dirs.cc:400] Could only allocate 1 dirs of requested 3 for tablet 2aadad04f3914b6998492885aaba04f6. 1 dirs total, 0 dirs full, 0 dirs failed
I20260709 13:08:17.801329 22915 tablet_service.cc:1511] Processing CreateTablet for tablet 8a155859ea9d41f4a7ccad8246c9c2ba (DEFAULT_TABLE table=test-workload [id=872230e774634a39b5e9768204a6ad91]), partition=RANGE (key) PARTITION 1892697404 <= VALUES < 1929095431
I20260709 13:08:17.802585 22915 data_dirs.cc:400] Could only allocate 1 dirs of requested 3 for tablet 8a155859ea9d41f4a7ccad8246c9c2ba. 1 dirs total, 0 dirs full, 0 dirs failed
I20260709 13:08:17.808779 22995 tablet_service.cc:1511] Processing CreateTablet for tablet 8a155859ea9d41f4a7ccad8246c9c2ba (DEFAULT_TABLE table=test-workload [id=872230e774634a39b5e9768204a6ad91]), partition=RANGE (key) PARTITION 1892697404 <= VALUES < 1929095431
I20260709 13:08:17.809971 22995 data_dirs.cc:400] Could only allocate 1 dirs of requested 3 for tablet 8a155859ea9d41f4a7ccad8246c9c2ba. 1 dirs total, 0 dirs full, 0 dirs failed
I20260709 13:08:17.814431 23126 raft_consensus.cc:515] T 94bcbf412cf54b0fa378f2ce70dec99f P 216ff6323e434e399d196d8ba262c8f3 [term 1 FOLLOWER]: Starting leader election with config: opid_index: -1 OBSOLETE_local: false peers { permanent_uuid: "0db2f61e34a24096a5baf0de9a32d4f7" member_type: VOTER last_known_addr { host: "127.21.67.193" port: 39171 } } peers { permanent_uuid: "216ff6323e434e399d196d8ba262c8f3" member_type: VOTER last_known_addr { host: "127.21.67.194" port: 39749 } } peers { permanent_uuid: "b655449a388a41e3a606c6ea794825ad" member_type: VOTER last_known_addr { host: "127.21.67.195" port: 45219 } }
I20260709 13:08:17.825619 23120 tablet_bootstrap.cc:492] T ee9d7188ba094ea3b277000bf9f3a73e P 216ff6323e434e399d196d8ba262c8f3: No bootstrap required, opened a new log
I20260709 13:08:17.826092 23120 ts_tablet_manager.cc:1403] T ee9d7188ba094ea3b277000bf9f3a73e P 216ff6323e434e399d196d8ba262c8f3: Time spent bootstrapping tablet: real 0.308s	user 0.007s	sys 0.039s
I20260709 13:08:17.828986 23120 raft_consensus.cc:359] T ee9d7188ba094ea3b277000bf9f3a73e P 216ff6323e434e399d196d8ba262c8f3 [term 0 FOLLOWER]: Replica starting. Triggering 0 pending ops. Active config: opid_index: -1 OBSOLETE_local: false peers { permanent_uuid: "0db2f61e34a24096a5baf0de9a32d4f7" member_type: VOTER last_known_addr { host: "127.21.67.193" port: 39171 } } peers { permanent_uuid: "216ff6323e434e399d196d8ba262c8f3" member_type: VOTER last_known_addr { host: "127.21.67.194" port: 39749 } } peers { permanent_uuid: "b655449a388a41e3a606c6ea794825ad" member_type: VOTER last_known_addr { host: "127.21.67.195" port: 45219 } }
I20260709 13:08:17.829648 23120 raft_consensus.cc:385] T ee9d7188ba094ea3b277000bf9f3a73e P 216ff6323e434e399d196d8ba262c8f3 [term 0 FOLLOWER]: Consensus starting up: Expiring failure detector timer to make a prompt election more likely
I20260709 13:08:17.829923 23120 raft_consensus.cc:740] T ee9d7188ba094ea3b277000bf9f3a73e P 216ff6323e434e399d196d8ba262c8f3 [term 0 FOLLOWER]: Becoming Follower/Learner. State: Replica: 216ff6323e434e399d196d8ba262c8f3, State: Initialized, Role: FOLLOWER
I20260709 13:08:17.830175 23122 tablet_bootstrap.cc:492] T f09dae9312b04b4c8d390ab7d430e7cb P 0db2f61e34a24096a5baf0de9a32d4f7: No bootstrap required, opened a new log
I20260709 13:08:17.839960 23122 ts_tablet_manager.cc:1403] T f09dae9312b04b4c8d390ab7d430e7cb P 0db2f61e34a24096a5baf0de9a32d4f7: Time spent bootstrapping tablet: real 0.147s	user 0.025s	sys 0.046s
I20260709 13:08:17.840070 23065 tablet_service.cc:1511] Processing CreateTablet for tablet 590119d9a7e74f099c0a28550f4fb3f5 (DEFAULT_TABLE table=test-workload [id=872230e774634a39b5e9768204a6ad91]), partition=RANGE (key) PARTITION 2001891485 <= VALUES < 2038289512
I20260709 13:08:17.841333 23065 data_dirs.cc:400] Could only allocate 1 dirs of requested 3 for tablet 590119d9a7e74f099c0a28550f4fb3f5. 1 dirs total, 0 dirs full, 0 dirs failed
I20260709 13:08:17.841068 22990 tablet_service.cc:1511] Processing CreateTablet for tablet 590119d9a7e74f099c0a28550f4fb3f5 (DEFAULT_TABLE table=test-workload [id=872230e774634a39b5e9768204a6ad91]), partition=RANGE (key) PARTITION 2001891485 <= VALUES < 2038289512
I20260709 13:08:17.841413 22914 tablet_service.cc:1511] Processing CreateTablet for tablet 65ec39fe8fb84cf39e1a859ea7b735d1 (DEFAULT_TABLE table=test-workload [id=872230e774634a39b5e9768204a6ad91]), partition=RANGE (key) PARTITION 2038289512 <= VALUES < 2074687539
I20260709 13:08:17.842289 22990 data_dirs.cc:400] Could only allocate 1 dirs of requested 3 for tablet 590119d9a7e74f099c0a28550f4fb3f5. 1 dirs total, 0 dirs full, 0 dirs failed
I20260709 13:08:17.842655 22914 data_dirs.cc:400] Could only allocate 1 dirs of requested 3 for tablet 65ec39fe8fb84cf39e1a859ea7b735d1. 1 dirs total, 0 dirs full, 0 dirs failed
I20260709 13:08:17.843294 23122 raft_consensus.cc:359] T f09dae9312b04b4c8d390ab7d430e7cb P 0db2f61e34a24096a5baf0de9a32d4f7 [term 0 FOLLOWER]: Replica starting. Triggering 0 pending ops. Active config: opid_index: -1 OBSOLETE_local: false peers { permanent_uuid: "0db2f61e34a24096a5baf0de9a32d4f7" member_type: VOTER last_known_addr { host: "127.21.67.193" port: 39171 } } peers { permanent_uuid: "216ff6323e434e399d196d8ba262c8f3" member_type: VOTER last_known_addr { host: "127.21.67.194" port: 39749 } } peers { permanent_uuid: "b655449a388a41e3a606c6ea794825ad" member_type: VOTER last_known_addr { host: "127.21.67.195" port: 45219 } }
I20260709 13:08:17.844080 23122 raft_consensus.cc:385] T f09dae9312b04b4c8d390ab7d430e7cb P 0db2f61e34a24096a5baf0de9a32d4f7 [term 0 FOLLOWER]: Consensus starting up: Expiring failure detector timer to make a prompt election more likely
I20260709 13:08:17.844424 23122 raft_consensus.cc:740] T f09dae9312b04b4c8d390ab7d430e7cb P 0db2f61e34a24096a5baf0de9a32d4f7 [term 0 FOLLOWER]: Becoming Follower/Learner. State: Replica: 0db2f61e34a24096a5baf0de9a32d4f7, State: Initialized, Role: FOLLOWER
I20260709 13:08:17.844681 22917 tablet_service.cc:1511] Processing CreateTablet for tablet 0cccb8c9157c4c8f9c0a83fbb86bfdc3 (DEFAULT_TABLE table=test-workload [id=872230e774634a39b5e9768204a6ad91]), partition=RANGE (key) PARTITION 1965493458 <= VALUES < 2001891485
I20260709 13:08:17.845321 23080 tablet_service.cc:1917] Received RequestConsensusVote() RPC: tablet_id: "94bcbf412cf54b0fa378f2ce70dec99f" candidate_uuid: "216ff6323e434e399d196d8ba262c8f3" candidate_term: 1 candidate_status { last_received { term: 0 index: 0 } } ignore_live_leader: false dest_uuid: "b655449a388a41e3a606c6ea794825ad"
I20260709 13:08:17.845860 22917 data_dirs.cc:400] Could only allocate 1 dirs of requested 3 for tablet 0cccb8c9157c4c8f9c0a83fbb86bfdc3. 1 dirs total, 0 dirs full, 0 dirs failed
I20260709 13:08:17.831701 23120 consensus_queue.cc:260] T ee9d7188ba094ea3b277000bf9f3a73e P 216ff6323e434e399d196d8ba262c8f3 [NON_LEADER]: Queue going to NON_LEADER mode. State: All replicated index: 0, Majority replicated index: 0, Committed index: 0, Last appended: 0.0, Last appended by leader: 0, Current term: 0, Majority size: -1, State: 0, Mode: NON_LEADER, active raft config: opid_index: -1 OBSOLETE_local: false peers { permanent_uuid: "0db2f61e34a24096a5baf0de9a32d4f7" member_type: VOTER last_known_addr { host: "127.21.67.193" port: 39171 } } peers { permanent_uuid: "216ff6323e434e399d196d8ba262c8f3" member_type: VOTER last_known_addr { host: "127.21.67.194" port: 39749 } } peers { permanent_uuid: "b655449a388a41e3a606c6ea794825ad" member_type: VOTER last_known_addr { host: "127.21.67.195" port: 45219 } }
I20260709 13:08:17.833571 22931 tablet_service.cc:1917] Received RequestConsensusVote() RPC: tablet_id: "94bcbf412cf54b0fa378f2ce70dec99f" candidate_uuid: "216ff6323e434e399d196d8ba262c8f3" candidate_term: 1 candidate_status { last_received { term: 0 index: 0 } } ignore_live_leader: false dest_uuid: "0db2f61e34a24096a5baf0de9a32d4f7"
I20260709 13:08:17.836824 23067 tablet_service.cc:1511] Processing CreateTablet for tablet 0cccb8c9157c4c8f9c0a83fbb86bfdc3 (DEFAULT_TABLE table=test-workload [id=872230e774634a39b5e9768204a6ad91]), partition=RANGE (key) PARTITION 1965493458 <= VALUES < 2001891485
I20260709 13:08:17.838042 22912 tablet_service.cc:1511] Processing CreateTablet for tablet 590119d9a7e74f099c0a28550f4fb3f5 (DEFAULT_TABLE table=test-workload [id=872230e774634a39b5e9768204a6ad91]), partition=RANGE (key) PARTITION 2001891485 <= VALUES < 2038289512
I20260709 13:08:17.845430 23122 consensus_queue.cc:260] T f09dae9312b04b4c8d390ab7d430e7cb P 0db2f61e34a24096a5baf0de9a32d4f7 [NON_LEADER]: Queue going to NON_LEADER mode. State: All replicated index: 0, Majority replicated index: 0, Committed index: 0, Last appended: 0.0, Last appended by leader: 0, Current term: 0, Majority size: -1, State: 0, Mode: NON_LEADER, active raft config: opid_index: -1 OBSOLETE_local: false peers { permanent_uuid: "0db2f61e34a24096a5baf0de9a32d4f7" member_type: VOTER last_known_addr { host: "127.21.67.193" port: 39171 } } peers { permanent_uuid: "216ff6323e434e399d196d8ba262c8f3" member_type: VOTER last_known_addr { host: "127.21.67.194" port: 39749 } } peers { permanent_uuid: "b655449a388a41e3a606c6ea794825ad" member_type: VOTER last_known_addr { host: "127.21.67.195" port: 45219 } }
I20260709 13:08:17.857827 23067 data_dirs.cc:400] Could only allocate 1 dirs of requested 3 for tablet 0cccb8c9157c4c8f9c0a83fbb86bfdc3. 1 dirs total, 0 dirs full, 0 dirs failed
I20260709 13:08:17.845888 23080 raft_consensus.cc:3060] T 94bcbf412cf54b0fa378f2ce70dec99f P b655449a388a41e3a606c6ea794825ad [term 0 FOLLOWER]: Advancing to term 1
I20260709 13:08:17.852092 22991 tablet_service.cc:1511] Processing CreateTablet for tablet a934a76e20344681bde221224fb9da0d (DEFAULT_TABLE table=test-workload [id=872230e774634a39b5e9768204a6ad91]), partition=RANGE (key) PARTITION 1929095431 <= VALUES < 1965493458
I20260709 13:08:17.845867 22916 tablet_service.cc:1511] Processing CreateTablet for tablet a934a76e20344681bde221224fb9da0d (DEFAULT_TABLE table=test-workload [id=872230e774634a39b5e9768204a6ad91]), partition=RANGE (key) PARTITION 1929095431 <= VALUES < 1965493458
I20260709 13:08:17.860435 22991 data_dirs.cc:400] Could only allocate 1 dirs of requested 3 for tablet a934a76e20344681bde221224fb9da0d. 1 dirs total, 0 dirs full, 0 dirs failed
I20260709 13:08:17.856637 22912 data_dirs.cc:400] Could only allocate 1 dirs of requested 3 for tablet 590119d9a7e74f099c0a28550f4fb3f5. 1 dirs total, 0 dirs full, 0 dirs failed
I20260709 13:08:17.864007 22916 data_dirs.cc:400] Could only allocate 1 dirs of requested 3 for tablet a934a76e20344681bde221224fb9da0d. 1 dirs total, 0 dirs full, 0 dirs failed
I20260709 13:08:17.864661 23121 tablet_bootstrap.cc:654] T 9c57d9be04024fee96aa769711f72d7c P b655449a388a41e3a606c6ea794825ad: Neither blocks nor log segments found. Creating new log.
I20260709 13:08:17.847980 23126 leader_election.cc:290] T 94bcbf412cf54b0fa378f2ce70dec99f P 216ff6323e434e399d196d8ba262c8f3 [CANDIDATE]: Term 1 election: Requested vote from peers 0db2f61e34a24096a5baf0de9a32d4f7 (127.21.67.193:39171), b655449a388a41e3a606c6ea794825ad (127.21.67.195:45219)
W20260709 13:08:17.857641 22972 leader_election.cc:343] T 94bcbf412cf54b0fa378f2ce70dec99f P 216ff6323e434e399d196d8ba262c8f3 [CANDIDATE]: Term 1 election: Tablet error from VoteRequest() call to peer 0db2f61e34a24096a5baf0de9a32d4f7 (127.21.67.193:39171): Illegal state: must be running to vote when last-logged opid is not known
I20260709 13:08:17.848456 23068 tablet_service.cc:1511] Processing CreateTablet for tablet 8a155859ea9d41f4a7ccad8246c9c2ba (DEFAULT_TABLE table=test-workload [id=872230e774634a39b5e9768204a6ad91]), partition=RANGE (key) PARTITION 1892697404 <= VALUES < 1929095431
I20260709 13:08:17.859465 23122 ts_tablet_manager.cc:1434] T f09dae9312b04b4c8d390ab7d430e7cb P 0db2f61e34a24096a5baf0de9a32d4f7: Time spent starting tablet: real 0.019s	user 0.004s	sys 0.001s
I20260709 13:08:17.872898 23122 tablet_bootstrap.cc:492] T 492dd607be6348c79999243a8383806d P 0db2f61e34a24096a5baf0de9a32d4f7: Bootstrap starting.
I20260709 13:08:17.881538 22994 tablet_service.cc:1511] Processing CreateTablet for tablet 65ec39fe8fb84cf39e1a859ea7b735d1 (DEFAULT_TABLE table=test-workload [id=872230e774634a39b5e9768204a6ad91]), partition=RANGE (key) PARTITION 2038289512 <= VALUES < 2074687539
I20260709 13:08:17.882824 22994 data_dirs.cc:400] Could only allocate 1 dirs of requested 3 for tablet 65ec39fe8fb84cf39e1a859ea7b735d1. 1 dirs total, 0 dirs full, 0 dirs failed
I20260709 13:08:17.885982 23122 tablet_bootstrap.cc:654] T 492dd607be6348c79999243a8383806d P 0db2f61e34a24096a5baf0de9a32d4f7: Neither blocks nor log segments found. Creating new log.
I20260709 13:08:17.886816 23068 data_dirs.cc:400] Could only allocate 1 dirs of requested 3 for tablet 8a155859ea9d41f4a7ccad8246c9c2ba. 1 dirs total, 0 dirs full, 0 dirs failed
I20260709 13:08:17.896835 23069 tablet_service.cc:1511] Processing CreateTablet for tablet 65ec39fe8fb84cf39e1a859ea7b735d1 (DEFAULT_TABLE table=test-workload [id=872230e774634a39b5e9768204a6ad91]), partition=RANGE (key) PARTITION 2038289512 <= VALUES < 2074687539
I20260709 13:08:17.900543 23066 tablet_service.cc:1511] Processing CreateTablet for tablet a934a76e20344681bde221224fb9da0d (DEFAULT_TABLE table=test-workload [id=872230e774634a39b5e9768204a6ad91]), partition=RANGE (key) PARTITION 1929095431 <= VALUES < 1965493458
I20260709 13:08:17.898525 23069 data_dirs.cc:400] Could only allocate 1 dirs of requested 3 for tablet 65ec39fe8fb84cf39e1a859ea7b735d1. 1 dirs total, 0 dirs full, 0 dirs failed
I20260709 13:08:17.836252 22989 tablet_service.cc:1511] Processing CreateTablet for tablet 0cccb8c9157c4c8f9c0a83fbb86bfdc3 (DEFAULT_TABLE table=test-workload [id=872230e774634a39b5e9768204a6ad91]), partition=RANGE (key) PARTITION 1965493458 <= VALUES < 2001891485
I20260709 13:08:17.887305 23080 raft_consensus.cc:2468] T 94bcbf412cf54b0fa378f2ce70dec99f P b655449a388a41e3a606c6ea794825ad [term 1 FOLLOWER]: Leader election vote request: Granting yes vote for candidate 216ff6323e434e399d196d8ba262c8f3 in term 1.
I20260709 13:08:17.924650 22970 leader_election.cc:304] T 94bcbf412cf54b0fa378f2ce70dec99f P 216ff6323e434e399d196d8ba262c8f3 [CANDIDATE]: Term 1 election: Election decided. Result: candidate won. Election summary: received 3 responses out of 3 voters: 2 yes votes; 1 no votes. yes voters: 216ff6323e434e399d196d8ba262c8f3, b655449a388a41e3a606c6ea794825ad; no voters: 0db2f61e34a24096a5baf0de9a32d4f7
I20260709 13:08:17.925690 23126 raft_consensus.cc:2804] T 94bcbf412cf54b0fa378f2ce70dec99f P 216ff6323e434e399d196d8ba262c8f3 [term 1 FOLLOWER]: Leader election won for term 1
I20260709 13:08:17.926141 23126 raft_consensus.cc:697] T 94bcbf412cf54b0fa378f2ce70dec99f P 216ff6323e434e399d196d8ba262c8f3 [term 1 LEADER]: Becoming Leader. State: Replica: 216ff6323e434e399d196d8ba262c8f3, State: Running, Role: LEADER
I20260709 13:08:17.926923 23126 consensus_queue.cc:237] T 94bcbf412cf54b0fa378f2ce70dec99f P 216ff6323e434e399d196d8ba262c8f3 [LEADER]: Queue going to LEADER mode. State: All replicated index: 0, Majority replicated index: 0, Committed index: 0, Last appended: 0.0, Last appended by leader: 0, Current term: 1, Majority size: 2, State: 0, Mode: LEADER, active raft config: opid_index: -1 OBSOLETE_local: false peers { permanent_uuid: "0db2f61e34a24096a5baf0de9a32d4f7" member_type: VOTER last_known_addr { host: "127.21.67.193" port: 39171 } } peers { permanent_uuid: "216ff6323e434e399d196d8ba262c8f3" member_type: VOTER last_known_addr { host: "127.21.67.194" port: 39749 } } peers { permanent_uuid: "b655449a388a41e3a606c6ea794825ad" member_type: VOTER last_known_addr { host: "127.21.67.195" port: 45219 } }
I20260709 13:08:17.932370 23068 tablet_service.cc:1511] Processing CreateTablet for tablet 6238b133cf6c4b948cf771c94b860716 (DEFAULT_TABLE table=test-workload [id=872230e774634a39b5e9768204a6ad91]), partition=RANGE (key) PARTITION 2074687539 <= VALUES < 2111085566
I20260709 13:08:17.933493 23068 data_dirs.cc:400] Could only allocate 1 dirs of requested 3 for tablet 6238b133cf6c4b948cf771c94b860716. 1 dirs total, 0 dirs full, 0 dirs failed
I20260709 13:08:17.937115 22921 tablet_service.cc:1511] Processing CreateTablet for tablet 58c95f8b8069443eb62239e90ed53fa1 (DEFAULT_TABLE table=test-workload [id=872230e774634a39b5e9768204a6ad91]), partition=RANGE (key) PARTITION 2111085566 <= VALUES
I20260709 13:08:17.938339 22921 data_dirs.cc:400] Could only allocate 1 dirs of requested 3 for tablet 58c95f8b8069443eb62239e90ed53fa1. 1 dirs total, 0 dirs full, 0 dirs failed
I20260709 13:08:17.963819 22989 data_dirs.cc:400] Could only allocate 1 dirs of requested 3 for tablet 0cccb8c9157c4c8f9c0a83fbb86bfdc3. 1 dirs total, 0 dirs full, 0 dirs failed
I20260709 13:08:17.970669 22913 tablet_service.cc:1511] Processing CreateTablet for tablet 6238b133cf6c4b948cf771c94b860716 (DEFAULT_TABLE table=test-workload [id=872230e774634a39b5e9768204a6ad91]), partition=RANGE (key) PARTITION 2074687539 <= VALUES < 2111085566
W20260709 13:08:17.971282 22877 auto_rebalancer.cc:288] Could not retrieve cluster info: Service unavailable: Tablet not running
I20260709 13:08:17.971431 23070 tablet_service.cc:1511] Processing CreateTablet for tablet 58c95f8b8069443eb62239e90ed53fa1 (DEFAULT_TABLE table=test-workload [id=872230e774634a39b5e9768204a6ad91]), partition=RANGE (key) PARTITION 2111085566 <= VALUES
I20260709 13:08:17.971947 22913 data_dirs.cc:400] Could only allocate 1 dirs of requested 3 for tablet 6238b133cf6c4b948cf771c94b860716. 1 dirs total, 0 dirs full, 0 dirs failed
I20260709 13:08:17.971858 23137 raft_consensus.cc:493] T ee9d7188ba094ea3b277000bf9f3a73e P 0db2f61e34a24096a5baf0de9a32d4f7 [term 0 FOLLOWER]: Starting pre-election (no leader contacted us within the election timeout)
I20260709 13:08:17.972640 23121 tablet_bootstrap.cc:492] T 9c57d9be04024fee96aa769711f72d7c P b655449a388a41e3a606c6ea794825ad: No bootstrap required, opened a new log
I20260709 13:08:17.972437 23137 raft_consensus.cc:515] T ee9d7188ba094ea3b277000bf9f3a73e P 0db2f61e34a24096a5baf0de9a32d4f7 [term 0 FOLLOWER]: Starting pre-election with config: opid_index: -1 OBSOLETE_local: false peers { permanent_uuid: "0db2f61e34a24096a5baf0de9a32d4f7" member_type: VOTER last_known_addr { host: "127.21.67.193" port: 39171 } } peers { permanent_uuid: "216ff6323e434e399d196d8ba262c8f3" member_type: VOTER last_known_addr { host: "127.21.67.194" port: 39749 } } peers { permanent_uuid: "b655449a388a41e3a606c6ea794825ad" member_type: VOTER last_known_addr { host: "127.21.67.195" port: 45219 } }
I20260709 13:08:17.970366 22987 tablet_service.cc:1511] Processing CreateTablet for tablet 6238b133cf6c4b948cf771c94b860716 (DEFAULT_TABLE table=test-workload [id=872230e774634a39b5e9768204a6ad91]), partition=RANGE (key) PARTITION 2074687539 <= VALUES < 2111085566
I20260709 13:08:17.973125 23121 ts_tablet_manager.cc:1403] T 9c57d9be04024fee96aa769711f72d7c P b655449a388a41e3a606c6ea794825ad: Time spent bootstrapping tablet: real 0.198s	user 0.025s	sys 0.044s
I20260709 13:08:17.974443 23137 leader_election.cc:290] T ee9d7188ba094ea3b277000bf9f3a73e P 0db2f61e34a24096a5baf0de9a32d4f7 [CANDIDATE]: Term 1 pre-election: Requested pre-vote from peers 216ff6323e434e399d196d8ba262c8f3 (127.21.67.194:39749), b655449a388a41e3a606c6ea794825ad (127.21.67.195:45219)
I20260709 13:08:17.975961 23006 tablet_service.cc:1917] Received RequestConsensusVote() RPC: tablet_id: "ee9d7188ba094ea3b277000bf9f3a73e" candidate_uuid: "0db2f61e34a24096a5baf0de9a32d4f7" candidate_term: 1 candidate_status { last_received { term: 0 index: 0 } } ignore_live_leader: false dest_uuid: "216ff6323e434e399d196d8ba262c8f3" is_pre_election: true
I20260709 13:08:17.976575 23006 raft_consensus.cc:2468] T ee9d7188ba094ea3b277000bf9f3a73e P 216ff6323e434e399d196d8ba262c8f3 [term 0 FOLLOWER]: Leader pre-election vote request: Granting yes vote for candidate 0db2f61e34a24096a5baf0de9a32d4f7 in term 0.
I20260709 13:08:17.965443 23066 data_dirs.cc:400] Could only allocate 1 dirs of requested 3 for tablet a934a76e20344681bde221224fb9da0d. 1 dirs total, 0 dirs full, 0 dirs failed
I20260709 13:08:17.977406 23070 data_dirs.cc:400] Could only allocate 1 dirs of requested 3 for tablet 58c95f8b8069443eb62239e90ed53fa1. 1 dirs total, 0 dirs full, 0 dirs failed
I20260709 13:08:17.978107 22896 leader_election.cc:304] T ee9d7188ba094ea3b277000bf9f3a73e P 0db2f61e34a24096a5baf0de9a32d4f7 [CANDIDATE]: Term 1 pre-election: Election decided. Result: candidate won. Election summary: received 2 responses out of 3 voters: 2 yes votes; 0 no votes. yes voters: 0db2f61e34a24096a5baf0de9a32d4f7, 216ff6323e434e399d196d8ba262c8f3; no voters: 
I20260709 13:08:17.978896 23137 raft_consensus.cc:2804] T ee9d7188ba094ea3b277000bf9f3a73e P 0db2f61e34a24096a5baf0de9a32d4f7 [term 0 FOLLOWER]: Leader pre-election won for term 1
I20260709 13:08:17.979249 23137 raft_consensus.cc:493] T ee9d7188ba094ea3b277000bf9f3a73e P 0db2f61e34a24096a5baf0de9a32d4f7 [term 0 FOLLOWER]: Starting leader election (no leader contacted us within the election timeout)
I20260709 13:08:17.979573 23137 raft_consensus.cc:3060] T ee9d7188ba094ea3b277000bf9f3a73e P 0db2f61e34a24096a5baf0de9a32d4f7 [term 0 FOLLOWER]: Advancing to term 1
I20260709 13:08:17.980876 22826 catalog_manager.cc:5697] T 94bcbf412cf54b0fa378f2ce70dec99f P 216ff6323e434e399d196d8ba262c8f3 reported cstate change: term changed from 0 to 1, leader changed from <none> to 216ff6323e434e399d196d8ba262c8f3 (127.21.67.194). New cstate: current_term: 1 leader_uuid: "216ff6323e434e399d196d8ba262c8f3" committed_config { opid_index: -1 OBSOLETE_local: false peers { permanent_uuid: "0db2f61e34a24096a5baf0de9a32d4f7" member_type: VOTER last_known_addr { host: "127.21.67.193" port: 39171 } health_report { overall_health: UNKNOWN } } peers { permanent_uuid: "216ff6323e434e399d196d8ba262c8f3" member_type: VOTER last_known_addr { host: "127.21.67.194" port: 39749 } health_report { overall_health: HEALTHY } } peers { permanent_uuid: "b655449a388a41e3a606c6ea794825ad" member_type: VOTER last_known_addr { host: "127.21.67.195" port: 45219 } health_report { overall_health: UNKNOWN } } }
I20260709 13:08:17.988677 23080 tablet_service.cc:1917] Received RequestConsensusVote() RPC: tablet_id: "ee9d7188ba094ea3b277000bf9f3a73e" candidate_uuid: "0db2f61e34a24096a5baf0de9a32d4f7" candidate_term: 1 candidate_status { last_received { term: 0 index: 0 } } ignore_live_leader: false dest_uuid: "b655449a388a41e3a606c6ea794825ad" is_pre_election: true
W20260709 13:08:17.990221 22895 leader_election.cc:343] T ee9d7188ba094ea3b277000bf9f3a73e P 0db2f61e34a24096a5baf0de9a32d4f7 [CANDIDATE]: Term 1 pre-election: Tablet error from VoteRequest() call to peer b655449a388a41e3a606c6ea794825ad (127.21.67.195:45219): Illegal state: must be running to vote when last-logged opid is not known
I20260709 13:08:17.989156 22987 data_dirs.cc:400] Could only allocate 1 dirs of requested 3 for tablet 6238b133cf6c4b948cf771c94b860716. 1 dirs total, 0 dirs full, 0 dirs failed
I20260709 13:08:17.992396 22993 tablet_service.cc:1511] Processing CreateTablet for tablet 58c95f8b8069443eb62239e90ed53fa1 (DEFAULT_TABLE table=test-workload [id=872230e774634a39b5e9768204a6ad91]), partition=RANGE (key) PARTITION 2111085566 <= VALUES
I20260709 13:08:17.993572 22993 data_dirs.cc:400] Could only allocate 1 dirs of requested 3 for tablet 58c95f8b8069443eb62239e90ed53fa1. 1 dirs total, 0 dirs full, 0 dirs failed
I20260709 13:08:18.002699 23120 ts_tablet_manager.cc:1434] T ee9d7188ba094ea3b277000bf9f3a73e P 216ff6323e434e399d196d8ba262c8f3: Time spent starting tablet: real 0.176s	user 0.010s	sys 0.007s
I20260709 13:08:18.003692 23120 tablet_bootstrap.cc:492] T 8c7d0f07529640fcbd96e1a627491d86 P 216ff6323e434e399d196d8ba262c8f3: Bootstrap starting.
I20260709 13:08:18.008782 23137 raft_consensus.cc:515] T ee9d7188ba094ea3b277000bf9f3a73e P 0db2f61e34a24096a5baf0de9a32d4f7 [term 1 FOLLOWER]: Starting leader election with config: opid_index: -1 OBSOLETE_local: false peers { permanent_uuid: "0db2f61e34a24096a5baf0de9a32d4f7" member_type: VOTER last_known_addr { host: "127.21.67.193" port: 39171 } } peers { permanent_uuid: "216ff6323e434e399d196d8ba262c8f3" member_type: VOTER last_known_addr { host: "127.21.67.194" port: 39749 } } peers { permanent_uuid: "b655449a388a41e3a606c6ea794825ad" member_type: VOTER last_known_addr { host: "127.21.67.195" port: 45219 } }
I20260709 13:08:18.010291 23120 tablet_bootstrap.cc:654] T 8c7d0f07529640fcbd96e1a627491d86 P 216ff6323e434e399d196d8ba262c8f3: Neither blocks nor log segments found. Creating new log.
I20260709 13:08:18.021426 23122 tablet_bootstrap.cc:492] T 492dd607be6348c79999243a8383806d P 0db2f61e34a24096a5baf0de9a32d4f7: No bootstrap required, opened a new log
I20260709 13:08:18.028605 23122 ts_tablet_manager.cc:1403] T 492dd607be6348c79999243a8383806d P 0db2f61e34a24096a5baf0de9a32d4f7: Time spent bootstrapping tablet: real 0.156s	user 0.010s	sys 0.012s
I20260709 13:08:18.032858 23122 raft_consensus.cc:359] T 492dd607be6348c79999243a8383806d P 0db2f61e34a24096a5baf0de9a32d4f7 [term 0 FOLLOWER]: Replica starting. Triggering 0 pending ops. Active config: opid_index: -1 OBSOLETE_local: false peers { permanent_uuid: "0db2f61e34a24096a5baf0de9a32d4f7" member_type: VOTER last_known_addr { host: "127.21.67.193" port: 39171 } } peers { permanent_uuid: "216ff6323e434e399d196d8ba262c8f3" member_type: VOTER last_known_addr { host: "127.21.67.194" port: 39749 } } peers { permanent_uuid: "b655449a388a41e3a606c6ea794825ad" member_type: VOTER last_known_addr { host: "127.21.67.195" port: 45219 } }
I20260709 13:08:18.033594 23122 raft_consensus.cc:385] T 492dd607be6348c79999243a8383806d P 0db2f61e34a24096a5baf0de9a32d4f7 [term 0 FOLLOWER]: Consensus starting up: Expiring failure detector timer to make a prompt election more likely
I20260709 13:08:18.033885 23122 raft_consensus.cc:740] T 492dd607be6348c79999243a8383806d P 0db2f61e34a24096a5baf0de9a32d4f7 [term 0 FOLLOWER]: Becoming Follower/Learner. State: Replica: 0db2f61e34a24096a5baf0de9a32d4f7, State: Initialized, Role: FOLLOWER
I20260709 13:08:18.036088 23122 consensus_queue.cc:260] T 492dd607be6348c79999243a8383806d P 0db2f61e34a24096a5baf0de9a32d4f7 [NON_LEADER]: Queue going to NON_LEADER mode. State: All replicated index: 0, Majority replicated index: 0, Committed index: 0, Last appended: 0.0, Last appended by leader: 0, Current term: 0, Majority size: -1, State: 0, Mode: NON_LEADER, active raft config: opid_index: -1 OBSOLETE_local: false peers { permanent_uuid: "0db2f61e34a24096a5baf0de9a32d4f7" member_type: VOTER last_known_addr { host: "127.21.67.193" port: 39171 } } peers { permanent_uuid: "216ff6323e434e399d196d8ba262c8f3" member_type: VOTER last_known_addr { host: "127.21.67.194" port: 39749 } } peers { permanent_uuid: "b655449a388a41e3a606c6ea794825ad" member_type: VOTER last_known_addr { host: "127.21.67.195" port: 45219 } }
I20260709 13:08:18.038641 23006 tablet_service.cc:1917] Received RequestConsensusVote() RPC: tablet_id: "ee9d7188ba094ea3b277000bf9f3a73e" candidate_uuid: "0db2f61e34a24096a5baf0de9a32d4f7" candidate_term: 1 candidate_status { last_received { term: 0 index: 0 } } ignore_live_leader: false dest_uuid: "216ff6323e434e399d196d8ba262c8f3"
I20260709 13:08:18.039198 23006 raft_consensus.cc:3060] T ee9d7188ba094ea3b277000bf9f3a73e P 216ff6323e434e399d196d8ba262c8f3 [term 0 FOLLOWER]: Advancing to term 1
I20260709 13:08:18.040405 23121 raft_consensus.cc:359] T 9c57d9be04024fee96aa769711f72d7c P b655449a388a41e3a606c6ea794825ad [term 0 FOLLOWER]: Replica starting. Triggering 0 pending ops. Active config: opid_index: -1 OBSOLETE_local: false peers { permanent_uuid: "0db2f61e34a24096a5baf0de9a32d4f7" member_type: VOTER last_known_addr { host: "127.21.67.193" port: 39171 } } peers { permanent_uuid: "216ff6323e434e399d196d8ba262c8f3" member_type: VOTER last_known_addr { host: "127.21.67.194" port: 39749 } } peers { permanent_uuid: "b655449a388a41e3a606c6ea794825ad" member_type: VOTER last_known_addr { host: "127.21.67.195" port: 45219 } }
I20260709 13:08:18.041126 23121 raft_consensus.cc:385] T 9c57d9be04024fee96aa769711f72d7c P b655449a388a41e3a606c6ea794825ad [term 0 FOLLOWER]: Consensus starting up: Expiring failure detector timer to make a prompt election more likely
I20260709 13:08:18.041409 23121 raft_consensus.cc:740] T 9c57d9be04024fee96aa769711f72d7c P b655449a388a41e3a606c6ea794825ad [term 0 FOLLOWER]: Becoming Follower/Learner. State: Replica: b655449a388a41e3a606c6ea794825ad, State: Initialized, Role: FOLLOWER
I20260709 13:08:18.041754 23080 tablet_service.cc:1917] Received RequestConsensusVote() RPC: tablet_id: "ee9d7188ba094ea3b277000bf9f3a73e" candidate_uuid: "0db2f61e34a24096a5baf0de9a32d4f7" candidate_term: 1 candidate_status { last_received { term: 0 index: 0 } } ignore_live_leader: false dest_uuid: "b655449a388a41e3a606c6ea794825ad"
I20260709 13:08:18.042215 23121 consensus_queue.cc:260] T 9c57d9be04024fee96aa769711f72d7c P b655449a388a41e3a606c6ea794825ad [NON_LEADER]: Queue going to NON_LEADER mode. State: All replicated index: 0, Majority replicated index: 0, Committed index: 0, Last appended: 0.0, Last appended by leader: 0, Current term: 0, Majority size: -1, State: 0, Mode: NON_LEADER, active raft config: opid_index: -1 OBSOLETE_local: false peers { permanent_uuid: "0db2f61e34a24096a5baf0de9a32d4f7" member_type: VOTER last_known_addr { host: "127.21.67.193" port: 39171 } } peers { permanent_uuid: "216ff6323e434e399d196d8ba262c8f3" member_type: VOTER last_known_addr { host: "127.21.67.194" port: 39749 } } peers { permanent_uuid: "b655449a388a41e3a606c6ea794825ad" member_type: VOTER last_known_addr { host: "127.21.67.195" port: 45219 } }
W20260709 13:08:18.043442 22895 leader_election.cc:343] T ee9d7188ba094ea3b277000bf9f3a73e P 0db2f61e34a24096a5baf0de9a32d4f7 [CANDIDATE]: Term 1 election: Tablet error from VoteRequest() call to peer b655449a388a41e3a606c6ea794825ad (127.21.67.195:45219): Illegal state: must be running to vote when last-logged opid is not known
I20260709 13:08:18.044162 23137 leader_election.cc:290] T ee9d7188ba094ea3b277000bf9f3a73e P 0db2f61e34a24096a5baf0de9a32d4f7 [CANDIDATE]: Term 1 election: Requested vote from peers 216ff6323e434e399d196d8ba262c8f3 (127.21.67.194:39749), b655449a388a41e3a606c6ea794825ad (127.21.67.195:45219)
