I20260709 13:08:11.664978 30404 raft_consensus.cc:515] T 3e05dc90925e434da63f3134191a22b0 P 5695bc56357a42dfa8f5eb652b19a8ef [term 0 FOLLOWER]: Starting pre-election with config: opid_index: -1 OBSOLETE_local: false peers { permanent_uuid: "5695bc56357a42dfa8f5eb652b19a8ef" member_type: VOTER last_known_addr { host: "127.28.101.193" port: 42679 } } peers { permanent_uuid: "3d132b337cb648908a7078dbbd743538" member_type: VOTER last_known_addr { host: "127.28.101.194" port: 33163 } } peers { permanent_uuid: "7839778fd6344fd483b40c491aac3a0c" member_type: VOTER last_known_addr { host: "127.28.101.195" port: 36975 } }
I20260709 13:08:11.671352 30421 raft_consensus.cc:3060] T 651dbb9899664d73809f16f5c6018238 P 5695bc56357a42dfa8f5eb652b19a8ef [term 0 FOLLOWER]: Advancing to term 1
I20260709 13:08:11.671288 30245 leader_election.cc:304] T fa8001db1bc54ab98a42e1c4359f24bf P 3d132b337cb648908a7078dbbd743538 [CANDIDATE]: Term 1 pre-election: Election decided. Result: candidate won. Election summary: received 2 responses out of 3 voters: 2 yes votes; 0 no votes. yes voters: 3d132b337cb648908a7078dbbd743538, 5695bc56357a42dfa8f5eb652b19a8ef; no voters: 
I20260709 13:08:11.673867 30398 tablet_bootstrap.cc:492] T 0e2bf3d22eff480087b83c165c316e94 P 5695bc56357a42dfa8f5eb652b19a8ef: No bootstrap required, opened a new log
I20260709 13:08:11.674319 30398 ts_tablet_manager.cc:1403] T 0e2bf3d22eff480087b83c165c316e94 P 5695bc56357a42dfa8f5eb652b19a8ef: Time spent bootstrapping tablet: real 0.113s	user 0.023s	sys 0.029s
I20260709 13:08:11.674389 30401 raft_consensus.cc:2804] T fa8001db1bc54ab98a42e1c4359f24bf P 3d132b337cb648908a7078dbbd743538 [term 0 FOLLOWER]: Leader pre-election won for term 1
I20260709 13:08:11.674736 30401 raft_consensus.cc:493] T fa8001db1bc54ab98a42e1c4359f24bf P 3d132b337cb648908a7078dbbd743538 [term 0 FOLLOWER]: Starting leader election (no leader contacted us within the election timeout)
I20260709 13:08:11.675062 30401 raft_consensus.cc:3060] T fa8001db1bc54ab98a42e1c4359f24bf P 3d132b337cb648908a7078dbbd743538 [term 0 FOLLOWER]: Advancing to term 1
I20260709 13:08:11.676918 30398 raft_consensus.cc:359] T 0e2bf3d22eff480087b83c165c316e94 P 5695bc56357a42dfa8f5eb652b19a8ef [term 0 FOLLOWER]: Replica starting. Triggering 0 pending ops. Active config: opid_index: -1 OBSOLETE_local: false peers { permanent_uuid: "5695bc56357a42dfa8f5eb652b19a8ef" member_type: VOTER last_known_addr { host: "127.28.101.193" port: 42679 } } peers { permanent_uuid: "3d132b337cb648908a7078dbbd743538" member_type: VOTER last_known_addr { host: "127.28.101.194" port: 33163 } } peers { permanent_uuid: "7839778fd6344fd483b40c491aac3a0c" member_type: VOTER last_known_addr { host: "127.28.101.195" port: 36975 } }
I20260709 13:08:11.677542 30398 raft_consensus.cc:385] T 0e2bf3d22eff480087b83c165c316e94 P 5695bc56357a42dfa8f5eb652b19a8ef [term 0 FOLLOWER]: Consensus starting up: Expiring failure detector timer to make a prompt election more likely
I20260709 13:08:11.677783 30398 raft_consensus.cc:740] T 0e2bf3d22eff480087b83c165c316e94 P 5695bc56357a42dfa8f5eb652b19a8ef [term 0 FOLLOWER]: Becoming Follower/Learner. State: Replica: 5695bc56357a42dfa8f5eb652b19a8ef, State: Initialized, Role: FOLLOWER
I20260709 13:08:11.678480 30398 consensus_queue.cc:260] T 0e2bf3d22eff480087b83c165c316e94 P 5695bc56357a42dfa8f5eb652b19a8ef [NON_LEADER]: Queue going to NON_LEADER mode. State: All replicated index: 0, Majority replicated index: 0, Committed index: 0, Last appended: 0.0, Last appended by leader: 0, Current term: 0, Majority size: -1, State: 0, Mode: NON_LEADER, active raft config: opid_index: -1 OBSOLETE_local: false peers { permanent_uuid: "5695bc56357a42dfa8f5eb652b19a8ef" member_type: VOTER last_known_addr { host: "127.28.101.193" port: 42679 } } peers { permanent_uuid: "3d132b337cb648908a7078dbbd743538" member_type: VOTER last_known_addr { host: "127.28.101.194" port: 33163 } } peers { permanent_uuid: "7839778fd6344fd483b40c491aac3a0c" member_type: VOTER last_known_addr { host: "127.28.101.195" port: 36975 } }
I20260709 13:08:11.685065 30404 leader_election.cc:290] T 3e05dc90925e434da63f3134191a22b0 P 5695bc56357a42dfa8f5eb652b19a8ef [CANDIDATE]: Term 1 pre-election: Requested pre-vote from peers 3d132b337cb648908a7078dbbd743538 (127.28.101.194:33163), 7839778fd6344fd483b40c491aac3a0c (127.28.101.195:36975)
I20260709 13:08:11.685587 30279 tablet_service.cc:1917] Received RequestConsensusVote() RPC: tablet_id: "3e05dc90925e434da63f3134191a22b0" candidate_uuid: "5695bc56357a42dfa8f5eb652b19a8ef" candidate_term: 1 candidate_status { last_received { term: 0 index: 0 } } ignore_live_leader: false dest_uuid: "3d132b337cb648908a7078dbbd743538" is_pre_election: true
I20260709 13:08:11.686942 30355 tablet_service.cc:1917] Received RequestConsensusVote() RPC: tablet_id: "3e05dc90925e434da63f3134191a22b0" candidate_uuid: "5695bc56357a42dfa8f5eb652b19a8ef" candidate_term: 1 candidate_status { last_received { term: 0 index: 0 } } ignore_live_leader: false dest_uuid: "7839778fd6344fd483b40c491aac3a0c" is_pre_election: true
W20260709 13:08:11.695804 30245 leader_election.cc:343] T fa8001db1bc54ab98a42e1c4359f24bf P 3d132b337cb648908a7078dbbd743538 [CANDIDATE]: Term 1 pre-election: Tablet error from VoteRequest() call to peer 7839778fd6344fd483b40c491aac3a0c (127.28.101.195:36975): Illegal state: must be running to vote when last-logged opid is not known
I20260709 13:08:11.686389 30103 catalog_manager.cc:5697] T 5edbea91b52c45daa588779c2e9c21a3 P 3d132b337cb648908a7078dbbd743538 reported cstate change: term changed from 0 to 1, leader changed from <none> to 3d132b337cb648908a7078dbbd743538 (127.28.101.194). New cstate: current_term: 1 leader_uuid: "3d132b337cb648908a7078dbbd743538" committed_config { opid_index: -1 OBSOLETE_local: false peers { permanent_uuid: "5695bc56357a42dfa8f5eb652b19a8ef" member_type: VOTER last_known_addr { host: "127.28.101.193" port: 42679 } health_report { overall_health: UNKNOWN } } peers { permanent_uuid: "3d132b337cb648908a7078dbbd743538" member_type: VOTER last_known_addr { host: "127.28.101.194" port: 33163 } health_report { overall_health: HEALTHY } } peers { permanent_uuid: "7839778fd6344fd483b40c491aac3a0c" member_type: VOTER last_known_addr { host: "127.28.101.195" port: 36975 } health_report { overall_health: UNKNOWN } } }
I20260709 13:08:11.688730 30398 ts_tablet_manager.cc:1434] T 0e2bf3d22eff480087b83c165c316e94 P 5695bc56357a42dfa8f5eb652b19a8ef: Time spent starting tablet: real 0.014s	user 0.011s	sys 0.000s
I20260709 13:08:11.689321 30424 raft_consensus.cc:493] T 3e05dc90925e434da63f3134191a22b0 P 3d132b337cb648908a7078dbbd743538 [term 0 FOLLOWER]: Starting pre-election (no leader contacted us within the election timeout)
I20260709 13:08:11.696810 30355 raft_consensus.cc:2468] T 3e05dc90925e434da63f3134191a22b0 P 7839778fd6344fd483b40c491aac3a0c [term 0 FOLLOWER]: Leader pre-election vote request: Granting yes vote for candidate 5695bc56357a42dfa8f5eb652b19a8ef in term 0.
I20260709 13:08:11.696950 30424 raft_consensus.cc:515] T 3e05dc90925e434da63f3134191a22b0 P 3d132b337cb648908a7078dbbd743538 [term 0 FOLLOWER]: Starting pre-election with config: opid_index: -1 OBSOLETE_local: false peers { permanent_uuid: "5695bc56357a42dfa8f5eb652b19a8ef" member_type: VOTER last_known_addr { host: "127.28.101.193" port: 42679 } } peers { permanent_uuid: "3d132b337cb648908a7078dbbd743538" member_type: VOTER last_known_addr { host: "127.28.101.194" port: 33163 } } peers { permanent_uuid: "7839778fd6344fd483b40c491aac3a0c" member_type: VOTER last_known_addr { host: "127.28.101.195" port: 36975 } }
I20260709 13:08:11.697338 30282 raft_consensus.cc:2468] T db6bb23b76ae4d4aaf2bd043a8816e79 P 3d132b337cb648908a7078dbbd743538 [term 1 FOLLOWER]: Leader election vote request: Granting yes vote for candidate 7839778fd6344fd483b40c491aac3a0c in term 1.
I20260709 13:08:11.697953 30170 leader_election.cc:304] T 3e05dc90925e434da63f3134191a22b0 P 5695bc56357a42dfa8f5eb652b19a8ef [CANDIDATE]: Term 1 pre-election: Election decided. Result: candidate won. Election summary: received 2 responses out of 3 voters: 2 yes votes; 0 no votes. yes voters: 5695bc56357a42dfa8f5eb652b19a8ef, 7839778fd6344fd483b40c491aac3a0c; no voters: 
I20260709 13:08:11.698907 30424 leader_election.cc:290] T 3e05dc90925e434da63f3134191a22b0 P 3d132b337cb648908a7078dbbd743538 [CANDIDATE]: Term 1 pre-election: Requested pre-vote from peers 5695bc56357a42dfa8f5eb652b19a8ef (127.28.101.193:42679), 7839778fd6344fd483b40c491aac3a0c (127.28.101.195:36975)
I20260709 13:08:11.699191 30322 leader_election.cc:304] T db6bb23b76ae4d4aaf2bd043a8816e79 P 7839778fd6344fd483b40c491aac3a0c [CANDIDATE]: Term 1 election: Election decided. Result: candidate won. Election summary: received 2 responses out of 3 voters: 2 yes votes; 0 no votes. yes voters: 3d132b337cb648908a7078dbbd743538, 7839778fd6344fd483b40c491aac3a0c; no voters: 
I20260709 13:08:11.700132 30279 raft_consensus.cc:2468] T 3e05dc90925e434da63f3134191a22b0 P 3d132b337cb648908a7078dbbd743538 [term 0 FOLLOWER]: Leader pre-election vote request: Granting yes vote for candidate 5695bc56357a42dfa8f5eb652b19a8ef in term 0.
I20260709 13:08:11.701409 30476 raft_consensus.cc:2804] T 3e05dc90925e434da63f3134191a22b0 P 5695bc56357a42dfa8f5eb652b19a8ef [term 0 FOLLOWER]: Leader pre-election won for term 1
I20260709 13:08:11.701807 30476 raft_consensus.cc:493] T 3e05dc90925e434da63f3134191a22b0 P 5695bc56357a42dfa8f5eb652b19a8ef [term 0 FOLLOWER]: Starting leader election (no leader contacted us within the election timeout)
I20260709 13:08:11.702111 30476 raft_consensus.cc:3060] T 3e05dc90925e434da63f3134191a22b0 P 5695bc56357a42dfa8f5eb652b19a8ef [term 0 FOLLOWER]: Advancing to term 1
I20260709 13:08:11.702363 30405 raft_consensus.cc:2804] T db6bb23b76ae4d4aaf2bd043a8816e79 P 7839778fd6344fd483b40c491aac3a0c [term 1 FOLLOWER]: Leader election won for term 1
I20260709 13:08:11.702978 30405 raft_consensus.cc:697] T db6bb23b76ae4d4aaf2bd043a8816e79 P 7839778fd6344fd483b40c491aac3a0c [term 1 LEADER]: Becoming Leader. State: Replica: 7839778fd6344fd483b40c491aac3a0c, State: Running, Role: LEADER
I20260709 13:08:11.703753 30405 consensus_queue.cc:237] T db6bb23b76ae4d4aaf2bd043a8816e79 P 7839778fd6344fd483b40c491aac3a0c [LEADER]: Queue going to LEADER mode. State: All replicated index: 0, Majority replicated index: 0, Committed index: 0, Last appended: 0.0, Last appended by leader: 0, Current term: 1, Majority size: 2, State: 0, Mode: LEADER, active raft config: opid_index: -1 OBSOLETE_local: false peers { permanent_uuid: "5695bc56357a42dfa8f5eb652b19a8ef" member_type: VOTER last_known_addr { host: "127.28.101.193" port: 42679 } } peers { permanent_uuid: "3d132b337cb648908a7078dbbd743538" member_type: VOTER last_known_addr { host: "127.28.101.194" port: 33163 } } peers { permanent_uuid: "7839778fd6344fd483b40c491aac3a0c" member_type: VOTER last_known_addr { host: "127.28.101.195" port: 36975 } }
I20260709 13:08:11.706832 30398 tablet_bootstrap.cc:492] T fc3229195c52452dbaaae13ae6bf22a0 P 5695bc56357a42dfa8f5eb652b19a8ef: Bootstrap starting.
I20260709 13:08:11.708779 30105 catalog_manager.cc:5697] T eb1fcc91bd5e48148728648fcfe96e6f P 7839778fd6344fd483b40c491aac3a0c reported cstate change: term changed from 0 to 1, leader changed from <none> to 7839778fd6344fd483b40c491aac3a0c (127.28.101.195). New cstate: current_term: 1 leader_uuid: "7839778fd6344fd483b40c491aac3a0c" committed_config { opid_index: -1 OBSOLETE_local: false peers { permanent_uuid: "5695bc56357a42dfa8f5eb652b19a8ef" member_type: VOTER last_known_addr { host: "127.28.101.193" port: 42679 } health_report { overall_health: UNKNOWN } } peers { permanent_uuid: "3d132b337cb648908a7078dbbd743538" member_type: VOTER last_known_addr { host: "127.28.101.194" port: 33163 } health_report { overall_health: UNKNOWN } } peers { permanent_uuid: "7839778fd6344fd483b40c491aac3a0c" member_type: VOTER last_known_addr { host: "127.28.101.195" port: 36975 } health_report { overall_health: HEALTHY } } }
I20260709 13:08:11.712354 30398 tablet_bootstrap.cc:654] T fc3229195c52452dbaaae13ae6bf22a0 P 5695bc56357a42dfa8f5eb652b19a8ef: Neither blocks nor log segments found. Creating new log.
I20260709 13:08:11.689769 30206 raft_consensus.cc:2468] T db6bb23b76ae4d4aaf2bd043a8816e79 P 5695bc56357a42dfa8f5eb652b19a8ef [term 1 FOLLOWER]: Leader election vote request: Granting yes vote for candidate 7839778fd6344fd483b40c491aac3a0c in term 1.
I20260709 13:08:11.690650 30205 tablet_service.cc:1917] Received RequestConsensusVote() RPC: tablet_id: "67e371e4e2fc4b7db0c48312e7e58258" candidate_uuid: "3d132b337cb648908a7078dbbd743538" candidate_term: 1 candidate_status { last_received { term: 0 index: 0 } } ignore_live_leader: false dest_uuid: "5695bc56357a42dfa8f5eb652b19a8ef" is_pre_election: true
I20260709 13:08:11.693257 30356 tablet_service.cc:1917] Received RequestConsensusVote() RPC: tablet_id: "67e371e4e2fc4b7db0c48312e7e58258" candidate_uuid: "3d132b337cb648908a7078dbbd743538" candidate_term: 1 candidate_status { last_received { term: 0 index: 0 } } ignore_live_leader: false dest_uuid: "7839778fd6344fd483b40c491aac3a0c" is_pre_election: true
I20260709 13:08:11.681418 30401 raft_consensus.cc:515] T fa8001db1bc54ab98a42e1c4359f24bf P 3d132b337cb648908a7078dbbd743538 [term 1 FOLLOWER]: Starting leader election with config: opid_index: -1 OBSOLETE_local: false peers { permanent_uuid: "5695bc56357a42dfa8f5eb652b19a8ef" member_type: VOTER last_known_addr { host: "127.28.101.193" port: 42679 } } peers { permanent_uuid: "3d132b337cb648908a7078dbbd743538" member_type: VOTER last_known_addr { host: "127.28.101.194" port: 33163 } } peers { permanent_uuid: "7839778fd6344fd483b40c491aac3a0c" member_type: VOTER last_known_addr { host: "127.28.101.195" port: 36975 } }
I20260709 13:08:11.718349 30401 leader_election.cc:290] T fa8001db1bc54ab98a42e1c4359f24bf P 3d132b337cb648908a7078dbbd743538 [CANDIDATE]: Term 1 election: Requested vote from peers 5695bc56357a42dfa8f5eb652b19a8ef (127.28.101.193:42679), 7839778fd6344fd483b40c491aac3a0c (127.28.101.195:36975)
I20260709 13:08:11.719067 30421 raft_consensus.cc:515] T 651dbb9899664d73809f16f5c6018238 P 5695bc56357a42dfa8f5eb652b19a8ef [term 1 FOLLOWER]: Starting leader election with config: opid_index: -1 OBSOLETE_local: false peers { permanent_uuid: "5695bc56357a42dfa8f5eb652b19a8ef" member_type: VOTER last_known_addr { host: "127.28.101.193" port: 42679 } } peers { permanent_uuid: "3d132b337cb648908a7078dbbd743538" member_type: VOTER last_known_addr { host: "127.28.101.194" port: 33163 } } peers { permanent_uuid: "7839778fd6344fd483b40c491aac3a0c" member_type: VOTER last_known_addr { host: "127.28.101.195" port: 36975 } }
I20260709 13:08:11.720976 30421 leader_election.cc:290] T 651dbb9899664d73809f16f5c6018238 P 5695bc56357a42dfa8f5eb652b19a8ef [CANDIDATE]: Term 1 election: Requested vote from peers 3d132b337cb648908a7078dbbd743538 (127.28.101.194:33163), 7839778fd6344fd483b40c491aac3a0c (127.28.101.195:36975)
I20260709 13:08:11.721652 30279 tablet_service.cc:1917] Received RequestConsensusVote() RPC: tablet_id: "651dbb9899664d73809f16f5c6018238" candidate_uuid: "5695bc56357a42dfa8f5eb652b19a8ef" candidate_term: 1 candidate_status { last_received { term: 0 index: 0 } } ignore_live_leader: false dest_uuid: "3d132b337cb648908a7078dbbd743538"
I20260709 13:08:11.695143 30426 raft_consensus.cc:515] T 1a9dbf1277234157a730dcc39cdbab97 P 3d132b337cb648908a7078dbbd743538 [term 1 FOLLOWER]: Starting leader election with config: opid_index: -1 OBSOLETE_local: false peers { permanent_uuid: "5695bc56357a42dfa8f5eb652b19a8ef" member_type: VOTER last_known_addr { host: "127.28.101.193" port: 42679 } } peers { permanent_uuid: "3d132b337cb648908a7078dbbd743538" member_type: VOTER last_known_addr { host: "127.28.101.194" port: 33163 } } peers { permanent_uuid: "7839778fd6344fd483b40c491aac3a0c" member_type: VOTER last_known_addr { host: "127.28.101.195" port: 36975 } }
W20260709 13:08:11.723054 30173 leader_election.cc:343] T 651dbb9899664d73809f16f5c6018238 P 5695bc56357a42dfa8f5eb652b19a8ef [CANDIDATE]: Term 1 election: Tablet error from VoteRequest() call to peer 3d132b337cb648908a7078dbbd743538 (127.28.101.194:33163): Illegal state: must be running to vote when last-logged opid is not known
I20260709 13:08:11.723552 30426 leader_election.cc:290] T 1a9dbf1277234157a730dcc39cdbab97 P 3d132b337cb648908a7078dbbd743538 [CANDIDATE]: Term 1 election: Requested vote from peers 5695bc56357a42dfa8f5eb652b19a8ef (127.28.101.193:42679), 7839778fd6344fd483b40c491aac3a0c (127.28.101.195:36975)
I20260709 13:08:11.724614 30356 tablet_service.cc:1917] Received RequestConsensusVote() RPC: tablet_id: "651dbb9899664d73809f16f5c6018238" candidate_uuid: "5695bc56357a42dfa8f5eb652b19a8ef" candidate_term: 1 candidate_status { last_received { term: 0 index: 0 } } ignore_live_leader: false dest_uuid: "7839778fd6344fd483b40c491aac3a0c"
I20260709 13:08:11.725116 30356 raft_consensus.cc:3060] T 651dbb9899664d73809f16f5c6018238 P 7839778fd6344fd483b40c491aac3a0c [term 0 FOLLOWER]: Advancing to term 1
I20260709 13:08:11.725706 30399 tablet_bootstrap.cc:492] T 1a9dbf1277234157a730dcc39cdbab97 P 7839778fd6344fd483b40c491aac3a0c: No bootstrap required, opened a new log
I20260709 13:08:11.726122 30399 ts_tablet_manager.cc:1403] T 1a9dbf1277234157a730dcc39cdbab97 P 7839778fd6344fd483b40c491aac3a0c: Time spent bootstrapping tablet: real 0.087s	user 0.010s	sys 0.002s
I20260709 13:08:11.728677 30399 raft_consensus.cc:359] T 1a9dbf1277234157a730dcc39cdbab97 P 7839778fd6344fd483b40c491aac3a0c [term 0 FOLLOWER]: Replica starting. Triggering 0 pending ops. Active config: opid_index: -1 OBSOLETE_local: false peers { permanent_uuid: "5695bc56357a42dfa8f5eb652b19a8ef" member_type: VOTER last_known_addr { host: "127.28.101.193" port: 42679 } } peers { permanent_uuid: "3d132b337cb648908a7078dbbd743538" member_type: VOTER last_known_addr { host: "127.28.101.194" port: 33163 } } peers { permanent_uuid: "7839778fd6344fd483b40c491aac3a0c" member_type: VOTER last_known_addr { host: "127.28.101.195" port: 36975 } }
I20260709 13:08:11.729283 30399 raft_consensus.cc:385] T 1a9dbf1277234157a730dcc39cdbab97 P 7839778fd6344fd483b40c491aac3a0c [term 0 FOLLOWER]: Consensus starting up: Expiring failure detector timer to make a prompt election more likely
I20260709 13:08:11.729534 30399 raft_consensus.cc:740] T 1a9dbf1277234157a730dcc39cdbab97 P 7839778fd6344fd483b40c491aac3a0c [term 0 FOLLOWER]: Becoming Follower/Learner. State: Replica: 7839778fd6344fd483b40c491aac3a0c, State: Initialized, Role: FOLLOWER
I20260709 13:08:11.730190 30399 consensus_queue.cc:260] T 1a9dbf1277234157a730dcc39cdbab97 P 7839778fd6344fd483b40c491aac3a0c [NON_LEADER]: Queue going to NON_LEADER mode. State: All replicated index: 0, Majority replicated index: 0, Committed index: 0, Last appended: 0.0, Last appended by leader: 0, Current term: 0, Majority size: -1, State: 0, Mode: NON_LEADER, active raft config: opid_index: -1 OBSOLETE_local: false peers { permanent_uuid: "5695bc56357a42dfa8f5eb652b19a8ef" member_type: VOTER last_known_addr { host: "127.28.101.193" port: 42679 } } peers { permanent_uuid: "3d132b337cb648908a7078dbbd743538" member_type: VOTER last_known_addr { host: "127.28.101.194" port: 33163 } } peers { permanent_uuid: "7839778fd6344fd483b40c491aac3a0c" member_type: VOTER last_known_addr { host: "127.28.101.195" port: 36975 } }
I20260709 13:08:11.731940 30356 raft_consensus.cc:2468] T 651dbb9899664d73809f16f5c6018238 P 7839778fd6344fd483b40c491aac3a0c [term 1 FOLLOWER]: Leader election vote request: Granting yes vote for candidate 5695bc56357a42dfa8f5eb652b19a8ef in term 1.
I20260709 13:08:11.737210 30398 tablet_bootstrap.cc:492] T fc3229195c52452dbaaae13ae6bf22a0 P 5695bc56357a42dfa8f5eb652b19a8ef: No bootstrap required, opened a new log
I20260709 13:08:11.737641 30398 ts_tablet_manager.cc:1403] T fc3229195c52452dbaaae13ae6bf22a0 P 5695bc56357a42dfa8f5eb652b19a8ef: Time spent bootstrapping tablet: real 0.031s	user 0.013s	sys 0.012s
I20260709 13:08:11.737944 30170 leader_election.cc:304] T 651dbb9899664d73809f16f5c6018238 P 5695bc56357a42dfa8f5eb652b19a8ef [CANDIDATE]: Term 1 election: Election decided. Result: candidate won. Election summary: received 3 responses out of 3 voters: 2 yes votes; 1 no votes. yes voters: 5695bc56357a42dfa8f5eb652b19a8ef, 7839778fd6344fd483b40c491aac3a0c; no voters: 3d132b337cb648908a7078dbbd743538
I20260709 13:08:11.738813 30421 raft_consensus.cc:2804] T 651dbb9899664d73809f16f5c6018238 P 5695bc56357a42dfa8f5eb652b19a8ef [term 1 FOLLOWER]: Leader election won for term 1
I20260709 13:08:11.740218 30398 raft_consensus.cc:359] T fc3229195c52452dbaaae13ae6bf22a0 P 5695bc56357a42dfa8f5eb652b19a8ef [term 0 FOLLOWER]: Replica starting. Triggering 0 pending ops. Active config: opid_index: -1 OBSOLETE_local: false peers { permanent_uuid: "5695bc56357a42dfa8f5eb652b19a8ef" member_type: VOTER last_known_addr { host: "127.28.101.193" port: 42679 } } peers { permanent_uuid: "3d132b337cb648908a7078dbbd743538" member_type: VOTER last_known_addr { host: "127.28.101.194" port: 33163 } } peers { permanent_uuid: "7839778fd6344fd483b40c491aac3a0c" member_type: VOTER last_known_addr { host: "127.28.101.195" port: 36975 } }
W20260709 13:08:11.740456 30245 outbound_call.cc:321] RPC callback for RPC call kudu.consensus.ConsensusService.UpdateConsensus -> {remote=127.28.101.195:36975, user_credentials={real_user=slave}} blocked reactor thread for 43828us
I20260709 13:08:11.739264 30421 raft_consensus.cc:697] T 651dbb9899664d73809f16f5c6018238 P 5695bc56357a42dfa8f5eb652b19a8ef [term 1 LEADER]: Becoming Leader. State: Replica: 5695bc56357a42dfa8f5eb652b19a8ef, State: Running, Role: LEADER
I20260709 13:08:11.741888 30476 raft_consensus.cc:515] T 3e05dc90925e434da63f3134191a22b0 P 5695bc56357a42dfa8f5eb652b19a8ef [term 1 FOLLOWER]: Starting leader election with config: opid_index: -1 OBSOLETE_local: false peers { permanent_uuid: "5695bc56357a42dfa8f5eb652b19a8ef" member_type: VOTER last_known_addr { host: "127.28.101.193" port: 42679 } } peers { permanent_uuid: "3d132b337cb648908a7078dbbd743538" member_type: VOTER last_known_addr { host: "127.28.101.194" port: 33163 } } peers { permanent_uuid: "7839778fd6344fd483b40c491aac3a0c" member_type: VOTER last_known_addr { host: "127.28.101.195" port: 36975 } }
I20260709 13:08:11.741916 30207 tablet_service.cc:1917] Received RequestConsensusVote() RPC: tablet_id: "3e05dc90925e434da63f3134191a22b0" candidate_uuid: "3d132b337cb648908a7078dbbd743538" candidate_term: 1 candidate_status { last_received { term: 0 index: 0 } } ignore_live_leader: false dest_uuid: "5695bc56357a42dfa8f5eb652b19a8ef" is_pre_election: true
I20260709 13:08:11.743331 30207 raft_consensus.cc:2393] T 3e05dc90925e434da63f3134191a22b0 P 5695bc56357a42dfa8f5eb652b19a8ef [term 1 FOLLOWER]: Leader pre-election vote request: Denying vote to candidate 3d132b337cb648908a7078dbbd743538 in current term 1: Already voted for candidate 5695bc56357a42dfa8f5eb652b19a8ef in this term.
I20260709 13:08:11.741818 30421 consensus_queue.cc:237] T 651dbb9899664d73809f16f5c6018238 P 5695bc56357a42dfa8f5eb652b19a8ef [LEADER]: Queue going to LEADER mode. State: All replicated index: 0, Majority replicated index: 0, Committed index: 0, Last appended: 0.0, Last appended by leader: 0, Current term: 1, Majority size: 2, State: 0, Mode: LEADER, active raft config: opid_index: -1 OBSOLETE_local: false peers { permanent_uuid: "5695bc56357a42dfa8f5eb652b19a8ef" member_type: VOTER last_known_addr { host: "127.28.101.193" port: 42679 } } peers { permanent_uuid: "3d132b337cb648908a7078dbbd743538" member_type: VOTER last_known_addr { host: "127.28.101.194" port: 33163 } } peers { permanent_uuid: "7839778fd6344fd483b40c491aac3a0c" member_type: VOTER last_known_addr { host: "127.28.101.195" port: 36975 } }
I20260709 13:08:11.744570 30279 tablet_service.cc:1917] Received RequestConsensusVote() RPC: tablet_id: "3e05dc90925e434da63f3134191a22b0" candidate_uuid: "5695bc56357a42dfa8f5eb652b19a8ef" candidate_term: 1 candidate_status { last_received { term: 0 index: 0 } } ignore_live_leader: false dest_uuid: "3d132b337cb648908a7078dbbd743538"
I20260709 13:08:11.745124 30279 raft_consensus.cc:3060] T 3e05dc90925e434da63f3134191a22b0 P 3d132b337cb648908a7078dbbd743538 [term 0 FOLLOWER]: Advancing to term 1
I20260709 13:08:11.745399 30354 tablet_service.cc:1917] Received RequestConsensusVote() RPC: tablet_id: "fa8001db1bc54ab98a42e1c4359f24bf" candidate_uuid: "3d132b337cb648908a7078dbbd743538" candidate_term: 1 candidate_status { last_received { term: 0 index: 0 } } ignore_live_leader: false dest_uuid: "7839778fd6344fd483b40c491aac3a0c"
I20260709 13:08:11.746023 30354 raft_consensus.cc:3060] T fa8001db1bc54ab98a42e1c4359f24bf P 7839778fd6344fd483b40c491aac3a0c [term 0 FOLLOWER]: Advancing to term 1
I20260709 13:08:11.746076 30206 tablet_service.cc:1917] Received RequestConsensusVote() RPC: tablet_id: "1a9dbf1277234157a730dcc39cdbab97" candidate_uuid: "3d132b337cb648908a7078dbbd743538" candidate_term: 1 candidate_status { last_received { term: 0 index: 0 } } ignore_live_leader: false dest_uuid: "5695bc56357a42dfa8f5eb652b19a8ef"
I20260709 13:08:11.746680 30206 raft_consensus.cc:3060] T 1a9dbf1277234157a730dcc39cdbab97 P 5695bc56357a42dfa8f5eb652b19a8ef [term 0 FOLLOWER]: Advancing to term 1
I20260709 13:08:11.748071 30205 tablet_service.cc:1917] Received RequestConsensusVote() RPC: tablet_id: "fa8001db1bc54ab98a42e1c4359f24bf" candidate_uuid: "3d132b337cb648908a7078dbbd743538" candidate_term: 1 candidate_status { last_received { term: 0 index: 0 } } ignore_live_leader: false dest_uuid: "5695bc56357a42dfa8f5eb652b19a8ef"
I20260709 13:08:11.748628 30205 raft_consensus.cc:3060] T fa8001db1bc54ab98a42e1c4359f24bf P 5695bc56357a42dfa8f5eb652b19a8ef [term 0 FOLLOWER]: Advancing to term 1
I20260709 13:08:11.749738 30355 tablet_service.cc:1917] Received RequestConsensusVote() RPC: tablet_id: "1a9dbf1277234157a730dcc39cdbab97" candidate_uuid: "3d132b337cb648908a7078dbbd743538" candidate_term: 1 candidate_status { last_received { term: 0 index: 0 } } ignore_live_leader: false dest_uuid: "7839778fd6344fd483b40c491aac3a0c"
I20260709 13:08:11.750288 30355 raft_consensus.cc:3060] T 1a9dbf1277234157a730dcc39cdbab97 P 7839778fd6344fd483b40c491aac3a0c [term 0 FOLLOWER]: Advancing to term 1
I20260709 13:08:11.755754 30482 raft_consensus.cc:493] T 0e2bf3d22eff480087b83c165c316e94 P 3d132b337cb648908a7078dbbd743538 [term 0 FOLLOWER]: Starting pre-election (no leader contacted us within the election timeout)
I20260709 13:08:11.756247 30482 raft_consensus.cc:515] T 0e2bf3d22eff480087b83c165c316e94 P 3d132b337cb648908a7078dbbd743538 [term 0 FOLLOWER]: Starting pre-election with config: opid_index: -1 OBSOLETE_local: false peers { permanent_uuid: "5695bc56357a42dfa8f5eb652b19a8ef" member_type: VOTER last_known_addr { host: "127.28.101.193" port: 42679 } } peers { permanent_uuid: "3d132b337cb648908a7078dbbd743538" member_type: VOTER last_known_addr { host: "127.28.101.194" port: 33163 } } peers { permanent_uuid: "7839778fd6344fd483b40c491aac3a0c" member_type: VOTER last_known_addr { host: "127.28.101.195" port: 36975 } }
I20260709 13:08:11.757364 30399 ts_tablet_manager.cc:1434] T 1a9dbf1277234157a730dcc39cdbab97 P 7839778fd6344fd483b40c491aac3a0c: Time spent starting tablet: real 0.031s	user 0.007s	sys 0.000s
I20260709 13:08:11.759799 30354 raft_consensus.cc:2468] T fa8001db1bc54ab98a42e1c4359f24bf P 7839778fd6344fd483b40c491aac3a0c [term 1 FOLLOWER]: Leader election vote request: Granting yes vote for candidate 3d132b337cb648908a7078dbbd743538 in term 1.
I20260709 13:08:11.761929 30103 catalog_manager.cc:5697] T db6bb23b76ae4d4aaf2bd043a8816e79 P 7839778fd6344fd483b40c491aac3a0c reported cstate change: term changed from 0 to 1, leader changed from <none> to 7839778fd6344fd483b40c491aac3a0c (127.28.101.195). New cstate: current_term: 1 leader_uuid: "7839778fd6344fd483b40c491aac3a0c" committed_config { opid_index: -1 OBSOLETE_local: false peers { permanent_uuid: "5695bc56357a42dfa8f5eb652b19a8ef" member_type: VOTER last_known_addr { host: "127.28.101.193" port: 42679 } health_report { overall_health: UNKNOWN } } peers { permanent_uuid: "3d132b337cb648908a7078dbbd743538" member_type: VOTER last_known_addr { host: "127.28.101.194" port: 33163 } health_report { overall_health: UNKNOWN } } peers { permanent_uuid: "7839778fd6344fd483b40c491aac3a0c" member_type: VOTER last_known_addr { host: "127.28.101.195" port: 36975 } health_report { overall_health: HEALTHY } } }
I20260709 13:08:11.763202 30399 tablet_bootstrap.cc:492] T a54ca13885d14262aca66e0c5981befa P 7839778fd6344fd483b40c491aac3a0c: Bootstrap starting.
I20260709 13:08:11.764228 30482 leader_election.cc:290] T 0e2bf3d22eff480087b83c165c316e94 P 3d132b337cb648908a7078dbbd743538 [CANDIDATE]: Term 1 pre-election: Requested pre-vote from peers 5695bc56357a42dfa8f5eb652b19a8ef (127.28.101.193:42679), 7839778fd6344fd483b40c491aac3a0c (127.28.101.195:36975)
I20260709 13:08:11.763348 30356 tablet_service.cc:1917] Received RequestConsensusVote() RPC: tablet_id: "3e05dc90925e434da63f3134191a22b0" candidate_uuid: "3d132b337cb648908a7078dbbd743538" candidate_term: 1 candidate_status { last_received { term: 0 index: 0 } } ignore_live_leader: false dest_uuid: "7839778fd6344fd483b40c491aac3a0c" is_pre_election: true
I20260709 13:08:11.768800 30356 raft_consensus.cc:2468] T 3e05dc90925e434da63f3134191a22b0 P 7839778fd6344fd483b40c491aac3a0c [term 0 FOLLOWER]: Leader pre-election vote request: Granting yes vote for candidate 3d132b337cb648908a7078dbbd743538 in term 0.
I20260709 13:08:11.769335 30279 raft_consensus.cc:2468] T 3e05dc90925e434da63f3134191a22b0 P 3d132b337cb648908a7078dbbd743538 [term 1 FOLLOWER]: Leader election vote request: Granting yes vote for candidate 5695bc56357a42dfa8f5eb652b19a8ef in term 1.
W20260709 13:08:11.769891 30245 consensus_peers.cc:597] T 6f0da5ad5a0542188709e249dfe1e47b P 3d132b337cb648908a7078dbbd743538 -> Peer 5695bc56357a42dfa8f5eb652b19a8ef (127.28.101.193:42679): Couldn't send request to peer 5695bc56357a42dfa8f5eb652b19a8ef. Error code: TABLET_NOT_RUNNING (12). Status: Illegal state: Tablet not RUNNING: INITIALIZED. This is attempt 1: this message will repeat every 5th retry.
W20260709 13:08:11.770479 30245 leader_election.cc:343] T 67e371e4e2fc4b7db0c48312e7e58258 P 3d132b337cb648908a7078dbbd743538 [CANDIDATE]: Term 1 pre-election: Tablet error from VoteRequest() call to peer 5695bc56357a42dfa8f5eb652b19a8ef (127.28.101.193:42679): Illegal state: must be running to vote when last-logged opid is not known
I20260709 13:08:11.770413 30173 leader_election.cc:304] T 3e05dc90925e434da63f3134191a22b0 P 5695bc56357a42dfa8f5eb652b19a8ef [CANDIDATE]: Term 1 election: Election decided. Result: candidate won. Election summary: received 2 responses out of 3 voters: 2 yes votes; 0 no votes. yes voters: 3d132b337cb648908a7078dbbd743538, 5695bc56357a42dfa8f5eb652b19a8ef; no voters: 
I20260709 13:08:11.771293 30421 raft_consensus.cc:2804] T 3e05dc90925e434da63f3134191a22b0 P 5695bc56357a42dfa8f5eb652b19a8ef [term 1 FOLLOWER]: Leader election won for term 1
I20260709 13:08:11.771732 30421 raft_consensus.cc:697] T 3e05dc90925e434da63f3134191a22b0 P 5695bc56357a42dfa8f5eb652b19a8ef [term 1 LEADER]: Becoming Leader. State: Replica: 5695bc56357a42dfa8f5eb652b19a8ef, State: Running, Role: LEADER
I20260709 13:08:11.772567 30399 tablet_bootstrap.cc:654] T a54ca13885d14262aca66e0c5981befa P 7839778fd6344fd483b40c491aac3a0c: Neither blocks nor log segments found. Creating new log.
I20260709 13:08:11.772701 30421 consensus_queue.cc:237] T 3e05dc90925e434da63f3134191a22b0 P 5695bc56357a42dfa8f5eb652b19a8ef [LEADER]: Queue going to LEADER mode. State: All replicated index: 0, Majority replicated index: 0, Committed index: 0, Last appended: 0.0, Last appended by leader: 0, Current term: 1, Majority size: 2, State: 0, Mode: LEADER, active raft config: opid_index: -1 OBSOLETE_local: false peers { permanent_uuid: "5695bc56357a42dfa8f5eb652b19a8ef" member_type: VOTER last_known_addr { host: "127.28.101.193" port: 42679 } } peers { permanent_uuid: "3d132b337cb648908a7078dbbd743538" member_type: VOTER last_known_addr { host: "127.28.101.194" port: 33163 } } peers { permanent_uuid: "7839778fd6344fd483b40c491aac3a0c" member_type: VOTER last_known_addr { host: "127.28.101.195" port: 36975 } }
I20260709 13:08:11.775373 30476 leader_election.cc:290] T 3e05dc90925e434da63f3134191a22b0 P 5695bc56357a42dfa8f5eb652b19a8ef [CANDIDATE]: Term 1 election: Requested vote from peers 3d132b337cb648908a7078dbbd743538 (127.28.101.194:33163), 7839778fd6344fd483b40c491aac3a0c (127.28.101.195:36975)
I20260709 13:08:11.755889 30396 tablet_bootstrap.cc:492] T 486d0dd21bd644e594aa95d0024f1ac1 P 3d132b337cb648908a7078dbbd743538: No bootstrap required, opened a new log
I20260709 13:08:11.776849 30396 ts_tablet_manager.cc:1403] T 486d0dd21bd644e594aa95d0024f1ac1 P 3d132b337cb648908a7078dbbd743538: Time spent bootstrapping tablet: real 0.126s	user 0.011s	sys 0.005s
W20260709 13:08:11.779031 30245 leader_election.cc:343] T 67e371e4e2fc4b7db0c48312e7e58258 P 3d132b337cb648908a7078dbbd743538 [CANDIDATE]: Term 1 pre-election: Tablet error from VoteRequest() call to peer 7839778fd6344fd483b40c491aac3a0c (127.28.101.195:36975): Illegal state: must be running to vote when last-logged opid is not known
I20260709 13:08:11.779584 30398 raft_consensus.cc:385] T fc3229195c52452dbaaae13ae6bf22a0 P 5695bc56357a42dfa8f5eb652b19a8ef [term 0 FOLLOWER]: Consensus starting up: Expiring failure detector timer to make a prompt election more likely
I20260709 13:08:11.779510 30396 raft_consensus.cc:359] T 486d0dd21bd644e594aa95d0024f1ac1 P 3d132b337cb648908a7078dbbd743538 [term 0 FOLLOWER]: Replica starting. Triggering 0 pending ops. Active config: opid_index: -1 OBSOLETE_local: false peers { permanent_uuid: "5695bc56357a42dfa8f5eb652b19a8ef" member_type: VOTER last_known_addr { host: "127.28.101.193" port: 42679 } } peers { permanent_uuid: "3d132b337cb648908a7078dbbd743538" member_type: VOTER last_known_addr { host: "127.28.101.194" port: 33163 } } peers { permanent_uuid: "7839778fd6344fd483b40c491aac3a0c" member_type: VOTER last_known_addr { host: "127.28.101.195" port: 36975 } }
I20260709 13:08:11.779881 30398 raft_consensus.cc:740] T fc3229195c52452dbaaae13ae6bf22a0 P 5695bc56357a42dfa8f5eb652b19a8ef [term 0 FOLLOWER]: Becoming Follower/Learner. State: Replica: 5695bc56357a42dfa8f5eb652b19a8ef, State: Initialized, Role: FOLLOWER
I20260709 13:08:11.779449 30245 leader_election.cc:304] T 67e371e4e2fc4b7db0c48312e7e58258 P 3d132b337cb648908a7078dbbd743538 [CANDIDATE]: Term 1 pre-election: Election decided. Result: candidate lost. Election summary: received 3 responses out of 3 voters: 1 yes votes; 2 no votes. yes voters: 3d132b337cb648908a7078dbbd743538; no voters: 5695bc56357a42dfa8f5eb652b19a8ef, 7839778fd6344fd483b40c491aac3a0c
I20260709 13:08:11.780514 30398 consensus_queue.cc:260] T fc3229195c52452dbaaae13ae6bf22a0 P 5695bc56357a42dfa8f5eb652b19a8ef [NON_LEADER]: Queue going to NON_LEADER mode. State: All replicated index: 0, Majority replicated index: 0, Committed index: 0, Last appended: 0.0, Last appended by leader: 0, Current term: 0, Majority size: -1, State: 0, Mode: NON_LEADER, active raft config: opid_index: -1 OBSOLETE_local: false peers { permanent_uuid: "5695bc56357a42dfa8f5eb652b19a8ef" member_type: VOTER last_known_addr { host: "127.28.101.193" port: 42679 } } peers { permanent_uuid: "3d132b337cb648908a7078dbbd743538" member_type: VOTER last_known_addr { host: "127.28.101.194" port: 33163 } } peers { permanent_uuid: "7839778fd6344fd483b40c491aac3a0c" member_type: VOTER last_known_addr { host: "127.28.101.195" port: 36975 } }
I20260709 13:08:11.781093 30355 raft_consensus.cc:2468] T 1a9dbf1277234157a730dcc39cdbab97 P 7839778fd6344fd483b40c491aac3a0c [term 1 FOLLOWER]: Leader election vote request: Granting yes vote for candidate 3d132b337cb648908a7078dbbd743538 in term 1.
I20260709 13:08:11.780289 30105 catalog_manager.cc:5697] T 651dbb9899664d73809f16f5c6018238 P 5695bc56357a42dfa8f5eb652b19a8ef reported cstate change: term changed from 0 to 1, leader changed from <none> to 5695bc56357a42dfa8f5eb652b19a8ef (127.28.101.193). New cstate: current_term: 1 leader_uuid: "5695bc56357a42dfa8f5eb652b19a8ef" committed_config { opid_index: -1 OBSOLETE_local: false peers { permanent_uuid: "5695bc56357a42dfa8f5eb652b19a8ef" member_type: VOTER last_known_addr { host: "127.28.101.193" port: 42679 } health_report { overall_health: HEALTHY } } peers { permanent_uuid: "3d132b337cb648908a7078dbbd743538" member_type: VOTER last_known_addr { host: "127.28.101.194" port: 33163 } health_report { overall_health: UNKNOWN } } peers { permanent_uuid: "7839778fd6344fd483b40c491aac3a0c" member_type: VOTER last_known_addr { host: "127.28.101.195" port: 36975 } health_report { overall_health: UNKNOWN } } }
I20260709 13:08:11.782151 30206 raft_consensus.cc:2468] T 1a9dbf1277234157a730dcc39cdbab97 P 5695bc56357a42dfa8f5eb652b19a8ef [term 1 FOLLOWER]: Leader election vote request: Granting yes vote for candidate 3d132b337cb648908a7078dbbd743538 in term 1.
I20260709 13:08:11.782799 30398 ts_tablet_manager.cc:1434] T fc3229195c52452dbaaae13ae6bf22a0 P 5695bc56357a42dfa8f5eb652b19a8ef: Time spent starting tablet: real 0.045s	user 0.005s	sys 0.001s
I20260709 13:08:11.783200 30482 raft_consensus.cc:2749] T 67e371e4e2fc4b7db0c48312e7e58258 P 3d132b337cb648908a7078dbbd743538 [term 0 FOLLOWER]: Leader pre-election lost for term 1. Reason: could not achieve majority
I20260709 13:08:11.783663 30398 tablet_bootstrap.cc:492] T a54ca13885d14262aca66e0c5981befa P 5695bc56357a42dfa8f5eb652b19a8ef: Bootstrap starting.
I20260709 13:08:11.784324 30245 leader_election.cc:304] T fa8001db1bc54ab98a42e1c4359f24bf P 3d132b337cb648908a7078dbbd743538 [CANDIDATE]: Term 1 election: Election decided. Result: candidate won. Election summary: received 2 responses out of 3 voters: 2 yes votes; 0 no votes. yes voters: 3d132b337cb648908a7078dbbd743538, 7839778fd6344fd483b40c491aac3a0c; no voters: 
I20260709 13:08:11.784847 30205 raft_consensus.cc:2468] T fa8001db1bc54ab98a42e1c4359f24bf P 5695bc56357a42dfa8f5eb652b19a8ef [term 1 FOLLOWER]: Leader election vote request: Granting yes vote for candidate 3d132b337cb648908a7078dbbd743538 in term 1.
I20260709 13:08:11.785148 30482 raft_consensus.cc:2804] T fa8001db1bc54ab98a42e1c4359f24bf P 3d132b337cb648908a7078dbbd743538 [term 1 FOLLOWER]: Leader election won for term 1
I20260709 13:08:11.785964 30396 raft_consensus.cc:385] T 486d0dd21bd644e594aa95d0024f1ac1 P 3d132b337cb648908a7078dbbd743538 [term 0 FOLLOWER]: Consensus starting up: Expiring failure detector timer to make a prompt election more likely
I20260709 13:08:11.786059 30482 raft_consensus.cc:697] T fa8001db1bc54ab98a42e1c4359f24bf P 3d132b337cb648908a7078dbbd743538 [term 1 LEADER]: Becoming Leader. State: Replica: 3d132b337cb648908a7078dbbd743538, State: Running, Role: LEADER
I20260709 13:08:11.786278 30396 raft_consensus.cc:740] T 486d0dd21bd644e594aa95d0024f1ac1 P 3d132b337cb648908a7078dbbd743538 [term 0 FOLLOWER]: Becoming Follower/Learner. State: Replica: 3d132b337cb648908a7078dbbd743538, State: Initialized, Role: FOLLOWER
I20260709 13:08:11.786839 30396 consensus_queue.cc:260] T 486d0dd21bd644e594aa95d0024f1ac1 P 3d132b337cb648908a7078dbbd743538 [NON_LEADER]: Queue going to NON_LEADER mode. State: All replicated index: 0, Majority replicated index: 0, Committed index: 0, Last appended: 0.0, Last appended by leader: 0, Current term: 0, Majority size: -1, State: 0, Mode: NON_LEADER, active raft config: opid_index: -1 OBSOLETE_local: false peers { permanent_uuid: "5695bc56357a42dfa8f5eb652b19a8ef" member_type: VOTER last_known_addr { host: "127.28.101.193" port: 42679 } } peers { permanent_uuid: "3d132b337cb648908a7078dbbd743538" member_type: VOTER last_known_addr { host: "127.28.101.194" port: 33163 } } peers { permanent_uuid: "7839778fd6344fd483b40c491aac3a0c" member_type: VOTER last_known_addr { host: "127.28.101.195" port: 36975 } }
I20260709 13:08:11.786865 30482 consensus_queue.cc:237] T fa8001db1bc54ab98a42e1c4359f24bf P 3d132b337cb648908a7078dbbd743538 [LEADER]: Queue going to LEADER mode. State: All replicated index: 0, Majority replicated index: 0, Committed index: 0, Last appended: 0.0, Last appended by leader: 0, Current term: 1, Majority size: 2, State: 0, Mode: LEADER, active raft config: opid_index: -1 OBSOLETE_local: false peers { permanent_uuid: "5695bc56357a42dfa8f5eb652b19a8ef" member_type: VOTER last_known_addr { host: "127.28.101.193" port: 42679 } } peers { permanent_uuid: "3d132b337cb648908a7078dbbd743538" member_type: VOTER last_known_addr { host: "127.28.101.194" port: 33163 } } peers { permanent_uuid: "7839778fd6344fd483b40c491aac3a0c" member_type: VOTER last_known_addr { host: "127.28.101.195" port: 36975 } }
I20260709 13:08:11.788152 30245 leader_election.cc:304] T 3e05dc90925e434da63f3134191a22b0 P 3d132b337cb648908a7078dbbd743538 [CANDIDATE]: Term 1 pre-election: Election decided. Result: candidate won. Election summary: received 3 responses out of 3 voters: 2 yes votes; 1 no votes. yes voters: 3d132b337cb648908a7078dbbd743538, 7839778fd6344fd483b40c491aac3a0c; no voters: 5695bc56357a42dfa8f5eb652b19a8ef
I20260709 13:08:11.795842 30398 tablet_bootstrap.cc:654] T a54ca13885d14262aca66e0c5981befa P 5695bc56357a42dfa8f5eb652b19a8ef: Neither blocks nor log segments found. Creating new log.
I20260709 13:08:11.799539 30396 ts_tablet_manager.cc:1434] T 486d0dd21bd644e594aa95d0024f1ac1 P 3d132b337cb648908a7078dbbd743538: Time spent starting tablet: real 0.022s	user 0.005s	sys 0.000s
I20260709 13:08:11.800382 30396 tablet_bootstrap.cc:492] T e6738e29deff4b3cb818906a70f922ce P 3d132b337cb648908a7078dbbd743538: Bootstrap starting.
I20260709 13:08:11.801154 30104 catalog_manager.cc:5697] T 3e05dc90925e434da63f3134191a22b0 P 5695bc56357a42dfa8f5eb652b19a8ef reported cstate change: term changed from 0 to 1, leader changed from <none> to 5695bc56357a42dfa8f5eb652b19a8ef (127.28.101.193). New cstate: current_term: 1 leader_uuid: "5695bc56357a42dfa8f5eb652b19a8ef" committed_config { opid_index: -1 OBSOLETE_local: false peers { permanent_uuid: "5695bc56357a42dfa8f5eb652b19a8ef" member_type: VOTER last_known_addr { host: "127.28.101.193" port: 42679 } health_report { overall_health: HEALTHY } } peers { permanent_uuid: "3d132b337cb648908a7078dbbd743538" member_type: VOTER last_known_addr { host: "127.28.101.194" port: 33163 } health_report { overall_health: UNKNOWN } } peers { permanent_uuid: "7839778fd6344fd483b40c491aac3a0c" member_type: VOTER last_known_addr { host: "127.28.101.195" port: 36975 } health_report { overall_health: UNKNOWN } } }
I20260709 13:08:11.804131 30245 leader_election.cc:304] T 1a9dbf1277234157a730dcc39cdbab97 P 3d132b337cb648908a7078dbbd743538 [CANDIDATE]: Term 1 election: Election decided. Result: candidate won. Election summary: received 2 responses out of 3 voters: 2 yes votes; 0 no votes. yes voters: 3d132b337cb648908a7078dbbd743538, 7839778fd6344fd483b40c491aac3a0c; no voters: 
I20260709 13:08:11.804872 30426 raft_consensus.cc:2764] T 3e05dc90925e434da63f3134191a22b0 P 3d132b337cb648908a7078dbbd743538 [term 1 FOLLOWER]: Leader pre-election decision vote started in defunct term 0: won
I20260709 13:08:11.805400 30426 raft_consensus.cc:2804] T 1a9dbf1277234157a730dcc39cdbab97 P 3d132b337cb648908a7078dbbd743538 [term 1 FOLLOWER]: Leader election won for term 1
I20260709 13:08:11.805615 30396 tablet_bootstrap.cc:654] T e6738e29deff4b3cb818906a70f922ce P 3d132b337cb648908a7078dbbd743538: Neither blocks nor log segments found. Creating new log.
I20260709 13:08:11.805794 30426 raft_consensus.cc:697] T 1a9dbf1277234157a730dcc39cdbab97 P 3d132b337cb648908a7078dbbd743538 [term 1 LEADER]: Becoming Leader. State: Replica: 3d132b337cb648908a7078dbbd743538, State: Running, Role: LEADER
I20260709 13:08:11.806608 30426 consensus_queue.cc:237] T 1a9dbf1277234157a730dcc39cdbab97 P 3d132b337cb648908a7078dbbd743538 [LEADER]: Queue going to LEADER mode. State: All replicated index: 0, Majority replicated index: 0, Committed index: 0, Last appended: 0.0, Last appended by leader: 0, Current term: 1, Majority size: 2, State: 0, Mode: LEADER, active raft config: opid_index: -1 OBSOLETE_local: false peers { permanent_uuid: "5695bc56357a42dfa8f5eb652b19a8ef" member_type: VOTER last_known_addr { host: "127.28.101.193" port: 42679 } } peers { permanent_uuid: "3d132b337cb648908a7078dbbd743538" member_type: VOTER last_known_addr { host: "127.28.101.194" port: 33163 } } peers { permanent_uuid: "7839778fd6344fd483b40c491aac3a0c" member_type: VOTER last_known_addr { host: "127.28.101.195" port: 36975 } }
I20260709 13:08:11.809144 30356 tablet_service.cc:1917] Received RequestConsensusVote() RPC: tablet_id: "3e05dc90925e434da63f3134191a22b0" candidate_uuid: "5695bc56357a42dfa8f5eb652b19a8ef" candidate_term: 1 candidate_status { last_received { term: 0 index: 0 } } ignore_live_leader: false dest_uuid: "7839778fd6344fd483b40c491aac3a0c"
I20260709 13:08:11.809403 30205 tablet_service.cc:1917] Received RequestConsensusVote() RPC: tablet_id: "0e2bf3d22eff480087b83c165c316e94" candidate_uuid: "3d132b337cb648908a7078dbbd743538" candidate_term: 1 candidate_status { last_received { term: 0 index: 0 } } ignore_live_leader: false dest_uuid: "5695bc56357a42dfa8f5eb652b19a8ef" is_pre_election: true
I20260709 13:08:11.810173 30205 raft_consensus.cc:2468] T 0e2bf3d22eff480087b83c165c316e94 P 5695bc56357a42dfa8f5eb652b19a8ef [term 0 FOLLOWER]: Leader pre-election vote request: Granting yes vote for candidate 3d132b337cb648908a7078dbbd743538 in term 0.
I20260709 13:08:11.811160 30356 raft_consensus.cc:3060] T 3e05dc90925e434da63f3134191a22b0 P 7839778fd6344fd483b40c491aac3a0c [term 0 FOLLOWER]: Advancing to term 1
I20260709 13:08:11.811826 30355 tablet_service.cc:1917] Received RequestConsensusVote() RPC: tablet_id: "0e2bf3d22eff480087b83c165c316e94" candidate_uuid: "3d132b337cb648908a7078dbbd743538" candidate_term: 1 candidate_status { last_received { term: 0 index: 0 } } ignore_live_leader: false dest_uuid: "7839778fd6344fd483b40c491aac3a0c" is_pre_election: true
I20260709 13:08:11.814683 30245 leader_election.cc:304] T 0e2bf3d22eff480087b83c165c316e94 P 3d132b337cb648908a7078dbbd743538 [CANDIDATE]: Term 1 pre-election: Election decided. Result: candidate won. Election summary: received 2 responses out of 3 voters: 2 yes votes; 0 no votes. yes voters: 3d132b337cb648908a7078dbbd743538, 5695bc56357a42dfa8f5eb652b19a8ef; no voters: 
I20260709 13:08:11.817512 30401 raft_consensus.cc:2804] T 0e2bf3d22eff480087b83c165c316e94 P 3d132b337cb648908a7078dbbd743538 [term 0 FOLLOWER]: Leader pre-election won for term 1
I20260709 13:08:11.817896 30401 raft_consensus.cc:493] T 0e2bf3d22eff480087b83c165c316e94 P 3d132b337cb648908a7078dbbd743538 [term 0 FOLLOWER]: Starting leader election (no leader contacted us within the election timeout)
I20260709 13:08:11.818218 30401 raft_consensus.cc:3060] T 0e2bf3d22eff480087b83c165c316e94 P 3d132b337cb648908a7078dbbd743538 [term 0 FOLLOWER]: Advancing to term 1
I20260709 13:08:11.819235 30421 raft_consensus.cc:493] T e6738e29deff4b3cb818906a70f922ce P 5695bc56357a42dfa8f5eb652b19a8ef [term 0 FOLLOWER]: Starting pre-election (no leader contacted us within the election timeout)
I20260709 13:08:11.819799 30421 raft_consensus.cc:515] T e6738e29deff4b3cb818906a70f922ce P 5695bc56357a42dfa8f5eb652b19a8ef [term 0 FOLLOWER]: Starting pre-election with config: opid_index: -1 OBSOLETE_local: false peers { permanent_uuid: "5695bc56357a42dfa8f5eb652b19a8ef" member_type: VOTER last_known_addr { host: "127.28.101.193" port: 42679 } } peers { permanent_uuid: "3d132b337cb648908a7078dbbd743538" member_type: VOTER last_known_addr { host: "127.28.101.194" port: 33163 } } peers { permanent_uuid: "7839778fd6344fd483b40c491aac3a0c" member_type: VOTER last_known_addr { host: "127.28.101.195" port: 36975 } }
I20260709 13:08:11.821712 30421 leader_election.cc:290] T e6738e29deff4b3cb818906a70f922ce P 5695bc56357a42dfa8f5eb652b19a8ef [CANDIDATE]: Term 1 pre-election: Requested pre-vote from peers 3d132b337cb648908a7078dbbd743538 (127.28.101.194:33163), 7839778fd6344fd483b40c491aac3a0c (127.28.101.195:36975)
I20260709 13:08:11.823949 30279 tablet_service.cc:1917] Received RequestConsensusVote() RPC: tablet_id: "e6738e29deff4b3cb818906a70f922ce" candidate_uuid: "5695bc56357a42dfa8f5eb652b19a8ef" candidate_term: 1 candidate_status { last_received { term: 0 index: 0 } } ignore_live_leader: false dest_uuid: "3d132b337cb648908a7078dbbd743538" is_pre_election: true
I20260709 13:08:11.832470 30355 tablet_service.cc:1917] Received RequestConsensusVote() RPC: tablet_id: "e6738e29deff4b3cb818906a70f922ce" candidate_uuid: "5695bc56357a42dfa8f5eb652b19a8ef" candidate_term: 1 candidate_status { last_received { term: 0 index: 0 } } ignore_live_leader: false dest_uuid: "7839778fd6344fd483b40c491aac3a0c" is_pre_election: true
I20260709 13:08:11.819342 30356 raft_consensus.cc:2468] T 3e05dc90925e434da63f3134191a22b0 P 7839778fd6344fd483b40c491aac3a0c [term 1 FOLLOWER]: Leader election vote request: Granting yes vote for candidate 5695bc56357a42dfa8f5eb652b19a8ef in term 1.
I20260709 13:08:11.838079 30401 raft_consensus.cc:515] T 0e2bf3d22eff480087b83c165c316e94 P 3d132b337cb648908a7078dbbd743538 [term 1 FOLLOWER]: Starting leader election with config: opid_index: -1 OBSOLETE_local: false peers { permanent_uuid: "5695bc56357a42dfa8f5eb652b19a8ef" member_type: VOTER last_known_addr { host: "127.28.101.193" port: 42679 } } peers { permanent_uuid: "3d132b337cb648908a7078dbbd743538" member_type: VOTER last_known_addr { host: "127.28.101.194" port: 33163 } } peers { permanent_uuid: "7839778fd6344fd483b40c491aac3a0c" member_type: VOTER last_known_addr { host: "127.28.101.195" port: 36975 } }
