I20260709 13:07:59.370442 23328 ts_tablet_manager.cc:1403] T baf76d5b6f5246088f2ecfaef22599b6 P 152ae33fb109467fb751a864269a5b71: Time spent bootstrapping tablet: real 0.042s	user 0.023s	sys 0.005s
I20260709 13:07:59.372416 23287 raft_consensus.cc:2468] T 43fef6e06c9f4253b60159df97c4a758 P 3fe8a8c3fd2e4b7283cd9e76a6de6d27 [term 1 FOLLOWER]: Leader election vote request: Granting yes vote for candidate 152ae33fb109467fb751a864269a5b71 in term 1.
I20260709 13:07:59.374985 23368 leader_election.cc:290] T 43fef6e06c9f4253b60159df97c4a758 P 152ae33fb109467fb751a864269a5b71 [CANDIDATE]: Term 1 election: Requested vote from peers 37b12f2b3c0640a18541c7d873bc950b (127.21.253.66:45653), 3fe8a8c3fd2e4b7283cd9e76a6de6d27 (127.21.253.67:43351)
I20260709 13:07:59.368724 23336 raft_consensus.cc:515] T 43fef6e06c9f4253b60159df97c4a758 P 37b12f2b3c0640a18541c7d873bc950b [term 1 FOLLOWER]: Starting leader election with config: opid_index: -1 OBSOLETE_local: false peers { permanent_uuid: "152ae33fb109467fb751a864269a5b71" member_type: VOTER last_known_addr { host: "127.21.253.65" port: 41409 } } peers { permanent_uuid: "37b12f2b3c0640a18541c7d873bc950b" member_type: VOTER last_known_addr { host: "127.21.253.66" port: 45653 } } peers { permanent_uuid: "3fe8a8c3fd2e4b7283cd9e76a6de6d27" member_type: VOTER last_known_addr { host: "127.21.253.67" port: 43351 } }
I20260709 13:07:59.373461 23105 leader_election.cc:304] T 43fef6e06c9f4253b60159df97c4a758 P 152ae33fb109467fb751a864269a5b71 [CANDIDATE]: Term 1 election: Election decided. Result: candidate won. Election summary: received 2 responses out of 3 voters: 2 yes votes; 0 no votes. yes voters: 152ae33fb109467fb751a864269a5b71, 3fe8a8c3fd2e4b7283cd9e76a6de6d27; no voters: 
I20260709 13:07:59.372885 23328 raft_consensus.cc:359] T baf76d5b6f5246088f2ecfaef22599b6 P 152ae33fb109467fb751a864269a5b71 [term 0 FOLLOWER]: Replica starting. Triggering 0 pending ops. Active config: opid_index: -1 OBSOLETE_local: false peers { permanent_uuid: "152ae33fb109467fb751a864269a5b71" member_type: VOTER last_known_addr { host: "127.21.253.65" port: 41409 } } peers { permanent_uuid: "37b12f2b3c0640a18541c7d873bc950b" member_type: VOTER last_known_addr { host: "127.21.253.66" port: 45653 } } peers { permanent_uuid: "3fe8a8c3fd2e4b7283cd9e76a6de6d27" member_type: VOTER last_known_addr { host: "127.21.253.67" port: 43351 } }
I20260709 13:07:59.374863 23213 raft_consensus.cc:2468] T 8e15ee14578f4ac08dafe1e173fec0c2 P 37b12f2b3c0640a18541c7d873bc950b [term 1 FOLLOWER]: Leader election vote request: Granting yes vote for candidate 152ae33fb109467fb751a864269a5b71 in term 1.
I20260709 13:07:59.376209 23328 raft_consensus.cc:385] T baf76d5b6f5246088f2ecfaef22599b6 P 152ae33fb109467fb751a864269a5b71 [term 0 FOLLOWER]: Consensus starting up: Expiring failure detector timer to make a prompt election more likely
I20260709 13:07:59.376250 23214 raft_consensus.cc:2393] T 43fef6e06c9f4253b60159df97c4a758 P 37b12f2b3c0640a18541c7d873bc950b [term 1 FOLLOWER]: Leader election vote request: Denying vote to candidate 152ae33fb109467fb751a864269a5b71 in current term 1: Already voted for candidate 37b12f2b3c0640a18541c7d873bc950b in this term.
I20260709 13:07:59.376250 23368 raft_consensus.cc:2804] T 43fef6e06c9f4253b60159df97c4a758 P 152ae33fb109467fb751a864269a5b71 [term 1 FOLLOWER]: Leader election won for term 1
I20260709 13:07:59.376632 23328 raft_consensus.cc:740] T baf76d5b6f5246088f2ecfaef22599b6 P 152ae33fb109467fb751a864269a5b71 [term 0 FOLLOWER]: Becoming Follower/Learner. State: Replica: 152ae33fb109467fb751a864269a5b71, State: Initialized, Role: FOLLOWER
I20260709 13:07:59.376948 23368 raft_consensus.cc:697] T 43fef6e06c9f4253b60159df97c4a758 P 152ae33fb109467fb751a864269a5b71 [term 1 LEADER]: Becoming Leader. State: Replica: 152ae33fb109467fb751a864269a5b71, State: Running, Role: LEADER
I20260709 13:07:59.376978 23105 leader_election.cc:304] T 8e15ee14578f4ac08dafe1e173fec0c2 P 152ae33fb109467fb751a864269a5b71 [CANDIDATE]: Term 1 election: Election decided. Result: candidate won. Election summary: received 3 responses out of 3 voters: 2 yes votes; 1 no votes. yes voters: 152ae33fb109467fb751a864269a5b71, 37b12f2b3c0640a18541c7d873bc950b; no voters: 3fe8a8c3fd2e4b7283cd9e76a6de6d27
I20260709 13:07:59.377393 23328 consensus_queue.cc:260] T baf76d5b6f5246088f2ecfaef22599b6 P 152ae33fb109467fb751a864269a5b71 [NON_LEADER]: Queue going to NON_LEADER mode. State: All replicated index: 0, Majority replicated index: 0, Committed index: 0, Last appended: 0.0, Last appended by leader: 0, Current term: 0, Majority size: -1, State: 0, Mode: NON_LEADER, active raft config: opid_index: -1 OBSOLETE_local: false peers { permanent_uuid: "152ae33fb109467fb751a864269a5b71" member_type: VOTER last_known_addr { host: "127.21.253.65" port: 41409 } } peers { permanent_uuid: "37b12f2b3c0640a18541c7d873bc950b" member_type: VOTER last_known_addr { host: "127.21.253.66" port: 45653 } } peers { permanent_uuid: "3fe8a8c3fd2e4b7283cd9e76a6de6d27" member_type: VOTER last_known_addr { host: "127.21.253.67" port: 43351 } }
I20260709 13:07:59.377800 23335 raft_consensus.cc:2804] T 8e15ee14578f4ac08dafe1e173fec0c2 P 152ae33fb109467fb751a864269a5b71 [term 1 FOLLOWER]: Leader election won for term 1
I20260709 13:07:59.379364 23328 ts_tablet_manager.cc:1434] T baf76d5b6f5246088f2ecfaef22599b6 P 152ae33fb109467fb751a864269a5b71: Time spent starting tablet: real 0.009s	user 0.005s	sys 0.000s
I20260709 13:07:59.377818 23368 consensus_queue.cc:237] T 43fef6e06c9f4253b60159df97c4a758 P 152ae33fb109467fb751a864269a5b71 [LEADER]: Queue going to LEADER mode. State: All replicated index: 0, Majority replicated index: 0, Committed index: 0, Last appended: 0.0, Last appended by leader: 0, Current term: 1, Majority size: 2, State: 0, Mode: LEADER, active raft config: opid_index: -1 OBSOLETE_local: false peers { permanent_uuid: "152ae33fb109467fb751a864269a5b71" member_type: VOTER last_known_addr { host: "127.21.253.65" port: 41409 } } peers { permanent_uuid: "37b12f2b3c0640a18541c7d873bc950b" member_type: VOTER last_known_addr { host: "127.21.253.66" port: 45653 } } peers { permanent_uuid: "3fe8a8c3fd2e4b7283cd9e76a6de6d27" member_type: VOTER last_known_addr { host: "127.21.253.67" port: 43351 } }
I20260709 13:07:59.380255 23328 tablet_bootstrap.cc:492] T d659a356cde448e1967133404ff23826 P 152ae33fb109467fb751a864269a5b71: Bootstrap starting.
I20260709 13:07:59.383098 23335 raft_consensus.cc:697] T 8e15ee14578f4ac08dafe1e173fec0c2 P 152ae33fb109467fb751a864269a5b71 [term 1 LEADER]: Becoming Leader. State: Replica: 152ae33fb109467fb751a864269a5b71, State: Running, Role: LEADER
I20260709 13:07:59.383733 23139 tablet_service.cc:1917] Received RequestConsensusVote() RPC: tablet_id: "43fef6e06c9f4253b60159df97c4a758" candidate_uuid: "37b12f2b3c0640a18541c7d873bc950b" candidate_term: 1 candidate_status { last_received { term: 0 index: 0 } } ignore_live_leader: false dest_uuid: "152ae33fb109467fb751a864269a5b71"
I20260709 13:07:59.383931 23335 consensus_queue.cc:237] T 8e15ee14578f4ac08dafe1e173fec0c2 P 152ae33fb109467fb751a864269a5b71 [LEADER]: Queue going to LEADER mode. State: All replicated index: 0, Majority replicated index: 0, Committed index: 0, Last appended: 0.0, Last appended by leader: 0, Current term: 1, Majority size: 2, State: 0, Mode: LEADER, active raft config: opid_index: -1 OBSOLETE_local: false peers { permanent_uuid: "152ae33fb109467fb751a864269a5b71" member_type: VOTER last_known_addr { host: "127.21.253.65" port: 41409 } } peers { permanent_uuid: "37b12f2b3c0640a18541c7d873bc950b" member_type: VOTER last_known_addr { host: "127.21.253.66" port: 45653 } } peers { permanent_uuid: "3fe8a8c3fd2e4b7283cd9e76a6de6d27" member_type: VOTER last_known_addr { host: "127.21.253.67" port: 43351 } }
I20260709 13:07:59.386425 23328 tablet_bootstrap.cc:654] T d659a356cde448e1967133404ff23826 P 152ae33fb109467fb751a864269a5b71: Neither blocks nor log segments found. Creating new log.
I20260709 13:07:59.387161 23287 tablet_service.cc:1917] Received RequestConsensusVote() RPC: tablet_id: "43fef6e06c9f4253b60159df97c4a758" candidate_uuid: "37b12f2b3c0640a18541c7d873bc950b" candidate_term: 1 candidate_status { last_received { term: 0 index: 0 } } ignore_live_leader: false dest_uuid: "3fe8a8c3fd2e4b7283cd9e76a6de6d27"
I20260709 13:07:59.387967 23287 raft_consensus.cc:2393] T 43fef6e06c9f4253b60159df97c4a758 P 3fe8a8c3fd2e4b7283cd9e76a6de6d27 [term 1 FOLLOWER]: Leader election vote request: Denying vote to candidate 37b12f2b3c0640a18541c7d873bc950b in current term 1: Already voted for candidate 152ae33fb109467fb751a864269a5b71 in this term.
I20260709 13:07:59.389178 23180 leader_election.cc:304] T 43fef6e06c9f4253b60159df97c4a758 P 37b12f2b3c0640a18541c7d873bc950b [CANDIDATE]: Term 1 election: Election decided. Result: candidate lost. Election summary: received 3 responses out of 3 voters: 1 yes votes; 2 no votes. yes voters: 37b12f2b3c0640a18541c7d873bc950b; no voters: 152ae33fb109467fb751a864269a5b71, 3fe8a8c3fd2e4b7283cd9e76a6de6d27
I20260709 13:07:59.394227 23336 leader_election.cc:290] T 43fef6e06c9f4253b60159df97c4a758 P 37b12f2b3c0640a18541c7d873bc950b [CANDIDATE]: Term 1 election: Requested vote from peers 152ae33fb109467fb751a864269a5b71 (127.21.253.65:41409), 3fe8a8c3fd2e4b7283cd9e76a6de6d27 (127.21.253.67:43351)
I20260709 13:07:59.394788 23336 raft_consensus.cc:2749] T 43fef6e06c9f4253b60159df97c4a758 P 37b12f2b3c0640a18541c7d873bc950b [term 1 FOLLOWER]: Leader election lost for term 1. Reason: could not achieve majority
I20260709 13:07:59.399578 23328 tablet_bootstrap.cc:492] T d659a356cde448e1967133404ff23826 P 152ae33fb109467fb751a864269a5b71: No bootstrap required, opened a new log
I20260709 13:07:59.399974 23328 ts_tablet_manager.cc:1403] T d659a356cde448e1967133404ff23826 P 152ae33fb109467fb751a864269a5b71: Time spent bootstrapping tablet: real 0.020s	user 0.008s	sys 0.008s
I20260709 13:07:59.402429 23328 raft_consensus.cc:359] T d659a356cde448e1967133404ff23826 P 152ae33fb109467fb751a864269a5b71 [term 0 FOLLOWER]: Replica starting. Triggering 0 pending ops. Active config: opid_index: -1 OBSOLETE_local: false peers { permanent_uuid: "152ae33fb109467fb751a864269a5b71" member_type: VOTER last_known_addr { host: "127.21.253.65" port: 41409 } } peers { permanent_uuid: "37b12f2b3c0640a18541c7d873bc950b" member_type: VOTER last_known_addr { host: "127.21.253.66" port: 45653 } } peers { permanent_uuid: "3fe8a8c3fd2e4b7283cd9e76a6de6d27" member_type: VOTER last_known_addr { host: "127.21.253.67" port: 43351 } }
I20260709 13:07:59.403007 23328 raft_consensus.cc:385] T d659a356cde448e1967133404ff23826 P 152ae33fb109467fb751a864269a5b71 [term 0 FOLLOWER]: Consensus starting up: Expiring failure detector timer to make a prompt election more likely
I20260709 13:07:59.403203 23328 raft_consensus.cc:740] T d659a356cde448e1967133404ff23826 P 152ae33fb109467fb751a864269a5b71 [term 0 FOLLOWER]: Becoming Follower/Learner. State: Replica: 152ae33fb109467fb751a864269a5b71, State: Initialized, Role: FOLLOWER
I20260709 13:07:59.403705 23328 consensus_queue.cc:260] T d659a356cde448e1967133404ff23826 P 152ae33fb109467fb751a864269a5b71 [NON_LEADER]: Queue going to NON_LEADER mode. State: All replicated index: 0, Majority replicated index: 0, Committed index: 0, Last appended: 0.0, Last appended by leader: 0, Current term: 0, Majority size: -1, State: 0, Mode: NON_LEADER, active raft config: opid_index: -1 OBSOLETE_local: false peers { permanent_uuid: "152ae33fb109467fb751a864269a5b71" member_type: VOTER last_known_addr { host: "127.21.253.65" port: 41409 } } peers { permanent_uuid: "37b12f2b3c0640a18541c7d873bc950b" member_type: VOTER last_known_addr { host: "127.21.253.66" port: 45653 } } peers { permanent_uuid: "3fe8a8c3fd2e4b7283cd9e76a6de6d27" member_type: VOTER last_known_addr { host: "127.21.253.67" port: 43351 } }
I20260709 13:07:59.404969 23328 ts_tablet_manager.cc:1434] T d659a356cde448e1967133404ff23826 P 152ae33fb109467fb751a864269a5b71: Time spent starting tablet: real 0.005s	user 0.004s	sys 0.000s
I20260709 13:07:59.404788 23035 catalog_manager.cc:5697] T 43fef6e06c9f4253b60159df97c4a758 P 152ae33fb109467fb751a864269a5b71 reported cstate change: term changed from 0 to 1, leader changed from <none> to 152ae33fb109467fb751a864269a5b71 (127.21.253.65). New cstate: current_term: 1 leader_uuid: "152ae33fb109467fb751a864269a5b71" committed_config { opid_index: -1 OBSOLETE_local: false peers { permanent_uuid: "152ae33fb109467fb751a864269a5b71" member_type: VOTER last_known_addr { host: "127.21.253.65" port: 41409 } health_report { overall_health: HEALTHY } } peers { permanent_uuid: "37b12f2b3c0640a18541c7d873bc950b" member_type: VOTER last_known_addr { host: "127.21.253.66" port: 45653 } health_report { overall_health: UNKNOWN } } peers { permanent_uuid: "3fe8a8c3fd2e4b7283cd9e76a6de6d27" member_type: VOTER last_known_addr { host: "127.21.253.67" port: 43351 } health_report { overall_health: UNKNOWN } } }
I20260709 13:07:59.408923 23335 raft_consensus.cc:493] T d659a356cde448e1967133404ff23826 P 152ae33fb109467fb751a864269a5b71 [term 0 FOLLOWER]: Starting pre-election (no leader contacted us within the election timeout)
I20260709 13:07:59.409338 23335 raft_consensus.cc:515] T d659a356cde448e1967133404ff23826 P 152ae33fb109467fb751a864269a5b71 [term 0 FOLLOWER]: Starting pre-election with config: opid_index: -1 OBSOLETE_local: false peers { permanent_uuid: "152ae33fb109467fb751a864269a5b71" member_type: VOTER last_known_addr { host: "127.21.253.65" port: 41409 } } peers { permanent_uuid: "37b12f2b3c0640a18541c7d873bc950b" member_type: VOTER last_known_addr { host: "127.21.253.66" port: 45653 } } peers { permanent_uuid: "3fe8a8c3fd2e4b7283cd9e76a6de6d27" member_type: VOTER last_known_addr { host: "127.21.253.67" port: 43351 } }
I20260709 13:07:59.411042 23335 leader_election.cc:290] T d659a356cde448e1967133404ff23826 P 152ae33fb109467fb751a864269a5b71 [CANDIDATE]: Term 1 pre-election: Requested pre-vote from peers 37b12f2b3c0640a18541c7d873bc950b (127.21.253.66:45653), 3fe8a8c3fd2e4b7283cd9e76a6de6d27 (127.21.253.67:43351)
I20260709 13:07:59.411646 23214 tablet_service.cc:1917] Received RequestConsensusVote() RPC: tablet_id: "d659a356cde448e1967133404ff23826" candidate_uuid: "152ae33fb109467fb751a864269a5b71" candidate_term: 1 candidate_status { last_received { term: 0 index: 0 } } ignore_live_leader: false dest_uuid: "37b12f2b3c0640a18541c7d873bc950b" is_pre_election: true
I20260709 13:07:59.412196 23214 raft_consensus.cc:2468] T d659a356cde448e1967133404ff23826 P 37b12f2b3c0640a18541c7d873bc950b [term 0 FOLLOWER]: Leader pre-election vote request: Granting yes vote for candidate 152ae33fb109467fb751a864269a5b71 in term 0.
I20260709 13:07:59.412356 23287 tablet_service.cc:1917] Received RequestConsensusVote() RPC: tablet_id: "d659a356cde448e1967133404ff23826" candidate_uuid: "152ae33fb109467fb751a864269a5b71" candidate_term: 1 candidate_status { last_received { term: 0 index: 0 } } ignore_live_leader: false dest_uuid: "3fe8a8c3fd2e4b7283cd9e76a6de6d27" is_pre_election: true
I20260709 13:07:59.412931 23287 raft_consensus.cc:2468] T d659a356cde448e1967133404ff23826 P 3fe8a8c3fd2e4b7283cd9e76a6de6d27 [term 0 FOLLOWER]: Leader pre-election vote request: Granting yes vote for candidate 152ae33fb109467fb751a864269a5b71 in term 0.
I20260709 13:07:59.413028 23105 leader_election.cc:304] T d659a356cde448e1967133404ff23826 P 152ae33fb109467fb751a864269a5b71 [CANDIDATE]: Term 1 pre-election: Election decided. Result: candidate won. Election summary: received 2 responses out of 3 voters: 2 yes votes; 0 no votes. yes voters: 152ae33fb109467fb751a864269a5b71, 37b12f2b3c0640a18541c7d873bc950b; no voters: 
I20260709 13:07:59.413688 23335 raft_consensus.cc:2804] T d659a356cde448e1967133404ff23826 P 152ae33fb109467fb751a864269a5b71 [term 0 FOLLOWER]: Leader pre-election won for term 1
I20260709 13:07:59.414014 23335 raft_consensus.cc:493] T d659a356cde448e1967133404ff23826 P 152ae33fb109467fb751a864269a5b71 [term 0 FOLLOWER]: Starting leader election (no leader contacted us within the election timeout)
I20260709 13:07:59.414359 23335 raft_consensus.cc:3060] T d659a356cde448e1967133404ff23826 P 152ae33fb109467fb751a864269a5b71 [term 0 FOLLOWER]: Advancing to term 1
I20260709 13:07:59.417001 23035 catalog_manager.cc:5697] T 8e15ee14578f4ac08dafe1e173fec0c2 P 152ae33fb109467fb751a864269a5b71 reported cstate change: term changed from 0 to 1, leader changed from <none> to 152ae33fb109467fb751a864269a5b71 (127.21.253.65). New cstate: current_term: 1 leader_uuid: "152ae33fb109467fb751a864269a5b71" committed_config { opid_index: -1 OBSOLETE_local: false peers { permanent_uuid: "152ae33fb109467fb751a864269a5b71" member_type: VOTER last_known_addr { host: "127.21.253.65" port: 41409 } health_report { overall_health: HEALTHY } } peers { permanent_uuid: "37b12f2b3c0640a18541c7d873bc950b" member_type: VOTER last_known_addr { host: "127.21.253.66" port: 45653 } health_report { overall_health: UNKNOWN } } peers { permanent_uuid: "3fe8a8c3fd2e4b7283cd9e76a6de6d27" member_type: VOTER last_known_addr { host: "127.21.253.67" port: 43351 } health_report { overall_health: UNKNOWN } } }
I20260709 13:07:59.418541 23335 raft_consensus.cc:515] T d659a356cde448e1967133404ff23826 P 152ae33fb109467fb751a864269a5b71 [term 1 FOLLOWER]: Starting leader election with config: opid_index: -1 OBSOLETE_local: false peers { permanent_uuid: "152ae33fb109467fb751a864269a5b71" member_type: VOTER last_known_addr { host: "127.21.253.65" port: 41409 } } peers { permanent_uuid: "37b12f2b3c0640a18541c7d873bc950b" member_type: VOTER last_known_addr { host: "127.21.253.66" port: 45653 } } peers { permanent_uuid: "3fe8a8c3fd2e4b7283cd9e76a6de6d27" member_type: VOTER last_known_addr { host: "127.21.253.67" port: 43351 } }
I20260709 13:07:59.419888 23335 leader_election.cc:290] T d659a356cde448e1967133404ff23826 P 152ae33fb109467fb751a864269a5b71 [CANDIDATE]: Term 1 election: Requested vote from peers 37b12f2b3c0640a18541c7d873bc950b (127.21.253.66:45653), 3fe8a8c3fd2e4b7283cd9e76a6de6d27 (127.21.253.67:43351)
I20260709 13:07:59.420620 23214 tablet_service.cc:1917] Received RequestConsensusVote() RPC: tablet_id: "d659a356cde448e1967133404ff23826" candidate_uuid: "152ae33fb109467fb751a864269a5b71" candidate_term: 1 candidate_status { last_received { term: 0 index: 0 } } ignore_live_leader: false dest_uuid: "37b12f2b3c0640a18541c7d873bc950b"
I20260709 13:07:59.420902 23287 tablet_service.cc:1917] Received RequestConsensusVote() RPC: tablet_id: "d659a356cde448e1967133404ff23826" candidate_uuid: "152ae33fb109467fb751a864269a5b71" candidate_term: 1 candidate_status { last_received { term: 0 index: 0 } } ignore_live_leader: false dest_uuid: "3fe8a8c3fd2e4b7283cd9e76a6de6d27"
I20260709 13:07:59.421095 23214 raft_consensus.cc:3060] T d659a356cde448e1967133404ff23826 P 37b12f2b3c0640a18541c7d873bc950b [term 0 FOLLOWER]: Advancing to term 1
I20260709 13:07:59.421377 23287 raft_consensus.cc:3060] T d659a356cde448e1967133404ff23826 P 3fe8a8c3fd2e4b7283cd9e76a6de6d27 [term 0 FOLLOWER]: Advancing to term 1
I20260709 13:07:59.425899 23287 raft_consensus.cc:2468] T d659a356cde448e1967133404ff23826 P 3fe8a8c3fd2e4b7283cd9e76a6de6d27 [term 1 FOLLOWER]: Leader election vote request: Granting yes vote for candidate 152ae33fb109467fb751a864269a5b71 in term 1.
I20260709 13:07:59.426795 23105 leader_election.cc:304] T d659a356cde448e1967133404ff23826 P 152ae33fb109467fb751a864269a5b71 [CANDIDATE]: Term 1 election: Election decided. Result: candidate won. Election summary: received 2 responses out of 3 voters: 2 yes votes; 0 no votes. yes voters: 152ae33fb109467fb751a864269a5b71, 3fe8a8c3fd2e4b7283cd9e76a6de6d27; no voters: 
I20260709 13:07:59.426890 23214 raft_consensus.cc:2468] T d659a356cde448e1967133404ff23826 P 37b12f2b3c0640a18541c7d873bc950b [term 1 FOLLOWER]: Leader election vote request: Granting yes vote for candidate 152ae33fb109467fb751a864269a5b71 in term 1.
I20260709 13:07:59.427408 23335 raft_consensus.cc:2804] T d659a356cde448e1967133404ff23826 P 152ae33fb109467fb751a864269a5b71 [term 1 FOLLOWER]: Leader election won for term 1
I20260709 13:07:59.427768 23335 raft_consensus.cc:697] T d659a356cde448e1967133404ff23826 P 152ae33fb109467fb751a864269a5b71 [term 1 LEADER]: Becoming Leader. State: Replica: 152ae33fb109467fb751a864269a5b71, State: Running, Role: LEADER
I20260709 13:07:59.428390 23335 consensus_queue.cc:237] T d659a356cde448e1967133404ff23826 P 152ae33fb109467fb751a864269a5b71 [LEADER]: Queue going to LEADER mode. State: All replicated index: 0, Majority replicated index: 0, Committed index: 0, Last appended: 0.0, Last appended by leader: 0, Current term: 1, Majority size: 2, State: 0, Mode: LEADER, active raft config: opid_index: -1 OBSOLETE_local: false peers { permanent_uuid: "152ae33fb109467fb751a864269a5b71" member_type: VOTER last_known_addr { host: "127.21.253.65" port: 41409 } } peers { permanent_uuid: "37b12f2b3c0640a18541c7d873bc950b" member_type: VOTER last_known_addr { host: "127.21.253.66" port: 45653 } } peers { permanent_uuid: "3fe8a8c3fd2e4b7283cd9e76a6de6d27" member_type: VOTER last_known_addr { host: "127.21.253.67" port: 43351 } }
I20260709 13:07:59.435532 23035 catalog_manager.cc:5697] T d659a356cde448e1967133404ff23826 P 152ae33fb109467fb751a864269a5b71 reported cstate change: term changed from 0 to 1, leader changed from <none> to 152ae33fb109467fb751a864269a5b71 (127.21.253.65). New cstate: current_term: 1 leader_uuid: "152ae33fb109467fb751a864269a5b71" committed_config { opid_index: -1 OBSOLETE_local: false peers { permanent_uuid: "152ae33fb109467fb751a864269a5b71" member_type: VOTER last_known_addr { host: "127.21.253.65" port: 41409 } health_report { overall_health: HEALTHY } } peers { permanent_uuid: "37b12f2b3c0640a18541c7d873bc950b" member_type: VOTER last_known_addr { host: "127.21.253.66" port: 45653 } health_report { overall_health: UNKNOWN } } peers { permanent_uuid: "3fe8a8c3fd2e4b7283cd9e76a6de6d27" member_type: VOTER last_known_addr { host: "127.21.253.67" port: 43351 } health_report { overall_health: UNKNOWN } } }
I20260709 13:07:59.469730 23381 raft_consensus.cc:493] T baf76d5b6f5246088f2ecfaef22599b6 P 37b12f2b3c0640a18541c7d873bc950b [term 0 FOLLOWER]: Starting pre-election (no leader contacted us within the election timeout)
I20260709 13:07:59.470172 23381 raft_consensus.cc:515] T baf76d5b6f5246088f2ecfaef22599b6 P 37b12f2b3c0640a18541c7d873bc950b [term 0 FOLLOWER]: Starting pre-election with config: opid_index: -1 OBSOLETE_local: false peers { permanent_uuid: "152ae33fb109467fb751a864269a5b71" member_type: VOTER last_known_addr { host: "127.21.253.65" port: 41409 } } peers { permanent_uuid: "37b12f2b3c0640a18541c7d873bc950b" member_type: VOTER last_known_addr { host: "127.21.253.66" port: 45653 } } peers { permanent_uuid: "3fe8a8c3fd2e4b7283cd9e76a6de6d27" member_type: VOTER last_known_addr { host: "127.21.253.67" port: 43351 } }
I20260709 13:07:59.471604 23381 leader_election.cc:290] T baf76d5b6f5246088f2ecfaef22599b6 P 37b12f2b3c0640a18541c7d873bc950b [CANDIDATE]: Term 1 pre-election: Requested pre-vote from peers 152ae33fb109467fb751a864269a5b71 (127.21.253.65:41409), 3fe8a8c3fd2e4b7283cd9e76a6de6d27 (127.21.253.67:43351)
I20260709 13:07:59.472324 23139 tablet_service.cc:1917] Received RequestConsensusVote() RPC: tablet_id: "baf76d5b6f5246088f2ecfaef22599b6" candidate_uuid: "37b12f2b3c0640a18541c7d873bc950b" candidate_term: 1 candidate_status { last_received { term: 0 index: 0 } } ignore_live_leader: false dest_uuid: "152ae33fb109467fb751a864269a5b71" is_pre_election: true
I20260709 13:07:59.472520 23287 tablet_service.cc:1917] Received RequestConsensusVote() RPC: tablet_id: "baf76d5b6f5246088f2ecfaef22599b6" candidate_uuid: "37b12f2b3c0640a18541c7d873bc950b" candidate_term: 1 candidate_status { last_received { term: 0 index: 0 } } ignore_live_leader: false dest_uuid: "3fe8a8c3fd2e4b7283cd9e76a6de6d27" is_pre_election: true
I20260709 13:07:59.472924 23139 raft_consensus.cc:2468] T baf76d5b6f5246088f2ecfaef22599b6 P 152ae33fb109467fb751a864269a5b71 [term 0 FOLLOWER]: Leader pre-election vote request: Granting yes vote for candidate 37b12f2b3c0640a18541c7d873bc950b in term 0.
I20260709 13:07:59.473035 23287 raft_consensus.cc:2468] T baf76d5b6f5246088f2ecfaef22599b6 P 3fe8a8c3fd2e4b7283cd9e76a6de6d27 [term 0 FOLLOWER]: Leader pre-election vote request: Granting yes vote for candidate 37b12f2b3c0640a18541c7d873bc950b in term 0.
I20260709 13:07:59.474009 23177 leader_election.cc:304] T baf76d5b6f5246088f2ecfaef22599b6 P 37b12f2b3c0640a18541c7d873bc950b [CANDIDATE]: Term 1 pre-election: Election decided. Result: candidate won. Election summary: received 2 responses out of 3 voters: 2 yes votes; 0 no votes. yes voters: 152ae33fb109467fb751a864269a5b71, 37b12f2b3c0640a18541c7d873bc950b; no voters: 
I20260709 13:07:59.474628 23381 raft_consensus.cc:2804] T baf76d5b6f5246088f2ecfaef22599b6 P 37b12f2b3c0640a18541c7d873bc950b [term 0 FOLLOWER]: Leader pre-election won for term 1
I20260709 13:07:59.474895 23381 raft_consensus.cc:493] T baf76d5b6f5246088f2ecfaef22599b6 P 37b12f2b3c0640a18541c7d873bc950b [term 0 FOLLOWER]: Starting leader election (no leader contacted us within the election timeout)
I20260709 13:07:59.475138 23381 raft_consensus.cc:3060] T baf76d5b6f5246088f2ecfaef22599b6 P 37b12f2b3c0640a18541c7d873bc950b [term 0 FOLLOWER]: Advancing to term 1
I20260709 13:07:59.476092 23335 raft_consensus.cc:493] T 389b31e722ad4cfba117f750f4202855 P 152ae33fb109467fb751a864269a5b71 [term 0 FOLLOWER]: Starting pre-election (no leader contacted us within the election timeout)
I20260709 13:07:59.476444 23335 raft_consensus.cc:515] T 389b31e722ad4cfba117f750f4202855 P 152ae33fb109467fb751a864269a5b71 [term 0 FOLLOWER]: Starting pre-election with config: opid_index: -1 OBSOLETE_local: false peers { permanent_uuid: "152ae33fb109467fb751a864269a5b71" member_type: VOTER last_known_addr { host: "127.21.253.65" port: 41409 } } peers { permanent_uuid: "37b12f2b3c0640a18541c7d873bc950b" member_type: VOTER last_known_addr { host: "127.21.253.66" port: 45653 } } peers { permanent_uuid: "3fe8a8c3fd2e4b7283cd9e76a6de6d27" member_type: VOTER last_known_addr { host: "127.21.253.67" port: 43351 } }
I20260709 13:07:59.477855 23335 leader_election.cc:290] T 389b31e722ad4cfba117f750f4202855 P 152ae33fb109467fb751a864269a5b71 [CANDIDATE]: Term 1 pre-election: Requested pre-vote from peers 37b12f2b3c0640a18541c7d873bc950b (127.21.253.66:45653), 3fe8a8c3fd2e4b7283cd9e76a6de6d27 (127.21.253.67:43351)
I20260709 13:07:59.478703 23214 tablet_service.cc:1917] Received RequestConsensusVote() RPC: tablet_id: "389b31e722ad4cfba117f750f4202855" candidate_uuid: "152ae33fb109467fb751a864269a5b71" candidate_term: 1 candidate_status { last_received { term: 0 index: 0 } } ignore_live_leader: false dest_uuid: "37b12f2b3c0640a18541c7d873bc950b" is_pre_election: true
I20260709 13:07:59.478968 23287 tablet_service.cc:1917] Received RequestConsensusVote() RPC: tablet_id: "389b31e722ad4cfba117f750f4202855" candidate_uuid: "152ae33fb109467fb751a864269a5b71" candidate_term: 1 candidate_status { last_received { term: 0 index: 0 } } ignore_live_leader: false dest_uuid: "3fe8a8c3fd2e4b7283cd9e76a6de6d27" is_pre_election: true
I20260709 13:07:59.479159 23214 raft_consensus.cc:2468] T 389b31e722ad4cfba117f750f4202855 P 37b12f2b3c0640a18541c7d873bc950b [term 0 FOLLOWER]: Leader pre-election vote request: Granting yes vote for candidate 152ae33fb109467fb751a864269a5b71 in term 0.
I20260709 13:07:59.479553 23287 raft_consensus.cc:2468] T 389b31e722ad4cfba117f750f4202855 P 3fe8a8c3fd2e4b7283cd9e76a6de6d27 [term 0 FOLLOWER]: Leader pre-election vote request: Granting yes vote for candidate 152ae33fb109467fb751a864269a5b71 in term 0.
I20260709 13:07:59.480181 23105 leader_election.cc:304] T 389b31e722ad4cfba117f750f4202855 P 152ae33fb109467fb751a864269a5b71 [CANDIDATE]: Term 1 pre-election: Election decided. Result: candidate won. Election summary: received 2 responses out of 3 voters: 2 yes votes; 0 no votes. yes voters: 152ae33fb109467fb751a864269a5b71, 37b12f2b3c0640a18541c7d873bc950b; no voters: 
I20260709 13:07:59.480419 23381 raft_consensus.cc:515] T baf76d5b6f5246088f2ecfaef22599b6 P 37b12f2b3c0640a18541c7d873bc950b [term 1 FOLLOWER]: Starting leader election with config: opid_index: -1 OBSOLETE_local: false peers { permanent_uuid: "152ae33fb109467fb751a864269a5b71" member_type: VOTER last_known_addr { host: "127.21.253.65" port: 41409 } } peers { permanent_uuid: "37b12f2b3c0640a18541c7d873bc950b" member_type: VOTER last_known_addr { host: "127.21.253.66" port: 45653 } } peers { permanent_uuid: "3fe8a8c3fd2e4b7283cd9e76a6de6d27" member_type: VOTER last_known_addr { host: "127.21.253.67" port: 43351 } }
I20260709 13:07:59.480872 23335 raft_consensus.cc:2804] T 389b31e722ad4cfba117f750f4202855 P 152ae33fb109467fb751a864269a5b71 [term 0 FOLLOWER]: Leader pre-election won for term 1
I20260709 13:07:59.481220 23335 raft_consensus.cc:493] T 389b31e722ad4cfba117f750f4202855 P 152ae33fb109467fb751a864269a5b71 [term 0 FOLLOWER]: Starting leader election (no leader contacted us within the election timeout)
I20260709 13:07:59.481531 23335 raft_consensus.cc:3060] T 389b31e722ad4cfba117f750f4202855 P 152ae33fb109467fb751a864269a5b71 [term 0 FOLLOWER]: Advancing to term 1
I20260709 13:07:59.482349 23381 leader_election.cc:290] T baf76d5b6f5246088f2ecfaef22599b6 P 37b12f2b3c0640a18541c7d873bc950b [CANDIDATE]: Term 1 election: Requested vote from peers 152ae33fb109467fb751a864269a5b71 (127.21.253.65:41409), 3fe8a8c3fd2e4b7283cd9e76a6de6d27 (127.21.253.67:43351)
I20260709 13:07:59.482599 23139 tablet_service.cc:1917] Received RequestConsensusVote() RPC: tablet_id: "baf76d5b6f5246088f2ecfaef22599b6" candidate_uuid: "37b12f2b3c0640a18541c7d873bc950b" candidate_term: 1 candidate_status { last_received { term: 0 index: 0 } } ignore_live_leader: false dest_uuid: "152ae33fb109467fb751a864269a5b71"
I20260709 13:07:59.483036 23139 raft_consensus.cc:3060] T baf76d5b6f5246088f2ecfaef22599b6 P 152ae33fb109467fb751a864269a5b71 [term 0 FOLLOWER]: Advancing to term 1
I20260709 13:07:59.483085 23287 tablet_service.cc:1917] Received RequestConsensusVote() RPC: tablet_id: "baf76d5b6f5246088f2ecfaef22599b6" candidate_uuid: "37b12f2b3c0640a18541c7d873bc950b" candidate_term: 1 candidate_status { last_received { term: 0 index: 0 } } ignore_live_leader: false dest_uuid: "3fe8a8c3fd2e4b7283cd9e76a6de6d27"
I20260709 13:07:59.483687 23287 raft_consensus.cc:3060] T baf76d5b6f5246088f2ecfaef22599b6 P 3fe8a8c3fd2e4b7283cd9e76a6de6d27 [term 0 FOLLOWER]: Advancing to term 1
I20260709 13:07:59.487972 23139 raft_consensus.cc:2468] T baf76d5b6f5246088f2ecfaef22599b6 P 152ae33fb109467fb751a864269a5b71 [term 1 FOLLOWER]: Leader election vote request: Granting yes vote for candidate 37b12f2b3c0640a18541c7d873bc950b in term 1.
I20260709 13:07:59.488796 23177 leader_election.cc:304] T baf76d5b6f5246088f2ecfaef22599b6 P 37b12f2b3c0640a18541c7d873bc950b [CANDIDATE]: Term 1 election: Election decided. Result: candidate won. Election summary: received 2 responses out of 3 voters: 2 yes votes; 0 no votes. yes voters: 152ae33fb109467fb751a864269a5b71, 37b12f2b3c0640a18541c7d873bc950b; no voters: 
I20260709 13:07:59.488658 23335 raft_consensus.cc:515] T 389b31e722ad4cfba117f750f4202855 P 152ae33fb109467fb751a864269a5b71 [term 1 FOLLOWER]: Starting leader election with config: opid_index: -1 OBSOLETE_local: false peers { permanent_uuid: "152ae33fb109467fb751a864269a5b71" member_type: VOTER last_known_addr { host: "127.21.253.65" port: 41409 } } peers { permanent_uuid: "37b12f2b3c0640a18541c7d873bc950b" member_type: VOTER last_known_addr { host: "127.21.253.66" port: 45653 } } peers { permanent_uuid: "3fe8a8c3fd2e4b7283cd9e76a6de6d27" member_type: VOTER last_known_addr { host: "127.21.253.67" port: 43351 } }
I20260709 13:07:59.489439 23381 raft_consensus.cc:2804] T baf76d5b6f5246088f2ecfaef22599b6 P 37b12f2b3c0640a18541c7d873bc950b [term 1 FOLLOWER]: Leader election won for term 1
I20260709 13:07:59.489816 23381 raft_consensus.cc:697] T baf76d5b6f5246088f2ecfaef22599b6 P 37b12f2b3c0640a18541c7d873bc950b [term 1 LEADER]: Becoming Leader. State: Replica: 37b12f2b3c0640a18541c7d873bc950b, State: Running, Role: LEADER
I20260709 13:07:59.489899 23287 raft_consensus.cc:2468] T baf76d5b6f5246088f2ecfaef22599b6 P 3fe8a8c3fd2e4b7283cd9e76a6de6d27 [term 1 FOLLOWER]: Leader election vote request: Granting yes vote for candidate 37b12f2b3c0640a18541c7d873bc950b in term 1.
I20260709 13:07:59.490654 23381 consensus_queue.cc:237] T baf76d5b6f5246088f2ecfaef22599b6 P 37b12f2b3c0640a18541c7d873bc950b [LEADER]: Queue going to LEADER mode. State: All replicated index: 0, Majority replicated index: 0, Committed index: 0, Last appended: 0.0, Last appended by leader: 0, Current term: 1, Majority size: 2, State: 0, Mode: LEADER, active raft config: opid_index: -1 OBSOLETE_local: false peers { permanent_uuid: "152ae33fb109467fb751a864269a5b71" member_type: VOTER last_known_addr { host: "127.21.253.65" port: 41409 } } peers { permanent_uuid: "37b12f2b3c0640a18541c7d873bc950b" member_type: VOTER last_known_addr { host: "127.21.253.66" port: 45653 } } peers { permanent_uuid: "3fe8a8c3fd2e4b7283cd9e76a6de6d27" member_type: VOTER last_known_addr { host: "127.21.253.67" port: 43351 } }
I20260709 13:07:59.491403 23214 tablet_service.cc:1917] Received RequestConsensusVote() RPC: tablet_id: "389b31e722ad4cfba117f750f4202855" candidate_uuid: "152ae33fb109467fb751a864269a5b71" candidate_term: 1 candidate_status { last_received { term: 0 index: 0 } } ignore_live_leader: false dest_uuid: "37b12f2b3c0640a18541c7d873bc950b"
I20260709 13:07:59.491569 23335 leader_election.cc:290] T 389b31e722ad4cfba117f750f4202855 P 152ae33fb109467fb751a864269a5b71 [CANDIDATE]: Term 1 election: Requested vote from peers 37b12f2b3c0640a18541c7d873bc950b (127.21.253.66:45653), 3fe8a8c3fd2e4b7283cd9e76a6de6d27 (127.21.253.67:43351)
I20260709 13:07:59.491937 23214 raft_consensus.cc:3060] T 389b31e722ad4cfba117f750f4202855 P 37b12f2b3c0640a18541c7d873bc950b [term 0 FOLLOWER]: Advancing to term 1
I20260709 13:07:59.492097 23288 tablet_service.cc:1917] Received RequestConsensusVote() RPC: tablet_id: "389b31e722ad4cfba117f750f4202855" candidate_uuid: "152ae33fb109467fb751a864269a5b71" candidate_term: 1 candidate_status { last_received { term: 0 index: 0 } } ignore_live_leader: false dest_uuid: "3fe8a8c3fd2e4b7283cd9e76a6de6d27"
I20260709 13:07:59.492646 23288 raft_consensus.cc:3060] T 389b31e722ad4cfba117f750f4202855 P 3fe8a8c3fd2e4b7283cd9e76a6de6d27 [term 0 FOLLOWER]: Advancing to term 1
I20260709 13:07:59.496860 23214 raft_consensus.cc:2468] T 389b31e722ad4cfba117f750f4202855 P 37b12f2b3c0640a18541c7d873bc950b [term 1 FOLLOWER]: Leader election vote request: Granting yes vote for candidate 152ae33fb109467fb751a864269a5b71 in term 1.
I20260709 13:07:59.497838 23105 leader_election.cc:304] T 389b31e722ad4cfba117f750f4202855 P 152ae33fb109467fb751a864269a5b71 [CANDIDATE]: Term 1 election: Election decided. Result: candidate won. Election summary: received 2 responses out of 3 voters: 2 yes votes; 0 no votes. yes voters: 152ae33fb109467fb751a864269a5b71, 37b12f2b3c0640a18541c7d873bc950b; no voters: 
I20260709 13:07:59.498524 23335 raft_consensus.cc:2804] T 389b31e722ad4cfba117f750f4202855 P 152ae33fb109467fb751a864269a5b71 [term 1 FOLLOWER]: Leader election won for term 1
I20260709 13:07:59.498900 23335 raft_consensus.cc:697] T 389b31e722ad4cfba117f750f4202855 P 152ae33fb109467fb751a864269a5b71 [term 1 LEADER]: Becoming Leader. State: Replica: 152ae33fb109467fb751a864269a5b71, State: Running, Role: LEADER
I20260709 13:07:59.499646 23335 consensus_queue.cc:237] T 389b31e722ad4cfba117f750f4202855 P 152ae33fb109467fb751a864269a5b71 [LEADER]: Queue going to LEADER mode. State: All replicated index: 0, Majority replicated index: 0, Committed index: 0, Last appended: 0.0, Last appended by leader: 0, Current term: 1, Majority size: 2, State: 0, Mode: LEADER, active raft config: opid_index: -1 OBSOLETE_local: false peers { permanent_uuid: "152ae33fb109467fb751a864269a5b71" member_type: VOTER last_known_addr { host: "127.21.253.65" port: 41409 } } peers { permanent_uuid: "37b12f2b3c0640a18541c7d873bc950b" member_type: VOTER last_known_addr { host: "127.21.253.66" port: 45653 } } peers { permanent_uuid: "3fe8a8c3fd2e4b7283cd9e76a6de6d27" member_type: VOTER last_known_addr { host: "127.21.253.67" port: 43351 } }
I20260709 13:07:59.500358 23288 raft_consensus.cc:2468] T 389b31e722ad4cfba117f750f4202855 P 3fe8a8c3fd2e4b7283cd9e76a6de6d27 [term 1 FOLLOWER]: Leader election vote request: Granting yes vote for candidate 152ae33fb109467fb751a864269a5b71 in term 1.
I20260709 13:07:59.500793 23035 catalog_manager.cc:5697] T baf76d5b6f5246088f2ecfaef22599b6 P 37b12f2b3c0640a18541c7d873bc950b reported cstate change: term changed from 0 to 1, leader changed from <none> to 37b12f2b3c0640a18541c7d873bc950b (127.21.253.66). New cstate: current_term: 1 leader_uuid: "37b12f2b3c0640a18541c7d873bc950b" committed_config { opid_index: -1 OBSOLETE_local: false peers { permanent_uuid: "152ae33fb109467fb751a864269a5b71" member_type: VOTER last_known_addr { host: "127.21.253.65" port: 41409 } health_report { overall_health: UNKNOWN } } peers { permanent_uuid: "37b12f2b3c0640a18541c7d873bc950b" member_type: VOTER last_known_addr { host: "127.21.253.66" port: 45653 } health_report { overall_health: HEALTHY } } peers { permanent_uuid: "3fe8a8c3fd2e4b7283cd9e76a6de6d27" member_type: VOTER last_known_addr { host: "127.21.253.67" port: 43351 } health_report { overall_health: UNKNOWN } } }
I20260709 13:07:59.502453 23345 consensus_queue.cc:1048] T 7bbd79d57c504a6aadbe633c17c0b511 P 3fe8a8c3fd2e4b7283cd9e76a6de6d27 [LEADER]: Connected to new peer: Peer: permanent_uuid: "152ae33fb109467fb751a864269a5b71" member_type: VOTER last_known_addr { host: "127.21.253.65" port: 41409 }, Status: LMP_MISMATCH, Last received: 0.0, Next index: 1, Last known committed idx: 0, Time since last communication: 0.000s
I20260709 13:07:59.507920 23036 catalog_manager.cc:5697] T 389b31e722ad4cfba117f750f4202855 P 152ae33fb109467fb751a864269a5b71 reported cstate change: term changed from 0 to 1, leader changed from <none> to 152ae33fb109467fb751a864269a5b71 (127.21.253.65). New cstate: current_term: 1 leader_uuid: "152ae33fb109467fb751a864269a5b71" committed_config { opid_index: -1 OBSOLETE_local: false peers { permanent_uuid: "152ae33fb109467fb751a864269a5b71" member_type: VOTER last_known_addr { host: "127.21.253.65" port: 41409 } health_report { overall_health: HEALTHY } } peers { permanent_uuid: "37b12f2b3c0640a18541c7d873bc950b" member_type: VOTER last_known_addr { host: "127.21.253.66" port: 45653 } health_report { overall_health: UNKNOWN } } peers { permanent_uuid: "3fe8a8c3fd2e4b7283cd9e76a6de6d27" member_type: VOTER last_known_addr { host: "127.21.253.67" port: 43351 } health_report { overall_health: UNKNOWN } } }
I20260709 13:07:59.519003 23334 consensus_queue.cc:1048] T 7bbd79d57c504a6aadbe633c17c0b511 P 3fe8a8c3fd2e4b7283cd9e76a6de6d27 [LEADER]: Connected to new peer: Peer: permanent_uuid: "37b12f2b3c0640a18541c7d873bc950b" member_type: VOTER last_known_addr { host: "127.21.253.66" port: 45653 }, Status: LMP_MISMATCH, Last received: 0.0, Next index: 1, Last known committed idx: 0, Time since last communication: 0.000s
I20260709 13:07:59.567916 23288 tablet_service.cc:2072] Received LeaderStepDown RPC: tablet_id: "fd9011ff441c4e8fb0d7b6946c220f4a"
dest_uuid: "3fe8a8c3fd2e4b7283cd9e76a6de6d27"
mode: GRACEFUL
new_leader_uuid: "152ae33fb109467fb751a864269a5b71"
 from {username='slave'} at 127.0.0.1:60546
I20260709 13:07:59.568359 23288 raft_consensus.cc:606] T fd9011ff441c4e8fb0d7b6946c220f4a P 3fe8a8c3fd2e4b7283cd9e76a6de6d27 [term 1 LEADER]: Received request to transfer leadership to TS 152ae33fb109467fb751a864269a5b71
I20260709 13:07:59.572670 23288 tablet_service.cc:2072] Received LeaderStepDown RPC: tablet_id: "5a962025feb1439da1417aa0f652ca3b"
dest_uuid: "3fe8a8c3fd2e4b7283cd9e76a6de6d27"
mode: GRACEFUL
new_leader_uuid: "152ae33fb109467fb751a864269a5b71"
 from {username='slave'} at 127.0.0.1:60546
I20260709 13:07:59.573091 23288 raft_consensus.cc:606] T 5a962025feb1439da1417aa0f652ca3b P 3fe8a8c3fd2e4b7283cd9e76a6de6d27 [term 1 LEADER]: Received request to transfer leadership to TS 152ae33fb109467fb751a864269a5b71
I20260709 13:07:59.577433 23288 tablet_service.cc:2072] Received LeaderStepDown RPC: tablet_id: "7bbd79d57c504a6aadbe633c17c0b511"
dest_uuid: "3fe8a8c3fd2e4b7283cd9e76a6de6d27"
mode: GRACEFUL
new_leader_uuid: "152ae33fb109467fb751a864269a5b71"
 from {username='slave'} at 127.0.0.1:60546
I20260709 13:07:59.577869 23288 raft_consensus.cc:606] T 7bbd79d57c504a6aadbe633c17c0b511 P 3fe8a8c3fd2e4b7283cd9e76a6de6d27 [term 1 LEADER]: Received request to transfer leadership to TS 152ae33fb109467fb751a864269a5b71
I20260709 13:07:59.591775 23139 tablet_service.cc:2072] Received LeaderStepDown RPC: tablet_id: "43fef6e06c9f4253b60159df97c4a758"
dest_uuid: "152ae33fb109467fb751a864269a5b71"
mode: GRACEFUL
new_leader_uuid: "37b12f2b3c0640a18541c7d873bc950b"
 from {username='slave'} at 127.0.0.1:52526
I20260709 13:07:59.592281 23139 raft_consensus.cc:606] T 43fef6e06c9f4253b60159df97c4a758 P 152ae33fb109467fb751a864269a5b71 [term 1 LEADER]: Received request to transfer leadership to TS 37b12f2b3c0640a18541c7d873bc950b
I20260709 13:07:59.598762 23139 tablet_service.cc:2072] Received LeaderStepDown RPC: tablet_id: "d659a356cde448e1967133404ff23826"
dest_uuid: "152ae33fb109467fb751a864269a5b71"
mode: GRACEFUL
new_leader_uuid: "37b12f2b3c0640a18541c7d873bc950b"
 from {username='slave'} at 127.0.0.1:52526
I20260709 13:07:59.599206 23139 raft_consensus.cc:606] T d659a356cde448e1967133404ff23826 P 152ae33fb109467fb751a864269a5b71 [term 1 LEADER]: Received request to transfer leadership to TS 37b12f2b3c0640a18541c7d873bc950b
I20260709 13:07:59.603286 23139 tablet_service.cc:2072] Received LeaderStepDown RPC: tablet_id: "389b31e722ad4cfba117f750f4202855"
dest_uuid: "152ae33fb109467fb751a864269a5b71"
mode: GRACEFUL
new_leader_uuid: "37b12f2b3c0640a18541c7d873bc950b"
 from {username='slave'} at 127.0.0.1:52526
I20260709 13:07:59.603691 23139 raft_consensus.cc:606] T 389b31e722ad4cfba117f750f4202855 P 152ae33fb109467fb751a864269a5b71 [term 1 LEADER]: Received request to transfer leadership to TS 37b12f2b3c0640a18541c7d873bc950b
I20260709 13:07:59.607465 23139 tablet_service.cc:2072] Received LeaderStepDown RPC: tablet_id: "8e15ee14578f4ac08dafe1e173fec0c2"
dest_uuid: "152ae33fb109467fb751a864269a5b71"
mode: GRACEFUL
new_leader_uuid: "3fe8a8c3fd2e4b7283cd9e76a6de6d27"
 from {username='slave'} at 127.0.0.1:52526
I20260709 13:07:59.607859 23139 raft_consensus.cc:606] T 8e15ee14578f4ac08dafe1e173fec0c2 P 152ae33fb109467fb751a864269a5b71 [term 1 LEADER]: Received request to transfer leadership to TS 3fe8a8c3fd2e4b7283cd9e76a6de6d27
I20260709 13:07:59.666035 23345 raft_consensus.cc:493] T 8e15ee14578f4ac08dafe1e173fec0c2 P 3fe8a8c3fd2e4b7283cd9e76a6de6d27 [term 0 FOLLOWER]: Starting pre-election (no leader contacted us within the election timeout)
I20260709 13:07:59.666496 23345 raft_consensus.cc:515] T 8e15ee14578f4ac08dafe1e173fec0c2 P 3fe8a8c3fd2e4b7283cd9e76a6de6d27 [term 0 FOLLOWER]: Starting pre-election with config: opid_index: -1 OBSOLETE_local: false peers { permanent_uuid: "152ae33fb109467fb751a864269a5b71" member_type: VOTER last_known_addr { host: "127.21.253.65" port: 41409 } } peers { permanent_uuid: "37b12f2b3c0640a18541c7d873bc950b" member_type: VOTER last_known_addr { host: "127.21.253.66" port: 45653 } } peers { permanent_uuid: "3fe8a8c3fd2e4b7283cd9e76a6de6d27" member_type: VOTER last_known_addr { host: "127.21.253.67" port: 43351 } }
I20260709 13:07:59.668047 23345 leader_election.cc:290] T 8e15ee14578f4ac08dafe1e173fec0c2 P 3fe8a8c3fd2e4b7283cd9e76a6de6d27 [CANDIDATE]: Term 1 pre-election: Requested pre-vote from peers 152ae33fb109467fb751a864269a5b71 (127.21.253.65:41409), 37b12f2b3c0640a18541c7d873bc950b (127.21.253.66:45653)
I20260709 13:07:59.668769 23139 tablet_service.cc:1917] Received RequestConsensusVote() RPC: tablet_id: "8e15ee14578f4ac08dafe1e173fec0c2" candidate_uuid: "3fe8a8c3fd2e4b7283cd9e76a6de6d27" candidate_term: 1 candidate_status { last_received { term: 0 index: 0 } } ignore_live_leader: false dest_uuid: "152ae33fb109467fb751a864269a5b71" is_pre_election: true
I20260709 13:07:59.668949 23214 tablet_service.cc:1917] Received RequestConsensusVote() RPC: tablet_id: "8e15ee14578f4ac08dafe1e173fec0c2" candidate_uuid: "3fe8a8c3fd2e4b7283cd9e76a6de6d27" candidate_term: 1 candidate_status { last_received { term: 0 index: 0 } } ignore_live_leader: false dest_uuid: "37b12f2b3c0640a18541c7d873bc950b" is_pre_election: true
I20260709 13:07:59.669611 23214 raft_consensus.cc:2393] T 8e15ee14578f4ac08dafe1e173fec0c2 P 37b12f2b3c0640a18541c7d873bc950b [term 1 FOLLOWER]: Leader pre-election vote request: Denying vote to candidate 3fe8a8c3fd2e4b7283cd9e76a6de6d27 in current term 1: Already voted for candidate 152ae33fb109467fb751a864269a5b71 in this term.
I20260709 13:07:59.670435 23254 leader_election.cc:304] T 8e15ee14578f4ac08dafe1e173fec0c2 P 3fe8a8c3fd2e4b7283cd9e76a6de6d27 [CANDIDATE]: Term 1 pre-election: Election decided. Result: candidate lost. Election summary: received 3 responses out of 3 voters: 1 yes votes; 2 no votes. yes voters: 3fe8a8c3fd2e4b7283cd9e76a6de6d27; no voters: 152ae33fb109467fb751a864269a5b71, 37b12f2b3c0640a18541c7d873bc950b
I20260709 13:07:59.670997 23345 raft_consensus.cc:3060] T 8e15ee14578f4ac08dafe1e173fec0c2 P 3fe8a8c3fd2e4b7283cd9e76a6de6d27 [term 0 FOLLOWER]: Advancing to term 1
I20260709 13:07:59.675084 23345 raft_consensus.cc:2749] T 8e15ee14578f4ac08dafe1e173fec0c2 P 3fe8a8c3fd2e4b7283cd9e76a6de6d27 [term 1 FOLLOWER]: Leader pre-election lost for term 1. Reason: could not achieve majority
I20260709 13:07:59.693588 23335 consensus_queue.cc:1048] T ccc00bfed8f74bb38814081d42465d77 P 152ae33fb109467fb751a864269a5b71 [LEADER]: Connected to new peer: Peer: permanent_uuid: "3fe8a8c3fd2e4b7283cd9e76a6de6d27" member_type: VOTER last_known_addr { host: "127.21.253.67" port: 43351 }, Status: LMP_MISMATCH, Last received: 0.0, Next index: 1, Last known committed idx: 0, Time since last communication: 0.000s
I20260709 13:07:59.702903 23368 consensus_queue.cc:1048] T ccc00bfed8f74bb38814081d42465d77 P 152ae33fb109467fb751a864269a5b71 [LEADER]: Connected to new peer: Peer: permanent_uuid: "37b12f2b3c0640a18541c7d873bc950b" member_type: VOTER last_known_addr { host: "127.21.253.66" port: 45653 }, Status: LMP_MISMATCH, Last received: 0.0, Next index: 1, Last known committed idx: 0, Time since last communication: 0.000s
I20260709 13:07:59.717622 23368 consensus_queue.cc:1048] T 97954d821a1c4e028fa76bb368fd81c5 P 152ae33fb109467fb751a864269a5b71 [LEADER]: Connected to new peer: Peer: permanent_uuid: "37b12f2b3c0640a18541c7d873bc950b" member_type: VOTER last_known_addr { host: "127.21.253.66" port: 45653 }, Status: LMP_MISMATCH, Last received: 0.0, Next index: 1, Last known committed idx: 0, Time since last communication: 0.000s
I20260709 13:07:59.726541 23377 consensus_queue.cc:1048] T 97954d821a1c4e028fa76bb368fd81c5 P 152ae33fb109467fb751a864269a5b71 [LEADER]: Connected to new peer: Peer: permanent_uuid: "3fe8a8c3fd2e4b7283cd9e76a6de6d27" member_type: VOTER last_known_addr { host: "127.21.253.67" port: 43351 }, Status: LMP_MISMATCH, Last received: 0.0, Next index: 1, Last known committed idx: 0, Time since last communication: 0.000s
I20260709 13:07:59.745579 23345 consensus_queue.cc:1048] T fd9011ff441c4e8fb0d7b6946c220f4a P 3fe8a8c3fd2e4b7283cd9e76a6de6d27 [LEADER]: Connected to new peer: Peer: permanent_uuid: "152ae33fb109467fb751a864269a5b71" member_type: VOTER last_known_addr { host: "127.21.253.65" port: 41409 }, Status: LMP_MISMATCH, Last received: 0.0, Next index: 1, Last known committed idx: 0, Time since last communication: 0.000s
I20260709 13:07:59.751098 23365 raft_consensus.cc:993] T fd9011ff441c4e8fb0d7b6946c220f4a P 3fe8a8c3fd2e4b7283cd9e76a6de6d27: : Instructing follower 152ae33fb109467fb751a864269a5b71 to start an election
I20260709 13:07:59.751549 23334 raft_consensus.cc:1081] T fd9011ff441c4e8fb0d7b6946c220f4a P 3fe8a8c3fd2e4b7283cd9e76a6de6d27 [term 1 LEADER]: Signalling peer 152ae33fb109467fb751a864269a5b71 to start an election
I20260709 13:07:59.755688 23139 tablet_service.cc:2044] Received Run Leader Election RPC: tablet_id: "fd9011ff441c4e8fb0d7b6946c220f4a"
dest_uuid: "152ae33fb109467fb751a864269a5b71"
 from {username='slave'} at 127.0.0.1:60972
I20260709 13:07:59.755734 23345 consensus_queue.cc:1048] T fd9011ff441c4e8fb0d7b6946c220f4a P 3fe8a8c3fd2e4b7283cd9e76a6de6d27 [LEADER]: Connected to new peer: Peer: permanent_uuid: "37b12f2b3c0640a18541c7d873bc950b" member_type: VOTER last_known_addr { host: "127.21.253.66" port: 45653 }, Status: LMP_MISMATCH, Last received: 0.0, Next index: 1, Last known committed idx: 0, Time since last communication: 0.000s
I20260709 13:07:59.756289 23139 raft_consensus.cc:493] T fd9011ff441c4e8fb0d7b6946c220f4a P 152ae33fb109467fb751a864269a5b71 [term 1 FOLLOWER]: Starting forced leader election (received explicit request)
I20260709 13:07:59.756664 23139 raft_consensus.cc:3060] T fd9011ff441c4e8fb0d7b6946c220f4a P 152ae33fb109467fb751a864269a5b71 [term 1 FOLLOWER]: Advancing to term 2
