I20260709 13:07:48.928709 23257 raft_consensus.cc:3060] T 3b4f81c6f8ea4a4fabb89ffcc488bbfe P 1501d2555dab44879c9e6618cd361017 [term 0 FOLLOWER]: Advancing to term 1
I20260709 13:07:48.935166 23168 tablet_service.cc:1917] Received RequestConsensusVote() RPC: tablet_id: "8edbe567075f4ab2ae2a7e7b2da69391" candidate_uuid: "7b559cf4ca7e4c5f88778e1521f61b09" candidate_term: 1 candidate_status { last_received { term: 0 index: 0 } } ignore_live_leader: false dest_uuid: "1501d2555dab44879c9e6618cd361017" is_pre_election: true
I20260709 13:07:48.939750 23021 raft_consensus.cc:2468] T 89ed6e9c0d6f48c1b7f239926debe8ac P 6938e9151a6f4731a3a24e182252aa5a [term 1 FOLLOWER]: Leader election vote request: Granting yes vote for candidate 7b559cf4ca7e4c5f88778e1521f61b09 in term 1.
I20260709 13:07:48.943343 23253 raft_consensus.cc:2764] T 89ed6e9c0d6f48c1b7f239926debe8ac P 6938e9151a6f4731a3a24e182252aa5a [term 1 FOLLOWER]: Leader pre-election decision vote started in defunct term 0: won
I20260709 13:07:48.943259 23169 tablet_service.cc:1917] Received RequestConsensusVote() RPC: tablet_id: "89ed6e9c0d6f48c1b7f239926debe8ac" candidate_uuid: "7b559cf4ca7e4c5f88778e1521f61b09" candidate_term: 1 candidate_status { last_received { term: 0 index: 0 } } ignore_live_leader: false dest_uuid: "1501d2555dab44879c9e6618cd361017" is_pre_election: true
I20260709 13:07:48.944356 23062 leader_election.cc:304] T 89ed6e9c0d6f48c1b7f239926debe8ac P 7b559cf4ca7e4c5f88778e1521f61b09 [CANDIDATE]: Term 1 election: Election decided. Result: candidate won. Election summary: received 2 responses out of 3 voters: 2 yes votes; 0 no votes. yes voters: 6938e9151a6f4731a3a24e182252aa5a, 7b559cf4ca7e4c5f88778e1521f61b09; no voters: 
I20260709 13:07:48.945938 23219 raft_consensus.cc:2804] T 89ed6e9c0d6f48c1b7f239926debe8ac P 7b559cf4ca7e4c5f88778e1521f61b09 [term 1 FOLLOWER]: Leader election won for term 1
I20260709 13:07:48.946837 23219 raft_consensus.cc:697] T 89ed6e9c0d6f48c1b7f239926debe8ac P 7b559cf4ca7e4c5f88778e1521f61b09 [term 1 LEADER]: Becoming Leader. State: Replica: 7b559cf4ca7e4c5f88778e1521f61b09, State: Running, Role: LEADER
I20260709 13:07:48.947033 23250 leader_election.cc:290] T 0e17c91b0d8949028c915f429d796b51 P 7b559cf4ca7e4c5f88778e1521f61b09 [CANDIDATE]: Term 1 election: Requested vote from peers 6938e9151a6f4731a3a24e182252aa5a (127.22.89.129:46727), 1501d2555dab44879c9e6618cd361017 (127.22.89.131:39215)
I20260709 13:07:48.947111 23169 raft_consensus.cc:2468] T 89ed6e9c0d6f48c1b7f239926debe8ac P 1501d2555dab44879c9e6618cd361017 [term 0 FOLLOWER]: Leader pre-election vote request: Granting yes vote for candidate 7b559cf4ca7e4c5f88778e1521f61b09 in term 0.
I20260709 13:07:48.947671 23219 consensus_queue.cc:237] T 89ed6e9c0d6f48c1b7f239926debe8ac P 7b559cf4ca7e4c5f88778e1521f61b09 [LEADER]: Queue going to LEADER mode. State: All replicated index: 0, Majority replicated index: 0, Committed index: 0, Last appended: 0.0, Last appended by leader: 0, Current term: 1, Majority size: 2, State: 0, Mode: LEADER, active raft config: opid_index: -1 OBSOLETE_local: false peers { permanent_uuid: "6938e9151a6f4731a3a24e182252aa5a" member_type: VOTER last_known_addr { host: "127.22.89.129" port: 46727 } } peers { permanent_uuid: "7b559cf4ca7e4c5f88778e1521f61b09" member_type: VOTER last_known_addr { host: "127.22.89.130" port: 35043 } } peers { permanent_uuid: "1501d2555dab44879c9e6618cd361017" member_type: VOTER last_known_addr { host: "127.22.89.131" port: 39215 } }
I20260709 13:07:48.952633 23169 tablet_service.cc:1917] Received RequestConsensusVote() RPC: tablet_id: "89ed6e9c0d6f48c1b7f239926debe8ac" candidate_uuid: "7b559cf4ca7e4c5f88778e1521f61b09" candidate_term: 1 candidate_status { last_received { term: 0 index: 0 } } ignore_live_leader: false dest_uuid: "1501d2555dab44879c9e6618cd361017"
I20260709 13:07:48.953303 23169 raft_consensus.cc:3060] T 89ed6e9c0d6f48c1b7f239926debe8ac P 1501d2555dab44879c9e6618cd361017 [term 0 FOLLOWER]: Advancing to term 1
I20260709 13:07:48.953547 23213 ts_tablet_manager.cc:1434] T d6c2536eae7e415ebe29835450f43410 P 1501d2555dab44879c9e6618cd361017: Time spent starting tablet: real 0.107s	user 0.008s	sys 0.003s
I20260709 13:07:48.951786 23222 raft_consensus.cc:697] T 1b8235aafeee43af9862a34ff86e4433 P 6938e9151a6f4731a3a24e182252aa5a [term 1 LEADER]: Becoming Leader. State: Replica: 6938e9151a6f4731a3a24e182252aa5a, State: Running, Role: LEADER
I20260709 13:07:48.957784 23222 consensus_queue.cc:237] T 1b8235aafeee43af9862a34ff86e4433 P 6938e9151a6f4731a3a24e182252aa5a [LEADER]: Queue going to LEADER mode. State: All replicated index: 0, Majority replicated index: 0, Committed index: 0, Last appended: 0.0, Last appended by leader: 0, Current term: 1, Majority size: 2, State: 0, Mode: LEADER, active raft config: opid_index: -1 OBSOLETE_local: false peers { permanent_uuid: "6938e9151a6f4731a3a24e182252aa5a" member_type: VOTER last_known_addr { host: "127.22.89.129" port: 46727 } } peers { permanent_uuid: "7b559cf4ca7e4c5f88778e1521f61b09" member_type: VOTER last_known_addr { host: "127.22.89.130" port: 35043 } } peers { permanent_uuid: "1501d2555dab44879c9e6618cd361017" member_type: VOTER last_known_addr { host: "127.22.89.131" port: 39215 } }
I20260709 13:07:48.964829 23215 tablet_bootstrap.cc:492] T d6c2536eae7e415ebe29835450f43410 P 6938e9151a6f4731a3a24e182252aa5a: No bootstrap required, opened a new log
I20260709 13:07:48.965101 23213 tablet_bootstrap.cc:492] T 1e1b8783b4e344d9ad8823e06b50d5ae P 1501d2555dab44879c9e6618cd361017: Bootstrap starting.
I20260709 13:07:48.965276 23215 ts_tablet_manager.cc:1403] T d6c2536eae7e415ebe29835450f43410 P 6938e9151a6f4731a3a24e182252aa5a: Time spent bootstrapping tablet: real 0.125s	user 0.011s	sys 0.009s
I20260709 13:07:48.948741 23251 raft_consensus.cc:515] T 8edbe567075f4ab2ae2a7e7b2da69391 P 6938e9151a6f4731a3a24e182252aa5a [term 1 FOLLOWER]: Starting leader election with config: opid_index: -1 OBSOLETE_local: false peers { permanent_uuid: "6938e9151a6f4731a3a24e182252aa5a" member_type: VOTER last_known_addr { host: "127.22.89.129" port: 46727 } } peers { permanent_uuid: "7b559cf4ca7e4c5f88778e1521f61b09" member_type: VOTER last_known_addr { host: "127.22.89.130" port: 35043 } } peers { permanent_uuid: "1501d2555dab44879c9e6618cd361017" member_type: VOTER last_known_addr { host: "127.22.89.131" port: 39215 } }
I20260709 13:07:48.971916 23169 raft_consensus.cc:2468] T 89ed6e9c0d6f48c1b7f239926debe8ac P 1501d2555dab44879c9e6618cd361017 [term 1 FOLLOWER]: Leader election vote request: Granting yes vote for candidate 7b559cf4ca7e4c5f88778e1521f61b09 in term 1.
I20260709 13:07:48.968189 23215 raft_consensus.cc:359] T d6c2536eae7e415ebe29835450f43410 P 6938e9151a6f4731a3a24e182252aa5a [term 0 FOLLOWER]: Replica starting. Triggering 0 pending ops. Active config: opid_index: -1 OBSOLETE_local: false peers { permanent_uuid: "7b559cf4ca7e4c5f88778e1521f61b09" member_type: VOTER last_known_addr { host: "127.22.89.130" port: 35043 } } peers { permanent_uuid: "6938e9151a6f4731a3a24e182252aa5a" member_type: VOTER last_known_addr { host: "127.22.89.129" port: 46727 } } peers { permanent_uuid: "1501d2555dab44879c9e6618cd361017" member_type: VOTER last_known_addr { host: "127.22.89.131" port: 39215 } }
I20260709 13:07:48.975764 23215 raft_consensus.cc:385] T d6c2536eae7e415ebe29835450f43410 P 6938e9151a6f4731a3a24e182252aa5a [term 0 FOLLOWER]: Consensus starting up: Expiring failure detector timer to make a prompt election more likely
I20260709 13:07:48.976119 23215 raft_consensus.cc:740] T d6c2536eae7e415ebe29835450f43410 P 6938e9151a6f4731a3a24e182252aa5a [term 0 FOLLOWER]: Becoming Follower/Learner. State: Replica: 6938e9151a6f4731a3a24e182252aa5a, State: Initialized, Role: FOLLOWER
I20260709 13:07:48.969254 23060 leader_election.cc:304] T d6c2536eae7e415ebe29835450f43410 P 7b559cf4ca7e4c5f88778e1521f61b09 [CANDIDATE]: Term 1 pre-election: Election decided. Result: candidate won. Election summary: received 3 responses out of 3 voters: 2 yes votes; 1 no votes. yes voters: 1501d2555dab44879c9e6618cd361017, 7b559cf4ca7e4c5f88778e1521f61b09; no voters: 6938e9151a6f4731a3a24e182252aa5a
W20260709 13:07:48.978991 23136 leader_election.cc:343] T 0e17c91b0d8949028c915f429d796b51 P 1501d2555dab44879c9e6618cd361017 [CANDIDATE]: Term 1 election: Tablet error from VoteRequest() call to peer 6938e9151a6f4731a3a24e182252aa5a (127.22.89.129:46727): Illegal state: must be running to vote when last-logged opid is not known
I20260709 13:07:48.979333 23060 leader_election.cc:304] T 1b8235aafeee43af9862a34ff86e4433 P 7b559cf4ca7e4c5f88778e1521f61b09 [CANDIDATE]: Term 1 election: Election decided. Result: candidate lost. Election summary: received 3 responses out of 3 voters: 1 yes votes; 2 no votes. yes voters: 7b559cf4ca7e4c5f88778e1521f61b09; no voters: 1501d2555dab44879c9e6618cd361017, 6938e9151a6f4731a3a24e182252aa5a
I20260709 13:07:48.979446 23136 leader_election.cc:304] T 0e17c91b0d8949028c915f429d796b51 P 1501d2555dab44879c9e6618cd361017 [CANDIDATE]: Term 1 election: Election decided. Result: candidate lost. Election summary: received 3 responses out of 3 voters: 1 yes votes; 2 no votes. yes voters: 1501d2555dab44879c9e6618cd361017; no voters: 6938e9151a6f4731a3a24e182252aa5a, 7b559cf4ca7e4c5f88778e1521f61b09
I20260709 13:07:48.978247 23214 ts_tablet_manager.cc:1434] T 1e1b8783b4e344d9ad8823e06b50d5ae P 7b559cf4ca7e4c5f88778e1521f61b09: Time spent starting tablet: real 0.090s	user 0.007s	sys 0.002s
I20260709 13:07:48.979864 23219 raft_consensus.cc:2804] T d6c2536eae7e415ebe29835450f43410 P 7b559cf4ca7e4c5f88778e1521f61b09 [term 0 FOLLOWER]: Leader pre-election won for term 1
I20260709 13:07:48.984050 23251 leader_election.cc:290] T 8edbe567075f4ab2ae2a7e7b2da69391 P 6938e9151a6f4731a3a24e182252aa5a [CANDIDATE]: Term 1 election: Requested vote from peers 7b559cf4ca7e4c5f88778e1521f61b09 (127.22.89.130:35043), 1501d2555dab44879c9e6618cd361017 (127.22.89.131:39215)
I20260709 13:07:48.983165 23219 raft_consensus.cc:493] T d6c2536eae7e415ebe29835450f43410 P 7b559cf4ca7e4c5f88778e1521f61b09 [term 0 FOLLOWER]: Starting leader election (no leader contacted us within the election timeout)
I20260709 13:07:48.984861 23219 raft_consensus.cc:3060] T d6c2536eae7e415ebe29835450f43410 P 7b559cf4ca7e4c5f88778e1521f61b09 [term 0 FOLLOWER]: Advancing to term 1
I20260709 13:07:48.984735 23095 tablet_service.cc:1917] Received RequestConsensusVote() RPC: tablet_id: "8edbe567075f4ab2ae2a7e7b2da69391" candidate_uuid: "6938e9151a6f4731a3a24e182252aa5a" candidate_term: 1 candidate_status { last_received { term: 0 index: 0 } } ignore_live_leader: false dest_uuid: "7b559cf4ca7e4c5f88778e1521f61b09"
I20260709 13:07:48.986416 23258 raft_consensus.cc:2749] T 0e17c91b0d8949028c915f429d796b51 P 1501d2555dab44879c9e6618cd361017 [term 1 FOLLOWER]: Leader election lost for term 1. Reason: could not achieve majority
I20260709 13:07:48.986562 23168 tablet_service.cc:1917] Received RequestConsensusVote() RPC: tablet_id: "0e17c91b0d8949028c915f429d796b51" candidate_uuid: "7b559cf4ca7e4c5f88778e1521f61b09" candidate_term: 1 candidate_status { last_received { term: 0 index: 0 } } ignore_live_leader: false dest_uuid: "1501d2555dab44879c9e6618cd361017"
I20260709 13:07:48.978992 22917 catalog_manager.cc:5697] T 1b8235aafeee43af9862a34ff86e4433 P 6938e9151a6f4731a3a24e182252aa5a reported cstate change: term changed from 0 to 1, leader changed from <none> to 6938e9151a6f4731a3a24e182252aa5a (127.22.89.129). New cstate: current_term: 1 leader_uuid: "6938e9151a6f4731a3a24e182252aa5a" committed_config { opid_index: -1 OBSOLETE_local: false peers { permanent_uuid: "6938e9151a6f4731a3a24e182252aa5a" member_type: VOTER last_known_addr { host: "127.22.89.129" port: 46727 } health_report { overall_health: HEALTHY } } peers { permanent_uuid: "7b559cf4ca7e4c5f88778e1521f61b09" member_type: VOTER last_known_addr { host: "127.22.89.130" port: 35043 } health_report { overall_health: UNKNOWN } } peers { permanent_uuid: "1501d2555dab44879c9e6618cd361017" member_type: VOTER last_known_addr { host: "127.22.89.131" port: 39215 } health_report { overall_health: UNKNOWN } } }
I20260709 13:07:48.987336 23250 raft_consensus.cc:2749] T 1b8235aafeee43af9862a34ff86e4433 P 7b559cf4ca7e4c5f88778e1521f61b09 [term 1 FOLLOWER]: Leader election lost for term 1. Reason: could not achieve majority
I20260709 13:07:48.988914 23168 raft_consensus.cc:2393] T 0e17c91b0d8949028c915f429d796b51 P 1501d2555dab44879c9e6618cd361017 [term 1 FOLLOWER]: Leader election vote request: Denying vote to candidate 7b559cf4ca7e4c5f88778e1521f61b09 in current term 1: Already voted for candidate 1501d2555dab44879c9e6618cd361017 in this term.
I20260709 13:07:48.988178 23215 consensus_queue.cc:260] T d6c2536eae7e415ebe29835450f43410 P 6938e9151a6f4731a3a24e182252aa5a [NON_LEADER]: Queue going to NON_LEADER mode. State: All replicated index: 0, Majority replicated index: 0, Committed index: 0, Last appended: 0.0, Last appended by leader: 0, Current term: 0, Majority size: -1, State: 0, Mode: NON_LEADER, active raft config: opid_index: -1 OBSOLETE_local: false peers { permanent_uuid: "7b559cf4ca7e4c5f88778e1521f61b09" member_type: VOTER last_known_addr { host: "127.22.89.130" port: 35043 } } peers { permanent_uuid: "6938e9151a6f4731a3a24e182252aa5a" member_type: VOTER last_known_addr { host: "127.22.89.129" port: 46727 } } peers { permanent_uuid: "1501d2555dab44879c9e6618cd361017" member_type: VOTER last_known_addr { host: "127.22.89.131" port: 39215 } }
I20260709 13:07:48.987421 23214 tablet_bootstrap.cc:492] T 9eea386d19804ce1bd3ebf2cd7cc4f45 P 7b559cf4ca7e4c5f88778e1521f61b09: Bootstrap starting.
I20260709 13:07:48.991595 23169 tablet_service.cc:1917] Received RequestConsensusVote() RPC: tablet_id: "8edbe567075f4ab2ae2a7e7b2da69391" candidate_uuid: "6938e9151a6f4731a3a24e182252aa5a" candidate_term: 1 candidate_status { last_received { term: 0 index: 0 } } ignore_live_leader: false dest_uuid: "1501d2555dab44879c9e6618cd361017"
I20260709 13:07:48.991811 23215 ts_tablet_manager.cc:1434] T d6c2536eae7e415ebe29835450f43410 P 6938e9151a6f4731a3a24e182252aa5a: Time spent starting tablet: real 0.026s	user 0.007s	sys 0.001s
W20260709 13:07:48.992976 22985 leader_election.cc:343] T 8edbe567075f4ab2ae2a7e7b2da69391 P 6938e9151a6f4731a3a24e182252aa5a [CANDIDATE]: Term 1 election: Tablet error from VoteRequest() call to peer 1501d2555dab44879c9e6618cd361017 (127.22.89.131:39215): Illegal state: must be running to vote when last-logged opid is not known
I20260709 13:07:48.986521 23257 raft_consensus.cc:515] T 3b4f81c6f8ea4a4fabb89ffcc488bbfe P 1501d2555dab44879c9e6618cd361017 [term 1 FOLLOWER]: Starting leader election with config: opid_index: -1 OBSOLETE_local: false peers { permanent_uuid: "6938e9151a6f4731a3a24e182252aa5a" member_type: VOTER last_known_addr { host: "127.22.89.129" port: 46727 } } peers { permanent_uuid: "7b559cf4ca7e4c5f88778e1521f61b09" member_type: VOTER last_known_addr { host: "127.22.89.130" port: 35043 } } peers { permanent_uuid: "1501d2555dab44879c9e6618cd361017" member_type: VOTER last_known_addr { host: "127.22.89.131" port: 39215 } }
I20260709 13:07:48.992970 23215 tablet_bootstrap.cc:492] T 9eea386d19804ce1bd3ebf2cd7cc4f45 P 6938e9151a6f4731a3a24e182252aa5a: Bootstrap starting.
I20260709 13:07:48.996011 23213 tablet_bootstrap.cc:654] T 1e1b8783b4e344d9ad8823e06b50d5ae P 1501d2555dab44879c9e6618cd361017: Neither blocks nor log segments found. Creating new log.
W20260709 13:07:48.993706 23060 leader_election.cc:343] T 8edbe567075f4ab2ae2a7e7b2da69391 P 7b559cf4ca7e4c5f88778e1521f61b09 [CANDIDATE]: Term 1 pre-election: Tablet error from VoteRequest() call to peer 1501d2555dab44879c9e6618cd361017 (127.22.89.131:39215): Illegal state: must be running to vote when last-logged opid is not known
I20260709 13:07:48.991209 23254 raft_consensus.cc:515] T 8edbe567075f4ab2ae2a7e7b2da69391 P 7b559cf4ca7e4c5f88778e1521f61b09 [term 1 FOLLOWER]: Starting leader election with config: opid_index: -1 OBSOLETE_local: false peers { permanent_uuid: "6938e9151a6f4731a3a24e182252aa5a" member_type: VOTER last_known_addr { host: "127.22.89.129" port: 46727 } } peers { permanent_uuid: "7b559cf4ca7e4c5f88778e1521f61b09" member_type: VOTER last_known_addr { host: "127.22.89.130" port: 35043 } } peers { permanent_uuid: "1501d2555dab44879c9e6618cd361017" member_type: VOTER last_known_addr { host: "127.22.89.131" port: 39215 } }
I20260709 13:07:49.002642 23060 leader_election.cc:304] T 0e17c91b0d8949028c915f429d796b51 P 7b559cf4ca7e4c5f88778e1521f61b09 [CANDIDATE]: Term 1 election: Election decided. Result: candidate lost. Election summary: received 3 responses out of 3 voters: 1 yes votes; 2 no votes. yes voters: 7b559cf4ca7e4c5f88778e1521f61b09; no voters: 1501d2555dab44879c9e6618cd361017, 6938e9151a6f4731a3a24e182252aa5a
I20260709 13:07:49.005476 23250 raft_consensus.cc:2749] T 0e17c91b0d8949028c915f429d796b51 P 7b559cf4ca7e4c5f88778e1521f61b09 [term 1 FOLLOWER]: Leader election lost for term 1. Reason: could not achieve majority
I20260709 13:07:49.005947 23248 raft_consensus.cc:493] T 1e1b8783b4e344d9ad8823e06b50d5ae P 7b559cf4ca7e4c5f88778e1521f61b09 [term 0 FOLLOWER]: Starting pre-election (no leader contacted us within the election timeout)
I20260709 13:07:49.007107 23248 raft_consensus.cc:515] T 1e1b8783b4e344d9ad8823e06b50d5ae P 7b559cf4ca7e4c5f88778e1521f61b09 [term 0 FOLLOWER]: Starting pre-election with config: opid_index: -1 OBSOLETE_local: false peers { permanent_uuid: "6938e9151a6f4731a3a24e182252aa5a" member_type: VOTER last_known_addr { host: "127.22.89.129" port: 46727 } } peers { permanent_uuid: "7b559cf4ca7e4c5f88778e1521f61b09" member_type: VOTER last_known_addr { host: "127.22.89.130" port: 35043 } } peers { permanent_uuid: "1501d2555dab44879c9e6618cd361017" member_type: VOTER last_known_addr { host: "127.22.89.131" port: 39215 } }
I20260709 13:07:49.009011 23095 raft_consensus.cc:2393] T 8edbe567075f4ab2ae2a7e7b2da69391 P 7b559cf4ca7e4c5f88778e1521f61b09 [term 1 FOLLOWER]: Leader election vote request: Denying vote to candidate 6938e9151a6f4731a3a24e182252aa5a in current term 1: Already voted for candidate 7b559cf4ca7e4c5f88778e1521f61b09 in this term.
I20260709 13:07:49.011979 23021 tablet_service.cc:1917] Received RequestConsensusVote() RPC: tablet_id: "3b4f81c6f8ea4a4fabb89ffcc488bbfe" candidate_uuid: "1501d2555dab44879c9e6618cd361017" candidate_term: 1 candidate_status { last_received { term: 0 index: 0 } } ignore_live_leader: false dest_uuid: "6938e9151a6f4731a3a24e182252aa5a"
I20260709 13:07:49.011901 23095 tablet_service.cc:1917] Received RequestConsensusVote() RPC: tablet_id: "3b4f81c6f8ea4a4fabb89ffcc488bbfe" candidate_uuid: "1501d2555dab44879c9e6618cd361017" candidate_term: 1 candidate_status { last_received { term: 0 index: 0 } } ignore_live_leader: false dest_uuid: "7b559cf4ca7e4c5f88778e1521f61b09"
I20260709 13:07:49.011929 23019 tablet_service.cc:1917] Received RequestConsensusVote() RPC: tablet_id: "1e1b8783b4e344d9ad8823e06b50d5ae" candidate_uuid: "7b559cf4ca7e4c5f88778e1521f61b09" candidate_term: 1 candidate_status { last_received { term: 0 index: 0 } } ignore_live_leader: false dest_uuid: "6938e9151a6f4731a3a24e182252aa5a" is_pre_election: true
I20260709 13:07:49.012677 23021 raft_consensus.cc:3060] T 3b4f81c6f8ea4a4fabb89ffcc488bbfe P 6938e9151a6f4731a3a24e182252aa5a [term 0 FOLLOWER]: Advancing to term 1
I20260709 13:07:49.013188 23219 raft_consensus.cc:515] T d6c2536eae7e415ebe29835450f43410 P 7b559cf4ca7e4c5f88778e1521f61b09 [term 1 FOLLOWER]: Starting leader election with config: opid_index: -1 OBSOLETE_local: false peers { permanent_uuid: "7b559cf4ca7e4c5f88778e1521f61b09" member_type: VOTER last_known_addr { host: "127.22.89.130" port: 35043 } } peers { permanent_uuid: "6938e9151a6f4731a3a24e182252aa5a" member_type: VOTER last_known_addr { host: "127.22.89.129" port: 46727 } } peers { permanent_uuid: "1501d2555dab44879c9e6618cd361017" member_type: VOTER last_known_addr { host: "127.22.89.131" port: 39215 } }
W20260709 13:07:49.013581 23133 leader_election.cc:343] T 3b4f81c6f8ea4a4fabb89ffcc488bbfe P 1501d2555dab44879c9e6618cd361017 [CANDIDATE]: Term 1 election: Tablet error from VoteRequest() call to peer 7b559cf4ca7e4c5f88778e1521f61b09 (127.22.89.130:35043): Illegal state: must be running to vote when last-logged opid is not known
I20260709 13:07:49.015189 23219 leader_election.cc:290] T d6c2536eae7e415ebe29835450f43410 P 7b559cf4ca7e4c5f88778e1521f61b09 [CANDIDATE]: Term 1 election: Requested vote from peers 6938e9151a6f4731a3a24e182252aa5a (127.22.89.129:46727), 1501d2555dab44879c9e6618cd361017 (127.22.89.131:39215)
I20260709 13:07:49.017302 23169 tablet_service.cc:1917] Received RequestConsensusVote() RPC: tablet_id: "1e1b8783b4e344d9ad8823e06b50d5ae" candidate_uuid: "7b559cf4ca7e4c5f88778e1521f61b09" candidate_term: 1 candidate_status { last_received { term: 0 index: 0 } } ignore_live_leader: false dest_uuid: "1501d2555dab44879c9e6618cd361017" is_pre_election: true
I20260709 13:07:49.017571 23214 tablet_bootstrap.cc:654] T 9eea386d19804ce1bd3ebf2cd7cc4f45 P 7b559cf4ca7e4c5f88778e1521f61b09: Neither blocks nor log segments found. Creating new log.
I20260709 13:07:49.012949 23248 leader_election.cc:290] T 1e1b8783b4e344d9ad8823e06b50d5ae P 7b559cf4ca7e4c5f88778e1521f61b09 [CANDIDATE]: Term 1 pre-election: Requested pre-vote from peers 6938e9151a6f4731a3a24e182252aa5a (127.22.89.129:46727), 1501d2555dab44879c9e6618cd361017 (127.22.89.131:39215)
I20260709 13:07:49.012321 23257 leader_election.cc:290] T 3b4f81c6f8ea4a4fabb89ffcc488bbfe P 1501d2555dab44879c9e6618cd361017 [CANDIDATE]: Term 1 election: Requested vote from peers 6938e9151a6f4731a3a24e182252aa5a (127.22.89.129:46727), 7b559cf4ca7e4c5f88778e1521f61b09 (127.22.89.130:35043)
I20260709 13:07:49.019471 23169 tablet_service.cc:1917] Received RequestConsensusVote() RPC: tablet_id: "d6c2536eae7e415ebe29835450f43410" candidate_uuid: "7b559cf4ca7e4c5f88778e1521f61b09" candidate_term: 1 candidate_status { last_received { term: 0 index: 0 } } ignore_live_leader: false dest_uuid: "1501d2555dab44879c9e6618cd361017"
I20260709 13:07:49.020021 23169 raft_consensus.cc:3060] T d6c2536eae7e415ebe29835450f43410 P 1501d2555dab44879c9e6618cd361017 [term 0 FOLLOWER]: Advancing to term 1
I20260709 13:07:49.020556 23021 raft_consensus.cc:2468] T 3b4f81c6f8ea4a4fabb89ffcc488bbfe P 6938e9151a6f4731a3a24e182252aa5a [term 1 FOLLOWER]: Leader election vote request: Granting yes vote for candidate 1501d2555dab44879c9e6618cd361017 in term 1.
I20260709 13:07:49.021836 23136 leader_election.cc:304] T 3b4f81c6f8ea4a4fabb89ffcc488bbfe P 1501d2555dab44879c9e6618cd361017 [CANDIDATE]: Term 1 election: Election decided. Result: candidate won. Election summary: received 3 responses out of 3 voters: 2 yes votes; 1 no votes. yes voters: 1501d2555dab44879c9e6618cd361017, 6938e9151a6f4731a3a24e182252aa5a; no voters: 7b559cf4ca7e4c5f88778e1521f61b09
I20260709 13:07:49.022351 23254 leader_election.cc:290] T 8edbe567075f4ab2ae2a7e7b2da69391 P 7b559cf4ca7e4c5f88778e1521f61b09 [CANDIDATE]: Term 1 election: Requested vote from peers 6938e9151a6f4731a3a24e182252aa5a (127.22.89.129:46727), 1501d2555dab44879c9e6618cd361017 (127.22.89.131:39215)
I20260709 13:07:49.022945 23257 raft_consensus.cc:2804] T 3b4f81c6f8ea4a4fabb89ffcc488bbfe P 1501d2555dab44879c9e6618cd361017 [term 1 FOLLOWER]: Leader election won for term 1
I20260709 13:07:49.023440 23257 raft_consensus.cc:697] T 3b4f81c6f8ea4a4fabb89ffcc488bbfe P 1501d2555dab44879c9e6618cd361017 [term 1 LEADER]: Becoming Leader. State: Replica: 1501d2555dab44879c9e6618cd361017, State: Running, Role: LEADER
I20260709 13:07:49.024330 23257 consensus_queue.cc:237] T 3b4f81c6f8ea4a4fabb89ffcc488bbfe P 1501d2555dab44879c9e6618cd361017 [LEADER]: Queue going to LEADER mode. State: All replicated index: 0, Majority replicated index: 0, Committed index: 0, Last appended: 0.0, Last appended by leader: 0, Current term: 1, Majority size: 2, State: 0, Mode: LEADER, active raft config: opid_index: -1 OBSOLETE_local: false peers { permanent_uuid: "6938e9151a6f4731a3a24e182252aa5a" member_type: VOTER last_known_addr { host: "127.22.89.129" port: 46727 } } peers { permanent_uuid: "7b559cf4ca7e4c5f88778e1521f61b09" member_type: VOTER last_known_addr { host: "127.22.89.130" port: 35043 } } peers { permanent_uuid: "1501d2555dab44879c9e6618cd361017" member_type: VOTER last_known_addr { host: "127.22.89.131" port: 39215 } }
I20260709 13:07:49.012216 22984 leader_election.cc:304] T 8edbe567075f4ab2ae2a7e7b2da69391 P 6938e9151a6f4731a3a24e182252aa5a [CANDIDATE]: Term 1 election: Election decided. Result: candidate lost. Election summary: received 3 responses out of 3 voters: 1 yes votes; 2 no votes. yes voters: 6938e9151a6f4731a3a24e182252aa5a; no voters: 1501d2555dab44879c9e6618cd361017, 7b559cf4ca7e4c5f88778e1521f61b09
I20260709 13:07:49.027506 23251 raft_consensus.cc:2749] T 8edbe567075f4ab2ae2a7e7b2da69391 P 6938e9151a6f4731a3a24e182252aa5a [term 1 FOLLOWER]: Leader election lost for term 1. Reason: could not achieve majority
I20260709 13:07:49.027678 23019 tablet_service.cc:1917] Received RequestConsensusVote() RPC: tablet_id: "8edbe567075f4ab2ae2a7e7b2da69391" candidate_uuid: "7b559cf4ca7e4c5f88778e1521f61b09" candidate_term: 1 candidate_status { last_received { term: 0 index: 0 } } ignore_live_leader: false dest_uuid: "6938e9151a6f4731a3a24e182252aa5a"
I20260709 13:07:49.028439 23019 raft_consensus.cc:2393] T 8edbe567075f4ab2ae2a7e7b2da69391 P 6938e9151a6f4731a3a24e182252aa5a [term 1 FOLLOWER]: Leader election vote request: Denying vote to candidate 7b559cf4ca7e4c5f88778e1521f61b09 in current term 1: Already voted for candidate 6938e9151a6f4731a3a24e182252aa5a in this term.
W20260709 13:07:49.028416 23062 leader_election.cc:343] T 1e1b8783b4e344d9ad8823e06b50d5ae P 7b559cf4ca7e4c5f88778e1521f61b09 [CANDIDATE]: Term 1 pre-election: Tablet error from VoteRequest() call to peer 6938e9151a6f4731a3a24e182252aa5a (127.22.89.129:46727): Illegal state: must be running to vote when last-logged opid is not known
I20260709 13:07:49.029371 23215 tablet_bootstrap.cc:654] T 9eea386d19804ce1bd3ebf2cd7cc4f45 P 6938e9151a6f4731a3a24e182252aa5a: Neither blocks nor log segments found. Creating new log.
W20260709 13:07:49.029661 23060 leader_election.cc:343] T 1e1b8783b4e344d9ad8823e06b50d5ae P 7b559cf4ca7e4c5f88778e1521f61b09 [CANDIDATE]: Term 1 pre-election: Tablet error from VoteRequest() call to peer 1501d2555dab44879c9e6618cd361017 (127.22.89.131:39215): Illegal state: must be running to vote when last-logged opid is not known
I20260709 13:07:49.038347 23060 leader_election.cc:304] T 1e1b8783b4e344d9ad8823e06b50d5ae P 7b559cf4ca7e4c5f88778e1521f61b09 [CANDIDATE]: Term 1 pre-election: Election decided. Result: candidate lost. Election summary: received 3 responses out of 3 voters: 1 yes votes; 2 no votes. yes voters: 7b559cf4ca7e4c5f88778e1521f61b09; no voters: 1501d2555dab44879c9e6618cd361017, 6938e9151a6f4731a3a24e182252aa5a
I20260709 13:07:49.030728 23168 tablet_service.cc:1917] Received RequestConsensusVote() RPC: tablet_id: "8edbe567075f4ab2ae2a7e7b2da69391" candidate_uuid: "7b559cf4ca7e4c5f88778e1521f61b09" candidate_term: 1 candidate_status { last_received { term: 0 index: 0 } } ignore_live_leader: false dest_uuid: "1501d2555dab44879c9e6618cd361017"
I20260709 13:07:49.039893 23254 raft_consensus.cc:2749] T 1e1b8783b4e344d9ad8823e06b50d5ae P 7b559cf4ca7e4c5f88778e1521f61b09 [term 0 FOLLOWER]: Leader pre-election lost for term 1. Reason: could not achieve majority
I20260709 13:07:49.032780 23169 raft_consensus.cc:2468] T d6c2536eae7e415ebe29835450f43410 P 1501d2555dab44879c9e6618cd361017 [term 1 FOLLOWER]: Leader election vote request: Granting yes vote for candidate 7b559cf4ca7e4c5f88778e1521f61b09 in term 1.
W20260709 13:07:49.040320 23060 leader_election.cc:343] T 8edbe567075f4ab2ae2a7e7b2da69391 P 7b559cf4ca7e4c5f88778e1521f61b09 [CANDIDATE]: Term 1 election: Tablet error from VoteRequest() call to peer 1501d2555dab44879c9e6618cd361017 (127.22.89.131:39215): Illegal state: must be running to vote when last-logged opid is not known
I20260709 13:07:49.033417 23021 tablet_service.cc:1917] Received RequestConsensusVote() RPC: tablet_id: "d6c2536eae7e415ebe29835450f43410" candidate_uuid: "7b559cf4ca7e4c5f88778e1521f61b09" candidate_term: 1 candidate_status { last_received { term: 0 index: 0 } } ignore_live_leader: false dest_uuid: "6938e9151a6f4731a3a24e182252aa5a"
I20260709 13:07:49.040783 23060 leader_election.cc:304] T 8edbe567075f4ab2ae2a7e7b2da69391 P 7b559cf4ca7e4c5f88778e1521f61b09 [CANDIDATE]: Term 1 election: Election decided. Result: candidate lost. Election summary: received 3 responses out of 3 voters: 1 yes votes; 2 no votes. yes voters: 7b559cf4ca7e4c5f88778e1521f61b09; no voters: 1501d2555dab44879c9e6618cd361017, 6938e9151a6f4731a3a24e182252aa5a
I20260709 13:07:49.042105 23254 raft_consensus.cc:2749] T 8edbe567075f4ab2ae2a7e7b2da69391 P 7b559cf4ca7e4c5f88778e1521f61b09 [term 1 FOLLOWER]: Leader election lost for term 1. Reason: could not achieve majority
I20260709 13:07:49.041010 23021 raft_consensus.cc:3060] T d6c2536eae7e415ebe29835450f43410 P 6938e9151a6f4731a3a24e182252aa5a [term 0 FOLLOWER]: Advancing to term 1
I20260709 13:07:49.035203 23213 tablet_bootstrap.cc:492] T 1e1b8783b4e344d9ad8823e06b50d5ae P 1501d2555dab44879c9e6618cd361017: No bootstrap required, opened a new log
I20260709 13:07:49.043116 23213 ts_tablet_manager.cc:1403] T 1e1b8783b4e344d9ad8823e06b50d5ae P 1501d2555dab44879c9e6618cd361017: Time spent bootstrapping tablet: real 0.078s	user 0.010s	sys 0.006s
I20260709 13:07:49.045683 23213 raft_consensus.cc:359] T 1e1b8783b4e344d9ad8823e06b50d5ae P 1501d2555dab44879c9e6618cd361017 [term 0 FOLLOWER]: Replica starting. Triggering 0 pending ops. Active config: opid_index: -1 OBSOLETE_local: false peers { permanent_uuid: "6938e9151a6f4731a3a24e182252aa5a" member_type: VOTER last_known_addr { host: "127.22.89.129" port: 46727 } } peers { permanent_uuid: "7b559cf4ca7e4c5f88778e1521f61b09" member_type: VOTER last_known_addr { host: "127.22.89.130" port: 35043 } } peers { permanent_uuid: "1501d2555dab44879c9e6618cd361017" member_type: VOTER last_known_addr { host: "127.22.89.131" port: 39215 } }
I20260709 13:07:49.046396 23213 raft_consensus.cc:385] T 1e1b8783b4e344d9ad8823e06b50d5ae P 1501d2555dab44879c9e6618cd361017 [term 0 FOLLOWER]: Consensus starting up: Expiring failure detector timer to make a prompt election more likely
I20260709 13:07:49.046658 23213 raft_consensus.cc:740] T 1e1b8783b4e344d9ad8823e06b50d5ae P 1501d2555dab44879c9e6618cd361017 [term 0 FOLLOWER]: Becoming Follower/Learner. State: Replica: 1501d2555dab44879c9e6618cd361017, State: Initialized, Role: FOLLOWER
I20260709 13:07:49.047384 23213 consensus_queue.cc:260] T 1e1b8783b4e344d9ad8823e06b50d5ae P 1501d2555dab44879c9e6618cd361017 [NON_LEADER]: Queue going to NON_LEADER mode. State: All replicated index: 0, Majority replicated index: 0, Committed index: 0, Last appended: 0.0, Last appended by leader: 0, Current term: 0, Majority size: -1, State: 0, Mode: NON_LEADER, active raft config: opid_index: -1 OBSOLETE_local: false peers { permanent_uuid: "6938e9151a6f4731a3a24e182252aa5a" member_type: VOTER last_known_addr { host: "127.22.89.129" port: 46727 } } peers { permanent_uuid: "7b559cf4ca7e4c5f88778e1521f61b09" member_type: VOTER last_known_addr { host: "127.22.89.130" port: 35043 } } peers { permanent_uuid: "1501d2555dab44879c9e6618cd361017" member_type: VOTER last_known_addr { host: "127.22.89.131" port: 39215 } }
I20260709 13:07:49.048712 23214 tablet_bootstrap.cc:492] T 9eea386d19804ce1bd3ebf2cd7cc4f45 P 7b559cf4ca7e4c5f88778e1521f61b09: No bootstrap required, opened a new log
I20260709 13:07:49.049135 23214 ts_tablet_manager.cc:1403] T 9eea386d19804ce1bd3ebf2cd7cc4f45 P 7b559cf4ca7e4c5f88778e1521f61b09: Time spent bootstrapping tablet: real 0.065s	user 0.013s	sys 0.002s
I20260709 13:07:49.049669 23213 ts_tablet_manager.cc:1434] T 1e1b8783b4e344d9ad8823e06b50d5ae P 1501d2555dab44879c9e6618cd361017: Time spent starting tablet: real 0.006s	user 0.006s	sys 0.000s
I20260709 13:07:49.050143 23060 leader_election.cc:304] T d6c2536eae7e415ebe29835450f43410 P 7b559cf4ca7e4c5f88778e1521f61b09 [CANDIDATE]: Term 1 election: Election decided. Result: candidate won. Election summary: received 2 responses out of 3 voters: 2 yes votes; 0 no votes. yes voters: 1501d2555dab44879c9e6618cd361017, 7b559cf4ca7e4c5f88778e1521f61b09; no voters: 
I20260709 13:07:49.050515 23213 tablet_bootstrap.cc:492] T 8edbe567075f4ab2ae2a7e7b2da69391 P 1501d2555dab44879c9e6618cd361017: Bootstrap starting.
I20260709 13:07:49.050931 23254 raft_consensus.cc:2804] T d6c2536eae7e415ebe29835450f43410 P 7b559cf4ca7e4c5f88778e1521f61b09 [term 1 FOLLOWER]: Leader election won for term 1
I20260709 13:07:49.051381 23254 raft_consensus.cc:697] T d6c2536eae7e415ebe29835450f43410 P 7b559cf4ca7e4c5f88778e1521f61b09 [term 1 LEADER]: Becoming Leader. State: Replica: 7b559cf4ca7e4c5f88778e1521f61b09, State: Running, Role: LEADER
I20260709 13:07:49.051764 23214 raft_consensus.cc:359] T 9eea386d19804ce1bd3ebf2cd7cc4f45 P 7b559cf4ca7e4c5f88778e1521f61b09 [term 0 FOLLOWER]: Replica starting. Triggering 0 pending ops. Active config: opid_index: -1 OBSOLETE_local: false peers { permanent_uuid: "6938e9151a6f4731a3a24e182252aa5a" member_type: VOTER last_known_addr { host: "127.22.89.129" port: 46727 } } peers { permanent_uuid: "7b559cf4ca7e4c5f88778e1521f61b09" member_type: VOTER last_known_addr { host: "127.22.89.130" port: 35043 } } peers { permanent_uuid: "1501d2555dab44879c9e6618cd361017" member_type: VOTER last_known_addr { host: "127.22.89.131" port: 39215 } }
I20260709 13:07:49.052394 23214 raft_consensus.cc:385] T 9eea386d19804ce1bd3ebf2cd7cc4f45 P 7b559cf4ca7e4c5f88778e1521f61b09 [term 0 FOLLOWER]: Consensus starting up: Expiring failure detector timer to make a prompt election more likely
I20260709 13:07:49.052148 23254 consensus_queue.cc:237] T d6c2536eae7e415ebe29835450f43410 P 7b559cf4ca7e4c5f88778e1521f61b09 [LEADER]: Queue going to LEADER mode. State: All replicated index: 0, Majority replicated index: 0, Committed index: 0, Last appended: 0.0, Last appended by leader: 0, Current term: 1, Majority size: 2, State: 0, Mode: LEADER, active raft config: opid_index: -1 OBSOLETE_local: false peers { permanent_uuid: "7b559cf4ca7e4c5f88778e1521f61b09" member_type: VOTER last_known_addr { host: "127.22.89.130" port: 35043 } } peers { permanent_uuid: "6938e9151a6f4731a3a24e182252aa5a" member_type: VOTER last_known_addr { host: "127.22.89.129" port: 46727 } } peers { permanent_uuid: "1501d2555dab44879c9e6618cd361017" member_type: VOTER last_known_addr { host: "127.22.89.131" port: 39215 } }
I20260709 13:07:49.052675 23214 raft_consensus.cc:740] T 9eea386d19804ce1bd3ebf2cd7cc4f45 P 7b559cf4ca7e4c5f88778e1521f61b09 [term 0 FOLLOWER]: Becoming Follower/Learner. State: Replica: 7b559cf4ca7e4c5f88778e1521f61b09, State: Initialized, Role: FOLLOWER
I20260709 13:07:49.053469 23214 consensus_queue.cc:260] T 9eea386d19804ce1bd3ebf2cd7cc4f45 P 7b559cf4ca7e4c5f88778e1521f61b09 [NON_LEADER]: Queue going to NON_LEADER mode. State: All replicated index: 0, Majority replicated index: 0, Committed index: 0, Last appended: 0.0, Last appended by leader: 0, Current term: 0, Majority size: -1, State: 0, Mode: NON_LEADER, active raft config: opid_index: -1 OBSOLETE_local: false peers { permanent_uuid: "6938e9151a6f4731a3a24e182252aa5a" member_type: VOTER last_known_addr { host: "127.22.89.129" port: 46727 } } peers { permanent_uuid: "7b559cf4ca7e4c5f88778e1521f61b09" member_type: VOTER last_known_addr { host: "127.22.89.130" port: 35043 } } peers { permanent_uuid: "1501d2555dab44879c9e6618cd361017" member_type: VOTER last_known_addr { host: "127.22.89.131" port: 39215 } }
I20260709 13:07:49.055390 23214 ts_tablet_manager.cc:1434] T 9eea386d19804ce1bd3ebf2cd7cc4f45 P 7b559cf4ca7e4c5f88778e1521f61b09: Time spent starting tablet: real 0.006s	user 0.006s	sys 0.000s
I20260709 13:07:49.056248 23214 tablet_bootstrap.cc:492] T 3b4f81c6f8ea4a4fabb89ffcc488bbfe P 7b559cf4ca7e4c5f88778e1521f61b09: Bootstrap starting.
I20260709 13:07:49.056955 23215 tablet_bootstrap.cc:492] T 9eea386d19804ce1bd3ebf2cd7cc4f45 P 6938e9151a6f4731a3a24e182252aa5a: No bootstrap required, opened a new log
I20260709 13:07:49.057331 23021 raft_consensus.cc:2468] T d6c2536eae7e415ebe29835450f43410 P 6938e9151a6f4731a3a24e182252aa5a [term 1 FOLLOWER]: Leader election vote request: Granting yes vote for candidate 7b559cf4ca7e4c5f88778e1521f61b09 in term 1.
I20260709 13:07:49.062476 23215 ts_tablet_manager.cc:1403] T 9eea386d19804ce1bd3ebf2cd7cc4f45 P 6938e9151a6f4731a3a24e182252aa5a: Time spent bootstrapping tablet: real 0.070s	user 0.007s	sys 0.008s
I20260709 13:07:49.063593 23213 tablet_bootstrap.cc:654] T 8edbe567075f4ab2ae2a7e7b2da69391 P 1501d2555dab44879c9e6618cd361017: Neither blocks nor log segments found. Creating new log.
I20260709 13:07:49.065469 23215 raft_consensus.cc:359] T 9eea386d19804ce1bd3ebf2cd7cc4f45 P 6938e9151a6f4731a3a24e182252aa5a [term 0 FOLLOWER]: Replica starting. Triggering 0 pending ops. Active config: opid_index: -1 OBSOLETE_local: false peers { permanent_uuid: "6938e9151a6f4731a3a24e182252aa5a" member_type: VOTER last_known_addr { host: "127.22.89.129" port: 46727 } } peers { permanent_uuid: "7b559cf4ca7e4c5f88778e1521f61b09" member_type: VOTER last_known_addr { host: "127.22.89.130" port: 35043 } } peers { permanent_uuid: "1501d2555dab44879c9e6618cd361017" member_type: VOTER last_known_addr { host: "127.22.89.131" port: 39215 } }
I20260709 13:07:49.066340 23215 raft_consensus.cc:385] T 9eea386d19804ce1bd3ebf2cd7cc4f45 P 6938e9151a6f4731a3a24e182252aa5a [term 0 FOLLOWER]: Consensus starting up: Expiring failure detector timer to make a prompt election more likely
I20260709 13:07:49.067855 23214 tablet_bootstrap.cc:654] T 3b4f81c6f8ea4a4fabb89ffcc488bbfe P 7b559cf4ca7e4c5f88778e1521f61b09: Neither blocks nor log segments found. Creating new log.
I20260709 13:07:49.070817 23215 raft_consensus.cc:740] T 9eea386d19804ce1bd3ebf2cd7cc4f45 P 6938e9151a6f4731a3a24e182252aa5a [term 0 FOLLOWER]: Becoming Follower/Learner. State: Replica: 6938e9151a6f4731a3a24e182252aa5a, State: Initialized, Role: FOLLOWER
I20260709 13:07:49.072036 23215 consensus_queue.cc:260] T 9eea386d19804ce1bd3ebf2cd7cc4f45 P 6938e9151a6f4731a3a24e182252aa5a [NON_LEADER]: Queue going to NON_LEADER mode. State: All replicated index: 0, Majority replicated index: 0, Committed index: 0, Last appended: 0.0, Last appended by leader: 0, Current term: 0, Majority size: -1, State: 0, Mode: NON_LEADER, active raft config: opid_index: -1 OBSOLETE_local: false peers { permanent_uuid: "6938e9151a6f4731a3a24e182252aa5a" member_type: VOTER last_known_addr { host: "127.22.89.129" port: 46727 } } peers { permanent_uuid: "7b559cf4ca7e4c5f88778e1521f61b09" member_type: VOTER last_known_addr { host: "127.22.89.130" port: 35043 } } peers { permanent_uuid: "1501d2555dab44879c9e6618cd361017" member_type: VOTER last_known_addr { host: "127.22.89.131" port: 39215 } }
I20260709 13:07:49.079875 23214 tablet_bootstrap.cc:492] T 3b4f81c6f8ea4a4fabb89ffcc488bbfe P 7b559cf4ca7e4c5f88778e1521f61b09: No bootstrap required, opened a new log
I20260709 13:07:49.080014 23215 ts_tablet_manager.cc:1434] T 9eea386d19804ce1bd3ebf2cd7cc4f45 P 6938e9151a6f4731a3a24e182252aa5a: Time spent starting tablet: real 0.017s	user 0.006s	sys 0.000s
I20260709 13:07:49.080322 23214 ts_tablet_manager.cc:1403] T 3b4f81c6f8ea4a4fabb89ffcc488bbfe P 7b559cf4ca7e4c5f88778e1521f61b09: Time spent bootstrapping tablet: real 0.024s	user 0.012s	sys 0.000s
I20260709 13:07:49.081507 23215 tablet_bootstrap.cc:492] T 0e17c91b0d8949028c915f429d796b51 P 6938e9151a6f4731a3a24e182252aa5a: Bootstrap starting.
I20260709 13:07:49.085954 22918 catalog_manager.cc:5697] T 3b4f81c6f8ea4a4fabb89ffcc488bbfe P 1501d2555dab44879c9e6618cd361017 reported cstate change: term changed from 0 to 1, leader changed from <none> to 1501d2555dab44879c9e6618cd361017 (127.22.89.131). New cstate: current_term: 1 leader_uuid: "1501d2555dab44879c9e6618cd361017" committed_config { opid_index: -1 OBSOLETE_local: false peers { permanent_uuid: "6938e9151a6f4731a3a24e182252aa5a" member_type: VOTER last_known_addr { host: "127.22.89.129" port: 46727 } health_report { overall_health: UNKNOWN } } peers { permanent_uuid: "7b559cf4ca7e4c5f88778e1521f61b09" member_type: VOTER last_known_addr { host: "127.22.89.130" port: 35043 } health_report { overall_health: UNKNOWN } } peers { permanent_uuid: "1501d2555dab44879c9e6618cd361017" member_type: VOTER last_known_addr { host: "127.22.89.131" port: 39215 } health_report { overall_health: HEALTHY } } }
I20260709 13:07:49.088932 22915 catalog_manager.cc:5697] T d6c2536eae7e415ebe29835450f43410 P 7b559cf4ca7e4c5f88778e1521f61b09 reported cstate change: term changed from 0 to 1, leader changed from <none> to 7b559cf4ca7e4c5f88778e1521f61b09 (127.22.89.130). New cstate: current_term: 1 leader_uuid: "7b559cf4ca7e4c5f88778e1521f61b09" committed_config { opid_index: -1 OBSOLETE_local: false peers { permanent_uuid: "7b559cf4ca7e4c5f88778e1521f61b09" member_type: VOTER last_known_addr { host: "127.22.89.130" port: 35043 } health_report { overall_health: HEALTHY } } peers { permanent_uuid: "6938e9151a6f4731a3a24e182252aa5a" member_type: VOTER last_known_addr { host: "127.22.89.129" port: 46727 } health_report { overall_health: UNKNOWN } } peers { permanent_uuid: "1501d2555dab44879c9e6618cd361017" member_type: VOTER last_known_addr { host: "127.22.89.131" port: 39215 } health_report { overall_health: UNKNOWN } } }
I20260709 13:07:49.090866 22915 catalog_manager.cc:5697] T 89ed6e9c0d6f48c1b7f239926debe8ac P 7b559cf4ca7e4c5f88778e1521f61b09 reported cstate change: term changed from 0 to 1, leader changed from <none> to 7b559cf4ca7e4c5f88778e1521f61b09 (127.22.89.130). New cstate: current_term: 1 leader_uuid: "7b559cf4ca7e4c5f88778e1521f61b09" committed_config { opid_index: -1 OBSOLETE_local: false peers { permanent_uuid: "6938e9151a6f4731a3a24e182252aa5a" member_type: VOTER last_known_addr { host: "127.22.89.129" port: 46727 } health_report { overall_health: UNKNOWN } } peers { permanent_uuid: "7b559cf4ca7e4c5f88778e1521f61b09" member_type: VOTER last_known_addr { host: "127.22.89.130" port: 35043 } health_report { overall_health: HEALTHY } } peers { permanent_uuid: "1501d2555dab44879c9e6618cd361017" member_type: VOTER last_known_addr { host: "127.22.89.131" port: 39215 } health_report { overall_health: UNKNOWN } } }
I20260709 13:07:49.082962 23214 raft_consensus.cc:359] T 3b4f81c6f8ea4a4fabb89ffcc488bbfe P 7b559cf4ca7e4c5f88778e1521f61b09 [term 0 FOLLOWER]: Replica starting. Triggering 0 pending ops. Active config: opid_index: -1 OBSOLETE_local: false peers { permanent_uuid: "6938e9151a6f4731a3a24e182252aa5a" member_type: VOTER last_known_addr { host: "127.22.89.129" port: 46727 } } peers { permanent_uuid: "7b559cf4ca7e4c5f88778e1521f61b09" member_type: VOTER last_known_addr { host: "127.22.89.130" port: 35043 } } peers { permanent_uuid: "1501d2555dab44879c9e6618cd361017" member_type: VOTER last_known_addr { host: "127.22.89.131" port: 39215 } }
I20260709 13:07:49.094293 23214 raft_consensus.cc:385] T 3b4f81c6f8ea4a4fabb89ffcc488bbfe P 7b559cf4ca7e4c5f88778e1521f61b09 [term 0 FOLLOWER]: Consensus starting up: Expiring failure detector timer to make a prompt election more likely
I20260709 13:07:49.094677 23214 raft_consensus.cc:740] T 3b4f81c6f8ea4a4fabb89ffcc488bbfe P 7b559cf4ca7e4c5f88778e1521f61b09 [term 0 FOLLOWER]: Becoming Follower/Learner. State: Replica: 7b559cf4ca7e4c5f88778e1521f61b09, State: Initialized, Role: FOLLOWER
I20260709 13:07:49.097558 23214 consensus_queue.cc:260] T 3b4f81c6f8ea4a4fabb89ffcc488bbfe P 7b559cf4ca7e4c5f88778e1521f61b09 [NON_LEADER]: Queue going to NON_LEADER mode. State: All replicated index: 0, Majority replicated index: 0, Committed index: 0, Last appended: 0.0, Last appended by leader: 0, Current term: 0, Majority size: -1, State: 0, Mode: NON_LEADER, active raft config: opid_index: -1 OBSOLETE_local: false peers { permanent_uuid: "6938e9151a6f4731a3a24e182252aa5a" member_type: VOTER last_known_addr { host: "127.22.89.129" port: 46727 } } peers { permanent_uuid: "7b559cf4ca7e4c5f88778e1521f61b09" member_type: VOTER last_known_addr { host: "127.22.89.130" port: 35043 } } peers { permanent_uuid: "1501d2555dab44879c9e6618cd361017" member_type: VOTER last_known_addr { host: "127.22.89.131" port: 39215 } }
I20260709 13:07:49.098567 23213 tablet_bootstrap.cc:492] T 8edbe567075f4ab2ae2a7e7b2da69391 P 1501d2555dab44879c9e6618cd361017: No bootstrap required, opened a new log
I20260709 13:07:49.098977 23213 ts_tablet_manager.cc:1403] T 8edbe567075f4ab2ae2a7e7b2da69391 P 1501d2555dab44879c9e6618cd361017: Time spent bootstrapping tablet: real 0.049s	user 0.027s	sys 0.011s
I20260709 13:07:49.099138 23214 ts_tablet_manager.cc:1434] T 3b4f81c6f8ea4a4fabb89ffcc488bbfe P 7b559cf4ca7e4c5f88778e1521f61b09: Time spent starting tablet: real 0.019s	user 0.007s	sys 0.000s
I20260709 13:07:49.101722 23213 raft_consensus.cc:359] T 8edbe567075f4ab2ae2a7e7b2da69391 P 1501d2555dab44879c9e6618cd361017 [term 0 FOLLOWER]: Replica starting. Triggering 0 pending ops. Active config: opid_index: -1 OBSOLETE_local: false peers { permanent_uuid: "6938e9151a6f4731a3a24e182252aa5a" member_type: VOTER last_known_addr { host: "127.22.89.129" port: 46727 } } peers { permanent_uuid: "7b559cf4ca7e4c5f88778e1521f61b09" member_type: VOTER last_known_addr { host: "127.22.89.130" port: 35043 } } peers { permanent_uuid: "1501d2555dab44879c9e6618cd361017" member_type: VOTER last_known_addr { host: "127.22.89.131" port: 39215 } }
I20260709 13:07:49.102385 23213 raft_consensus.cc:385] T 8edbe567075f4ab2ae2a7e7b2da69391 P 1501d2555dab44879c9e6618cd361017 [term 0 FOLLOWER]: Consensus starting up: Expiring failure detector timer to make a prompt election more likely
I20260709 13:07:49.102627 23213 raft_consensus.cc:740] T 8edbe567075f4ab2ae2a7e7b2da69391 P 1501d2555dab44879c9e6618cd361017 [term 0 FOLLOWER]: Becoming Follower/Learner. State: Replica: 1501d2555dab44879c9e6618cd361017, State: Initialized, Role: FOLLOWER
I20260709 13:07:49.103246 23213 consensus_queue.cc:260] T 8edbe567075f4ab2ae2a7e7b2da69391 P 1501d2555dab44879c9e6618cd361017 [NON_LEADER]: Queue going to NON_LEADER mode. State: All replicated index: 0, Majority replicated index: 0, Committed index: 0, Last appended: 0.0, Last appended by leader: 0, Current term: 0, Majority size: -1, State: 0, Mode: NON_LEADER, active raft config: opid_index: -1 OBSOLETE_local: false peers { permanent_uuid: "6938e9151a6f4731a3a24e182252aa5a" member_type: VOTER last_known_addr { host: "127.22.89.129" port: 46727 } } peers { permanent_uuid: "7b559cf4ca7e4c5f88778e1521f61b09" member_type: VOTER last_known_addr { host: "127.22.89.130" port: 35043 } } peers { permanent_uuid: "1501d2555dab44879c9e6618cd361017" member_type: VOTER last_known_addr { host: "127.22.89.131" port: 39215 } }
I20260709 13:07:49.103906 23215 tablet_bootstrap.cc:654] T 0e17c91b0d8949028c915f429d796b51 P 6938e9151a6f4731a3a24e182252aa5a: Neither blocks nor log segments found. Creating new log.
I20260709 13:07:49.105351 23213 ts_tablet_manager.cc:1434] T 8edbe567075f4ab2ae2a7e7b2da69391 P 1501d2555dab44879c9e6618cd361017: Time spent starting tablet: real 0.006s	user 0.006s	sys 0.000s
I20260709 13:07:49.109992 23215 tablet_bootstrap.cc:492] T 0e17c91b0d8949028c915f429d796b51 P 6938e9151a6f4731a3a24e182252aa5a: No bootstrap required, opened a new log
I20260709 13:07:49.110405 23215 ts_tablet_manager.cc:1403] T 0e17c91b0d8949028c915f429d796b51 P 6938e9151a6f4731a3a24e182252aa5a: Time spent bootstrapping tablet: real 0.029s	user 0.006s	sys 0.007s
I20260709 13:07:49.113965 23215 raft_consensus.cc:359] T 0e17c91b0d8949028c915f429d796b51 P 6938e9151a6f4731a3a24e182252aa5a [term 0 FOLLOWER]: Replica starting. Triggering 0 pending ops. Active config: opid_index: -1 OBSOLETE_local: false peers { permanent_uuid: "6938e9151a6f4731a3a24e182252aa5a" member_type: VOTER last_known_addr { host: "127.22.89.129" port: 46727 } } peers { permanent_uuid: "7b559cf4ca7e4c5f88778e1521f61b09" member_type: VOTER last_known_addr { host: "127.22.89.130" port: 35043 } } peers { permanent_uuid: "1501d2555dab44879c9e6618cd361017" member_type: VOTER last_known_addr { host: "127.22.89.131" port: 39215 } }
I20260709 13:07:49.114589 23215 raft_consensus.cc:385] T 0e17c91b0d8949028c915f429d796b51 P 6938e9151a6f4731a3a24e182252aa5a [term 0 FOLLOWER]: Consensus starting up: Expiring failure detector timer to make a prompt election more likely
I20260709 13:07:49.114840 23215 raft_consensus.cc:740] T 0e17c91b0d8949028c915f429d796b51 P 6938e9151a6f4731a3a24e182252aa5a [term 0 FOLLOWER]: Becoming Follower/Learner. State: Replica: 6938e9151a6f4731a3a24e182252aa5a, State: Initialized, Role: FOLLOWER
I20260709 13:07:49.115460 23215 consensus_queue.cc:260] T 0e17c91b0d8949028c915f429d796b51 P 6938e9151a6f4731a3a24e182252aa5a [NON_LEADER]: Queue going to NON_LEADER mode. State: All replicated index: 0, Majority replicated index: 0, Committed index: 0, Last appended: 0.0, Last appended by leader: 0, Current term: 0, Majority size: -1, State: 0, Mode: NON_LEADER, active raft config: opid_index: -1 OBSOLETE_local: false peers { permanent_uuid: "6938e9151a6f4731a3a24e182252aa5a" member_type: VOTER last_known_addr { host: "127.22.89.129" port: 46727 } } peers { permanent_uuid: "7b559cf4ca7e4c5f88778e1521f61b09" member_type: VOTER last_known_addr { host: "127.22.89.130" port: 35043 } } peers { permanent_uuid: "1501d2555dab44879c9e6618cd361017" member_type: VOTER last_known_addr { host: "127.22.89.131" port: 39215 } }
I20260709 13:07:49.117726 23215 ts_tablet_manager.cc:1434] T 0e17c91b0d8949028c915f429d796b51 P 6938e9151a6f4731a3a24e182252aa5a: Time spent starting tablet: real 0.007s	user 0.004s	sys 0.004s
