I20260709 13:08:00.028656 28835 consensus_queue.cc:260] T 903f49c3b8344615b2ea8833cb99ea44 P e571b21c604c46bc9aded3c631803c69 [NON_LEADER]: Queue going to NON_LEADER mode. State: All replicated index: 0, Majority replicated index: 0, Committed index: 0, Last appended: 0.0, Last appended by leader: 0, Current term: 0, Majority size: -1, State: 0, Mode: NON_LEADER, active raft config: opid_index: -1 OBSOLETE_local: false peers { permanent_uuid: "3914f2023e574433967bbe186d6be98e" member_type: VOTER last_known_addr { host: "127.26.227.1" port: 33773 } } peers { permanent_uuid: "3b2614849ed54a72a4a78b4859f9bc81" member_type: VOTER last_known_addr { host: "127.26.227.2" port: 45179 } } peers { permanent_uuid: "e571b21c604c46bc9aded3c631803c69" member_type: VOTER last_known_addr { host: "127.26.227.3" port: 44959 } }
I20260709 13:08:00.024251 28865 raft_consensus.cc:515] T d4fa81877a124746875254c7d3994a4d P 3914f2023e574433967bbe186d6be98e [term 1 FOLLOWER]: Starting leader election with config: opid_index: -1 OBSOLETE_local: false peers { permanent_uuid: "3914f2023e574433967bbe186d6be98e" member_type: VOTER last_known_addr { host: "127.26.227.1" port: 33773 } } peers { permanent_uuid: "3b2614849ed54a72a4a78b4859f9bc81" member_type: VOTER last_known_addr { host: "127.26.227.2" port: 45179 } } peers { permanent_uuid: "e571b21c604c46bc9aded3c631803c69" member_type: VOTER last_known_addr { host: "127.26.227.3" port: 44959 } }
I20260709 13:08:00.037729 28835 ts_tablet_manager.cc:1434] T 903f49c3b8344615b2ea8833cb99ea44 P e571b21c604c46bc9aded3c631803c69: Time spent starting tablet: real 0.058s	user 0.008s	sys 0.000s
I20260709 13:08:00.043469 28835 tablet_bootstrap.cc:492] T 5afa34ce0e034496a6ca14ef7febbc7d P e571b21c604c46bc9aded3c631803c69: Bootstrap starting.
I20260709 13:08:00.033351 28840 raft_consensus.cc:493] T 77fd3164b1de4d7aa4b02cfeab970968 P e571b21c604c46bc9aded3c631803c69 [term 0 FOLLOWER]: Starting leader election (no leader contacted us within the election timeout)
I20260709 13:08:00.048142 28840 raft_consensus.cc:3060] T 77fd3164b1de4d7aa4b02cfeab970968 P e571b21c604c46bc9aded3c631803c69 [term 0 FOLLOWER]: Advancing to term 1
I20260709 13:08:00.054237 28865 leader_election.cc:290] T d4fa81877a124746875254c7d3994a4d P 3914f2023e574433967bbe186d6be98e [CANDIDATE]: Term 1 election: Requested vote from peers 3b2614849ed54a72a4a78b4859f9bc81 (127.26.227.2:45179), e571b21c604c46bc9aded3c631803c69 (127.26.227.3:44959)
I20260709 13:08:00.057337 28854 raft_consensus.cc:515] T c0a7764e0e284b37b06e659d9d4354e8 P e571b21c604c46bc9aded3c631803c69 [term 1 FOLLOWER]: Starting leader election with config: opid_index: -1 OBSOLETE_local: false peers { permanent_uuid: "3914f2023e574433967bbe186d6be98e" member_type: VOTER last_known_addr { host: "127.26.227.1" port: 33773 } } peers { permanent_uuid: "3b2614849ed54a72a4a78b4859f9bc81" member_type: VOTER last_known_addr { host: "127.26.227.2" port: 45179 } } peers { permanent_uuid: "e571b21c604c46bc9aded3c631803c69" member_type: VOTER last_known_addr { host: "127.26.227.3" port: 44959 } }
I20260709 13:08:00.060792 28854 leader_election.cc:290] T c0a7764e0e284b37b06e659d9d4354e8 P e571b21c604c46bc9aded3c631803c69 [CANDIDATE]: Term 1 election: Requested vote from peers 3914f2023e574433967bbe186d6be98e (127.26.227.1:33773), 3b2614849ed54a72a4a78b4859f9bc81 (127.26.227.2:45179)
I20260709 13:08:00.069504 28644 tablet_service.cc:1917] Received RequestConsensusVote() RPC: tablet_id: "c0a7764e0e284b37b06e659d9d4354e8" candidate_uuid: "e571b21c604c46bc9aded3c631803c69" candidate_term: 1 candidate_status { last_received { term: 0 index: 0 } } ignore_live_leader: false dest_uuid: "3914f2023e574433967bbe186d6be98e"
I20260709 13:08:00.069648 28718 tablet_service.cc:1917] Received RequestConsensusVote() RPC: tablet_id: "d4fa81877a124746875254c7d3994a4d" candidate_uuid: "3914f2023e574433967bbe186d6be98e" candidate_term: 1 candidate_status { last_received { term: 0 index: 0 } } ignore_live_leader: false dest_uuid: "3b2614849ed54a72a4a78b4859f9bc81"
I20260709 13:08:00.070350 28644 raft_consensus.cc:3060] T c0a7764e0e284b37b06e659d9d4354e8 P 3914f2023e574433967bbe186d6be98e [term 0 FOLLOWER]: Advancing to term 1
W20260709 13:08:00.072223 28608 leader_election.cc:343] T d4fa81877a124746875254c7d3994a4d P 3914f2023e574433967bbe186d6be98e [CANDIDATE]: Term 1 election: Tablet error from VoteRequest() call to peer 3b2614849ed54a72a4a78b4859f9bc81 (127.26.227.2:45179): Illegal state: must be running to vote when last-logged opid is not known
I20260709 13:08:00.086440 28792 tablet_service.cc:1917] Received RequestConsensusVote() RPC: tablet_id: "d4fa81877a124746875254c7d3994a4d" candidate_uuid: "3914f2023e574433967bbe186d6be98e" candidate_term: 1 candidate_status { last_received { term: 0 index: 0 } } ignore_live_leader: false dest_uuid: "e571b21c604c46bc9aded3c631803c69"
I20260709 13:08:00.086779 28719 tablet_service.cc:1917] Received RequestConsensusVote() RPC: tablet_id: "c0a7764e0e284b37b06e659d9d4354e8" candidate_uuid: "e571b21c604c46bc9aded3c631803c69" candidate_term: 1 candidate_status { last_received { term: 0 index: 0 } } ignore_live_leader: false dest_uuid: "3b2614849ed54a72a4a78b4859f9bc81"
I20260709 13:08:00.087149 28792 raft_consensus.cc:3060] T d4fa81877a124746875254c7d3994a4d P e571b21c604c46bc9aded3c631803c69 [term 0 FOLLOWER]: Advancing to term 1
I20260709 13:08:00.087337 28719 raft_consensus.cc:3060] T c0a7764e0e284b37b06e659d9d4354e8 P 3b2614849ed54a72a4a78b4859f9bc81 [term 0 FOLLOWER]: Advancing to term 1
I20260709 13:08:00.092486 28718 tablet_service.cc:1917] Received RequestConsensusVote() RPC: tablet_id: "c0a7764e0e284b37b06e659d9d4354e8" candidate_uuid: "e571b21c604c46bc9aded3c631803c69" candidate_term: 1 candidate_status { last_received { term: 0 index: 0 } } ignore_live_leader: false dest_uuid: "3b2614849ed54a72a4a78b4859f9bc81" is_pre_election: true
I20260709 13:08:00.092897 28854 raft_consensus.cc:493] T 903f49c3b8344615b2ea8833cb99ea44 P e571b21c604c46bc9aded3c631803c69 [term 0 FOLLOWER]: Starting pre-election (no leader contacted us within the election timeout)
I20260709 13:08:00.094324 28792 raft_consensus.cc:2468] T d4fa81877a124746875254c7d3994a4d P e571b21c604c46bc9aded3c631803c69 [term 1 FOLLOWER]: Leader election vote request: Granting yes vote for candidate 3914f2023e574433967bbe186d6be98e in term 1.
I20260709 13:08:00.095172 28854 raft_consensus.cc:515] T 903f49c3b8344615b2ea8833cb99ea44 P e571b21c604c46bc9aded3c631803c69 [term 0 FOLLOWER]: Starting pre-election with config: opid_index: -1 OBSOLETE_local: false peers { permanent_uuid: "3914f2023e574433967bbe186d6be98e" member_type: VOTER last_known_addr { host: "127.26.227.1" port: 33773 } } peers { permanent_uuid: "3b2614849ed54a72a4a78b4859f9bc81" member_type: VOTER last_known_addr { host: "127.26.227.2" port: 45179 } } peers { permanent_uuid: "e571b21c604c46bc9aded3c631803c69" member_type: VOTER last_known_addr { host: "127.26.227.3" port: 44959 } }
I20260709 13:08:00.096530 28608 leader_election.cc:304] T d4fa81877a124746875254c7d3994a4d P 3914f2023e574433967bbe186d6be98e [CANDIDATE]: Term 1 election: Election decided. Result: candidate won. Election summary: received 3 responses out of 3 voters: 2 yes votes; 1 no votes. yes voters: 3914f2023e574433967bbe186d6be98e, e571b21c604c46bc9aded3c631803c69; no voters: 3b2614849ed54a72a4a78b4859f9bc81
I20260709 13:08:00.097347 28865 raft_consensus.cc:2804] T d4fa81877a124746875254c7d3994a4d P 3914f2023e574433967bbe186d6be98e [term 1 FOLLOWER]: Leader election won for term 1
I20260709 13:08:00.097458 28854 leader_election.cc:290] T 903f49c3b8344615b2ea8833cb99ea44 P e571b21c604c46bc9aded3c631803c69 [CANDIDATE]: Term 1 pre-election: Requested pre-vote from peers 3914f2023e574433967bbe186d6be98e (127.26.227.1:33773), 3b2614849ed54a72a4a78b4859f9bc81 (127.26.227.2:45179)
I20260709 13:08:00.097959 28865 raft_consensus.cc:697] T d4fa81877a124746875254c7d3994a4d P 3914f2023e574433967bbe186d6be98e [term 1 LEADER]: Becoming Leader. State: Replica: 3914f2023e574433967bbe186d6be98e, State: Running, Role: LEADER
I20260709 13:08:00.099344 28644 raft_consensus.cc:2468] T c0a7764e0e284b37b06e659d9d4354e8 P 3914f2023e574433967bbe186d6be98e [term 1 FOLLOWER]: Leader election vote request: Granting yes vote for candidate e571b21c604c46bc9aded3c631803c69 in term 1.
I20260709 13:08:00.098901 28865 consensus_queue.cc:237] T d4fa81877a124746875254c7d3994a4d P 3914f2023e574433967bbe186d6be98e [LEADER]: Queue going to LEADER mode. State: All replicated index: 0, Majority replicated index: 0, Committed index: 0, Last appended: 0.0, Last appended by leader: 0, Current term: 1, Majority size: 2, State: 0, Mode: LEADER, active raft config: opid_index: -1 OBSOLETE_local: false peers { permanent_uuid: "3914f2023e574433967bbe186d6be98e" member_type: VOTER last_known_addr { host: "127.26.227.1" port: 33773 } } peers { permanent_uuid: "3b2614849ed54a72a4a78b4859f9bc81" member_type: VOTER last_known_addr { host: "127.26.227.2" port: 45179 } } peers { permanent_uuid: "e571b21c604c46bc9aded3c631803c69" member_type: VOTER last_known_addr { host: "127.26.227.3" port: 44959 } }
I20260709 13:08:00.099593 28719 raft_consensus.cc:2468] T c0a7764e0e284b37b06e659d9d4354e8 P 3b2614849ed54a72a4a78b4859f9bc81 [term 1 FOLLOWER]: Leader election vote request: Granting yes vote for candidate e571b21c604c46bc9aded3c631803c69 in term 1.
I20260709 13:08:00.102501 28643 tablet_service.cc:1917] Received RequestConsensusVote() RPC: tablet_id: "903f49c3b8344615b2ea8833cb99ea44" candidate_uuid: "e571b21c604c46bc9aded3c631803c69" candidate_term: 1 candidate_status { last_received { term: 0 index: 0 } } ignore_live_leader: false dest_uuid: "3914f2023e574433967bbe186d6be98e" is_pre_election: true
I20260709 13:08:00.066238 28840 raft_consensus.cc:515] T 77fd3164b1de4d7aa4b02cfeab970968 P e571b21c604c46bc9aded3c631803c69 [term 1 FOLLOWER]: Starting leader election with config: opid_index: -1 OBSOLETE_local: false peers { permanent_uuid: "3914f2023e574433967bbe186d6be98e" member_type: VOTER last_known_addr { host: "127.26.227.1" port: 33773 } } peers { permanent_uuid: "3b2614849ed54a72a4a78b4859f9bc81" member_type: VOTER last_known_addr { host: "127.26.227.2" port: 45179 } } peers { permanent_uuid: "e571b21c604c46bc9aded3c631803c69" member_type: VOTER last_known_addr { host: "127.26.227.3" port: 44959 } }
I20260709 13:08:00.103449 28835 tablet_bootstrap.cc:654] T 5afa34ce0e034496a6ca14ef7febbc7d P e571b21c604c46bc9aded3c631803c69: Neither blocks nor log segments found. Creating new log.
I20260709 13:08:00.103796 28838 raft_consensus.cc:493] T 9e7da1c01b0c4ec5a2f372d7d6871231 P 3914f2023e574433967bbe186d6be98e [term 0 FOLLOWER]: Starting pre-election (no leader contacted us within the election timeout)
I20260709 13:08:00.108651 28838 raft_consensus.cc:515] T 9e7da1c01b0c4ec5a2f372d7d6871231 P 3914f2023e574433967bbe186d6be98e [term 0 FOLLOWER]: Starting pre-election with config: opid_index: -1 OBSOLETE_local: false peers { permanent_uuid: "3914f2023e574433967bbe186d6be98e" member_type: VOTER last_known_addr { host: "127.26.227.1" port: 33773 } } peers { permanent_uuid: "3b2614849ed54a72a4a78b4859f9bc81" member_type: VOTER last_known_addr { host: "127.26.227.2" port: 45179 } } peers { permanent_uuid: "e571b21c604c46bc9aded3c631803c69" member_type: VOTER last_known_addr { host: "127.26.227.3" port: 44959 } }
I20260709 13:08:00.110638 28838 leader_election.cc:290] T 9e7da1c01b0c4ec5a2f372d7d6871231 P 3914f2023e574433967bbe186d6be98e [CANDIDATE]: Term 1 pre-election: Requested pre-vote from peers 3b2614849ed54a72a4a78b4859f9bc81 (127.26.227.2:45179), e571b21c604c46bc9aded3c631803c69 (127.26.227.3:44959)
W20260709 13:08:00.104758 28759 leader_election.cc:343] T 903f49c3b8344615b2ea8833cb99ea44 P e571b21c604c46bc9aded3c631803c69 [CANDIDATE]: Term 1 pre-election: Tablet error from VoteRequest() call to peer 3914f2023e574433967bbe186d6be98e (127.26.227.1:33773): Illegal state: must be running to vote when last-logged opid is not known
I20260709 13:08:00.104799 28719 tablet_service.cc:1917] Received RequestConsensusVote() RPC: tablet_id: "903f49c3b8344615b2ea8833cb99ea44" candidate_uuid: "e571b21c604c46bc9aded3c631803c69" candidate_term: 1 candidate_status { last_received { term: 0 index: 0 } } ignore_live_leader: false dest_uuid: "3b2614849ed54a72a4a78b4859f9bc81" is_pre_election: true
I20260709 13:08:00.111840 28540 catalog_manager.cc:5697] T 15c451c470c043839ec7ca96bf499dad P 3914f2023e574433967bbe186d6be98e reported cstate change: term changed from 0 to 1, leader changed from <none> to 3914f2023e574433967bbe186d6be98e (127.26.227.1). New cstate: current_term: 1 leader_uuid: "3914f2023e574433967bbe186d6be98e" committed_config { opid_index: -1 OBSOLETE_local: false peers { permanent_uuid: "3914f2023e574433967bbe186d6be98e" member_type: VOTER last_known_addr { host: "127.26.227.1" port: 33773 } health_report { overall_health: HEALTHY } } peers { permanent_uuid: "3b2614849ed54a72a4a78b4859f9bc81" member_type: VOTER last_known_addr { host: "127.26.227.2" port: 45179 } health_report { overall_health: UNKNOWN } } peers { permanent_uuid: "e571b21c604c46bc9aded3c631803c69" member_type: VOTER last_known_addr { host: "127.26.227.3" port: 44959 } health_report { overall_health: UNKNOWN } } }
I20260709 13:08:00.104926 28757 leader_election.cc:304] T c0a7764e0e284b37b06e659d9d4354e8 P e571b21c604c46bc9aded3c631803c69 [CANDIDATE]: Term 1 election: Election decided. Result: candidate won. Election summary: received 2 responses out of 3 voters: 2 yes votes; 0 no votes. yes voters: 3b2614849ed54a72a4a78b4859f9bc81, e571b21c604c46bc9aded3c631803c69; no voters: 
W20260709 13:08:00.114235 28757 leader_election.cc:343] T 903f49c3b8344615b2ea8833cb99ea44 P e571b21c604c46bc9aded3c631803c69 [CANDIDATE]: Term 1 pre-election: Tablet error from VoteRequest() call to peer 3b2614849ed54a72a4a78b4859f9bc81 (127.26.227.2:45179): Illegal state: must be running to vote when last-logged opid is not known
I20260709 13:08:00.114802 28757 leader_election.cc:304] T 903f49c3b8344615b2ea8833cb99ea44 P e571b21c604c46bc9aded3c631803c69 [CANDIDATE]: Term 1 pre-election: Election decided. Result: candidate lost. Election summary: received 3 responses out of 3 voters: 1 yes votes; 2 no votes. yes voters: e571b21c604c46bc9aded3c631803c69; no voters: 3914f2023e574433967bbe186d6be98e, 3b2614849ed54a72a4a78b4859f9bc81
I20260709 13:08:00.104947 28854 consensus_queue.cc:1048] T 2be74082979e41f98955e259435ca9dd P e571b21c604c46bc9aded3c631803c69 [LEADER]: Connected to new peer: Peer: permanent_uuid: "3914f2023e574433967bbe186d6be98e" member_type: VOTER last_known_addr { host: "127.26.227.1" port: 33773 }, Status: LMP_MISMATCH, Last received: 0.0, Next index: 1, Last known committed idx: 0, Time since last communication: 0.011s
I20260709 13:08:00.115871 28887 raft_consensus.cc:2804] T c0a7764e0e284b37b06e659d9d4354e8 P e571b21c604c46bc9aded3c631803c69 [term 1 FOLLOWER]: Leader election won for term 1
I20260709 13:08:00.116443 28889 raft_consensus.cc:2749] T 903f49c3b8344615b2ea8833cb99ea44 P e571b21c604c46bc9aded3c631803c69 [term 0 FOLLOWER]: Leader pre-election lost for term 1. Reason: could not achieve majority
I20260709 13:08:00.116922 28644 tablet_service.cc:1917] Received RequestConsensusVote() RPC: tablet_id: "77fd3164b1de4d7aa4b02cfeab970968" candidate_uuid: "e571b21c604c46bc9aded3c631803c69" candidate_term: 1 candidate_status { last_received { term: 0 index: 0 } } ignore_live_leader: false dest_uuid: "3914f2023e574433967bbe186d6be98e"
I20260709 13:08:00.117023 28718 tablet_service.cc:1917] Received RequestConsensusVote() RPC: tablet_id: "77fd3164b1de4d7aa4b02cfeab970968" candidate_uuid: "e571b21c604c46bc9aded3c631803c69" candidate_term: 1 candidate_status { last_received { term: 0 index: 0 } } ignore_live_leader: false dest_uuid: "3b2614849ed54a72a4a78b4859f9bc81"
I20260709 13:08:00.117532 28644 raft_consensus.cc:3060] T 77fd3164b1de4d7aa4b02cfeab970968 P 3914f2023e574433967bbe186d6be98e [term 0 FOLLOWER]: Advancing to term 1
I20260709 13:08:00.105547 28840 leader_election.cc:290] T 77fd3164b1de4d7aa4b02cfeab970968 P e571b21c604c46bc9aded3c631803c69 [CANDIDATE]: Term 1 election: Requested vote from peers 3914f2023e574433967bbe186d6be98e (127.26.227.1:33773), 3b2614849ed54a72a4a78b4859f9bc81 (127.26.227.2:45179)
I20260709 13:08:00.118992 28887 raft_consensus.cc:697] T c0a7764e0e284b37b06e659d9d4354e8 P e571b21c604c46bc9aded3c631803c69 [term 1 LEADER]: Becoming Leader. State: Replica: e571b21c604c46bc9aded3c631803c69, State: Running, Role: LEADER
I20260709 13:08:00.115885 28719 tablet_service.cc:1917] Received RequestConsensusVote() RPC: tablet_id: "9e7da1c01b0c4ec5a2f372d7d6871231" candidate_uuid: "3914f2023e574433967bbe186d6be98e" candidate_term: 1 candidate_status { last_received { term: 0 index: 0 } } ignore_live_leader: false dest_uuid: "3b2614849ed54a72a4a78b4859f9bc81" is_pre_election: true
I20260709 13:08:00.097364 28836 tablet_bootstrap.cc:492] T 5a0c1f6433784b67944b30d28e744f7c P 3b2614849ed54a72a4a78b4859f9bc81: No bootstrap required, opened a new log
I20260709 13:08:00.120378 28836 ts_tablet_manager.cc:1403] T 5a0c1f6433784b67944b30d28e744f7c P 3b2614849ed54a72a4a78b4859f9bc81: Time spent bootstrapping tablet: real 0.142s	user 0.030s	sys 0.077s
I20260709 13:08:00.119961 28887 consensus_queue.cc:237] T c0a7764e0e284b37b06e659d9d4354e8 P e571b21c604c46bc9aded3c631803c69 [LEADER]: Queue going to LEADER mode. State: All replicated index: 0, Majority replicated index: 0, Committed index: 0, Last appended: 0.0, Last appended by leader: 0, Current term: 1, Majority size: 2, State: 0, Mode: LEADER, active raft config: opid_index: -1 OBSOLETE_local: false peers { permanent_uuid: "3914f2023e574433967bbe186d6be98e" member_type: VOTER last_known_addr { host: "127.26.227.1" port: 33773 } } peers { permanent_uuid: "3b2614849ed54a72a4a78b4859f9bc81" member_type: VOTER last_known_addr { host: "127.26.227.2" port: 45179 } } peers { permanent_uuid: "e571b21c604c46bc9aded3c631803c69" member_type: VOTER last_known_addr { host: "127.26.227.3" port: 44959 } }
W20260709 13:08:00.120716 28608 leader_election.cc:343] T 9e7da1c01b0c4ec5a2f372d7d6871231 P 3914f2023e574433967bbe186d6be98e [CANDIDATE]: Term 1 pre-election: Tablet error from VoteRequest() call to peer 3b2614849ed54a72a4a78b4859f9bc81 (127.26.227.2:45179): Illegal state: must be running to vote when last-logged opid is not known
I20260709 13:08:00.107399 28833 tablet_bootstrap.cc:492] T 0b16b22876dd4d05a7ce370f5404c2ba P 3914f2023e574433967bbe186d6be98e: No bootstrap required, opened a new log
I20260709 13:08:00.122197 28833 ts_tablet_manager.cc:1403] T 0b16b22876dd4d05a7ce370f5404c2ba P 3914f2023e574433967bbe186d6be98e: Time spent bootstrapping tablet: real 0.117s	user 0.033s	sys 0.033s
I20260709 13:08:00.123894 28836 raft_consensus.cc:359] T 5a0c1f6433784b67944b30d28e744f7c P 3b2614849ed54a72a4a78b4859f9bc81 [term 0 FOLLOWER]: Replica starting. Triggering 0 pending ops. Active config: opid_index: -1 OBSOLETE_local: false peers { permanent_uuid: "3914f2023e574433967bbe186d6be98e" member_type: VOTER last_known_addr { host: "127.26.227.1" port: 33773 } } peers { permanent_uuid: "3b2614849ed54a72a4a78b4859f9bc81" member_type: VOTER last_known_addr { host: "127.26.227.2" port: 45179 } } peers { permanent_uuid: "e571b21c604c46bc9aded3c631803c69" member_type: VOTER last_known_addr { host: "127.26.227.3" port: 44959 } }
I20260709 13:08:00.124778 28836 raft_consensus.cc:385] T 5a0c1f6433784b67944b30d28e744f7c P 3b2614849ed54a72a4a78b4859f9bc81 [term 0 FOLLOWER]: Consensus starting up: Expiring failure detector timer to make a prompt election more likely
W20260709 13:08:00.125077 28757 leader_election.cc:343] T 77fd3164b1de4d7aa4b02cfeab970968 P e571b21c604c46bc9aded3c631803c69 [CANDIDATE]: Term 1 election: Tablet error from VoteRequest() call to peer 3b2614849ed54a72a4a78b4859f9bc81 (127.26.227.2:45179): Illegal state: must be running to vote when last-logged opid is not known
I20260709 13:08:00.125128 28836 raft_consensus.cc:740] T 5a0c1f6433784b67944b30d28e744f7c P 3b2614849ed54a72a4a78b4859f9bc81 [term 0 FOLLOWER]: Becoming Follower/Learner. State: Replica: 3b2614849ed54a72a4a78b4859f9bc81, State: Initialized, Role: FOLLOWER
I20260709 13:08:00.126056 28836 consensus_queue.cc:260] T 5a0c1f6433784b67944b30d28e744f7c P 3b2614849ed54a72a4a78b4859f9bc81 [NON_LEADER]: Queue going to NON_LEADER mode. State: All replicated index: 0, Majority replicated index: 0, Committed index: 0, Last appended: 0.0, Last appended by leader: 0, Current term: 0, Majority size: -1, State: 0, Mode: NON_LEADER, active raft config: opid_index: -1 OBSOLETE_local: false peers { permanent_uuid: "3914f2023e574433967bbe186d6be98e" member_type: VOTER last_known_addr { host: "127.26.227.1" port: 33773 } } peers { permanent_uuid: "3b2614849ed54a72a4a78b4859f9bc81" member_type: VOTER last_known_addr { host: "127.26.227.2" port: 45179 } } peers { permanent_uuid: "e571b21c604c46bc9aded3c631803c69" member_type: VOTER last_known_addr { host: "127.26.227.3" port: 44959 } }
I20260709 13:08:00.128269 28836 ts_tablet_manager.cc:1434] T 5a0c1f6433784b67944b30d28e744f7c P 3b2614849ed54a72a4a78b4859f9bc81: Time spent starting tablet: real 0.007s	user 0.006s	sys 0.000s
I20260709 13:08:00.131137 28644 raft_consensus.cc:2468] T 77fd3164b1de4d7aa4b02cfeab970968 P 3914f2023e574433967bbe186d6be98e [term 1 FOLLOWER]: Leader election vote request: Granting yes vote for candidate e571b21c604c46bc9aded3c631803c69 in term 1.
I20260709 13:08:00.132175 28759 leader_election.cc:304] T 77fd3164b1de4d7aa4b02cfeab970968 P e571b21c604c46bc9aded3c631803c69 [CANDIDATE]: Term 1 election: Election decided. Result: candidate won. Election summary: received 3 responses out of 3 voters: 2 yes votes; 1 no votes. yes voters: 3914f2023e574433967bbe186d6be98e, e571b21c604c46bc9aded3c631803c69; no voters: 3b2614849ed54a72a4a78b4859f9bc81
I20260709 13:08:00.132793 28835 tablet_bootstrap.cc:492] T 5afa34ce0e034496a6ca14ef7febbc7d P e571b21c604c46bc9aded3c631803c69: No bootstrap required, opened a new log
I20260709 13:08:00.133232 28835 ts_tablet_manager.cc:1403] T 5afa34ce0e034496a6ca14ef7febbc7d P e571b21c604c46bc9aded3c631803c69: Time spent bootstrapping tablet: real 0.090s	user 0.011s	sys 0.004s
I20260709 13:08:00.133121 28542 catalog_manager.cc:5697] T c0a7764e0e284b37b06e659d9d4354e8 P e571b21c604c46bc9aded3c631803c69 reported cstate change: term changed from 0 to 1, leader changed from <none> to e571b21c604c46bc9aded3c631803c69 (127.26.227.3). New cstate: current_term: 1 leader_uuid: "e571b21c604c46bc9aded3c631803c69" committed_config { opid_index: -1 OBSOLETE_local: false peers { permanent_uuid: "3914f2023e574433967bbe186d6be98e" member_type: VOTER last_known_addr { host: "127.26.227.1" port: 33773 } health_report { overall_health: UNKNOWN } } peers { permanent_uuid: "3b2614849ed54a72a4a78b4859f9bc81" member_type: VOTER last_known_addr { host: "127.26.227.2" port: 45179 } health_report { overall_health: UNKNOWN } } peers { permanent_uuid: "e571b21c604c46bc9aded3c631803c69" member_type: VOTER last_known_addr { host: "127.26.227.3" port: 44959 } health_report { overall_health: HEALTHY } } }
I20260709 13:08:00.134408 28887 raft_consensus.cc:2804] T 77fd3164b1de4d7aa4b02cfeab970968 P e571b21c604c46bc9aded3c631803c69 [term 1 FOLLOWER]: Leader election won for term 1
I20260709 13:08:00.135099 28887 raft_consensus.cc:697] T 77fd3164b1de4d7aa4b02cfeab970968 P e571b21c604c46bc9aded3c631803c69 [term 1 LEADER]: Becoming Leader. State: Replica: e571b21c604c46bc9aded3c631803c69, State: Running, Role: LEADER
I20260709 13:08:00.135648 28835 raft_consensus.cc:359] T 5afa34ce0e034496a6ca14ef7febbc7d P e571b21c604c46bc9aded3c631803c69 [term 0 FOLLOWER]: Replica starting. Triggering 0 pending ops. Active config: opid_index: -1 OBSOLETE_local: false peers { permanent_uuid: "3914f2023e574433967bbe186d6be98e" member_type: VOTER last_known_addr { host: "127.26.227.1" port: 33773 } } peers { permanent_uuid: "3b2614849ed54a72a4a78b4859f9bc81" member_type: VOTER last_known_addr { host: "127.26.227.2" port: 45179 } } peers { permanent_uuid: "e571b21c604c46bc9aded3c631803c69" member_type: VOTER last_known_addr { host: "127.26.227.3" port: 44959 } }
I20260709 13:08:00.136312 28835 raft_consensus.cc:385] T 5afa34ce0e034496a6ca14ef7febbc7d P e571b21c604c46bc9aded3c631803c69 [term 0 FOLLOWER]: Consensus starting up: Expiring failure detector timer to make a prompt election more likely
I20260709 13:08:00.135917 28887 consensus_queue.cc:237] T 77fd3164b1de4d7aa4b02cfeab970968 P e571b21c604c46bc9aded3c631803c69 [LEADER]: Queue going to LEADER mode. State: All replicated index: 0, Majority replicated index: 0, Committed index: 0, Last appended: 0.0, Last appended by leader: 0, Current term: 1, Majority size: 2, State: 0, Mode: LEADER, active raft config: opid_index: -1 OBSOLETE_local: false peers { permanent_uuid: "3914f2023e574433967bbe186d6be98e" member_type: VOTER last_known_addr { host: "127.26.227.1" port: 33773 } } peers { permanent_uuid: "3b2614849ed54a72a4a78b4859f9bc81" member_type: VOTER last_known_addr { host: "127.26.227.2" port: 45179 } } peers { permanent_uuid: "e571b21c604c46bc9aded3c631803c69" member_type: VOTER last_known_addr { host: "127.26.227.3" port: 44959 } }
I20260709 13:08:00.136591 28835 raft_consensus.cc:740] T 5afa34ce0e034496a6ca14ef7febbc7d P e571b21c604c46bc9aded3c631803c69 [term 0 FOLLOWER]: Becoming Follower/Learner. State: Replica: e571b21c604c46bc9aded3c631803c69, State: Initialized, Role: FOLLOWER
I20260709 13:08:00.137342 28836 tablet_bootstrap.cc:492] T d4fa81877a124746875254c7d3994a4d P 3b2614849ed54a72a4a78b4859f9bc81: Bootstrap starting.
I20260709 13:08:00.139968 28792 tablet_service.cc:1917] Received RequestConsensusVote() RPC: tablet_id: "9e7da1c01b0c4ec5a2f372d7d6871231" candidate_uuid: "3914f2023e574433967bbe186d6be98e" candidate_term: 1 candidate_status { last_received { term: 0 index: 0 } } ignore_live_leader: false dest_uuid: "e571b21c604c46bc9aded3c631803c69" is_pre_election: true
W20260709 13:08:00.143500 28608 leader_election.cc:343] T 9e7da1c01b0c4ec5a2f372d7d6871231 P 3914f2023e574433967bbe186d6be98e [CANDIDATE]: Term 1 pre-election: Tablet error from VoteRequest() call to peer e571b21c604c46bc9aded3c631803c69 (127.26.227.3:44959): Illegal state: must be running to vote when last-logged opid is not known
I20260709 13:08:00.143981 28608 leader_election.cc:304] T 9e7da1c01b0c4ec5a2f372d7d6871231 P 3914f2023e574433967bbe186d6be98e [CANDIDATE]: Term 1 pre-election: Election decided. Result: candidate lost. Election summary: received 3 responses out of 3 voters: 1 yes votes; 2 no votes. yes voters: 3914f2023e574433967bbe186d6be98e; no voters: 3b2614849ed54a72a4a78b4859f9bc81, e571b21c604c46bc9aded3c631803c69
I20260709 13:08:00.144794 28865 raft_consensus.cc:2749] T 9e7da1c01b0c4ec5a2f372d7d6871231 P 3914f2023e574433967bbe186d6be98e [term 0 FOLLOWER]: Leader pre-election lost for term 1. Reason: could not achieve majority
I20260709 13:08:00.146387 28893 consensus_queue.cc:1048] T 2be74082979e41f98955e259435ca9dd P e571b21c604c46bc9aded3c631803c69 [LEADER]: Connected to new peer: Peer: permanent_uuid: "3b2614849ed54a72a4a78b4859f9bc81" member_type: VOTER last_known_addr { host: "127.26.227.2" port: 45179 }, Status: LMP_MISMATCH, Last received: 0.0, Next index: 1, Last known committed idx: 0, Time since last communication: 0.001s
I20260709 13:08:00.147837 28836 tablet_bootstrap.cc:654] T d4fa81877a124746875254c7d3994a4d P 3b2614849ed54a72a4a78b4859f9bc81: Neither blocks nor log segments found. Creating new log.
I20260709 13:08:00.137284 28835 consensus_queue.cc:260] T 5afa34ce0e034496a6ca14ef7febbc7d P e571b21c604c46bc9aded3c631803c69 [NON_LEADER]: Queue going to NON_LEADER mode. State: All replicated index: 0, Majority replicated index: 0, Committed index: 0, Last appended: 0.0, Last appended by leader: 0, Current term: 0, Majority size: -1, State: 0, Mode: NON_LEADER, active raft config: opid_index: -1 OBSOLETE_local: false peers { permanent_uuid: "3914f2023e574433967bbe186d6be98e" member_type: VOTER last_known_addr { host: "127.26.227.1" port: 33773 } } peers { permanent_uuid: "3b2614849ed54a72a4a78b4859f9bc81" member_type: VOTER last_known_addr { host: "127.26.227.2" port: 45179 } } peers { permanent_uuid: "e571b21c604c46bc9aded3c631803c69" member_type: VOTER last_known_addr { host: "127.26.227.3" port: 44959 } }
I20260709 13:08:00.149273 28838 consensus_queue.cc:1048] T 161ecd6e6dd74c09aa6644a2d655ec73 P 3914f2023e574433967bbe186d6be98e [LEADER]: Connected to new peer: Peer: permanent_uuid: "3b2614849ed54a72a4a78b4859f9bc81" member_type: VOTER last_known_addr { host: "127.26.227.2" port: 45179 }, Status: LMP_MISMATCH, Last received: 0.0, Next index: 1, Last known committed idx: 0, Time since last communication: 0.000s
I20260709 13:08:00.151580 28835 ts_tablet_manager.cc:1434] T 5afa34ce0e034496a6ca14ef7febbc7d P e571b21c604c46bc9aded3c631803c69: Time spent starting tablet: real 0.018s	user 0.006s	sys 0.001s
I20260709 13:08:00.152501 28835 tablet_bootstrap.cc:492] T 9e7da1c01b0c4ec5a2f372d7d6871231 P e571b21c604c46bc9aded3c631803c69: Bootstrap starting.
I20260709 13:08:00.159575 28835 tablet_bootstrap.cc:654] T 9e7da1c01b0c4ec5a2f372d7d6871231 P e571b21c604c46bc9aded3c631803c69: Neither blocks nor log segments found. Creating new log.
I20260709 13:08:00.159963 28836 tablet_bootstrap.cc:492] T d4fa81877a124746875254c7d3994a4d P 3b2614849ed54a72a4a78b4859f9bc81: No bootstrap required, opened a new log
I20260709 13:08:00.160503 28836 ts_tablet_manager.cc:1403] T d4fa81877a124746875254c7d3994a4d P 3b2614849ed54a72a4a78b4859f9bc81: Time spent bootstrapping tablet: real 0.023s	user 0.014s	sys 0.004s
I20260709 13:08:00.163295 28838 raft_consensus.cc:493] T 7019db02bcf648048a9ef403bae87e16 P 3914f2023e574433967bbe186d6be98e [term 0 FOLLOWER]: Starting pre-election (no leader contacted us within the election timeout)
I20260709 13:08:00.163751 28838 raft_consensus.cc:515] T 7019db02bcf648048a9ef403bae87e16 P 3914f2023e574433967bbe186d6be98e [term 0 FOLLOWER]: Starting pre-election with config: opid_index: -1 OBSOLETE_local: false peers { permanent_uuid: "3914f2023e574433967bbe186d6be98e" member_type: VOTER last_known_addr { host: "127.26.227.1" port: 33773 } } peers { permanent_uuid: "3b2614849ed54a72a4a78b4859f9bc81" member_type: VOTER last_known_addr { host: "127.26.227.2" port: 45179 } } peers { permanent_uuid: "e571b21c604c46bc9aded3c631803c69" member_type: VOTER last_known_addr { host: "127.26.227.3" port: 44959 } }
I20260709 13:08:00.165704 28838 leader_election.cc:290] T 7019db02bcf648048a9ef403bae87e16 P 3914f2023e574433967bbe186d6be98e [CANDIDATE]: Term 1 pre-election: Requested pre-vote from peers 3b2614849ed54a72a4a78b4859f9bc81 (127.26.227.2:45179), e571b21c604c46bc9aded3c631803c69 (127.26.227.3:44959)
I20260709 13:08:00.165755 28833 raft_consensus.cc:359] T 0b16b22876dd4d05a7ce370f5404c2ba P 3914f2023e574433967bbe186d6be98e [term 0 FOLLOWER]: Replica starting. Triggering 0 pending ops. Active config: opid_index: -1 OBSOLETE_local: false peers { permanent_uuid: "3914f2023e574433967bbe186d6be98e" member_type: VOTER last_known_addr { host: "127.26.227.1" port: 33773 } } peers { permanent_uuid: "3b2614849ed54a72a4a78b4859f9bc81" member_type: VOTER last_known_addr { host: "127.26.227.2" port: 45179 } } peers { permanent_uuid: "e571b21c604c46bc9aded3c631803c69" member_type: VOTER last_known_addr { host: "127.26.227.3" port: 44959 } }
I20260709 13:08:00.166529 28833 raft_consensus.cc:385] T 0b16b22876dd4d05a7ce370f5404c2ba P 3914f2023e574433967bbe186d6be98e [term 0 FOLLOWER]: Consensus starting up: Expiring failure detector timer to make a prompt election more likely
I20260709 13:08:00.167404 28719 tablet_service.cc:1917] Received RequestConsensusVote() RPC: tablet_id: "7019db02bcf648048a9ef403bae87e16" candidate_uuid: "3914f2023e574433967bbe186d6be98e" candidate_term: 1 candidate_status { last_received { term: 0 index: 0 } } ignore_live_leader: false dest_uuid: "3b2614849ed54a72a4a78b4859f9bc81" is_pre_election: true
I20260709 13:08:00.168040 28719 raft_consensus.cc:2468] T 7019db02bcf648048a9ef403bae87e16 P 3b2614849ed54a72a4a78b4859f9bc81 [term 0 FOLLOWER]: Leader pre-election vote request: Granting yes vote for candidate 3914f2023e574433967bbe186d6be98e in term 0.
I20260709 13:08:00.167910 28836 raft_consensus.cc:359] T d4fa81877a124746875254c7d3994a4d P 3b2614849ed54a72a4a78b4859f9bc81 [term 0 FOLLOWER]: Replica starting. Triggering 0 pending ops. Active config: opid_index: -1 OBSOLETE_local: false peers { permanent_uuid: "3914f2023e574433967bbe186d6be98e" member_type: VOTER last_known_addr { host: "127.26.227.1" port: 33773 } } peers { permanent_uuid: "3b2614849ed54a72a4a78b4859f9bc81" member_type: VOTER last_known_addr { host: "127.26.227.2" port: 45179 } } peers { permanent_uuid: "e571b21c604c46bc9aded3c631803c69" member_type: VOTER last_known_addr { host: "127.26.227.3" port: 44959 } }
I20260709 13:08:00.168692 28836 raft_consensus.cc:385] T d4fa81877a124746875254c7d3994a4d P 3b2614849ed54a72a4a78b4859f9bc81 [term 0 FOLLOWER]: Consensus starting up: Expiring failure detector timer to make a prompt election more likely
I20260709 13:08:00.169044 28836 raft_consensus.cc:740] T d4fa81877a124746875254c7d3994a4d P 3b2614849ed54a72a4a78b4859f9bc81 [term 0 FOLLOWER]: Becoming Follower/Learner. State: Replica: 3b2614849ed54a72a4a78b4859f9bc81, State: Initialized, Role: FOLLOWER
I20260709 13:08:00.169657 28608 leader_election.cc:304] T 7019db02bcf648048a9ef403bae87e16 P 3914f2023e574433967bbe186d6be98e [CANDIDATE]: Term 1 pre-election: Election decided. Result: candidate won. Election summary: received 2 responses out of 3 voters: 2 yes votes; 0 no votes. yes voters: 3914f2023e574433967bbe186d6be98e, 3b2614849ed54a72a4a78b4859f9bc81; no voters: 
I20260709 13:08:00.170403 28838 raft_consensus.cc:2804] T 7019db02bcf648048a9ef403bae87e16 P 3914f2023e574433967bbe186d6be98e [term 0 FOLLOWER]: Leader pre-election won for term 1
I20260709 13:08:00.170727 28838 raft_consensus.cc:493] T 7019db02bcf648048a9ef403bae87e16 P 3914f2023e574433967bbe186d6be98e [term 0 FOLLOWER]: Starting leader election (no leader contacted us within the election timeout)
I20260709 13:08:00.170782 28792 tablet_service.cc:1917] Received RequestConsensusVote() RPC: tablet_id: "7019db02bcf648048a9ef403bae87e16" candidate_uuid: "3914f2023e574433967bbe186d6be98e" candidate_term: 1 candidate_status { last_received { term: 0 index: 0 } } ignore_live_leader: false dest_uuid: "e571b21c604c46bc9aded3c631803c69" is_pre_election: true
I20260709 13:08:00.171173 28838 raft_consensus.cc:3060] T 7019db02bcf648048a9ef403bae87e16 P 3914f2023e574433967bbe186d6be98e [term 0 FOLLOWER]: Advancing to term 1
W20260709 13:08:00.172518 28608 leader_election.cc:343] T 7019db02bcf648048a9ef403bae87e16 P 3914f2023e574433967bbe186d6be98e [CANDIDATE]: Term 1 pre-election: Tablet error from VoteRequest() call to peer e571b21c604c46bc9aded3c631803c69 (127.26.227.3:44959): Illegal state: must be running to vote when last-logged opid is not known
I20260709 13:08:00.178085 28835 tablet_bootstrap.cc:492] T 9e7da1c01b0c4ec5a2f372d7d6871231 P e571b21c604c46bc9aded3c631803c69: No bootstrap required, opened a new log
I20260709 13:08:00.178550 28835 ts_tablet_manager.cc:1403] T 9e7da1c01b0c4ec5a2f372d7d6871231 P e571b21c604c46bc9aded3c631803c69: Time spent bootstrapping tablet: real 0.026s	user 0.013s	sys 0.003s
I20260709 13:08:00.169818 28836 consensus_queue.cc:260] T d4fa81877a124746875254c7d3994a4d P 3b2614849ed54a72a4a78b4859f9bc81 [NON_LEADER]: Queue going to NON_LEADER mode. State: All replicated index: 0, Majority replicated index: 0, Committed index: 0, Last appended: 0.0, Last appended by leader: 0, Current term: 0, Majority size: -1, State: 0, Mode: NON_LEADER, active raft config: opid_index: -1 OBSOLETE_local: false peers { permanent_uuid: "3914f2023e574433967bbe186d6be98e" member_type: VOTER last_known_addr { host: "127.26.227.1" port: 33773 } } peers { permanent_uuid: "3b2614849ed54a72a4a78b4859f9bc81" member_type: VOTER last_known_addr { host: "127.26.227.2" port: 45179 } } peers { permanent_uuid: "e571b21c604c46bc9aded3c631803c69" member_type: VOTER last_known_addr { host: "127.26.227.3" port: 44959 } }
I20260709 13:08:00.180712 28838 raft_consensus.cc:515] T 7019db02bcf648048a9ef403bae87e16 P 3914f2023e574433967bbe186d6be98e [term 1 FOLLOWER]: Starting leader election with config: opid_index: -1 OBSOLETE_local: false peers { permanent_uuid: "3914f2023e574433967bbe186d6be98e" member_type: VOTER last_known_addr { host: "127.26.227.1" port: 33773 } } peers { permanent_uuid: "3b2614849ed54a72a4a78b4859f9bc81" member_type: VOTER last_known_addr { host: "127.26.227.2" port: 45179 } } peers { permanent_uuid: "e571b21c604c46bc9aded3c631803c69" member_type: VOTER last_known_addr { host: "127.26.227.3" port: 44959 } }
I20260709 13:08:00.184657 28838 leader_election.cc:290] T 7019db02bcf648048a9ef403bae87e16 P 3914f2023e574433967bbe186d6be98e [CANDIDATE]: Term 1 election: Requested vote from peers 3b2614849ed54a72a4a78b4859f9bc81 (127.26.227.2:45179), e571b21c604c46bc9aded3c631803c69 (127.26.227.3:44959)
I20260709 13:08:00.181560 28540 catalog_manager.cc:5697] T 77fd3164b1de4d7aa4b02cfeab970968 P e571b21c604c46bc9aded3c631803c69 reported cstate change: term changed from 0 to 1, leader changed from <none> to e571b21c604c46bc9aded3c631803c69 (127.26.227.3). New cstate: current_term: 1 leader_uuid: "e571b21c604c46bc9aded3c631803c69" committed_config { opid_index: -1 OBSOLETE_local: false peers { permanent_uuid: "3914f2023e574433967bbe186d6be98e" member_type: VOTER last_known_addr { host: "127.26.227.1" port: 33773 } health_report { overall_health: UNKNOWN } } peers { permanent_uuid: "3b2614849ed54a72a4a78b4859f9bc81" member_type: VOTER last_known_addr { host: "127.26.227.2" port: 45179 } health_report { overall_health: UNKNOWN } } peers { permanent_uuid: "e571b21c604c46bc9aded3c631803c69" member_type: VOTER last_known_addr { host: "127.26.227.3" port: 44959 } health_report { overall_health: HEALTHY } } }
I20260709 13:08:00.166796 28833 raft_consensus.cc:740] T 0b16b22876dd4d05a7ce370f5404c2ba P 3914f2023e574433967bbe186d6be98e [term 0 FOLLOWER]: Becoming Follower/Learner. State: Replica: 3914f2023e574433967bbe186d6be98e, State: Initialized, Role: FOLLOWER
I20260709 13:08:00.182540 28865 raft_consensus.cc:493] T 154f1347df164aedb39a33a8c5f19e34 P 3914f2023e574433967bbe186d6be98e [term 0 FOLLOWER]: Starting pre-election (no leader contacted us within the election timeout)
I20260709 13:08:00.187171 28846 raft_consensus.cc:493] T d4fa81877a124746875254c7d3994a4d P 3b2614849ed54a72a4a78b4859f9bc81 [term 0 FOLLOWER]: Starting pre-election (no leader contacted us within the election timeout)
I20260709 13:08:00.187418 28865 raft_consensus.cc:515] T 154f1347df164aedb39a33a8c5f19e34 P 3914f2023e574433967bbe186d6be98e [term 0 FOLLOWER]: Starting pre-election with config: opid_index: -1 OBSOLETE_local: false peers { permanent_uuid: "3914f2023e574433967bbe186d6be98e" member_type: VOTER last_known_addr { host: "127.26.227.1" port: 33773 } } peers { permanent_uuid: "3b2614849ed54a72a4a78b4859f9bc81" member_type: VOTER last_known_addr { host: "127.26.227.2" port: 45179 } } peers { permanent_uuid: "e571b21c604c46bc9aded3c631803c69" member_type: VOTER last_known_addr { host: "127.26.227.3" port: 44959 } }
I20260709 13:08:00.187640 28846 raft_consensus.cc:515] T d4fa81877a124746875254c7d3994a4d P 3b2614849ed54a72a4a78b4859f9bc81 [term 0 FOLLOWER]: Starting pre-election with config: opid_index: -1 OBSOLETE_local: false peers { permanent_uuid: "3914f2023e574433967bbe186d6be98e" member_type: VOTER last_known_addr { host: "127.26.227.1" port: 33773 } } peers { permanent_uuid: "3b2614849ed54a72a4a78b4859f9bc81" member_type: VOTER last_known_addr { host: "127.26.227.2" port: 45179 } } peers { permanent_uuid: "e571b21c604c46bc9aded3c631803c69" member_type: VOTER last_known_addr { host: "127.26.227.3" port: 44959 } }
I20260709 13:08:00.189395 28865 leader_election.cc:290] T 154f1347df164aedb39a33a8c5f19e34 P 3914f2023e574433967bbe186d6be98e [CANDIDATE]: Term 1 pre-election: Requested pre-vote from peers 3b2614849ed54a72a4a78b4859f9bc81 (127.26.227.2:45179), e571b21c604c46bc9aded3c631803c69 (127.26.227.3:44959)
I20260709 13:08:00.189422 28846 leader_election.cc:290] T d4fa81877a124746875254c7d3994a4d P 3b2614849ed54a72a4a78b4859f9bc81 [CANDIDATE]: Term 1 pre-election: Requested pre-vote from peers 3914f2023e574433967bbe186d6be98e (127.26.227.1:33773), e571b21c604c46bc9aded3c631803c69 (127.26.227.3:44959)
I20260709 13:08:00.191208 28644 tablet_service.cc:1917] Received RequestConsensusVote() RPC: tablet_id: "d4fa81877a124746875254c7d3994a4d" candidate_uuid: "3b2614849ed54a72a4a78b4859f9bc81" candidate_term: 1 candidate_status { last_received { term: 0 index: 0 } } ignore_live_leader: false dest_uuid: "3914f2023e574433967bbe186d6be98e" is_pre_election: true
I20260709 13:08:00.191501 28792 tablet_service.cc:1917] Received RequestConsensusVote() RPC: tablet_id: "d4fa81877a124746875254c7d3994a4d" candidate_uuid: "3b2614849ed54a72a4a78b4859f9bc81" candidate_term: 1 candidate_status { last_received { term: 0 index: 0 } } ignore_live_leader: false dest_uuid: "e571b21c604c46bc9aded3c631803c69" is_pre_election: true
I20260709 13:08:00.187167 28833 consensus_queue.cc:260] T 0b16b22876dd4d05a7ce370f5404c2ba P 3914f2023e574433967bbe186d6be98e [NON_LEADER]: Queue going to NON_LEADER mode. State: All replicated index: 0, Majority replicated index: 0, Committed index: 0, Last appended: 0.0, Last appended by leader: 0, Current term: 0, Majority size: -1, State: 0, Mode: NON_LEADER, active raft config: opid_index: -1 OBSOLETE_local: false peers { permanent_uuid: "3914f2023e574433967bbe186d6be98e" member_type: VOTER last_known_addr { host: "127.26.227.1" port: 33773 } } peers { permanent_uuid: "3b2614849ed54a72a4a78b4859f9bc81" member_type: VOTER last_known_addr { host: "127.26.227.2" port: 45179 } } peers { permanent_uuid: "e571b21c604c46bc9aded3c631803c69" member_type: VOTER last_known_addr { host: "127.26.227.3" port: 44959 } }
I20260709 13:08:00.192312 28792 raft_consensus.cc:2393] T d4fa81877a124746875254c7d3994a4d P e571b21c604c46bc9aded3c631803c69 [term 1 FOLLOWER]: Leader pre-election vote request: Denying vote to candidate 3b2614849ed54a72a4a78b4859f9bc81 in current term 1: Already voted for candidate 3914f2023e574433967bbe186d6be98e in this term.
I20260709 13:08:00.182915 28836 ts_tablet_manager.cc:1434] T d4fa81877a124746875254c7d3994a4d P 3b2614849ed54a72a4a78b4859f9bc81: Time spent starting tablet: real 0.022s	user 0.006s	sys 0.000s
I20260709 13:08:00.181090 28835 raft_consensus.cc:359] T 9e7da1c01b0c4ec5a2f372d7d6871231 P e571b21c604c46bc9aded3c631803c69 [term 0 FOLLOWER]: Replica starting. Triggering 0 pending ops. Active config: opid_index: -1 OBSOLETE_local: false peers { permanent_uuid: "3914f2023e574433967bbe186d6be98e" member_type: VOTER last_known_addr { host: "127.26.227.1" port: 33773 } } peers { permanent_uuid: "3b2614849ed54a72a4a78b4859f9bc81" member_type: VOTER last_known_addr { host: "127.26.227.2" port: 45179 } } peers { permanent_uuid: "e571b21c604c46bc9aded3c631803c69" member_type: VOTER last_known_addr { host: "127.26.227.3" port: 44959 } }
I20260709 13:08:00.193023 28718 tablet_service.cc:1917] Received RequestConsensusVote() RPC: tablet_id: "7019db02bcf648048a9ef403bae87e16" candidate_uuid: "3914f2023e574433967bbe186d6be98e" candidate_term: 1 candidate_status { last_received { term: 0 index: 0 } } ignore_live_leader: false dest_uuid: "3b2614849ed54a72a4a78b4859f9bc81"
I20260709 13:08:00.193275 28835 raft_consensus.cc:385] T 9e7da1c01b0c4ec5a2f372d7d6871231 P e571b21c604c46bc9aded3c631803c69 [term 0 FOLLOWER]: Consensus starting up: Expiring failure detector timer to make a prompt election more likely
I20260709 13:08:00.193595 28718 raft_consensus.cc:3060] T 7019db02bcf648048a9ef403bae87e16 P 3b2614849ed54a72a4a78b4859f9bc81 [term 0 FOLLOWER]: Advancing to term 1
I20260709 13:08:00.193619 28835 raft_consensus.cc:740] T 9e7da1c01b0c4ec5a2f372d7d6871231 P e571b21c604c46bc9aded3c631803c69 [term 0 FOLLOWER]: Becoming Follower/Learner. State: Replica: e571b21c604c46bc9aded3c631803c69, State: Initialized, Role: FOLLOWER
I20260709 13:08:00.194521 28835 consensus_queue.cc:260] T 9e7da1c01b0c4ec5a2f372d7d6871231 P e571b21c604c46bc9aded3c631803c69 [NON_LEADER]: Queue going to NON_LEADER mode. State: All replicated index: 0, Majority replicated index: 0, Committed index: 0, Last appended: 0.0, Last appended by leader: 0, Current term: 0, Majority size: -1, State: 0, Mode: NON_LEADER, active raft config: opid_index: -1 OBSOLETE_local: false peers { permanent_uuid: "3914f2023e574433967bbe186d6be98e" member_type: VOTER last_known_addr { host: "127.26.227.1" port: 33773 } } peers { permanent_uuid: "3b2614849ed54a72a4a78b4859f9bc81" member_type: VOTER last_known_addr { host: "127.26.227.2" port: 45179 } } peers { permanent_uuid: "e571b21c604c46bc9aded3c631803c69" member_type: VOTER last_known_addr { host: "127.26.227.3" port: 44959 } }
I20260709 13:08:00.194963 28792 tablet_service.cc:1917] Received RequestConsensusVote() RPC: tablet_id: "7019db02bcf648048a9ef403bae87e16" candidate_uuid: "3914f2023e574433967bbe186d6be98e" candidate_term: 1 candidate_status { last_received { term: 0 index: 0 } } ignore_live_leader: false dest_uuid: "e571b21c604c46bc9aded3c631803c69"
I20260709 13:08:00.193477 28683 leader_election.cc:304] T d4fa81877a124746875254c7d3994a4d P 3b2614849ed54a72a4a78b4859f9bc81 [CANDIDATE]: Term 1 pre-election: Election decided. Result: candidate lost. Election summary: received 3 responses out of 3 voters: 1 yes votes; 2 no votes. yes voters: 3b2614849ed54a72a4a78b4859f9bc81; no voters: 3914f2023e574433967bbe186d6be98e, e571b21c604c46bc9aded3c631803c69
I20260709 13:08:00.197002 28846 raft_consensus.cc:3060] T d4fa81877a124746875254c7d3994a4d P 3b2614849ed54a72a4a78b4859f9bc81 [term 0 FOLLOWER]: Advancing to term 1
I20260709 13:08:00.197841 28835 ts_tablet_manager.cc:1434] T 9e7da1c01b0c4ec5a2f372d7d6871231 P e571b21c604c46bc9aded3c631803c69: Time spent starting tablet: real 0.019s	user 0.008s	sys 0.000s
I20260709 13:08:00.198943 28835 tablet_bootstrap.cc:492] T 737b897bb14948f3999138db4ebac91f P e571b21c604c46bc9aded3c631803c69: Bootstrap starting.
I20260709 13:08:00.200824 28718 raft_consensus.cc:2468] T 7019db02bcf648048a9ef403bae87e16 P 3b2614849ed54a72a4a78b4859f9bc81 [term 1 FOLLOWER]: Leader election vote request: Granting yes vote for candidate 3914f2023e574433967bbe186d6be98e in term 1.
I20260709 13:08:00.201720 28719 tablet_service.cc:1917] Received RequestConsensusVote() RPC: tablet_id: "154f1347df164aedb39a33a8c5f19e34" candidate_uuid: "3914f2023e574433967bbe186d6be98e" candidate_term: 1 candidate_status { last_received { term: 0 index: 0 } } ignore_live_leader: false dest_uuid: "3b2614849ed54a72a4a78b4859f9bc81" is_pre_election: true
I20260709 13:08:00.203063 28792 tablet_service.cc:1917] Received RequestConsensusVote() RPC: tablet_id: "154f1347df164aedb39a33a8c5f19e34" candidate_uuid: "3914f2023e574433967bbe186d6be98e" candidate_term: 1 candidate_status { last_received { term: 0 index: 0 } } ignore_live_leader: false dest_uuid: "e571b21c604c46bc9aded3c631803c69" is_pre_election: true
I20260709 13:08:00.205346 28833 ts_tablet_manager.cc:1434] T 0b16b22876dd4d05a7ce370f5404c2ba P 3914f2023e574433967bbe186d6be98e: Time spent starting tablet: real 0.083s	user 0.007s	sys 0.000s
I20260709 13:08:00.206120 28835 tablet_bootstrap.cc:654] T 737b897bb14948f3999138db4ebac91f P e571b21c604c46bc9aded3c631803c69: Neither blocks nor log segments found. Creating new log.
I20260709 13:08:00.206290 28833 tablet_bootstrap.cc:492] T 46fd6899c63149dbab97b0b151a23f68 P 3914f2023e574433967bbe186d6be98e: Bootstrap starting.
I20260709 13:08:00.213474 28833 tablet_bootstrap.cc:654] T 46fd6899c63149dbab97b0b151a23f68 P 3914f2023e574433967bbe186d6be98e: Neither blocks nor log segments found. Creating new log.
I20260709 13:08:00.218237 28835 tablet_bootstrap.cc:492] T 737b897bb14948f3999138db4ebac91f P e571b21c604c46bc9aded3c631803c69: No bootstrap required, opened a new log
I20260709 13:08:00.218890 28835 ts_tablet_manager.cc:1403] T 737b897bb14948f3999138db4ebac91f P e571b21c604c46bc9aded3c631803c69: Time spent bootstrapping tablet: real 0.020s	user 0.006s	sys 0.010s
I20260709 13:08:00.222468 28835 raft_consensus.cc:359] T 737b897bb14948f3999138db4ebac91f P e571b21c604c46bc9aded3c631803c69 [term 0 FOLLOWER]: Replica starting. Triggering 0 pending ops. Active config: opid_index: -1 OBSOLETE_local: false peers { permanent_uuid: "3914f2023e574433967bbe186d6be98e" member_type: VOTER last_known_addr { host: "127.26.227.1" port: 33773 } } peers { permanent_uuid: "3b2614849ed54a72a4a78b4859f9bc81" member_type: VOTER last_known_addr { host: "127.26.227.2" port: 45179 } } peers { permanent_uuid: "e571b21c604c46bc9aded3c631803c69" member_type: VOTER last_known_addr { host: "127.26.227.3" port: 44959 } }
I20260709 13:08:00.223419 28835 raft_consensus.cc:385] T 737b897bb14948f3999138db4ebac91f P e571b21c604c46bc9aded3c631803c69 [term 0 FOLLOWER]: Consensus starting up: Expiring failure detector timer to make a prompt election more likely
I20260709 13:08:00.223745 28835 raft_consensus.cc:740] T 737b897bb14948f3999138db4ebac91f P e571b21c604c46bc9aded3c631803c69 [term 0 FOLLOWER]: Becoming Follower/Learner. State: Replica: e571b21c604c46bc9aded3c631803c69, State: Initialized, Role: FOLLOWER
