I20260709 13:07:47.031706 15372 consensus_queue.cc:260] T 15e5f0ee13b14c069b52837b74c29f63 P 15d3752395dd497aa930954592224a3d [NON_LEADER]: Queue going to NON_LEADER mode. State: All replicated index: 0, Majority replicated index: 0, Committed index: 0, Last appended: 0.0, Last appended by leader: 0, Current term: 0, Majority size: -1, State: 0, Mode: NON_LEADER, active raft config: opid_index: -1 OBSOLETE_local: false peers { permanent_uuid: "ded01e4208eb484c9fe3bead1d23f42c" member_type: VOTER last_known_addr { host: "127.14.52.1" port: 46467 } } peers { permanent_uuid: "bdd4f183768545039a083ee807e9eb40" member_type: VOTER last_known_addr { host: "127.14.52.2" port: 45573 } } peers { permanent_uuid: "15d3752395dd497aa930954592224a3d" member_type: VOTER last_known_addr { host: "127.14.52.3" port: 32857 } }
I20260709 13:07:47.032312 15330 tablet_service.cc:1917] Received RequestConsensusVote() RPC: tablet_id: "15e5f0ee13b14c069b52837b74c29f63" candidate_uuid: "ded01e4208eb484c9fe3bead1d23f42c" candidate_term: 1 candidate_status { last_received { term: 0 index: 0 } } ignore_live_leader: false dest_uuid: "15d3752395dd497aa930954592224a3d"
I20260709 13:07:47.032958 15330 raft_consensus.cc:3060] T 15e5f0ee13b14c069b52837b74c29f63 P 15d3752395dd497aa930954592224a3d [term 0 FOLLOWER]: Advancing to term 1
I20260709 13:07:47.034668 15372 ts_tablet_manager.cc:1434] T 15e5f0ee13b14c069b52837b74c29f63 P 15d3752395dd497aa930954592224a3d: Time spent starting tablet: real 0.007s	user 0.002s	sys 0.005s
I20260709 13:07:47.035495 15370 ts_tablet_manager.cc:1403] T b78a89e7ca5f4ff5aa857844417bdee1 P bdd4f183768545039a083ee807e9eb40: Time spent bootstrapping tablet: real 0.056s	user 0.009s	sys 0.009s
I20260709 13:07:47.035985 15372 tablet_bootstrap.cc:492] T 2ed9dc68365047f9a9abffa51ad5b659 P 15d3752395dd497aa930954592224a3d: Bootstrap starting.
I20260709 13:07:47.026582 15371 raft_consensus.cc:385] T 91f8864903c7411eaefd14e3789ca447 P ded01e4208eb484c9fe3bead1d23f42c [term 0 FOLLOWER]: Consensus starting up: Expiring failure detector timer to make a prompt election more likely
I20260709 13:07:47.038028 15371 raft_consensus.cc:740] T 91f8864903c7411eaefd14e3789ca447 P ded01e4208eb484c9fe3bead1d23f42c [term 0 FOLLOWER]: Becoming Follower/Learner. State: Replica: ded01e4208eb484c9fe3bead1d23f42c, State: Initialized, Role: FOLLOWER
I20260709 13:07:47.038726 15370 raft_consensus.cc:359] T b78a89e7ca5f4ff5aa857844417bdee1 P bdd4f183768545039a083ee807e9eb40 [term 0 FOLLOWER]: Replica starting. Triggering 0 pending ops. Active config: opid_index: -1 OBSOLETE_local: false peers { permanent_uuid: "bdd4f183768545039a083ee807e9eb40" member_type: VOTER last_known_addr { host: "127.14.52.2" port: 45573 } } peers { permanent_uuid: "ded01e4208eb484c9fe3bead1d23f42c" member_type: VOTER last_known_addr { host: "127.14.52.1" port: 46467 } } peers { permanent_uuid: "15d3752395dd497aa930954592224a3d" member_type: VOTER last_known_addr { host: "127.14.52.3" port: 32857 } }
I20260709 13:07:47.039513 15370 raft_consensus.cc:385] T b78a89e7ca5f4ff5aa857844417bdee1 P bdd4f183768545039a083ee807e9eb40 [term 0 FOLLOWER]: Consensus starting up: Expiring failure detector timer to make a prompt election more likely
I20260709 13:07:47.039846 15370 raft_consensus.cc:740] T b78a89e7ca5f4ff5aa857844417bdee1 P bdd4f183768545039a083ee807e9eb40 [term 0 FOLLOWER]: Becoming Follower/Learner. State: Replica: bdd4f183768545039a083ee807e9eb40, State: Initialized, Role: FOLLOWER
I20260709 13:07:47.039253 15371 consensus_queue.cc:260] T 91f8864903c7411eaefd14e3789ca447 P ded01e4208eb484c9fe3bead1d23f42c [NON_LEADER]: Queue going to NON_LEADER mode. State: All replicated index: 0, Majority replicated index: 0, Committed index: 0, Last appended: 0.0, Last appended by leader: 0, Current term: 0, Majority size: -1, State: 0, Mode: NON_LEADER, active raft config: opid_index: -1 OBSOLETE_local: false peers { permanent_uuid: "ded01e4208eb484c9fe3bead1d23f42c" member_type: VOTER last_known_addr { host: "127.14.52.1" port: 46467 } } peers { permanent_uuid: "bdd4f183768545039a083ee807e9eb40" member_type: VOTER last_known_addr { host: "127.14.52.2" port: 45573 } } peers { permanent_uuid: "15d3752395dd497aa930954592224a3d" member_type: VOTER last_known_addr { host: "127.14.52.3" port: 32857 } }
I20260709 13:07:47.040712 15370 consensus_queue.cc:260] T b78a89e7ca5f4ff5aa857844417bdee1 P bdd4f183768545039a083ee807e9eb40 [NON_LEADER]: Queue going to NON_LEADER mode. State: All replicated index: 0, Majority replicated index: 0, Committed index: 0, Last appended: 0.0, Last appended by leader: 0, Current term: 0, Majority size: -1, State: 0, Mode: NON_LEADER, active raft config: opid_index: -1 OBSOLETE_local: false peers { permanent_uuid: "bdd4f183768545039a083ee807e9eb40" member_type: VOTER last_known_addr { host: "127.14.52.2" port: 45573 } } peers { permanent_uuid: "ded01e4208eb484c9fe3bead1d23f42c" member_type: VOTER last_known_addr { host: "127.14.52.1" port: 46467 } } peers { permanent_uuid: "15d3752395dd497aa930954592224a3d" member_type: VOTER last_known_addr { host: "127.14.52.3" port: 32857 } }
I20260709 13:07:47.042491 15330 raft_consensus.cc:2468] T 15e5f0ee13b14c069b52837b74c29f63 P 15d3752395dd497aa930954592224a3d [term 1 FOLLOWER]: Leader election vote request: Granting yes vote for candidate ded01e4208eb484c9fe3bead1d23f42c in term 1.
I20260709 13:07:47.044546 15375 leader_election.cc:290] T 15e5f0ee13b14c069b52837b74c29f63 P ded01e4208eb484c9fe3bead1d23f42c [CANDIDATE]: Term 1 election: Requested vote from peers bdd4f183768545039a083ee807e9eb40 (127.14.52.2:45573), 15d3752395dd497aa930954592224a3d (127.14.52.3:32857)
I20260709 13:07:47.045295 15401 raft_consensus.cc:2804] T 15e5f0ee13b14c069b52837b74c29f63 P ded01e4208eb484c9fe3bead1d23f42c [term 1 FOLLOWER]: Leader election won for term 1
I20260709 13:07:47.045985 15401 raft_consensus.cc:697] T 15e5f0ee13b14c069b52837b74c29f63 P ded01e4208eb484c9fe3bead1d23f42c [term 1 LEADER]: Becoming Leader. State: Replica: ded01e4208eb484c9fe3bead1d23f42c, State: Running, Role: LEADER
I20260709 13:07:47.047336 15370 ts_tablet_manager.cc:1434] T b78a89e7ca5f4ff5aa857844417bdee1 P bdd4f183768545039a083ee807e9eb40: Time spent starting tablet: real 0.011s	user 0.007s	sys 0.000s
I20260709 13:07:47.047173 15401 consensus_queue.cc:237] T 15e5f0ee13b14c069b52837b74c29f63 P ded01e4208eb484c9fe3bead1d23f42c [LEADER]: Queue going to LEADER mode. State: All replicated index: 0, Majority replicated index: 0, Committed index: 0, Last appended: 0.0, Last appended by leader: 0, Current term: 1, Majority size: 2, State: 0, Mode: LEADER, active raft config: opid_index: -1 OBSOLETE_local: false peers { permanent_uuid: "ded01e4208eb484c9fe3bead1d23f42c" member_type: VOTER last_known_addr { host: "127.14.52.1" port: 46467 } } peers { permanent_uuid: "bdd4f183768545039a083ee807e9eb40" member_type: VOTER last_known_addr { host: "127.14.52.2" port: 45573 } } peers { permanent_uuid: "15d3752395dd497aa930954592224a3d" member_type: VOTER last_known_addr { host: "127.14.52.3" port: 32857 } }
I20260709 13:07:47.050432 15370 tablet_bootstrap.cc:492] T 2ed9dc68365047f9a9abffa51ad5b659 P bdd4f183768545039a083ee807e9eb40: Bootstrap starting.
I20260709 13:07:47.051508 15371 ts_tablet_manager.cc:1434] T 91f8864903c7411eaefd14e3789ca447 P ded01e4208eb484c9fe3bead1d23f42c: Time spent starting tablet: real 0.042s	user 0.007s	sys 0.006s
I20260709 13:07:47.052853 15371 tablet_bootstrap.cc:492] T 11938bd0cb864ddcb72a32a4e88fa0a8 P ded01e4208eb484c9fe3bead1d23f42c: Bootstrap starting.
I20260709 13:07:47.059602 15372 tablet_bootstrap.cc:654] T 2ed9dc68365047f9a9abffa51ad5b659 P 15d3752395dd497aa930954592224a3d: Neither blocks nor log segments found. Creating new log.
I20260709 13:07:47.060371 15370 tablet_bootstrap.cc:654] T 2ed9dc68365047f9a9abffa51ad5b659 P bdd4f183768545039a083ee807e9eb40: Neither blocks nor log segments found. Creating new log.
I20260709 13:07:47.068785 15371 tablet_bootstrap.cc:654] T 11938bd0cb864ddcb72a32a4e88fa0a8 P ded01e4208eb484c9fe3bead1d23f42c: Neither blocks nor log segments found. Creating new log.
I20260709 13:07:47.080331 15372 tablet_bootstrap.cc:492] T 2ed9dc68365047f9a9abffa51ad5b659 P 15d3752395dd497aa930954592224a3d: No bootstrap required, opened a new log
I20260709 13:07:47.080858 15372 ts_tablet_manager.cc:1403] T 2ed9dc68365047f9a9abffa51ad5b659 P 15d3752395dd497aa930954592224a3d: Time spent bootstrapping tablet: real 0.045s	user 0.007s	sys 0.006s
I20260709 13:07:47.080197 15079 catalog_manager.cc:5697] T 15e5f0ee13b14c069b52837b74c29f63 P ded01e4208eb484c9fe3bead1d23f42c reported cstate change: term changed from 0 to 1, leader changed from <none> to ded01e4208eb484c9fe3bead1d23f42c (127.14.52.1). New cstate: current_term: 1 leader_uuid: "ded01e4208eb484c9fe3bead1d23f42c" committed_config { opid_index: -1 OBSOLETE_local: false peers { permanent_uuid: "ded01e4208eb484c9fe3bead1d23f42c" member_type: VOTER last_known_addr { host: "127.14.52.1" port: 46467 } health_report { overall_health: HEALTHY } } peers { permanent_uuid: "bdd4f183768545039a083ee807e9eb40" member_type: VOTER last_known_addr { host: "127.14.52.2" port: 45573 } health_report { overall_health: UNKNOWN } } peers { permanent_uuid: "15d3752395dd497aa930954592224a3d" member_type: VOTER last_known_addr { host: "127.14.52.3" port: 32857 } health_report { overall_health: UNKNOWN } } }
I20260709 13:07:47.083420 15370 tablet_bootstrap.cc:492] T 2ed9dc68365047f9a9abffa51ad5b659 P bdd4f183768545039a083ee807e9eb40: No bootstrap required, opened a new log
I20260709 13:07:47.083997 15370 ts_tablet_manager.cc:1403] T 2ed9dc68365047f9a9abffa51ad5b659 P bdd4f183768545039a083ee807e9eb40: Time spent bootstrapping tablet: real 0.034s	user 0.014s	sys 0.005s
I20260709 13:07:47.084288 15371 tablet_bootstrap.cc:492] T 11938bd0cb864ddcb72a32a4e88fa0a8 P ded01e4208eb484c9fe3bead1d23f42c: No bootstrap required, opened a new log
I20260709 13:07:47.084372 15372 raft_consensus.cc:359] T 2ed9dc68365047f9a9abffa51ad5b659 P 15d3752395dd497aa930954592224a3d [term 0 FOLLOWER]: Replica starting. Triggering 0 pending ops. Active config: opid_index: -1 OBSOLETE_local: false peers { permanent_uuid: "ded01e4208eb484c9fe3bead1d23f42c" member_type: VOTER last_known_addr { host: "127.14.52.1" port: 46467 } } peers { permanent_uuid: "bdd4f183768545039a083ee807e9eb40" member_type: VOTER last_known_addr { host: "127.14.52.2" port: 45573 } } peers { permanent_uuid: "15d3752395dd497aa930954592224a3d" member_type: VOTER last_known_addr { host: "127.14.52.3" port: 32857 } }
I20260709 13:07:47.084936 15371 ts_tablet_manager.cc:1403] T 11938bd0cb864ddcb72a32a4e88fa0a8 P ded01e4208eb484c9fe3bead1d23f42c: Time spent bootstrapping tablet: real 0.032s	user 0.011s	sys 0.007s
I20260709 13:07:47.085270 15372 raft_consensus.cc:385] T 2ed9dc68365047f9a9abffa51ad5b659 P 15d3752395dd497aa930954592224a3d [term 0 FOLLOWER]: Consensus starting up: Expiring failure detector timer to make a prompt election more likely
I20260709 13:07:47.085628 15372 raft_consensus.cc:740] T 2ed9dc68365047f9a9abffa51ad5b659 P 15d3752395dd497aa930954592224a3d [term 0 FOLLOWER]: Becoming Follower/Learner. State: Replica: 15d3752395dd497aa930954592224a3d, State: Initialized, Role: FOLLOWER
I20260709 13:07:47.086424 15372 consensus_queue.cc:260] T 2ed9dc68365047f9a9abffa51ad5b659 P 15d3752395dd497aa930954592224a3d [NON_LEADER]: Queue going to NON_LEADER mode. State: All replicated index: 0, Majority replicated index: 0, Committed index: 0, Last appended: 0.0, Last appended by leader: 0, Current term: 0, Majority size: -1, State: 0, Mode: NON_LEADER, active raft config: opid_index: -1 OBSOLETE_local: false peers { permanent_uuid: "ded01e4208eb484c9fe3bead1d23f42c" member_type: VOTER last_known_addr { host: "127.14.52.1" port: 46467 } } peers { permanent_uuid: "bdd4f183768545039a083ee807e9eb40" member_type: VOTER last_known_addr { host: "127.14.52.2" port: 45573 } } peers { permanent_uuid: "15d3752395dd497aa930954592224a3d" member_type: VOTER last_known_addr { host: "127.14.52.3" port: 32857 } }
I20260709 13:07:47.088256 15371 raft_consensus.cc:359] T 11938bd0cb864ddcb72a32a4e88fa0a8 P ded01e4208eb484c9fe3bead1d23f42c [term 0 FOLLOWER]: Replica starting. Triggering 0 pending ops. Active config: opid_index: -1 OBSOLETE_local: false peers { permanent_uuid: "ded01e4208eb484c9fe3bead1d23f42c" member_type: VOTER last_known_addr { host: "127.14.52.1" port: 46467 } } peers { permanent_uuid: "bdd4f183768545039a083ee807e9eb40" member_type: VOTER last_known_addr { host: "127.14.52.2" port: 45573 } } peers { permanent_uuid: "15d3752395dd497aa930954592224a3d" member_type: VOTER last_known_addr { host: "127.14.52.3" port: 32857 } }
I20260709 13:07:47.088785 15372 ts_tablet_manager.cc:1434] T 2ed9dc68365047f9a9abffa51ad5b659 P 15d3752395dd497aa930954592224a3d: Time spent starting tablet: real 0.008s	user 0.002s	sys 0.003s
I20260709 13:07:47.089044 15371 raft_consensus.cc:385] T 11938bd0cb864ddcb72a32a4e88fa0a8 P ded01e4208eb484c9fe3bead1d23f42c [term 0 FOLLOWER]: Consensus starting up: Expiring failure detector timer to make a prompt election more likely
I20260709 13:07:47.089390 15371 raft_consensus.cc:740] T 11938bd0cb864ddcb72a32a4e88fa0a8 P ded01e4208eb484c9fe3bead1d23f42c [term 0 FOLLOWER]: Becoming Follower/Learner. State: Replica: ded01e4208eb484c9fe3bead1d23f42c, State: Initialized, Role: FOLLOWER
I20260709 13:07:47.089823 15372 tablet_bootstrap.cc:492] T 20219bc9f1da4bdda7303537ea7f5fcc P 15d3752395dd497aa930954592224a3d: Bootstrap starting.
I20260709 13:07:47.090328 15371 consensus_queue.cc:260] T 11938bd0cb864ddcb72a32a4e88fa0a8 P ded01e4208eb484c9fe3bead1d23f42c [NON_LEADER]: Queue going to NON_LEADER mode. State: All replicated index: 0, Majority replicated index: 0, Committed index: 0, Last appended: 0.0, Last appended by leader: 0, Current term: 0, Majority size: -1, State: 0, Mode: NON_LEADER, active raft config: opid_index: -1 OBSOLETE_local: false peers { permanent_uuid: "ded01e4208eb484c9fe3bead1d23f42c" member_type: VOTER last_known_addr { host: "127.14.52.1" port: 46467 } } peers { permanent_uuid: "bdd4f183768545039a083ee807e9eb40" member_type: VOTER last_known_addr { host: "127.14.52.2" port: 45573 } } peers { permanent_uuid: "15d3752395dd497aa930954592224a3d" member_type: VOTER last_known_addr { host: "127.14.52.3" port: 32857 } }
I20260709 13:07:47.092208 15370 raft_consensus.cc:359] T 2ed9dc68365047f9a9abffa51ad5b659 P bdd4f183768545039a083ee807e9eb40 [term 0 FOLLOWER]: Replica starting. Triggering 0 pending ops. Active config: opid_index: -1 OBSOLETE_local: false peers { permanent_uuid: "ded01e4208eb484c9fe3bead1d23f42c" member_type: VOTER last_known_addr { host: "127.14.52.1" port: 46467 } } peers { permanent_uuid: "bdd4f183768545039a083ee807e9eb40" member_type: VOTER last_known_addr { host: "127.14.52.2" port: 45573 } } peers { permanent_uuid: "15d3752395dd497aa930954592224a3d" member_type: VOTER last_known_addr { host: "127.14.52.3" port: 32857 } }
I20260709 13:07:47.093031 15370 raft_consensus.cc:385] T 2ed9dc68365047f9a9abffa51ad5b659 P bdd4f183768545039a083ee807e9eb40 [term 0 FOLLOWER]: Consensus starting up: Expiring failure detector timer to make a prompt election more likely
I20260709 13:07:47.093318 15371 ts_tablet_manager.cc:1434] T 11938bd0cb864ddcb72a32a4e88fa0a8 P ded01e4208eb484c9fe3bead1d23f42c: Time spent starting tablet: real 0.008s	user 0.007s	sys 0.000s
I20260709 13:07:47.093466 15370 raft_consensus.cc:740] T 2ed9dc68365047f9a9abffa51ad5b659 P bdd4f183768545039a083ee807e9eb40 [term 0 FOLLOWER]: Becoming Follower/Learner. State: Replica: bdd4f183768545039a083ee807e9eb40, State: Initialized, Role: FOLLOWER
I20260709 13:07:47.094640 15371 tablet_bootstrap.cc:492] T 3fdb044f791c4cbd9d1dd00f96655ea2 P ded01e4208eb484c9fe3bead1d23f42c: Bootstrap starting.
I20260709 13:07:47.097226 15372 tablet_bootstrap.cc:654] T 20219bc9f1da4bdda7303537ea7f5fcc P 15d3752395dd497aa930954592224a3d: Neither blocks nor log segments found. Creating new log.
I20260709 13:07:47.099601 15370 consensus_queue.cc:260] T 2ed9dc68365047f9a9abffa51ad5b659 P bdd4f183768545039a083ee807e9eb40 [NON_LEADER]: Queue going to NON_LEADER mode. State: All replicated index: 0, Majority replicated index: 0, Committed index: 0, Last appended: 0.0, Last appended by leader: 0, Current term: 0, Majority size: -1, State: 0, Mode: NON_LEADER, active raft config: opid_index: -1 OBSOLETE_local: false peers { permanent_uuid: "ded01e4208eb484c9fe3bead1d23f42c" member_type: VOTER last_known_addr { host: "127.14.52.1" port: 46467 } } peers { permanent_uuid: "bdd4f183768545039a083ee807e9eb40" member_type: VOTER last_known_addr { host: "127.14.52.2" port: 45573 } } peers { permanent_uuid: "15d3752395dd497aa930954592224a3d" member_type: VOTER last_known_addr { host: "127.14.52.3" port: 32857 } }
I20260709 13:07:47.104156 15372 tablet_bootstrap.cc:492] T 20219bc9f1da4bdda7303537ea7f5fcc P 15d3752395dd497aa930954592224a3d: No bootstrap required, opened a new log
I20260709 13:07:47.105139 15372 ts_tablet_manager.cc:1403] T 20219bc9f1da4bdda7303537ea7f5fcc P 15d3752395dd497aa930954592224a3d: Time spent bootstrapping tablet: real 0.016s	user 0.012s	sys 0.002s
I20260709 13:07:47.106551 15370 ts_tablet_manager.cc:1434] T 2ed9dc68365047f9a9abffa51ad5b659 P bdd4f183768545039a083ee807e9eb40: Time spent starting tablet: real 0.022s	user 0.008s	sys 0.000s
I20260709 13:07:47.111402 15371 tablet_bootstrap.cc:654] T 3fdb044f791c4cbd9d1dd00f96655ea2 P ded01e4208eb484c9fe3bead1d23f42c: Neither blocks nor log segments found. Creating new log.
I20260709 13:07:47.109668 15372 raft_consensus.cc:359] T 20219bc9f1da4bdda7303537ea7f5fcc P 15d3752395dd497aa930954592224a3d [term 0 FOLLOWER]: Replica starting. Triggering 0 pending ops. Active config: opid_index: -1 OBSOLETE_local: false peers { permanent_uuid: "ded01e4208eb484c9fe3bead1d23f42c" member_type: VOTER last_known_addr { host: "127.14.52.1" port: 46467 } } peers { permanent_uuid: "bdd4f183768545039a083ee807e9eb40" member_type: VOTER last_known_addr { host: "127.14.52.2" port: 45573 } } peers { permanent_uuid: "15d3752395dd497aa930954592224a3d" member_type: VOTER last_known_addr { host: "127.14.52.3" port: 32857 } }
I20260709 13:07:47.112046 15370 tablet_bootstrap.cc:492] T 91f8864903c7411eaefd14e3789ca447 P bdd4f183768545039a083ee807e9eb40: Bootstrap starting.
I20260709 13:07:47.111999 15372 raft_consensus.cc:385] T 20219bc9f1da4bdda7303537ea7f5fcc P 15d3752395dd497aa930954592224a3d [term 0 FOLLOWER]: Consensus starting up: Expiring failure detector timer to make a prompt election more likely
I20260709 13:07:47.112735 15372 raft_consensus.cc:740] T 20219bc9f1da4bdda7303537ea7f5fcc P 15d3752395dd497aa930954592224a3d [term 0 FOLLOWER]: Becoming Follower/Learner. State: Replica: 15d3752395dd497aa930954592224a3d, State: Initialized, Role: FOLLOWER
I20260709 13:07:47.113874 15372 consensus_queue.cc:260] T 20219bc9f1da4bdda7303537ea7f5fcc P 15d3752395dd497aa930954592224a3d [NON_LEADER]: Queue going to NON_LEADER mode. State: All replicated index: 0, Majority replicated index: 0, Committed index: 0, Last appended: 0.0, Last appended by leader: 0, Current term: 0, Majority size: -1, State: 0, Mode: NON_LEADER, active raft config: opid_index: -1 OBSOLETE_local: false peers { permanent_uuid: "ded01e4208eb484c9fe3bead1d23f42c" member_type: VOTER last_known_addr { host: "127.14.52.1" port: 46467 } } peers { permanent_uuid: "bdd4f183768545039a083ee807e9eb40" member_type: VOTER last_known_addr { host: "127.14.52.2" port: 45573 } } peers { permanent_uuid: "15d3752395dd497aa930954592224a3d" member_type: VOTER last_known_addr { host: "127.14.52.3" port: 32857 } }
I20260709 13:07:47.118997 15372 ts_tablet_manager.cc:1434] T 20219bc9f1da4bdda7303537ea7f5fcc P 15d3752395dd497aa930954592224a3d: Time spent starting tablet: real 0.013s	user 0.001s	sys 0.006s
I20260709 13:07:47.120199 15372 tablet_bootstrap.cc:492] T 7c1235f599234839a1200b8e08a4e809 P 15d3752395dd497aa930954592224a3d: Bootstrap starting.
I20260709 13:07:47.123272 15370 tablet_bootstrap.cc:654] T 91f8864903c7411eaefd14e3789ca447 P bdd4f183768545039a083ee807e9eb40: Neither blocks nor log segments found. Creating new log.
I20260709 13:07:47.130715 15372 tablet_bootstrap.cc:654] T 7c1235f599234839a1200b8e08a4e809 P 15d3752395dd497aa930954592224a3d: Neither blocks nor log segments found. Creating new log.
I20260709 13:07:47.136986 15371 tablet_bootstrap.cc:492] T 3fdb044f791c4cbd9d1dd00f96655ea2 P ded01e4208eb484c9fe3bead1d23f42c: No bootstrap required, opened a new log
I20260709 13:07:47.137554 15370 tablet_bootstrap.cc:492] T 91f8864903c7411eaefd14e3789ca447 P bdd4f183768545039a083ee807e9eb40: No bootstrap required, opened a new log
I20260709 13:07:47.137696 15371 ts_tablet_manager.cc:1403] T 3fdb044f791c4cbd9d1dd00f96655ea2 P ded01e4208eb484c9fe3bead1d23f42c: Time spent bootstrapping tablet: real 0.043s	user 0.024s	sys 0.010s
I20260709 13:07:47.138257 15370 ts_tablet_manager.cc:1403] T 91f8864903c7411eaefd14e3789ca447 P bdd4f183768545039a083ee807e9eb40: Time spent bootstrapping tablet: real 0.027s	user 0.013s	sys 0.011s
I20260709 13:07:47.141275 15372 tablet_bootstrap.cc:492] T 7c1235f599234839a1200b8e08a4e809 P 15d3752395dd497aa930954592224a3d: No bootstrap required, opened a new log
I20260709 13:07:47.141130 15371 raft_consensus.cc:359] T 3fdb044f791c4cbd9d1dd00f96655ea2 P ded01e4208eb484c9fe3bead1d23f42c [term 0 FOLLOWER]: Replica starting. Triggering 0 pending ops. Active config: opid_index: -1 OBSOLETE_local: false peers { permanent_uuid: "ded01e4208eb484c9fe3bead1d23f42c" member_type: VOTER last_known_addr { host: "127.14.52.1" port: 46467 } } peers { permanent_uuid: "bdd4f183768545039a083ee807e9eb40" member_type: VOTER last_known_addr { host: "127.14.52.2" port: 45573 } } peers { permanent_uuid: "15d3752395dd497aa930954592224a3d" member_type: VOTER last_known_addr { host: "127.14.52.3" port: 32857 } }
I20260709 13:07:47.141839 15372 ts_tablet_manager.cc:1403] T 7c1235f599234839a1200b8e08a4e809 P 15d3752395dd497aa930954592224a3d: Time spent bootstrapping tablet: real 0.022s	user 0.008s	sys 0.010s
I20260709 13:07:47.141477 15370 raft_consensus.cc:359] T 91f8864903c7411eaefd14e3789ca447 P bdd4f183768545039a083ee807e9eb40 [term 0 FOLLOWER]: Replica starting. Triggering 0 pending ops. Active config: opid_index: -1 OBSOLETE_local: false peers { permanent_uuid: "ded01e4208eb484c9fe3bead1d23f42c" member_type: VOTER last_known_addr { host: "127.14.52.1" port: 46467 } } peers { permanent_uuid: "bdd4f183768545039a083ee807e9eb40" member_type: VOTER last_known_addr { host: "127.14.52.2" port: 45573 } } peers { permanent_uuid: "15d3752395dd497aa930954592224a3d" member_type: VOTER last_known_addr { host: "127.14.52.3" port: 32857 } }
I20260709 13:07:47.142035 15371 raft_consensus.cc:385] T 3fdb044f791c4cbd9d1dd00f96655ea2 P ded01e4208eb484c9fe3bead1d23f42c [term 0 FOLLOWER]: Consensus starting up: Expiring failure detector timer to make a prompt election more likely
I20260709 13:07:47.142364 15370 raft_consensus.cc:385] T 91f8864903c7411eaefd14e3789ca447 P bdd4f183768545039a083ee807e9eb40 [term 0 FOLLOWER]: Consensus starting up: Expiring failure detector timer to make a prompt election more likely
I20260709 13:07:47.142463 15371 raft_consensus.cc:740] T 3fdb044f791c4cbd9d1dd00f96655ea2 P ded01e4208eb484c9fe3bead1d23f42c [term 0 FOLLOWER]: Becoming Follower/Learner. State: Replica: ded01e4208eb484c9fe3bead1d23f42c, State: Initialized, Role: FOLLOWER
I20260709 13:07:47.142868 15370 raft_consensus.cc:740] T 91f8864903c7411eaefd14e3789ca447 P bdd4f183768545039a083ee807e9eb40 [term 0 FOLLOWER]: Becoming Follower/Learner. State: Replica: bdd4f183768545039a083ee807e9eb40, State: Initialized, Role: FOLLOWER
I20260709 13:07:47.143446 15371 consensus_queue.cc:260] T 3fdb044f791c4cbd9d1dd00f96655ea2 P ded01e4208eb484c9fe3bead1d23f42c [NON_LEADER]: Queue going to NON_LEADER mode. State: All replicated index: 0, Majority replicated index: 0, Committed index: 0, Last appended: 0.0, Last appended by leader: 0, Current term: 0, Majority size: -1, State: 0, Mode: NON_LEADER, active raft config: opid_index: -1 OBSOLETE_local: false peers { permanent_uuid: "ded01e4208eb484c9fe3bead1d23f42c" member_type: VOTER last_known_addr { host: "127.14.52.1" port: 46467 } } peers { permanent_uuid: "bdd4f183768545039a083ee807e9eb40" member_type: VOTER last_known_addr { host: "127.14.52.2" port: 45573 } } peers { permanent_uuid: "15d3752395dd497aa930954592224a3d" member_type: VOTER last_known_addr { host: "127.14.52.3" port: 32857 } }
I20260709 13:07:47.143755 15370 consensus_queue.cc:260] T 91f8864903c7411eaefd14e3789ca447 P bdd4f183768545039a083ee807e9eb40 [NON_LEADER]: Queue going to NON_LEADER mode. State: All replicated index: 0, Majority replicated index: 0, Committed index: 0, Last appended: 0.0, Last appended by leader: 0, Current term: 0, Majority size: -1, State: 0, Mode: NON_LEADER, active raft config: opid_index: -1 OBSOLETE_local: false peers { permanent_uuid: "ded01e4208eb484c9fe3bead1d23f42c" member_type: VOTER last_known_addr { host: "127.14.52.1" port: 46467 } } peers { permanent_uuid: "bdd4f183768545039a083ee807e9eb40" member_type: VOTER last_known_addr { host: "127.14.52.2" port: 45573 } } peers { permanent_uuid: "15d3752395dd497aa930954592224a3d" member_type: VOTER last_known_addr { host: "127.14.52.3" port: 32857 } }
I20260709 13:07:47.145844 15371 ts_tablet_manager.cc:1434] T 3fdb044f791c4cbd9d1dd00f96655ea2 P ded01e4208eb484c9fe3bead1d23f42c: Time spent starting tablet: real 0.008s	user 0.007s	sys 0.001s
I20260709 13:07:47.146145 15370 ts_tablet_manager.cc:1434] T 91f8864903c7411eaefd14e3789ca447 P bdd4f183768545039a083ee807e9eb40: Time spent starting tablet: real 0.007s	user 0.004s	sys 0.004s
I20260709 13:07:47.147006 15371 tablet_bootstrap.cc:492] T 7c1235f599234839a1200b8e08a4e809 P ded01e4208eb484c9fe3bead1d23f42c: Bootstrap starting.
I20260709 13:07:47.147164 15370 tablet_bootstrap.cc:492] T 20219bc9f1da4bdda7303537ea7f5fcc P bdd4f183768545039a083ee807e9eb40: Bootstrap starting.
I20260709 13:07:47.149536 15372 raft_consensus.cc:359] T 7c1235f599234839a1200b8e08a4e809 P 15d3752395dd497aa930954592224a3d [term 0 FOLLOWER]: Replica starting. Triggering 0 pending ops. Active config: opid_index: -1 OBSOLETE_local: false peers { permanent_uuid: "ded01e4208eb484c9fe3bead1d23f42c" member_type: VOTER last_known_addr { host: "127.14.52.1" port: 46467 } } peers { permanent_uuid: "bdd4f183768545039a083ee807e9eb40" member_type: VOTER last_known_addr { host: "127.14.52.2" port: 45573 } } peers { permanent_uuid: "15d3752395dd497aa930954592224a3d" member_type: VOTER last_known_addr { host: "127.14.52.3" port: 32857 } }
I20260709 13:07:47.150950 15372 raft_consensus.cc:385] T 7c1235f599234839a1200b8e08a4e809 P 15d3752395dd497aa930954592224a3d [term 0 FOLLOWER]: Consensus starting up: Expiring failure detector timer to make a prompt election more likely
I20260709 13:07:47.151260 15372 raft_consensus.cc:740] T 7c1235f599234839a1200b8e08a4e809 P 15d3752395dd497aa930954592224a3d [term 0 FOLLOWER]: Becoming Follower/Learner. State: Replica: 15d3752395dd497aa930954592224a3d, State: Initialized, Role: FOLLOWER
I20260709 13:07:47.152109 15372 consensus_queue.cc:260] T 7c1235f599234839a1200b8e08a4e809 P 15d3752395dd497aa930954592224a3d [NON_LEADER]: Queue going to NON_LEADER mode. State: All replicated index: 0, Majority replicated index: 0, Committed index: 0, Last appended: 0.0, Last appended by leader: 0, Current term: 0, Majority size: -1, State: 0, Mode: NON_LEADER, active raft config: opid_index: -1 OBSOLETE_local: false peers { permanent_uuid: "ded01e4208eb484c9fe3bead1d23f42c" member_type: VOTER last_known_addr { host: "127.14.52.1" port: 46467 } } peers { permanent_uuid: "bdd4f183768545039a083ee807e9eb40" member_type: VOTER last_known_addr { host: "127.14.52.2" port: 45573 } } peers { permanent_uuid: "15d3752395dd497aa930954592224a3d" member_type: VOTER last_known_addr { host: "127.14.52.3" port: 32857 } }
I20260709 13:07:47.155220 15371 tablet_bootstrap.cc:654] T 7c1235f599234839a1200b8e08a4e809 P ded01e4208eb484c9fe3bead1d23f42c: Neither blocks nor log segments found. Creating new log.
I20260709 13:07:47.155213 15370 tablet_bootstrap.cc:654] T 20219bc9f1da4bdda7303537ea7f5fcc P bdd4f183768545039a083ee807e9eb40: Neither blocks nor log segments found. Creating new log.
I20260709 13:07:47.157744 15372 ts_tablet_manager.cc:1434] T 7c1235f599234839a1200b8e08a4e809 P 15d3752395dd497aa930954592224a3d: Time spent starting tablet: real 0.015s	user 0.005s	sys 0.002s
I20260709 13:07:47.158998 15372 tablet_bootstrap.cc:492] T b78a89e7ca5f4ff5aa857844417bdee1 P 15d3752395dd497aa930954592224a3d: Bootstrap starting.
I20260709 13:07:47.165373 15372 tablet_bootstrap.cc:654] T b78a89e7ca5f4ff5aa857844417bdee1 P 15d3752395dd497aa930954592224a3d: Neither blocks nor log segments found. Creating new log.
I20260709 13:07:47.166589 15380 raft_consensus.cc:493] T 91f8864903c7411eaefd14e3789ca447 P 15d3752395dd497aa930954592224a3d [term 0 FOLLOWER]: Starting pre-election (no leader contacted us within the election timeout)
I20260709 13:07:47.167354 15380 raft_consensus.cc:515] T 91f8864903c7411eaefd14e3789ca447 P 15d3752395dd497aa930954592224a3d [term 0 FOLLOWER]: Starting pre-election with config: opid_index: -1 OBSOLETE_local: false peers { permanent_uuid: "ded01e4208eb484c9fe3bead1d23f42c" member_type: VOTER last_known_addr { host: "127.14.52.1" port: 46467 } } peers { permanent_uuid: "bdd4f183768545039a083ee807e9eb40" member_type: VOTER last_known_addr { host: "127.14.52.2" port: 45573 } } peers { permanent_uuid: "15d3752395dd497aa930954592224a3d" member_type: VOTER last_known_addr { host: "127.14.52.3" port: 32857 } }
I20260709 13:07:47.181792 15380 leader_election.cc:290] T 91f8864903c7411eaefd14e3789ca447 P 15d3752395dd497aa930954592224a3d [CANDIDATE]: Term 1 pre-election: Requested pre-vote from peers ded01e4208eb484c9fe3bead1d23f42c (127.14.52.1:46467), bdd4f183768545039a083ee807e9eb40 (127.14.52.2:45573)
I20260709 13:07:47.189823 15370 tablet_bootstrap.cc:492] T 20219bc9f1da4bdda7303537ea7f5fcc P bdd4f183768545039a083ee807e9eb40: No bootstrap required, opened a new log
I20260709 13:07:47.190192 15380 raft_consensus.cc:493] T 4b97c0bdece74d8b856d250467b1f179 P 15d3752395dd497aa930954592224a3d [term 0 FOLLOWER]: Starting pre-election (no leader contacted us within the election timeout)
I20260709 13:07:47.190408 15370 ts_tablet_manager.cc:1403] T 20219bc9f1da4bdda7303537ea7f5fcc P bdd4f183768545039a083ee807e9eb40: Time spent bootstrapping tablet: real 0.043s	user 0.024s	sys 0.007s
I20260709 13:07:47.191926 15401 raft_consensus.cc:493] T 4b97c0bdece74d8b856d250467b1f179 P ded01e4208eb484c9fe3bead1d23f42c [term 0 FOLLOWER]: Starting pre-election (no leader contacted us within the election timeout)
I20260709 13:07:47.192405 15401 raft_consensus.cc:515] T 4b97c0bdece74d8b856d250467b1f179 P ded01e4208eb484c9fe3bead1d23f42c [term 0 FOLLOWER]: Starting pre-election with config: opid_index: -1 OBSOLETE_local: false peers { permanent_uuid: "ded01e4208eb484c9fe3bead1d23f42c" member_type: VOTER last_known_addr { host: "127.14.52.1" port: 46467 } } peers { permanent_uuid: "bdd4f183768545039a083ee807e9eb40" member_type: VOTER last_known_addr { host: "127.14.52.2" port: 45573 } } peers { permanent_uuid: "15d3752395dd497aa930954592224a3d" member_type: VOTER last_known_addr { host: "127.14.52.3" port: 32857 } }
I20260709 13:07:47.193997 15370 raft_consensus.cc:359] T 20219bc9f1da4bdda7303537ea7f5fcc P bdd4f183768545039a083ee807e9eb40 [term 0 FOLLOWER]: Replica starting. Triggering 0 pending ops. Active config: opid_index: -1 OBSOLETE_local: false peers { permanent_uuid: "ded01e4208eb484c9fe3bead1d23f42c" member_type: VOTER last_known_addr { host: "127.14.52.1" port: 46467 } } peers { permanent_uuid: "bdd4f183768545039a083ee807e9eb40" member_type: VOTER last_known_addr { host: "127.14.52.2" port: 45573 } } peers { permanent_uuid: "15d3752395dd497aa930954592224a3d" member_type: VOTER last_known_addr { host: "127.14.52.3" port: 32857 } }
I20260709 13:07:47.194721 15401 leader_election.cc:290] T 4b97c0bdece74d8b856d250467b1f179 P ded01e4208eb484c9fe3bead1d23f42c [CANDIDATE]: Term 1 pre-election: Requested pre-vote from peers bdd4f183768545039a083ee807e9eb40 (127.14.52.2:45573), 15d3752395dd497aa930954592224a3d (127.14.52.3:32857)
I20260709 13:07:47.195040 15377 raft_consensus.cc:493] T 2ed9dc68365047f9a9abffa51ad5b659 P bdd4f183768545039a083ee807e9eb40 [term 0 FOLLOWER]: Starting pre-election (no leader contacted us within the election timeout)
I20260709 13:07:47.194721 15370 raft_consensus.cc:385] T 20219bc9f1da4bdda7303537ea7f5fcc P bdd4f183768545039a083ee807e9eb40 [term 0 FOLLOWER]: Consensus starting up: Expiring failure detector timer to make a prompt election more likely
I20260709 13:07:47.195536 15377 raft_consensus.cc:515] T 2ed9dc68365047f9a9abffa51ad5b659 P bdd4f183768545039a083ee807e9eb40 [term 0 FOLLOWER]: Starting pre-election with config: opid_index: -1 OBSOLETE_local: false peers { permanent_uuid: "ded01e4208eb484c9fe3bead1d23f42c" member_type: VOTER last_known_addr { host: "127.14.52.1" port: 46467 } } peers { permanent_uuid: "bdd4f183768545039a083ee807e9eb40" member_type: VOTER last_known_addr { host: "127.14.52.2" port: 45573 } } peers { permanent_uuid: "15d3752395dd497aa930954592224a3d" member_type: VOTER last_known_addr { host: "127.14.52.3" port: 32857 } }
I20260709 13:07:47.195957 15256 tablet_service.cc:1917] Received RequestConsensusVote() RPC: tablet_id: "4b97c0bdece74d8b856d250467b1f179" candidate_uuid: "ded01e4208eb484c9fe3bead1d23f42c" candidate_term: 1 candidate_status { last_received { term: 0 index: 0 } } ignore_live_leader: false dest_uuid: "bdd4f183768545039a083ee807e9eb40" is_pre_election: true
W20260709 13:07:47.197476 15146 leader_election.cc:343] T 4b97c0bdece74d8b856d250467b1f179 P ded01e4208eb484c9fe3bead1d23f42c [CANDIDATE]: Term 1 pre-election: Tablet error from VoteRequest() call to peer bdd4f183768545039a083ee807e9eb40 (127.14.52.2:45573): Illegal state: must be running to vote when last-logged opid is not known
I20260709 13:07:47.197791 15377 leader_election.cc:290] T 2ed9dc68365047f9a9abffa51ad5b659 P bdd4f183768545039a083ee807e9eb40 [CANDIDATE]: Term 1 pre-election: Requested pre-vote from peers ded01e4208eb484c9fe3bead1d23f42c (127.14.52.1:46467), 15d3752395dd497aa930954592224a3d (127.14.52.3:32857)
I20260709 13:07:47.198145 15401 raft_consensus.cc:493] T 3fdb044f791c4cbd9d1dd00f96655ea2 P ded01e4208eb484c9fe3bead1d23f42c [term 0 FOLLOWER]: Starting pre-election (no leader contacted us within the election timeout)
I20260709 13:07:47.190943 15380 raft_consensus.cc:515] T 4b97c0bdece74d8b856d250467b1f179 P 15d3752395dd497aa930954592224a3d [term 0 FOLLOWER]: Starting pre-election with config: opid_index: -1 OBSOLETE_local: false peers { permanent_uuid: "ded01e4208eb484c9fe3bead1d23f42c" member_type: VOTER last_known_addr { host: "127.14.52.1" port: 46467 } } peers { permanent_uuid: "bdd4f183768545039a083ee807e9eb40" member_type: VOTER last_known_addr { host: "127.14.52.2" port: 45573 } } peers { permanent_uuid: "15d3752395dd497aa930954592224a3d" member_type: VOTER last_known_addr { host: "127.14.52.3" port: 32857 } }
I20260709 13:07:47.198920 15181 tablet_service.cc:1917] Received RequestConsensusVote() RPC: tablet_id: "2ed9dc68365047f9a9abffa51ad5b659" candidate_uuid: "bdd4f183768545039a083ee807e9eb40" candidate_term: 1 candidate_status { last_received { term: 0 index: 0 } } ignore_live_leader: false dest_uuid: "ded01e4208eb484c9fe3bead1d23f42c" is_pre_election: true
I20260709 13:07:47.199321 15398 raft_consensus.cc:493] T b78a89e7ca5f4ff5aa857844417bdee1 P ded01e4208eb484c9fe3bead1d23f42c [term 0 FOLLOWER]: Starting pre-election (no leader contacted us within the election timeout)
I20260709 13:07:47.199798 15398 raft_consensus.cc:515] T b78a89e7ca5f4ff5aa857844417bdee1 P ded01e4208eb484c9fe3bead1d23f42c [term 0 FOLLOWER]: Starting pre-election with config: opid_index: -1 OBSOLETE_local: false peers { permanent_uuid: "bdd4f183768545039a083ee807e9eb40" member_type: VOTER last_known_addr { host: "127.14.52.2" port: 45573 } } peers { permanent_uuid: "ded01e4208eb484c9fe3bead1d23f42c" member_type: VOTER last_known_addr { host: "127.14.52.1" port: 46467 } } peers { permanent_uuid: "15d3752395dd497aa930954592224a3d" member_type: VOTER last_known_addr { host: "127.14.52.3" port: 32857 } }
I20260709 13:07:47.201236 15380 leader_election.cc:290] T 4b97c0bdece74d8b856d250467b1f179 P 15d3752395dd497aa930954592224a3d [CANDIDATE]: Term 1 pre-election: Requested pre-vote from peers ded01e4208eb484c9fe3bead1d23f42c (127.14.52.1:46467), bdd4f183768545039a083ee807e9eb40 (127.14.52.2:45573)
W20260709 13:07:47.201125 15220 leader_election.cc:343] T 2ed9dc68365047f9a9abffa51ad5b659 P bdd4f183768545039a083ee807e9eb40 [CANDIDATE]: Term 1 pre-election: Tablet error from VoteRequest() call to peer ded01e4208eb484c9fe3bead1d23f42c (127.14.52.1:46467): Illegal state: must be running to vote when last-logged opid is not known
I20260709 13:07:47.202162 15398 leader_election.cc:290] T b78a89e7ca5f4ff5aa857844417bdee1 P ded01e4208eb484c9fe3bead1d23f42c [CANDIDATE]: Term 1 pre-election: Requested pre-vote from peers bdd4f183768545039a083ee807e9eb40 (127.14.52.2:45573), 15d3752395dd497aa930954592224a3d (127.14.52.3:32857)
I20260709 13:07:47.203437 15330 tablet_service.cc:1917] Received RequestConsensusVote() RPC: tablet_id: "4b97c0bdece74d8b856d250467b1f179" candidate_uuid: "ded01e4208eb484c9fe3bead1d23f42c" candidate_term: 1 candidate_status { last_received { term: 0 index: 0 } } ignore_live_leader: false dest_uuid: "15d3752395dd497aa930954592224a3d" is_pre_election: true
I20260709 13:07:47.203713 15329 tablet_service.cc:1917] Received RequestConsensusVote() RPC: tablet_id: "2ed9dc68365047f9a9abffa51ad5b659" candidate_uuid: "bdd4f183768545039a083ee807e9eb40" candidate_term: 1 candidate_status { last_received { term: 0 index: 0 } } ignore_live_leader: false dest_uuid: "15d3752395dd497aa930954592224a3d" is_pre_election: true
I20260709 13:07:47.203963 15371 tablet_bootstrap.cc:492] T 7c1235f599234839a1200b8e08a4e809 P ded01e4208eb484c9fe3bead1d23f42c: No bootstrap required, opened a new log
I20260709 13:07:47.204232 15330 raft_consensus.cc:2468] T 4b97c0bdece74d8b856d250467b1f179 P 15d3752395dd497aa930954592224a3d [term 0 FOLLOWER]: Leader pre-election vote request: Granting yes vote for candidate ded01e4208eb484c9fe3bead1d23f42c in term 0.
I20260709 13:07:47.204393 15329 raft_consensus.cc:2468] T 2ed9dc68365047f9a9abffa51ad5b659 P 15d3752395dd497aa930954592224a3d [term 0 FOLLOWER]: Leader pre-election vote request: Granting yes vote for candidate bdd4f183768545039a083ee807e9eb40 in term 0.
I20260709 13:07:47.204594 15371 ts_tablet_manager.cc:1403] T 7c1235f599234839a1200b8e08a4e809 P ded01e4208eb484c9fe3bead1d23f42c: Time spent bootstrapping tablet: real 0.058s	user 0.016s	sys 0.006s
I20260709 13:07:47.205716 15222 leader_election.cc:304] T 2ed9dc68365047f9a9abffa51ad5b659 P bdd4f183768545039a083ee807e9eb40 [CANDIDATE]: Term 1 pre-election: Election decided. Result: candidate won. Election summary: received 3 responses out of 3 voters: 2 yes votes; 1 no votes. yes voters: 15d3752395dd497aa930954592224a3d, bdd4f183768545039a083ee807e9eb40; no voters: ded01e4208eb484c9fe3bead1d23f42c
I20260709 13:07:47.207019 15377 raft_consensus.cc:2804] T 2ed9dc68365047f9a9abffa51ad5b659 P bdd4f183768545039a083ee807e9eb40 [term 0 FOLLOWER]: Leader pre-election won for term 1
I20260709 13:07:47.207403 15377 raft_consensus.cc:493] T 2ed9dc68365047f9a9abffa51ad5b659 P bdd4f183768545039a083ee807e9eb40 [term 0 FOLLOWER]: Starting leader election (no leader contacted us within the election timeout)
I20260709 13:07:47.207788 15377 raft_consensus.cc:3060] T 2ed9dc68365047f9a9abffa51ad5b659 P bdd4f183768545039a083ee807e9eb40 [term 0 FOLLOWER]: Advancing to term 1
I20260709 13:07:47.213970 15256 tablet_service.cc:1917] Received RequestConsensusVote() RPC: tablet_id: "b78a89e7ca5f4ff5aa857844417bdee1" candidate_uuid: "ded01e4208eb484c9fe3bead1d23f42c" candidate_term: 1 candidate_status { last_received { term: 0 index: 0 } } ignore_live_leader: false dest_uuid: "bdd4f183768545039a083ee807e9eb40" is_pre_election: true
I20260709 13:07:47.214767 15256 raft_consensus.cc:2468] T b78a89e7ca5f4ff5aa857844417bdee1 P bdd4f183768545039a083ee807e9eb40 [term 0 FOLLOWER]: Leader pre-election vote request: Granting yes vote for candidate ded01e4208eb484c9fe3bead1d23f42c in term 0.
I20260709 13:07:47.216248 15146 leader_election.cc:304] T b78a89e7ca5f4ff5aa857844417bdee1 P ded01e4208eb484c9fe3bead1d23f42c [CANDIDATE]: Term 1 pre-election: Election decided. Result: candidate won. Election summary: received 2 responses out of 3 voters: 2 yes votes; 0 no votes. yes voters: bdd4f183768545039a083ee807e9eb40, ded01e4208eb484c9fe3bead1d23f42c; no voters: 
I20260709 13:07:47.216758 15372 tablet_bootstrap.cc:492] T b78a89e7ca5f4ff5aa857844417bdee1 P 15d3752395dd497aa930954592224a3d: No bootstrap required, opened a new log
I20260709 13:07:47.217357 15372 ts_tablet_manager.cc:1403] T b78a89e7ca5f4ff5aa857844417bdee1 P 15d3752395dd497aa930954592224a3d: Time spent bootstrapping tablet: real 0.059s	user 0.015s	sys 0.039s
I20260709 13:07:47.217655 15147 leader_election.cc:304] T 4b97c0bdece74d8b856d250467b1f179 P ded01e4208eb484c9fe3bead1d23f42c [CANDIDATE]: Term 1 pre-election: Election decided. Result: candidate won. Election summary: received 3 responses out of 3 voters: 2 yes votes; 1 no votes. yes voters: 15d3752395dd497aa930954592224a3d, ded01e4208eb484c9fe3bead1d23f42c; no voters: bdd4f183768545039a083ee807e9eb40
I20260709 13:07:47.218590 15375 raft_consensus.cc:2804] T b78a89e7ca5f4ff5aa857844417bdee1 P ded01e4208eb484c9fe3bead1d23f42c [term 0 FOLLOWER]: Leader pre-election won for term 1
I20260709 13:07:47.218990 15375 raft_consensus.cc:493] T b78a89e7ca5f4ff5aa857844417bdee1 P ded01e4208eb484c9fe3bead1d23f42c [term 0 FOLLOWER]: Starting leader election (no leader contacted us within the election timeout)
I20260709 13:07:47.219323 15375 raft_consensus.cc:3060] T b78a89e7ca5f4ff5aa857844417bdee1 P ded01e4208eb484c9fe3bead1d23f42c [term 0 FOLLOWER]: Advancing to term 1
I20260709 13:07:47.220567 15371 raft_consensus.cc:359] T 7c1235f599234839a1200b8e08a4e809 P ded01e4208eb484c9fe3bead1d23f42c [term 0 FOLLOWER]: Replica starting. Triggering 0 pending ops. Active config: opid_index: -1 OBSOLETE_local: false peers { permanent_uuid: "ded01e4208eb484c9fe3bead1d23f42c" member_type: VOTER last_known_addr { host: "127.14.52.1" port: 46467 } } peers { permanent_uuid: "bdd4f183768545039a083ee807e9eb40" member_type: VOTER last_known_addr { host: "127.14.52.2" port: 45573 } } peers { permanent_uuid: "15d3752395dd497aa930954592224a3d" member_type: VOTER last_known_addr { host: "127.14.52.3" port: 32857 } }
I20260709 13:07:47.220868 15372 raft_consensus.cc:359] T b78a89e7ca5f4ff5aa857844417bdee1 P 15d3752395dd497aa930954592224a3d [term 0 FOLLOWER]: Replica starting. Triggering 0 pending ops. Active config: opid_index: -1 OBSOLETE_local: false peers { permanent_uuid: "bdd4f183768545039a083ee807e9eb40" member_type: VOTER last_known_addr { host: "127.14.52.2" port: 45573 } } peers { permanent_uuid: "ded01e4208eb484c9fe3bead1d23f42c" member_type: VOTER last_known_addr { host: "127.14.52.1" port: 46467 } } peers { permanent_uuid: "15d3752395dd497aa930954592224a3d" member_type: VOTER last_known_addr { host: "127.14.52.3" port: 32857 } }
I20260709 13:07:47.221657 15372 raft_consensus.cc:385] T b78a89e7ca5f4ff5aa857844417bdee1 P 15d3752395dd497aa930954592224a3d [term 0 FOLLOWER]: Consensus starting up: Expiring failure detector timer to make a prompt election more likely
I20260709 13:07:47.222009 15372 raft_consensus.cc:740] T b78a89e7ca5f4ff5aa857844417bdee1 P 15d3752395dd497aa930954592224a3d [term 0 FOLLOWER]: Becoming Follower/Learner. State: Replica: 15d3752395dd497aa930954592224a3d, State: Initialized, Role: FOLLOWER
I20260709 13:07:47.223023 15372 consensus_queue.cc:260] T b78a89e7ca5f4ff5aa857844417bdee1 P 15d3752395dd497aa930954592224a3d [NON_LEADER]: Queue going to NON_LEADER mode. State: All replicated index: 0, Majority replicated index: 0, Committed index: 0, Last appended: 0.0, Last appended by leader: 0, Current term: 0, Majority size: -1, State: 0, Mode: NON_LEADER, active raft config: opid_index: -1 OBSOLETE_local: false peers { permanent_uuid: "bdd4f183768545039a083ee807e9eb40" member_type: VOTER last_known_addr { host: "127.14.52.2" port: 45573 } } peers { permanent_uuid: "ded01e4208eb484c9fe3bead1d23f42c" member_type: VOTER last_known_addr { host: "127.14.52.1" port: 46467 } } peers { permanent_uuid: "15d3752395dd497aa930954592224a3d" member_type: VOTER last_known_addr { host: "127.14.52.3" port: 32857 } }
I20260709 13:07:47.221455 15371 raft_consensus.cc:385] T 7c1235f599234839a1200b8e08a4e809 P ded01e4208eb484c9fe3bead1d23f42c [term 0 FOLLOWER]: Consensus starting up: Expiring failure detector timer to make a prompt election more likely
I20260709 13:07:47.224121 15371 raft_consensus.cc:740] T 7c1235f599234839a1200b8e08a4e809 P ded01e4208eb484c9fe3bead1d23f42c [term 0 FOLLOWER]: Becoming Follower/Learner. State: Replica: ded01e4208eb484c9fe3bead1d23f42c, State: Initialized, Role: FOLLOWER
I20260709 13:07:47.224381 15255 tablet_service.cc:1917] Received RequestConsensusVote() RPC: tablet_id: "91f8864903c7411eaefd14e3789ca447" candidate_uuid: "15d3752395dd497aa930954592224a3d" candidate_term: 1 candidate_status { last_received { term: 0 index: 0 } } ignore_live_leader: false dest_uuid: "bdd4f183768545039a083ee807e9eb40" is_pre_election: true
I20260709 13:07:47.225131 15255 raft_consensus.cc:2468] T 91f8864903c7411eaefd14e3789ca447 P bdd4f183768545039a083ee807e9eb40 [term 0 FOLLOWER]: Leader pre-election vote request: Granting yes vote for candidate 15d3752395dd497aa930954592224a3d in term 0.
I20260709 13:07:47.224937 15371 consensus_queue.cc:260] T 7c1235f599234839a1200b8e08a4e809 P ded01e4208eb484c9fe3bead1d23f42c [NON_LEADER]: Queue going to NON_LEADER mode. State: All replicated index: 0, Majority replicated index: 0, Committed index: 0, Last appended: 0.0, Last appended by leader: 0, Current term: 0, Majority size: -1, State: 0, Mode: NON_LEADER, active raft config: opid_index: -1 OBSOLETE_local: false peers { permanent_uuid: "ded01e4208eb484c9fe3bead1d23f42c" member_type: VOTER last_known_addr { host: "127.14.52.1" port: 46467 } } peers { permanent_uuid: "bdd4f183768545039a083ee807e9eb40" member_type: VOTER last_known_addr { host: "127.14.52.2" port: 45573 } } peers { permanent_uuid: "15d3752395dd497aa930954592224a3d" member_type: VOTER last_known_addr { host: "127.14.52.3" port: 32857 } }
I20260709 13:07:47.225804 15372 ts_tablet_manager.cc:1434] T b78a89e7ca5f4ff5aa857844417bdee1 P 15d3752395dd497aa930954592224a3d: Time spent starting tablet: real 0.008s	user 0.006s	sys 0.001s
I20260709 13:07:47.226171 15398 raft_consensus.cc:2804] T 4b97c0bdece74d8b856d250467b1f179 P ded01e4208eb484c9fe3bead1d23f42c [term 0 FOLLOWER]: Leader pre-election won for term 1
I20260709 13:07:47.226591 15398 raft_consensus.cc:493] T 4b97c0bdece74d8b856d250467b1f179 P ded01e4208eb484c9fe3bead1d23f42c [term 0 FOLLOWER]: Starting leader election (no leader contacted us within the election timeout)
I20260709 13:07:47.226469 15254 tablet_service.cc:1917] Received RequestConsensusVote() RPC: tablet_id: "4b97c0bdece74d8b856d250467b1f179" candidate_uuid: "15d3752395dd497aa930954592224a3d" candidate_term: 1 candidate_status { last_received { term: 0 index: 0 } } ignore_live_leader: false dest_uuid: "bdd4f183768545039a083ee807e9eb40" is_pre_election: true
I20260709 13:07:47.226986 15398 raft_consensus.cc:3060] T 4b97c0bdece74d8b856d250467b1f179 P ded01e4208eb484c9fe3bead1d23f42c [term 0 FOLLOWER]: Advancing to term 1
I20260709 13:07:47.227289 15372 tablet_bootstrap.cc:492] T 11938bd0cb864ddcb72a32a4e88fa0a8 P 15d3752395dd497aa930954592224a3d: Bootstrap starting.
I20260709 13:07:47.198729 15401 raft_consensus.cc:515] T 3fdb044f791c4cbd9d1dd00f96655ea2 P ded01e4208eb484c9fe3bead1d23f42c [term 0 FOLLOWER]: Starting pre-election with config: opid_index: -1 OBSOLETE_local: false peers { permanent_uuid: "ded01e4208eb484c9fe3bead1d23f42c" member_type: VOTER last_known_addr { host: "127.14.52.1" port: 46467 } } peers { permanent_uuid: "bdd4f183768545039a083ee807e9eb40" member_type: VOTER last_known_addr { host: "127.14.52.2" port: 45573 } } peers { permanent_uuid: "15d3752395dd497aa930954592224a3d" member_type: VOTER last_known_addr { host: "127.14.52.3" port: 32857 } }
I20260709 13:07:47.230839 15329 tablet_service.cc:1917] Received RequestConsensusVote() RPC: tablet_id: "b78a89e7ca5f4ff5aa857844417bdee1" candidate_uuid: "ded01e4208eb484c9fe3bead1d23f42c" candidate_term: 1 candidate_status { last_received { term: 0 index: 0 } } ignore_live_leader: false dest_uuid: "15d3752395dd497aa930954592224a3d" is_pre_election: true
I20260709 13:07:47.231411 15329 raft_consensus.cc:2468] T b78a89e7ca5f4ff5aa857844417bdee1 P 15d3752395dd497aa930954592224a3d [term 0 FOLLOWER]: Leader pre-election vote request: Granting yes vote for candidate ded01e4208eb484c9fe3bead1d23f42c in term 0.
I20260709 13:07:47.231577 15181 tablet_service.cc:1917] Received RequestConsensusVote() RPC: tablet_id: "91f8864903c7411eaefd14e3789ca447" candidate_uuid: "15d3752395dd497aa930954592224a3d" candidate_term: 1 candidate_status { last_received { term: 0 index: 0 } } ignore_live_leader: false dest_uuid: "ded01e4208eb484c9fe3bead1d23f42c" is_pre_election: true
I20260709 13:07:47.232275 15181 raft_consensus.cc:2468] T 91f8864903c7411eaefd14e3789ca447 P ded01e4208eb484c9fe3bead1d23f42c [term 0 FOLLOWER]: Leader pre-election vote request: Granting yes vote for candidate 15d3752395dd497aa930954592224a3d in term 0.
