I20260709 13:08:03.581604 15874 raft_consensus.cc:385] T fc7ac8865fda41afa97914b4da757871 P 2678194ef5de4fd283e2e6205567dc1f [term 0 FOLLOWER]: Consensus starting up: Expiring failure detector timer to make a prompt election more likely
I20260709 13:08:03.581889 15874 raft_consensus.cc:740] T fc7ac8865fda41afa97914b4da757871 P 2678194ef5de4fd283e2e6205567dc1f [term 0 FOLLOWER]: Becoming Follower/Learner. State: Replica: 2678194ef5de4fd283e2e6205567dc1f, State: Initialized, Role: FOLLOWER
I20260709 13:08:03.582625 15874 consensus_queue.cc:260] T fc7ac8865fda41afa97914b4da757871 P 2678194ef5de4fd283e2e6205567dc1f [NON_LEADER]: Queue going to NON_LEADER mode. State: All replicated index: 0, Majority replicated index: 0, Committed index: 0, Last appended: 0.0, Last appended by leader: 0, Current term: 0, Majority size: -1, State: 0, Mode: NON_LEADER, active raft config: opid_index: -1 OBSOLETE_local: false peers { permanent_uuid: "a9e8560cca374f18a80e174f1bfb5159" member_type: VOTER last_known_addr { host: "127.14.52.1" port: 36841 } } peers { permanent_uuid: "2678194ef5de4fd283e2e6205567dc1f" member_type: VOTER last_known_addr { host: "127.14.52.2" port: 43203 } } peers { permanent_uuid: "481fadc71961465ba1d8244f3c59f024" member_type: VOTER last_known_addr { host: "127.14.52.3" port: 35605 } }
I20260709 13:08:03.584782 15874 ts_tablet_manager.cc:1434] T fc7ac8865fda41afa97914b4da757871 P 2678194ef5de4fd283e2e6205567dc1f: Time spent starting tablet: real 0.006s	user 0.004s	sys 0.000s
I20260709 13:08:03.587841 15876 tablet_bootstrap.cc:492] T 8b497b78c27e4cf58136b7218945f63c P a9e8560cca374f18a80e174f1bfb5159: No bootstrap required, opened a new log
I20260709 13:08:03.588356 15876 ts_tablet_manager.cc:1403] T 8b497b78c27e4cf58136b7218945f63c P a9e8560cca374f18a80e174f1bfb5159: Time spent bootstrapping tablet: real 0.090s	user 0.017s	sys 0.005s
I20260709 13:08:03.590482 15874 tablet_bootstrap.cc:492] T 04f539eceeca456d8428c428340cd2da P 2678194ef5de4fd283e2e6205567dc1f: Bootstrap starting.
I20260709 13:08:03.590482 15875 tablet_bootstrap.cc:654] T fc7ac8865fda41afa97914b4da757871 P 481fadc71961465ba1d8244f3c59f024: Neither blocks nor log segments found. Creating new log.
I20260709 13:08:03.594379 15876 raft_consensus.cc:359] T 8b497b78c27e4cf58136b7218945f63c P a9e8560cca374f18a80e174f1bfb5159 [term 0 FOLLOWER]: Replica starting. Triggering 0 pending ops. Active config: opid_index: -1 OBSOLETE_local: false peers { permanent_uuid: "a9e8560cca374f18a80e174f1bfb5159" member_type: VOTER last_known_addr { host: "127.14.52.1" port: 36841 } } peers { permanent_uuid: "2678194ef5de4fd283e2e6205567dc1f" member_type: VOTER last_known_addr { host: "127.14.52.2" port: 43203 } } peers { permanent_uuid: "481fadc71961465ba1d8244f3c59f024" member_type: VOTER last_known_addr { host: "127.14.52.3" port: 35605 } }
I20260709 13:08:03.595314 15876 raft_consensus.cc:385] T 8b497b78c27e4cf58136b7218945f63c P a9e8560cca374f18a80e174f1bfb5159 [term 0 FOLLOWER]: Consensus starting up: Expiring failure detector timer to make a prompt election more likely
I20260709 13:08:03.595659 15876 raft_consensus.cc:740] T 8b497b78c27e4cf58136b7218945f63c P a9e8560cca374f18a80e174f1bfb5159 [term 0 FOLLOWER]: Becoming Follower/Learner. State: Replica: a9e8560cca374f18a80e174f1bfb5159, State: Initialized, Role: FOLLOWER
I20260709 13:08:03.598613 15960 raft_consensus.cc:493] T 8b497b78c27e4cf58136b7218945f63c P 481fadc71961465ba1d8244f3c59f024 [term 0 FOLLOWER]: Starting pre-election (no leader contacted us within the election timeout)
I20260709 13:08:03.599159 15960 raft_consensus.cc:515] T 8b497b78c27e4cf58136b7218945f63c P 481fadc71961465ba1d8244f3c59f024 [term 0 FOLLOWER]: Starting pre-election with config: opid_index: -1 OBSOLETE_local: false peers { permanent_uuid: "a9e8560cca374f18a80e174f1bfb5159" member_type: VOTER last_known_addr { host: "127.14.52.1" port: 36841 } } peers { permanent_uuid: "2678194ef5de4fd283e2e6205567dc1f" member_type: VOTER last_known_addr { host: "127.14.52.2" port: 43203 } } peers { permanent_uuid: "481fadc71961465ba1d8244f3c59f024" member_type: VOTER last_known_addr { host: "127.14.52.3" port: 35605 } }
I20260709 13:08:03.601969 15960 leader_election.cc:290] T 8b497b78c27e4cf58136b7218945f63c P 481fadc71961465ba1d8244f3c59f024 [CANDIDATE]: Term 1 pre-election: Requested pre-vote from peers a9e8560cca374f18a80e174f1bfb5159 (127.14.52.1:36841), 2678194ef5de4fd283e2e6205567dc1f (127.14.52.2:43203)
I20260709 13:08:03.602952 15875 tablet_bootstrap.cc:492] T fc7ac8865fda41afa97914b4da757871 P 481fadc71961465ba1d8244f3c59f024: No bootstrap required, opened a new log
I20260709 13:08:03.603507 15875 ts_tablet_manager.cc:1403] T fc7ac8865fda41afa97914b4da757871 P 481fadc71961465ba1d8244f3c59f024: Time spent bootstrapping tablet: real 0.030s	user 0.014s	sys 0.004s
I20260709 13:08:03.604557 15874 tablet_bootstrap.cc:654] T 04f539eceeca456d8428c428340cd2da P 2678194ef5de4fd283e2e6205567dc1f: Neither blocks nor log segments found. Creating new log.
I20260709 13:08:03.606551 15759 tablet_service.cc:1917] Received RequestConsensusVote() RPC: tablet_id: "8b497b78c27e4cf58136b7218945f63c" candidate_uuid: "481fadc71961465ba1d8244f3c59f024" candidate_term: 1 candidate_status { last_received { term: 0 index: 0 } } ignore_live_leader: false dest_uuid: "2678194ef5de4fd283e2e6205567dc1f" is_pre_election: true
I20260709 13:08:03.606711 15875 raft_consensus.cc:359] T fc7ac8865fda41afa97914b4da757871 P 481fadc71961465ba1d8244f3c59f024 [term 0 FOLLOWER]: Replica starting. Triggering 0 pending ops. Active config: opid_index: -1 OBSOLETE_local: false peers { permanent_uuid: "a9e8560cca374f18a80e174f1bfb5159" member_type: VOTER last_known_addr { host: "127.14.52.1" port: 36841 } } peers { permanent_uuid: "2678194ef5de4fd283e2e6205567dc1f" member_type: VOTER last_known_addr { host: "127.14.52.2" port: 43203 } } peers { permanent_uuid: "481fadc71961465ba1d8244f3c59f024" member_type: VOTER last_known_addr { host: "127.14.52.3" port: 35605 } }
I20260709 13:08:03.607414 15875 raft_consensus.cc:385] T fc7ac8865fda41afa97914b4da757871 P 481fadc71961465ba1d8244f3c59f024 [term 0 FOLLOWER]: Consensus starting up: Expiring failure detector timer to make a prompt election more likely
I20260709 13:08:03.607309 15759 raft_consensus.cc:2468] T 8b497b78c27e4cf58136b7218945f63c P 2678194ef5de4fd283e2e6205567dc1f [term 0 FOLLOWER]: Leader pre-election vote request: Granting yes vote for candidate 481fadc71961465ba1d8244f3c59f024 in term 0.
I20260709 13:08:03.607812 15875 raft_consensus.cc:740] T fc7ac8865fda41afa97914b4da757871 P 481fadc71961465ba1d8244f3c59f024 [term 0 FOLLOWER]: Becoming Follower/Learner. State: Replica: 481fadc71961465ba1d8244f3c59f024, State: Initialized, Role: FOLLOWER
I20260709 13:08:03.608515 15875 consensus_queue.cc:260] T fc7ac8865fda41afa97914b4da757871 P 481fadc71961465ba1d8244f3c59f024 [NON_LEADER]: Queue going to NON_LEADER mode. State: All replicated index: 0, Majority replicated index: 0, Committed index: 0, Last appended: 0.0, Last appended by leader: 0, Current term: 0, Majority size: -1, State: 0, Mode: NON_LEADER, active raft config: opid_index: -1 OBSOLETE_local: false peers { permanent_uuid: "a9e8560cca374f18a80e174f1bfb5159" member_type: VOTER last_known_addr { host: "127.14.52.1" port: 36841 } } peers { permanent_uuid: "2678194ef5de4fd283e2e6205567dc1f" member_type: VOTER last_known_addr { host: "127.14.52.2" port: 43203 } } peers { permanent_uuid: "481fadc71961465ba1d8244f3c59f024" member_type: VOTER last_known_addr { host: "127.14.52.3" port: 35605 } }
I20260709 13:08:03.596714 15650 leader_election.cc:304] T ef388828ecb84d67b6956efdb1da08cb P a9e8560cca374f18a80e174f1bfb5159 [CANDIDATE]: Term 1 pre-election: Election decided. Result: candidate lost. Election summary: received 3 responses out of 3 voters: 1 yes votes; 2 no votes. yes voters: a9e8560cca374f18a80e174f1bfb5159; no voters: 2678194ef5de4fd283e2e6205567dc1f, 481fadc71961465ba1d8244f3c59f024
I20260709 13:08:03.610935 15875 ts_tablet_manager.cc:1434] T fc7ac8865fda41afa97914b4da757871 P 481fadc71961465ba1d8244f3c59f024: Time spent starting tablet: real 0.007s	user 0.005s	sys 0.000s
I20260709 13:08:03.612068 15799 leader_election.cc:304] T 8b497b78c27e4cf58136b7218945f63c P 481fadc71961465ba1d8244f3c59f024 [CANDIDATE]: Term 1 pre-election: Election decided. Result: candidate won. Election summary: received 2 responses out of 3 voters: 2 yes votes; 0 no votes. yes voters: 2678194ef5de4fd283e2e6205567dc1f, 481fadc71961465ba1d8244f3c59f024; no voters: 
I20260709 13:08:03.597747 15876 consensus_queue.cc:260] T 8b497b78c27e4cf58136b7218945f63c P a9e8560cca374f18a80e174f1bfb5159 [NON_LEADER]: Queue going to NON_LEADER mode. State: All replicated index: 0, Majority replicated index: 0, Committed index: 0, Last appended: 0.0, Last appended by leader: 0, Current term: 0, Majority size: -1, State: 0, Mode: NON_LEADER, active raft config: opid_index: -1 OBSOLETE_local: false peers { permanent_uuid: "a9e8560cca374f18a80e174f1bfb5159" member_type: VOTER last_known_addr { host: "127.14.52.1" port: 36841 } } peers { permanent_uuid: "2678194ef5de4fd283e2e6205567dc1f" member_type: VOTER last_known_addr { host: "127.14.52.2" port: 43203 } } peers { permanent_uuid: "481fadc71961465ba1d8244f3c59f024" member_type: VOTER last_known_addr { host: "127.14.52.3" port: 35605 } }
I20260709 13:08:03.613749 15901 raft_consensus.cc:2804] T 8b497b78c27e4cf58136b7218945f63c P 481fadc71961465ba1d8244f3c59f024 [term 0 FOLLOWER]: Leader pre-election won for term 1
I20260709 13:08:03.614729 15901 raft_consensus.cc:493] T 8b497b78c27e4cf58136b7218945f63c P 481fadc71961465ba1d8244f3c59f024 [term 0 FOLLOWER]: Starting leader election (no leader contacted us within the election timeout)
I20260709 13:08:03.615115 15901 raft_consensus.cc:3060] T 8b497b78c27e4cf58136b7218945f63c P 481fadc71961465ba1d8244f3c59f024 [term 0 FOLLOWER]: Advancing to term 1
I20260709 13:08:03.612054 15875 tablet_bootstrap.cc:492] T f9e93d5796a24c3781b0fa8020af54b3 P 481fadc71961465ba1d8244f3c59f024: Bootstrap starting.
I20260709 13:08:03.622676 15874 tablet_bootstrap.cc:492] T 04f539eceeca456d8428c428340cd2da P 2678194ef5de4fd283e2e6205567dc1f: No bootstrap required, opened a new log
I20260709 13:08:03.623308 15874 ts_tablet_manager.cc:1403] T 04f539eceeca456d8428c428340cd2da P 2678194ef5de4fd283e2e6205567dc1f: Time spent bootstrapping tablet: real 0.033s	user 0.009s	sys 0.006s
I20260709 13:08:03.623987 15901 raft_consensus.cc:515] T 8b497b78c27e4cf58136b7218945f63c P 481fadc71961465ba1d8244f3c59f024 [term 1 FOLLOWER]: Starting leader election with config: opid_index: -1 OBSOLETE_local: false peers { permanent_uuid: "a9e8560cca374f18a80e174f1bfb5159" member_type: VOTER last_known_addr { host: "127.14.52.1" port: 36841 } } peers { permanent_uuid: "2678194ef5de4fd283e2e6205567dc1f" member_type: VOTER last_known_addr { host: "127.14.52.2" port: 43203 } } peers { permanent_uuid: "481fadc71961465ba1d8244f3c59f024" member_type: VOTER last_known_addr { host: "127.14.52.3" port: 35605 } }
I20260709 13:08:03.625656 15875 tablet_bootstrap.cc:654] T f9e93d5796a24c3781b0fa8020af54b3 P 481fadc71961465ba1d8244f3c59f024: Neither blocks nor log segments found. Creating new log.
I20260709 13:08:03.627966 15967 consensus_queue.cc:1048] T ef388828ecb84d67b6956efdb1da08cb P 2678194ef5de4fd283e2e6205567dc1f [LEADER]: Connected to new peer: Peer: permanent_uuid: "481fadc71961465ba1d8244f3c59f024" member_type: VOTER last_known_addr { host: "127.14.52.3" port: 35605 }, Status: LMP_MISMATCH, Last received: 0.0, Next index: 1, Last known committed idx: 0, Time since last communication: 0.000s
I20260709 13:08:03.628492 15905 raft_consensus.cc:2749] T ef388828ecb84d67b6956efdb1da08cb P a9e8560cca374f18a80e174f1bfb5159 [term 1 FOLLOWER]: Leader pre-election lost for term 1. Reason: could not achieve majority
I20260709 13:08:03.628593 16010 consensus_queue.cc:1048] T 8ca124ab7bab40cea42a224a46c60c59 P a9e8560cca374f18a80e174f1bfb5159 [LEADER]: Connected to new peer: Peer: permanent_uuid: "2678194ef5de4fd283e2e6205567dc1f" member_type: VOTER last_known_addr { host: "127.14.52.2" port: 43203 }, Status: LMP_MISMATCH, Last received: 0.0, Next index: 1, Last known committed idx: 0, Time since last communication: 0.000s
I20260709 13:08:03.641093 15881 consensus_queue.cc:1048] T ef388828ecb84d67b6956efdb1da08cb P 2678194ef5de4fd283e2e6205567dc1f [LEADER]: Connected to new peer: Peer: permanent_uuid: "a9e8560cca374f18a80e174f1bfb5159" member_type: VOTER last_known_addr { host: "127.14.52.1" port: 36841 }, Status: LMP_MISMATCH, Last received: 0.0, Next index: 1, Last known committed idx: 0, Time since last communication: 0.001s
I20260709 13:08:03.631181 15874 raft_consensus.cc:359] T 04f539eceeca456d8428c428340cd2da P 2678194ef5de4fd283e2e6205567dc1f [term 0 FOLLOWER]: Replica starting. Triggering 0 pending ops. Active config: opid_index: -1 OBSOLETE_local: false peers { permanent_uuid: "a9e8560cca374f18a80e174f1bfb5159" member_type: VOTER last_known_addr { host: "127.14.52.1" port: 36841 } } peers { permanent_uuid: "2678194ef5de4fd283e2e6205567dc1f" member_type: VOTER last_known_addr { host: "127.14.52.2" port: 43203 } } peers { permanent_uuid: "481fadc71961465ba1d8244f3c59f024" member_type: VOTER last_known_addr { host: "127.14.52.3" port: 35605 } }
I20260709 13:08:03.632647 15959 raft_consensus.cc:493] T 741665b103a842c99f61f1dd91306d2d P a9e8560cca374f18a80e174f1bfb5159 [term 0 FOLLOWER]: Starting pre-election (no leader contacted us within the election timeout)
I20260709 13:08:03.642716 15959 raft_consensus.cc:515] T 741665b103a842c99f61f1dd91306d2d P a9e8560cca374f18a80e174f1bfb5159 [term 0 FOLLOWER]: Starting pre-election with config: opid_index: -1 OBSOLETE_local: false peers { permanent_uuid: "a9e8560cca374f18a80e174f1bfb5159" member_type: VOTER last_known_addr { host: "127.14.52.1" port: 36841 } } peers { permanent_uuid: "2678194ef5de4fd283e2e6205567dc1f" member_type: VOTER last_known_addr { host: "127.14.52.2" port: 43203 } } peers { permanent_uuid: "481fadc71961465ba1d8244f3c59f024" member_type: VOTER last_known_addr { host: "127.14.52.3" port: 35605 } }
I20260709 13:08:03.644913 15959 leader_election.cc:290] T 741665b103a842c99f61f1dd91306d2d P a9e8560cca374f18a80e174f1bfb5159 [CANDIDATE]: Term 1 pre-election: Requested pre-vote from peers 2678194ef5de4fd283e2e6205567dc1f (127.14.52.2:43203), 481fadc71961465ba1d8244f3c59f024 (127.14.52.3:35605)
I20260709 13:08:03.645539 15874 raft_consensus.cc:385] T 04f539eceeca456d8428c428340cd2da P 2678194ef5de4fd283e2e6205567dc1f [term 0 FOLLOWER]: Consensus starting up: Expiring failure detector timer to make a prompt election more likely
I20260709 13:08:03.653564 15874 raft_consensus.cc:740] T 04f539eceeca456d8428c428340cd2da P 2678194ef5de4fd283e2e6205567dc1f [term 0 FOLLOWER]: Becoming Follower/Learner. State: Replica: 2678194ef5de4fd283e2e6205567dc1f, State: Initialized, Role: FOLLOWER
I20260709 13:08:03.647153 15901 leader_election.cc:290] T 8b497b78c27e4cf58136b7218945f63c P 481fadc71961465ba1d8244f3c59f024 [CANDIDATE]: Term 1 election: Requested vote from peers a9e8560cca374f18a80e174f1bfb5159 (127.14.52.1:36841), 2678194ef5de4fd283e2e6205567dc1f (127.14.52.2:43203)
I20260709 13:08:03.648979 15759 tablet_service.cc:1917] Received RequestConsensusVote() RPC: tablet_id: "8b497b78c27e4cf58136b7218945f63c" candidate_uuid: "481fadc71961465ba1d8244f3c59f024" candidate_term: 1 candidate_status { last_received { term: 0 index: 0 } } ignore_live_leader: false dest_uuid: "2678194ef5de4fd283e2e6205567dc1f"
I20260709 13:08:03.655328 15759 raft_consensus.cc:3060] T 8b497b78c27e4cf58136b7218945f63c P 2678194ef5de4fd283e2e6205567dc1f [term 0 FOLLOWER]: Advancing to term 1
I20260709 13:08:03.656226 15874 consensus_queue.cc:260] T 04f539eceeca456d8428c428340cd2da P 2678194ef5de4fd283e2e6205567dc1f [NON_LEADER]: Queue going to NON_LEADER mode. State: All replicated index: 0, Majority replicated index: 0, Committed index: 0, Last appended: 0.0, Last appended by leader: 0, Current term: 0, Majority size: -1, State: 0, Mode: NON_LEADER, active raft config: opid_index: -1 OBSOLETE_local: false peers { permanent_uuid: "a9e8560cca374f18a80e174f1bfb5159" member_type: VOTER last_known_addr { host: "127.14.52.1" port: 36841 } } peers { permanent_uuid: "2678194ef5de4fd283e2e6205567dc1f" member_type: VOTER last_known_addr { host: "127.14.52.2" port: 43203 } } peers { permanent_uuid: "481fadc71961465ba1d8244f3c59f024" member_type: VOTER last_known_addr { host: "127.14.52.3" port: 35605 } }
I20260709 13:08:03.649403 15684 tablet_service.cc:1917] Received RequestConsensusVote() RPC: tablet_id: "8b497b78c27e4cf58136b7218945f63c" candidate_uuid: "481fadc71961465ba1d8244f3c59f024" candidate_term: 1 candidate_status { last_received { term: 0 index: 0 } } ignore_live_leader: false dest_uuid: "a9e8560cca374f18a80e174f1bfb5159" is_pre_election: true
I20260709 13:08:03.657938 15684 raft_consensus.cc:2468] T 8b497b78c27e4cf58136b7218945f63c P a9e8560cca374f18a80e174f1bfb5159 [term 0 FOLLOWER]: Leader pre-election vote request: Granting yes vote for candidate 481fadc71961465ba1d8244f3c59f024 in term 0.
I20260709 13:08:03.658586 15874 ts_tablet_manager.cc:1434] T 04f539eceeca456d8428c428340cd2da P 2678194ef5de4fd283e2e6205567dc1f: Time spent starting tablet: real 0.035s	user 0.008s	sys 0.000s
I20260709 13:08:03.650262 15683 tablet_service.cc:1917] Received RequestConsensusVote() RPC: tablet_id: "8b497b78c27e4cf58136b7218945f63c" candidate_uuid: "481fadc71961465ba1d8244f3c59f024" candidate_term: 1 candidate_status { last_received { term: 0 index: 0 } } ignore_live_leader: false dest_uuid: "a9e8560cca374f18a80e174f1bfb5159"
I20260709 13:08:03.659150 15683 raft_consensus.cc:3060] T 8b497b78c27e4cf58136b7218945f63c P a9e8560cca374f18a80e174f1bfb5159 [term 0 FOLLOWER]: Advancing to term 1
I20260709 13:08:03.659677 15874 tablet_bootstrap.cc:492] T 30736f99ecfe44da84e5d8c396d88a3d P 2678194ef5de4fd283e2e6205567dc1f: Bootstrap starting.
I20260709 13:08:03.651525 15959 consensus_queue.cc:1048] T faa08d5d78d7471d8e24196d13a20e17 P a9e8560cca374f18a80e174f1bfb5159 [LEADER]: Connected to new peer: Peer: permanent_uuid: "2678194ef5de4fd283e2e6205567dc1f" member_type: VOTER last_known_addr { host: "127.14.52.2" port: 43203 }, Status: LMP_MISMATCH, Last received: 0.0, Next index: 1, Last known committed idx: 0, Time since last communication: 0.000s
I20260709 13:08:03.652655 15757 tablet_service.cc:1917] Received RequestConsensusVote() RPC: tablet_id: "741665b103a842c99f61f1dd91306d2d" candidate_uuid: "a9e8560cca374f18a80e174f1bfb5159" candidate_term: 1 candidate_status { last_received { term: 0 index: 0 } } ignore_live_leader: false dest_uuid: "2678194ef5de4fd283e2e6205567dc1f" is_pre_election: true
I20260709 13:08:03.645632 15876 ts_tablet_manager.cc:1434] T 8b497b78c27e4cf58136b7218945f63c P a9e8560cca374f18a80e174f1bfb5159: Time spent starting tablet: real 0.057s	user 0.010s	sys 0.000s
I20260709 13:08:03.672335 15876 tablet_bootstrap.cc:492] T 3f1b18691af94c9589c45407eb001a25 P a9e8560cca374f18a80e174f1bfb5159: Bootstrap starting.
I20260709 13:08:03.675580 16010 consensus_queue.cc:1048] T 8ca124ab7bab40cea42a224a46c60c59 P a9e8560cca374f18a80e174f1bfb5159 [LEADER]: Connected to new peer: Peer: permanent_uuid: "481fadc71961465ba1d8244f3c59f024" member_type: VOTER last_known_addr { host: "127.14.52.3" port: 35605 }, Status: LMP_MISMATCH, Last received: 0.0, Next index: 1, Last known committed idx: 0, Time since last communication: 0.001s
I20260709 13:08:03.678404 16010 consensus_queue.cc:1048] T faa08d5d78d7471d8e24196d13a20e17 P a9e8560cca374f18a80e174f1bfb5159 [LEADER]: Connected to new peer: Peer: permanent_uuid: "481fadc71961465ba1d8244f3c59f024" member_type: VOTER last_known_addr { host: "127.14.52.3" port: 35605 }, Status: LMP_MISMATCH, Last received: 0.0, Next index: 1, Last known committed idx: 0, Time since last communication: 0.000s
I20260709 13:08:03.681443 15833 tablet_service.cc:1917] Received RequestConsensusVote() RPC: tablet_id: "741665b103a842c99f61f1dd91306d2d" candidate_uuid: "a9e8560cca374f18a80e174f1bfb5159" candidate_term: 1 candidate_status { last_received { term: 0 index: 0 } } ignore_live_leader: false dest_uuid: "481fadc71961465ba1d8244f3c59f024" is_pre_election: true
I20260709 13:08:03.684412 15960 raft_consensus.cc:493] T 21bfd5c2be4d47998bbdd25dba420288 P 481fadc71961465ba1d8244f3c59f024 [term 0 FOLLOWER]: Starting pre-election (no leader contacted us within the election timeout)
I20260709 13:08:03.684993 15960 raft_consensus.cc:515] T 21bfd5c2be4d47998bbdd25dba420288 P 481fadc71961465ba1d8244f3c59f024 [term 0 FOLLOWER]: Starting pre-election with config: opid_index: -1 OBSOLETE_local: false peers { permanent_uuid: "a9e8560cca374f18a80e174f1bfb5159" member_type: VOTER last_known_addr { host: "127.14.52.1" port: 36841 } } peers { permanent_uuid: "2678194ef5de4fd283e2e6205567dc1f" member_type: VOTER last_known_addr { host: "127.14.52.2" port: 43203 } } peers { permanent_uuid: "481fadc71961465ba1d8244f3c59f024" member_type: VOTER last_known_addr { host: "127.14.52.3" port: 35605 } }
I20260709 13:08:03.687948 15960 leader_election.cc:290] T 21bfd5c2be4d47998bbdd25dba420288 P 481fadc71961465ba1d8244f3c59f024 [CANDIDATE]: Term 1 pre-election: Requested pre-vote from peers a9e8560cca374f18a80e174f1bfb5159 (127.14.52.1:36841), 2678194ef5de4fd283e2e6205567dc1f (127.14.52.2:43203)
I20260709 13:08:03.689270 15757 tablet_service.cc:1917] Received RequestConsensusVote() RPC: tablet_id: "21bfd5c2be4d47998bbdd25dba420288" candidate_uuid: "481fadc71961465ba1d8244f3c59f024" candidate_term: 1 candidate_status { last_received { term: 0 index: 0 } } ignore_live_leader: false dest_uuid: "2678194ef5de4fd283e2e6205567dc1f" is_pre_election: true
I20260709 13:08:03.689270 15685 tablet_service.cc:1917] Received RequestConsensusVote() RPC: tablet_id: "21bfd5c2be4d47998bbdd25dba420288" candidate_uuid: "481fadc71961465ba1d8244f3c59f024" candidate_term: 1 candidate_status { last_received { term: 0 index: 0 } } ignore_live_leader: false dest_uuid: "a9e8560cca374f18a80e174f1bfb5159" is_pre_election: true
W20260709 13:08:03.691584 15799 leader_election.cc:343] T 21bfd5c2be4d47998bbdd25dba420288 P 481fadc71961465ba1d8244f3c59f024 [CANDIDATE]: Term 1 pre-election: Tablet error from VoteRequest() call to peer 2678194ef5de4fd283e2e6205567dc1f (127.14.52.2:43203): Illegal state: must be running to vote when last-logged opid is not known
I20260709 13:08:03.684216 15759 raft_consensus.cc:2468] T 8b497b78c27e4cf58136b7218945f63c P 2678194ef5de4fd283e2e6205567dc1f [term 1 FOLLOWER]: Leader election vote request: Granting yes vote for candidate 481fadc71961465ba1d8244f3c59f024 in term 1.
W20260709 13:08:03.702164 15797 leader_election.cc:343] T 21bfd5c2be4d47998bbdd25dba420288 P 481fadc71961465ba1d8244f3c59f024 [CANDIDATE]: Term 1 pre-election: Tablet error from VoteRequest() call to peer a9e8560cca374f18a80e174f1bfb5159 (127.14.52.1:36841): Illegal state: must be running to vote when last-logged opid is not known
I20260709 13:08:03.702920 15797 leader_election.cc:304] T 21bfd5c2be4d47998bbdd25dba420288 P 481fadc71961465ba1d8244f3c59f024 [CANDIDATE]: Term 1 pre-election: Election decided. Result: candidate lost. Election summary: received 3 responses out of 3 voters: 1 yes votes; 2 no votes. yes voters: 481fadc71961465ba1d8244f3c59f024; no voters: 2678194ef5de4fd283e2e6205567dc1f, a9e8560cca374f18a80e174f1bfb5159
I20260709 13:08:03.711043 15876 tablet_bootstrap.cc:654] T 3f1b18691af94c9589c45407eb001a25 P a9e8560cca374f18a80e174f1bfb5159: Neither blocks nor log segments found. Creating new log.
I20260709 13:08:03.708881 15799 leader_election.cc:304] T 8b497b78c27e4cf58136b7218945f63c P 481fadc71961465ba1d8244f3c59f024 [CANDIDATE]: Term 1 election: Election decided. Result: candidate won. Election summary: received 2 responses out of 3 voters: 2 yes votes; 0 no votes. yes voters: 2678194ef5de4fd283e2e6205567dc1f, 481fadc71961465ba1d8244f3c59f024; no voters: 
I20260709 13:08:03.716259 16011 raft_consensus.cc:2804] T 8b497b78c27e4cf58136b7218945f63c P 481fadc71961465ba1d8244f3c59f024 [term 1 FOLLOWER]: Leader election won for term 1
I20260709 13:08:03.707790 15901 raft_consensus.cc:2749] T 21bfd5c2be4d47998bbdd25dba420288 P 481fadc71961465ba1d8244f3c59f024 [term 0 FOLLOWER]: Leader pre-election lost for term 1. Reason: could not achieve majority
I20260709 13:08:03.712819 15685 raft_consensus.cc:3060] T 741665b103a842c99f61f1dd91306d2d P a9e8560cca374f18a80e174f1bfb5159 [term 0 FOLLOWER]: Advancing to term 1
I20260709 13:08:03.721484 15967 raft_consensus.cc:493] T fc7ac8865fda41afa97914b4da757871 P 2678194ef5de4fd283e2e6205567dc1f [term 0 FOLLOWER]: Starting pre-election (no leader contacted us within the election timeout)
I20260709 13:08:03.733705 15967 raft_consensus.cc:515] T fc7ac8865fda41afa97914b4da757871 P 2678194ef5de4fd283e2e6205567dc1f [term 0 FOLLOWER]: Starting pre-election with config: opid_index: -1 OBSOLETE_local: false peers { permanent_uuid: "a9e8560cca374f18a80e174f1bfb5159" member_type: VOTER last_known_addr { host: "127.14.52.1" port: 36841 } } peers { permanent_uuid: "2678194ef5de4fd283e2e6205567dc1f" member_type: VOTER last_known_addr { host: "127.14.52.2" port: 43203 } } peers { permanent_uuid: "481fadc71961465ba1d8244f3c59f024" member_type: VOTER last_known_addr { host: "127.14.52.3" port: 35605 } }
I20260709 13:08:03.739049 15967 leader_election.cc:290] T fc7ac8865fda41afa97914b4da757871 P 2678194ef5de4fd283e2e6205567dc1f [CANDIDATE]: Term 1 pre-election: Requested pre-vote from peers a9e8560cca374f18a80e174f1bfb5159 (127.14.52.1:36841), 481fadc71961465ba1d8244f3c59f024 (127.14.52.3:35605)
I20260709 13:08:03.728194 16011 raft_consensus.cc:697] T 8b497b78c27e4cf58136b7218945f63c P 481fadc71961465ba1d8244f3c59f024 [term 1 LEADER]: Becoming Leader. State: Replica: 481fadc71961465ba1d8244f3c59f024, State: Running, Role: LEADER
I20260709 13:08:03.751745 16011 consensus_queue.cc:237] T 8b497b78c27e4cf58136b7218945f63c P 481fadc71961465ba1d8244f3c59f024 [LEADER]: Queue going to LEADER mode. State: All replicated index: 0, Majority replicated index: 0, Committed index: 0, Last appended: 0.0, Last appended by leader: 0, Current term: 1, Majority size: 2, State: 0, Mode: LEADER, active raft config: opid_index: -1 OBSOLETE_local: false peers { permanent_uuid: "a9e8560cca374f18a80e174f1bfb5159" member_type: VOTER last_known_addr { host: "127.14.52.1" port: 36841 } } peers { permanent_uuid: "2678194ef5de4fd283e2e6205567dc1f" member_type: VOTER last_known_addr { host: "127.14.52.2" port: 43203 } } peers { permanent_uuid: "481fadc71961465ba1d8244f3c59f024" member_type: VOTER last_known_addr { host: "127.14.52.3" port: 35605 } }
I20260709 13:08:03.764283 15683 raft_consensus.cc:2468] T 8b497b78c27e4cf58136b7218945f63c P a9e8560cca374f18a80e174f1bfb5159 [term 1 FOLLOWER]: Leader election vote request: Granting yes vote for candidate 481fadc71961465ba1d8244f3c59f024 in term 1.
I20260709 13:08:03.755355 15875 tablet_bootstrap.cc:492] T f9e93d5796a24c3781b0fa8020af54b3 P 481fadc71961465ba1d8244f3c59f024: No bootstrap required, opened a new log
I20260709 13:08:03.765367 15875 ts_tablet_manager.cc:1403] T f9e93d5796a24c3781b0fa8020af54b3 P 481fadc71961465ba1d8244f3c59f024: Time spent bootstrapping tablet: real 0.154s	user 0.014s	sys 0.053s
I20260709 13:08:03.776530 15649 leader_election.cc:304] T 741665b103a842c99f61f1dd91306d2d P a9e8560cca374f18a80e174f1bfb5159 [CANDIDATE]: Term 1 pre-election: Election decided. Result: candidate lost. Election summary: received 3 responses out of 3 voters: 1 yes votes; 2 no votes. yes voters: a9e8560cca374f18a80e174f1bfb5159; no voters: 2678194ef5de4fd283e2e6205567dc1f, 481fadc71961465ba1d8244f3c59f024
I20260709 13:08:03.787604 15834 tablet_service.cc:1917] Received RequestConsensusVote() RPC: tablet_id: "fc7ac8865fda41afa97914b4da757871" candidate_uuid: "2678194ef5de4fd283e2e6205567dc1f" candidate_term: 1 candidate_status { last_received { term: 0 index: 0 } } ignore_live_leader: false dest_uuid: "481fadc71961465ba1d8244f3c59f024" is_pre_election: true
I20260709 13:08:03.789191 15834 raft_consensus.cc:2468] T fc7ac8865fda41afa97914b4da757871 P 481fadc71961465ba1d8244f3c59f024 [term 0 FOLLOWER]: Leader pre-election vote request: Granting yes vote for candidate 2678194ef5de4fd283e2e6205567dc1f in term 0.
I20260709 13:08:03.793210 15875 raft_consensus.cc:359] T f9e93d5796a24c3781b0fa8020af54b3 P 481fadc71961465ba1d8244f3c59f024 [term 0 FOLLOWER]: Replica starting. Triggering 0 pending ops. Active config: opid_index: -1 OBSOLETE_local: false peers { permanent_uuid: "a9e8560cca374f18a80e174f1bfb5159" member_type: VOTER last_known_addr { host: "127.14.52.1" port: 36841 } } peers { permanent_uuid: "2678194ef5de4fd283e2e6205567dc1f" member_type: VOTER last_known_addr { host: "127.14.52.2" port: 43203 } } peers { permanent_uuid: "481fadc71961465ba1d8244f3c59f024" member_type: VOTER last_known_addr { host: "127.14.52.3" port: 35605 } }
I20260709 13:08:03.794297 15875 raft_consensus.cc:385] T f9e93d5796a24c3781b0fa8020af54b3 P 481fadc71961465ba1d8244f3c59f024 [term 0 FOLLOWER]: Consensus starting up: Expiring failure detector timer to make a prompt election more likely
I20260709 13:08:03.796754 15958 raft_consensus.cc:493] T 30736f99ecfe44da84e5d8c396d88a3d P a9e8560cca374f18a80e174f1bfb5159 [term 0 FOLLOWER]: Starting pre-election (no leader contacted us within the election timeout)
I20260709 13:08:03.797761 15958 raft_consensus.cc:515] T 30736f99ecfe44da84e5d8c396d88a3d P a9e8560cca374f18a80e174f1bfb5159 [term 0 FOLLOWER]: Starting pre-election with config: opid_index: -1 OBSOLETE_local: false peers { permanent_uuid: "a9e8560cca374f18a80e174f1bfb5159" member_type: VOTER last_known_addr { host: "127.14.52.1" port: 36841 } } peers { permanent_uuid: "2678194ef5de4fd283e2e6205567dc1f" member_type: VOTER last_known_addr { host: "127.14.52.2" port: 43203 } } peers { permanent_uuid: "481fadc71961465ba1d8244f3c59f024" member_type: VOTER last_known_addr { host: "127.14.52.3" port: 35605 } }
I20260709 13:08:03.794687 15875 raft_consensus.cc:740] T f9e93d5796a24c3781b0fa8020af54b3 P 481fadc71961465ba1d8244f3c59f024 [term 0 FOLLOWER]: Becoming Follower/Learner. State: Replica: 481fadc71961465ba1d8244f3c59f024, State: Initialized, Role: FOLLOWER
I20260709 13:08:03.802520 15875 consensus_queue.cc:260] T f9e93d5796a24c3781b0fa8020af54b3 P 481fadc71961465ba1d8244f3c59f024 [NON_LEADER]: Queue going to NON_LEADER mode. State: All replicated index: 0, Majority replicated index: 0, Committed index: 0, Last appended: 0.0, Last appended by leader: 0, Current term: 0, Majority size: -1, State: 0, Mode: NON_LEADER, active raft config: opid_index: -1 OBSOLETE_local: false peers { permanent_uuid: "a9e8560cca374f18a80e174f1bfb5159" member_type: VOTER last_known_addr { host: "127.14.52.1" port: 36841 } } peers { permanent_uuid: "2678194ef5de4fd283e2e6205567dc1f" member_type: VOTER last_known_addr { host: "127.14.52.2" port: 43203 } } peers { permanent_uuid: "481fadc71961465ba1d8244f3c59f024" member_type: VOTER last_known_addr { host: "127.14.52.3" port: 35605 } }
I20260709 13:08:03.807188 15875 ts_tablet_manager.cc:1434] T f9e93d5796a24c3781b0fa8020af54b3 P 481fadc71961465ba1d8244f3c59f024: Time spent starting tablet: real 0.041s	user 0.007s	sys 0.000s
I20260709 13:08:03.801389 15958 leader_election.cc:290] T 30736f99ecfe44da84e5d8c396d88a3d P a9e8560cca374f18a80e174f1bfb5159 [CANDIDATE]: Term 1 pre-election: Requested pre-vote from peers 2678194ef5de4fd283e2e6205567dc1f (127.14.52.2:43203), 481fadc71961465ba1d8244f3c59f024 (127.14.52.3:35605)
I20260709 13:08:03.800747 15759 raft_consensus.cc:3060] T 04f539eceeca456d8428c428340cd2da P 2678194ef5de4fd283e2e6205567dc1f [term 0 FOLLOWER]: Advancing to term 1
I20260709 13:08:03.817621 15875 tablet_bootstrap.cc:492] T 3f1b18691af94c9589c45407eb001a25 P 481fadc71961465ba1d8244f3c59f024: Bootstrap starting.
I20260709 13:08:03.819527 15760 tablet_service.cc:1917] Received RequestConsensusVote() RPC: tablet_id: "30736f99ecfe44da84e5d8c396d88a3d" candidate_uuid: "a9e8560cca374f18a80e174f1bfb5159" candidate_term: 1 candidate_status { last_received { term: 0 index: 0 } } ignore_live_leader: false dest_uuid: "2678194ef5de4fd283e2e6205567dc1f" is_pre_election: true
I20260709 13:08:03.822314 15682 tablet_service.cc:1917] Received RequestConsensusVote() RPC: tablet_id: "fc7ac8865fda41afa97914b4da757871" candidate_uuid: "2678194ef5de4fd283e2e6205567dc1f" candidate_term: 1 candidate_status { last_received { term: 0 index: 0 } } ignore_live_leader: false dest_uuid: "a9e8560cca374f18a80e174f1bfb5159" is_pre_election: true
I20260709 13:08:03.823210 16011 consensus_queue.cc:1048] T f538e97a66fd480782fcc9f3e1cf7605 P 481fadc71961465ba1d8244f3c59f024 [LEADER]: Connected to new peer: Peer: permanent_uuid: "a9e8560cca374f18a80e174f1bfb5159" member_type: VOTER last_known_addr { host: "127.14.52.1" port: 36841 }, Status: LMP_MISMATCH, Last received: 0.0, Next index: 1, Last known committed idx: 0, Time since last communication: 0.001s
W20260709 13:08:03.824231 15650 leader_election.cc:343] T 30736f99ecfe44da84e5d8c396d88a3d P a9e8560cca374f18a80e174f1bfb5159 [CANDIDATE]: Term 1 pre-election: Tablet error from VoteRequest() call to peer 2678194ef5de4fd283e2e6205567dc1f (127.14.52.2:43203): Illegal state: must be running to vote when last-logged opid is not known
I20260709 13:08:03.832013 15874 tablet_bootstrap.cc:654] T 30736f99ecfe44da84e5d8c396d88a3d P 2678194ef5de4fd283e2e6205567dc1f: Neither blocks nor log segments found. Creating new log.
W20260709 13:08:03.842639 15723 leader_election.cc:343] T fc7ac8865fda41afa97914b4da757871 P 2678194ef5de4fd283e2e6205567dc1f [CANDIDATE]: Term 1 pre-election: Tablet error from VoteRequest() call to peer a9e8560cca374f18a80e174f1bfb5159 (127.14.52.1:36841): Illegal state: must be running to vote when last-logged opid is not known
I20260709 13:08:03.855146 15958 consensus_queue.cc:1048] T 04f539eceeca456d8428c428340cd2da P a9e8560cca374f18a80e174f1bfb5159 [LEADER]: Connected to new peer: Peer: permanent_uuid: "2678194ef5de4fd283e2e6205567dc1f" member_type: VOTER last_known_addr { host: "127.14.52.2" port: 43203 }, Status: LMP_MISMATCH, Last received: 0.0, Next index: 1, Last known committed idx: 0, Time since last communication: 0.001s
I20260709 13:08:03.855695 15724 leader_election.cc:304] T fc7ac8865fda41afa97914b4da757871 P 2678194ef5de4fd283e2e6205567dc1f [CANDIDATE]: Term 1 pre-election: Election decided. Result: candidate won. Election summary: received 3 responses out of 3 voters: 2 yes votes; 1 no votes. yes voters: 2678194ef5de4fd283e2e6205567dc1f, 481fadc71961465ba1d8244f3c59f024; no voters: a9e8560cca374f18a80e174f1bfb5159
I20260709 13:08:03.868803 15881 raft_consensus.cc:2804] T fc7ac8865fda41afa97914b4da757871 P 2678194ef5de4fd283e2e6205567dc1f [term 0 FOLLOWER]: Leader pre-election won for term 1
I20260709 13:08:03.869436 15881 raft_consensus.cc:493] T fc7ac8865fda41afa97914b4da757871 P 2678194ef5de4fd283e2e6205567dc1f [term 0 FOLLOWER]: Starting leader election (no leader contacted us within the election timeout)
I20260709 13:08:03.869978 15881 raft_consensus.cc:3060] T fc7ac8865fda41afa97914b4da757871 P 2678194ef5de4fd283e2e6205567dc1f [term 0 FOLLOWER]: Advancing to term 1
I20260709 13:08:03.902477 15876 tablet_bootstrap.cc:492] T 3f1b18691af94c9589c45407eb001a25 P a9e8560cca374f18a80e174f1bfb5159: No bootstrap required, opened a new log
I20260709 13:08:03.902973 15876 ts_tablet_manager.cc:1403] T 3f1b18691af94c9589c45407eb001a25 P a9e8560cca374f18a80e174f1bfb5159: Time spent bootstrapping tablet: real 0.231s	user 0.017s	sys 0.004s
I20260709 13:08:03.900941 15909 raft_consensus.cc:493] T 04f539eceeca456d8428c428340cd2da P 2678194ef5de4fd283e2e6205567dc1f [term 1 FOLLOWER]: Starting pre-election (no leader contacted us within the election timeout)
I20260709 13:08:03.906634 15909 raft_consensus.cc:515] T 04f539eceeca456d8428c428340cd2da P 2678194ef5de4fd283e2e6205567dc1f [term 1 FOLLOWER]: Starting pre-election with config: opid_index: -1 OBSOLETE_local: false peers { permanent_uuid: "a9e8560cca374f18a80e174f1bfb5159" member_type: VOTER last_known_addr { host: "127.14.52.1" port: 36841 } } peers { permanent_uuid: "2678194ef5de4fd283e2e6205567dc1f" member_type: VOTER last_known_addr { host: "127.14.52.2" port: 43203 } } peers { permanent_uuid: "481fadc71961465ba1d8244f3c59f024" member_type: VOTER last_known_addr { host: "127.14.52.3" port: 35605 } }
I20260709 13:08:03.929351 15909 leader_election.cc:290] T 04f539eceeca456d8428c428340cd2da P 2678194ef5de4fd283e2e6205567dc1f [CANDIDATE]: Term 2 pre-election: Requested pre-vote from peers a9e8560cca374f18a80e174f1bfb5159 (127.14.52.1:36841), 481fadc71961465ba1d8244f3c59f024 (127.14.52.3:35605)
I20260709 13:08:03.937069 16011 consensus_queue.cc:1048] T f538e97a66fd480782fcc9f3e1cf7605 P 481fadc71961465ba1d8244f3c59f024 [LEADER]: Connected to new peer: Peer: permanent_uuid: "2678194ef5de4fd283e2e6205567dc1f" member_type: VOTER last_known_addr { host: "127.14.52.2" port: 43203 }, Status: LMP_MISMATCH, Last received: 0.0, Next index: 1, Last known committed idx: 0, Time since last communication: 0.004s
W20260709 13:08:03.940869 15724 outbound_call.cc:321] RPC callback for RPC call kudu.consensus.ConsensusService.UpdateConsensus -> {remote=127.14.52.3:35605, user_credentials={real_user=slave}} blocked reactor thread for 83810.2us
I20260709 13:08:03.948243 15905 raft_consensus.cc:2749] T 741665b103a842c99f61f1dd91306d2d P a9e8560cca374f18a80e174f1bfb5159 [term 1 FOLLOWER]: Leader pre-election lost for term 1. Reason: could not achieve majority
I20260709 13:08:03.948760 15834 tablet_service.cc:1917] Received RequestConsensusVote() RPC: tablet_id: "30736f99ecfe44da84e5d8c396d88a3d" candidate_uuid: "a9e8560cca374f18a80e174f1bfb5159" candidate_term: 1 candidate_status { last_received { term: 0 index: 0 } } ignore_live_leader: false dest_uuid: "481fadc71961465ba1d8244f3c59f024" is_pre_election: true
I20260709 13:08:03.949436 15834 raft_consensus.cc:2468] T 30736f99ecfe44da84e5d8c396d88a3d P 481fadc71961465ba1d8244f3c59f024 [term 0 FOLLOWER]: Leader pre-election vote request: Granting yes vote for candidate a9e8560cca374f18a80e174f1bfb5159 in term 0.
I20260709 13:08:03.951323 15881 raft_consensus.cc:515] T fc7ac8865fda41afa97914b4da757871 P 2678194ef5de4fd283e2e6205567dc1f [term 1 FOLLOWER]: Starting leader election with config: opid_index: -1 OBSOLETE_local: false peers { permanent_uuid: "a9e8560cca374f18a80e174f1bfb5159" member_type: VOTER last_known_addr { host: "127.14.52.1" port: 36841 } } peers { permanent_uuid: "2678194ef5de4fd283e2e6205567dc1f" member_type: VOTER last_known_addr { host: "127.14.52.2" port: 43203 } } peers { permanent_uuid: "481fadc71961465ba1d8244f3c59f024" member_type: VOTER last_known_addr { host: "127.14.52.3" port: 35605 } }
I20260709 13:08:03.953291 16011 raft_consensus.cc:493] T f9e93d5796a24c3781b0fa8020af54b3 P 481fadc71961465ba1d8244f3c59f024 [term 0 FOLLOWER]: Starting pre-election (no leader contacted us within the election timeout)
I20260709 13:08:03.953588 15881 leader_election.cc:290] T fc7ac8865fda41afa97914b4da757871 P 2678194ef5de4fd283e2e6205567dc1f [CANDIDATE]: Term 1 election: Requested vote from peers a9e8560cca374f18a80e174f1bfb5159 (127.14.52.1:36841), 481fadc71961465ba1d8244f3c59f024 (127.14.52.3:35605)
I20260709 13:08:03.953831 16011 raft_consensus.cc:515] T f9e93d5796a24c3781b0fa8020af54b3 P 481fadc71961465ba1d8244f3c59f024 [term 0 FOLLOWER]: Starting pre-election with config: opid_index: -1 OBSOLETE_local: false peers { permanent_uuid: "a9e8560cca374f18a80e174f1bfb5159" member_type: VOTER last_known_addr { host: "127.14.52.1" port: 36841 } } peers { permanent_uuid: "2678194ef5de4fd283e2e6205567dc1f" member_type: VOTER last_known_addr { host: "127.14.52.2" port: 43203 } } peers { permanent_uuid: "481fadc71961465ba1d8244f3c59f024" member_type: VOTER last_known_addr { host: "127.14.52.3" port: 35605 } }
I20260709 13:08:03.956492 15832 tablet_service.cc:1917] Received RequestConsensusVote() RPC: tablet_id: "04f539eceeca456d8428c428340cd2da" candidate_uuid: "2678194ef5de4fd283e2e6205567dc1f" candidate_term: 2 candidate_status { last_received { term: 0 index: 0 } } ignore_live_leader: false dest_uuid: "481fadc71961465ba1d8244f3c59f024" is_pre_election: true
I20260709 13:08:03.960522 15832 raft_consensus.cc:2468] T 04f539eceeca456d8428c428340cd2da P 481fadc71961465ba1d8244f3c59f024 [term 1 FOLLOWER]: Leader pre-election vote request: Granting yes vote for candidate 2678194ef5de4fd283e2e6205567dc1f in term 1.
I20260709 13:08:03.964867 15649 leader_election.cc:304] T 30736f99ecfe44da84e5d8c396d88a3d P a9e8560cca374f18a80e174f1bfb5159 [CANDIDATE]: Term 1 pre-election: Election decided. Result: candidate won. Election summary: received 3 responses out of 3 voters: 2 yes votes; 1 no votes. yes voters: 481fadc71961465ba1d8244f3c59f024, a9e8560cca374f18a80e174f1bfb5159; no voters: 2678194ef5de4fd283e2e6205567dc1f
I20260709 13:08:03.964435 15958 consensus_queue.cc:1048] T 04f539eceeca456d8428c428340cd2da P a9e8560cca374f18a80e174f1bfb5159 [LEADER]: Connected to new peer: Peer: permanent_uuid: "481fadc71961465ba1d8244f3c59f024" member_type: VOTER last_known_addr { host: "127.14.52.3" port: 35605 }, Status: LMP_MISMATCH, Last received: 0.0, Next index: 1, Last known committed idx: 0, Time since last communication: 0.001s
I20260709 13:08:03.966173 16010 raft_consensus.cc:2804] T 30736f99ecfe44da84e5d8c396d88a3d P a9e8560cca374f18a80e174f1bfb5159 [term 0 FOLLOWER]: Leader pre-election won for term 1
I20260709 13:08:03.966621 16010 raft_consensus.cc:493] T 30736f99ecfe44da84e5d8c396d88a3d P a9e8560cca374f18a80e174f1bfb5159 [term 0 FOLLOWER]: Starting leader election (no leader contacted us within the election timeout)
I20260709 13:08:03.967005 16010 raft_consensus.cc:3060] T 30736f99ecfe44da84e5d8c396d88a3d P a9e8560cca374f18a80e174f1bfb5159 [term 0 FOLLOWER]: Advancing to term 1
I20260709 13:08:03.970739 15724 leader_election.cc:304] T 04f539eceeca456d8428c428340cd2da P 2678194ef5de4fd283e2e6205567dc1f [CANDIDATE]: Term 2 pre-election: Election decided. Result: candidate won. Election summary: received 2 responses out of 3 voters: 2 yes votes; 0 no votes. yes voters: 2678194ef5de4fd283e2e6205567dc1f, 481fadc71961465ba1d8244f3c59f024; no voters: 
I20260709 13:08:03.977367 15682 tablet_service.cc:1917] Received RequestConsensusVote() RPC: tablet_id: "04f539eceeca456d8428c428340cd2da" candidate_uuid: "2678194ef5de4fd283e2e6205567dc1f" candidate_term: 2 candidate_status { last_received { term: 0 index: 0 } } ignore_live_leader: false dest_uuid: "a9e8560cca374f18a80e174f1bfb5159" is_pre_election: true
I20260709 13:08:03.979437 16093 raft_consensus.cc:2804] T 04f539eceeca456d8428c428340cd2da P 2678194ef5de4fd283e2e6205567dc1f [term 1 FOLLOWER]: Leader pre-election won for term 2
I20260709 13:08:03.982249 15876 raft_consensus.cc:359] T 3f1b18691af94c9589c45407eb001a25 P a9e8560cca374f18a80e174f1bfb5159 [term 0 FOLLOWER]: Replica starting. Triggering 0 pending ops. Active config: opid_index: -1 OBSOLETE_local: false peers { permanent_uuid: "a9e8560cca374f18a80e174f1bfb5159" member_type: VOTER last_known_addr { host: "127.14.52.1" port: 36841 } } peers { permanent_uuid: "2678194ef5de4fd283e2e6205567dc1f" member_type: VOTER last_known_addr { host: "127.14.52.2" port: 43203 } } peers { permanent_uuid: "481fadc71961465ba1d8244f3c59f024" member_type: VOTER last_known_addr { host: "127.14.52.3" port: 35605 } }
I20260709 13:08:03.982849 15876 raft_consensus.cc:385] T 3f1b18691af94c9589c45407eb001a25 P a9e8560cca374f18a80e174f1bfb5159 [term 0 FOLLOWER]: Consensus starting up: Expiring failure detector timer to make a prompt election more likely
I20260709 13:08:03.983079 15876 raft_consensus.cc:740] T 3f1b18691af94c9589c45407eb001a25 P a9e8560cca374f18a80e174f1bfb5159 [term 0 FOLLOWER]: Becoming Follower/Learner. State: Replica: a9e8560cca374f18a80e174f1bfb5159, State: Initialized, Role: FOLLOWER
I20260709 13:08:03.983595 15876 consensus_queue.cc:260] T 3f1b18691af94c9589c45407eb001a25 P a9e8560cca374f18a80e174f1bfb5159 [NON_LEADER]: Queue going to NON_LEADER mode. State: All replicated index: 0, Majority replicated index: 0, Committed index: 0, Last appended: 0.0, Last appended by leader: 0, Current term: 0, Majority size: -1, State: 0, Mode: NON_LEADER, active raft config: opid_index: -1 OBSOLETE_local: false peers { permanent_uuid: "a9e8560cca374f18a80e174f1bfb5159" member_type: VOTER last_known_addr { host: "127.14.52.1" port: 36841 } } peers { permanent_uuid: "2678194ef5de4fd283e2e6205567dc1f" member_type: VOTER last_known_addr { host: "127.14.52.2" port: 43203 } } peers { permanent_uuid: "481fadc71961465ba1d8244f3c59f024" member_type: VOTER last_known_addr { host: "127.14.52.3" port: 35605 } }
I20260709 13:08:03.979907 16093 raft_consensus.cc:493] T 04f539eceeca456d8428c428340cd2da P 2678194ef5de4fd283e2e6205567dc1f [term 1 FOLLOWER]: Starting leader election (detected failure of leader a9e8560cca374f18a80e174f1bfb5159)
I20260709 13:08:03.991714 15875 tablet_bootstrap.cc:654] T 3f1b18691af94c9589c45407eb001a25 P 481fadc71961465ba1d8244f3c59f024: Neither blocks nor log segments found. Creating new log.
I20260709 13:08:03.992684 16093 raft_consensus.cc:3060] T 04f539eceeca456d8428c428340cd2da P 2678194ef5de4fd283e2e6205567dc1f [term 1 FOLLOWER]: Advancing to term 2
I20260709 13:08:03.999467 15832 tablet_service.cc:1917] Received RequestConsensusVote() RPC: tablet_id: "fc7ac8865fda41afa97914b4da757871" candidate_uuid: "2678194ef5de4fd283e2e6205567dc1f" candidate_term: 1 candidate_status { last_received { term: 0 index: 0 } } ignore_live_leader: false dest_uuid: "481fadc71961465ba1d8244f3c59f024"
I20260709 13:08:04.000407 15832 raft_consensus.cc:3060] T fc7ac8865fda41afa97914b4da757871 P 481fadc71961465ba1d8244f3c59f024 [term 0 FOLLOWER]: Advancing to term 1
I20260709 13:08:04.006844 15876 ts_tablet_manager.cc:1434] T 3f1b18691af94c9589c45407eb001a25 P a9e8560cca374f18a80e174f1bfb5159: Time spent starting tablet: real 0.104s	user 0.007s	sys 0.000s
I20260709 13:08:04.008129 15876 tablet_bootstrap.cc:492] T 00c7a826d8774e38bcfe6eaee67fe279 P a9e8560cca374f18a80e174f1bfb5159: Bootstrap starting.
I20260709 13:08:04.021775 15874 tablet_bootstrap.cc:492] T 30736f99ecfe44da84e5d8c396d88a3d P 2678194ef5de4fd283e2e6205567dc1f: No bootstrap required, opened a new log
I20260709 13:08:04.022421 15874 ts_tablet_manager.cc:1403] T 30736f99ecfe44da84e5d8c396d88a3d P 2678194ef5de4fd283e2e6205567dc1f: Time spent bootstrapping tablet: real 0.363s	user 0.026s	sys 0.018s
I20260709 13:08:04.014462 16011 leader_election.cc:290] T f9e93d5796a24c3781b0fa8020af54b3 P 481fadc71961465ba1d8244f3c59f024 [CANDIDATE]: Term 1 pre-election: Requested pre-vote from peers a9e8560cca374f18a80e174f1bfb5159 (127.14.52.1:36841), 2678194ef5de4fd283e2e6205567dc1f (127.14.52.2:43203)
I20260709 13:08:04.029654 15758 tablet_service.cc:1917] Received RequestConsensusVote() RPC: tablet_id: "f9e93d5796a24c3781b0fa8020af54b3" candidate_uuid: "481fadc71961465ba1d8244f3c59f024" candidate_term: 1 candidate_status { last_received { term: 0 index: 0 } } ignore_live_leader: false dest_uuid: "2678194ef5de4fd283e2e6205567dc1f" is_pre_election: true
W20260709 13:08:04.039728 15799 leader_election.cc:343] T f9e93d5796a24c3781b0fa8020af54b3 P 481fadc71961465ba1d8244f3c59f024 [CANDIDATE]: Term 1 pre-election: Tablet error from VoteRequest() call to peer 2678194ef5de4fd283e2e6205567dc1f (127.14.52.2:43203): Illegal state: must be running to vote when last-logged opid is not known
I20260709 13:08:04.040184 15874 raft_consensus.cc:359] T 30736f99ecfe44da84e5d8c396d88a3d P 2678194ef5de4fd283e2e6205567dc1f [term 0 FOLLOWER]: Replica starting. Triggering 0 pending ops. Active config: opid_index: -1 OBSOLETE_local: false peers { permanent_uuid: "a9e8560cca374f18a80e174f1bfb5159" member_type: VOTER last_known_addr { host: "127.14.52.1" port: 36841 } } peers { permanent_uuid: "2678194ef5de4fd283e2e6205567dc1f" member_type: VOTER last_known_addr { host: "127.14.52.2" port: 43203 } } peers { permanent_uuid: "481fadc71961465ba1d8244f3c59f024" member_type: VOTER last_known_addr { host: "127.14.52.3" port: 35605 } }
I20260709 13:08:04.041584 15874 raft_consensus.cc:385] T 30736f99ecfe44da84e5d8c396d88a3d P 2678194ef5de4fd283e2e6205567dc1f [term 0 FOLLOWER]: Consensus starting up: Expiring failure detector timer to make a prompt election more likely
I20260709 13:08:04.042268 15874 raft_consensus.cc:740] T 30736f99ecfe44da84e5d8c396d88a3d P 2678194ef5de4fd283e2e6205567dc1f [term 0 FOLLOWER]: Becoming Follower/Learner. State: Replica: 2678194ef5de4fd283e2e6205567dc1f, State: Initialized, Role: FOLLOWER
I20260709 13:08:04.043226 15874 consensus_queue.cc:260] T 30736f99ecfe44da84e5d8c396d88a3d P 2678194ef5de4fd283e2e6205567dc1f [NON_LEADER]: Queue going to NON_LEADER mode. State: All replicated index: 0, Majority replicated index: 0, Committed index: 0, Last appended: 0.0, Last appended by leader: 0, Current term: 0, Majority size: -1, State: 0, Mode: NON_LEADER, active raft config: opid_index: -1 OBSOLETE_local: false peers { permanent_uuid: "a9e8560cca374f18a80e174f1bfb5159" member_type: VOTER last_known_addr { host: "127.14.52.1" port: 36841 } } peers { permanent_uuid: "2678194ef5de4fd283e2e6205567dc1f" member_type: VOTER last_known_addr { host: "127.14.52.2" port: 43203 } } peers { permanent_uuid: "481fadc71961465ba1d8244f3c59f024" member_type: VOTER last_known_addr { host: "127.14.52.3" port: 35605 } }
I20260709 13:08:04.484302 15874 ts_tablet_manager.cc:1434] T 30736f99ecfe44da84e5d8c396d88a3d P 2678194ef5de4fd283e2e6205567dc1f: Time spent starting tablet: real 0.460s	user 0.006s	sys 0.001s
I20260709 13:08:04.485468 15874 tablet_bootstrap.cc:492] T f9e93d5796a24c3781b0fa8020af54b3 P 2678194ef5de4fd283e2e6205567dc1f: Bootstrap starting.
