I20260709 13:08:07.225524 15960 raft_consensus.cc:515] T c7c0f20c5693423cbb85a5d306a9fb41 P 481fadc71961465ba1d8244f3c59f024 [term 0 FOLLOWER]: Starting pre-election with config: opid_index: -1 OBSOLETE_local: false peers { permanent_uuid: "a9e8560cca374f18a80e174f1bfb5159" member_type: VOTER last_known_addr { host: "127.14.52.1" port: 36841 } } peers { permanent_uuid: "2678194ef5de4fd283e2e6205567dc1f" member_type: VOTER last_known_addr { host: "127.14.52.2" port: 43203 } } peers { permanent_uuid: "481fadc71961465ba1d8244f3c59f024" member_type: VOTER last_known_addr { host: "127.14.52.3" port: 35605 } }
I20260709 13:08:07.226523 16011 raft_consensus.cc:493] T 800a72d8f0074e8183836922e16a358d P 481fadc71961465ba1d8244f3c59f024 [term 0 FOLLOWER]: Starting pre-election (no leader contacted us within the election timeout)
I20260709 13:08:07.227070 16011 raft_consensus.cc:515] T 800a72d8f0074e8183836922e16a358d P 481fadc71961465ba1d8244f3c59f024 [term 0 FOLLOWER]: Starting pre-election with config: opid_index: -1 OBSOLETE_local: false peers { permanent_uuid: "a9e8560cca374f18a80e174f1bfb5159" member_type: VOTER last_known_addr { host: "127.14.52.1" port: 36841 } } peers { permanent_uuid: "2678194ef5de4fd283e2e6205567dc1f" member_type: VOTER last_known_addr { host: "127.14.52.2" port: 43203 } } peers { permanent_uuid: "481fadc71961465ba1d8244f3c59f024" member_type: VOTER last_known_addr { host: "127.14.52.3" port: 35605 } }
I20260709 13:08:07.229686 15754 tablet_service.cc:1917] Received RequestConsensusVote() RPC: tablet_id: "c7c0f20c5693423cbb85a5d306a9fb41" candidate_uuid: "481fadc71961465ba1d8244f3c59f024" candidate_term: 1 candidate_status { last_received { term: 0 index: 0 } } ignore_live_leader: false dest_uuid: "2678194ef5de4fd283e2e6205567dc1f" is_pre_election: true
I20260709 13:08:07.230362 15754 raft_consensus.cc:2468] T c7c0f20c5693423cbb85a5d306a9fb41 P 2678194ef5de4fd283e2e6205567dc1f [term 0 FOLLOWER]: Leader pre-election vote request: Granting yes vote for candidate 481fadc71961465ba1d8244f3c59f024 in term 0.
I20260709 13:08:07.230645 15874 tablet_bootstrap.cc:492] T 94b97dcaab014d958d825643a770bd3a P 2678194ef5de4fd283e2e6205567dc1f: No bootstrap required, opened a new log
I20260709 13:08:07.231161 15874 ts_tablet_manager.cc:1403] T 94b97dcaab014d958d825643a770bd3a P 2678194ef5de4fd283e2e6205567dc1f: Time spent bootstrapping tablet: real 0.263s	user 0.036s	sys 0.038s
I20260709 13:08:07.233462 15799 leader_election.cc:304] T c7c0f20c5693423cbb85a5d306a9fb41 P 481fadc71961465ba1d8244f3c59f024 [CANDIDATE]: Term 1 pre-election: Election decided. Result: candidate won. Election summary: received 2 responses out of 3 voters: 2 yes votes; 0 no votes. yes voters: 2678194ef5de4fd283e2e6205567dc1f, 481fadc71961465ba1d8244f3c59f024; no voters: 
I20260709 13:08:07.235144 15760 tablet_service.cc:1917] Received RequestConsensusVote() RPC: tablet_id: "800a72d8f0074e8183836922e16a358d" candidate_uuid: "481fadc71961465ba1d8244f3c59f024" candidate_term: 1 candidate_status { last_received { term: 0 index: 0 } } ignore_live_leader: false dest_uuid: "2678194ef5de4fd283e2e6205567dc1f" is_pre_election: true
I20260709 13:08:07.237464 15760 raft_consensus.cc:2468] T 800a72d8f0074e8183836922e16a358d P 2678194ef5de4fd283e2e6205567dc1f [term 0 FOLLOWER]: Leader pre-election vote request: Granting yes vote for candidate 481fadc71961465ba1d8244f3c59f024 in term 0.
I20260709 13:08:07.237805 16085 raft_consensus.cc:2804] T c7c0f20c5693423cbb85a5d306a9fb41 P 481fadc71961465ba1d8244f3c59f024 [term 0 FOLLOWER]: Leader pre-election won for term 1
I20260709 13:08:07.240576 16085 raft_consensus.cc:493] T c7c0f20c5693423cbb85a5d306a9fb41 P 481fadc71961465ba1d8244f3c59f024 [term 0 FOLLOWER]: Starting leader election (no leader contacted us within the election timeout)
I20260709 13:08:07.240999 16085 raft_consensus.cc:3060] T c7c0f20c5693423cbb85a5d306a9fb41 P 481fadc71961465ba1d8244f3c59f024 [term 0 FOLLOWER]: Advancing to term 1
I20260709 13:08:07.241035 15799 leader_election.cc:304] T 800a72d8f0074e8183836922e16a358d P 481fadc71961465ba1d8244f3c59f024 [CANDIDATE]: Term 1 pre-election: Election decided. Result: candidate won. Election summary: received 2 responses out of 3 voters: 2 yes votes; 0 no votes. yes voters: 2678194ef5de4fd283e2e6205567dc1f, 481fadc71961465ba1d8244f3c59f024; no voters: 
I20260709 13:08:07.244663 15683 tablet_service.cc:1917] Received RequestConsensusVote() RPC: tablet_id: "800a72d8f0074e8183836922e16a358d" candidate_uuid: "481fadc71961465ba1d8244f3c59f024" candidate_term: 1 candidate_status { last_received { term: 0 index: 0 } } ignore_live_leader: false dest_uuid: "a9e8560cca374f18a80e174f1bfb5159" is_pre_election: true
I20260709 13:08:07.246393 15962 raft_consensus.cc:2804] T 800a72d8f0074e8183836922e16a358d P 481fadc71961465ba1d8244f3c59f024 [term 0 FOLLOWER]: Leader pre-election won for term 1
I20260709 13:08:07.246793 15962 raft_consensus.cc:493] T 800a72d8f0074e8183836922e16a358d P 481fadc71961465ba1d8244f3c59f024 [term 0 FOLLOWER]: Starting leader election (no leader contacted us within the election timeout)
I20260709 13:08:07.247138 15962 raft_consensus.cc:3060] T 800a72d8f0074e8183836922e16a358d P 481fadc71961465ba1d8244f3c59f024 [term 0 FOLLOWER]: Advancing to term 1
I20260709 13:08:07.235680 15960 leader_election.cc:290] T c7c0f20c5693423cbb85a5d306a9fb41 P 481fadc71961465ba1d8244f3c59f024 [CANDIDATE]: Term 1 pre-election: Requested pre-vote from peers a9e8560cca374f18a80e174f1bfb5159 (127.14.52.1:36841), 2678194ef5de4fd283e2e6205567dc1f (127.14.52.2:43203)
I20260709 13:08:07.235258 15874 raft_consensus.cc:359] T 94b97dcaab014d958d825643a770bd3a P 2678194ef5de4fd283e2e6205567dc1f [term 0 FOLLOWER]: Replica starting. Triggering 0 pending ops. Active config: opid_index: -1 OBSOLETE_local: false peers { permanent_uuid: "a9e8560cca374f18a80e174f1bfb5159" member_type: VOTER last_known_addr { host: "127.14.52.1" port: 36841 } } peers { permanent_uuid: "2678194ef5de4fd283e2e6205567dc1f" member_type: VOTER last_known_addr { host: "127.14.52.2" port: 43203 } } peers { permanent_uuid: "481fadc71961465ba1d8244f3c59f024" member_type: VOTER last_known_addr { host: "127.14.52.3" port: 35605 } }
I20260709 13:08:07.239564 15685 tablet_service.cc:1917] Received RequestConsensusVote() RPC: tablet_id: "c7c0f20c5693423cbb85a5d306a9fb41" candidate_uuid: "481fadc71961465ba1d8244f3c59f024" candidate_term: 1 candidate_status { last_received { term: 0 index: 0 } } ignore_live_leader: false dest_uuid: "a9e8560cca374f18a80e174f1bfb5159" is_pre_election: true
I20260709 13:08:07.249747 15874 raft_consensus.cc:385] T 94b97dcaab014d958d825643a770bd3a P 2678194ef5de4fd283e2e6205567dc1f [term 0 FOLLOWER]: Consensus starting up: Expiring failure detector timer to make a prompt election more likely
I20260709 13:08:07.229262 16011 leader_election.cc:290] T 800a72d8f0074e8183836922e16a358d P 481fadc71961465ba1d8244f3c59f024 [CANDIDATE]: Term 1 pre-election: Requested pre-vote from peers a9e8560cca374f18a80e174f1bfb5159 (127.14.52.1:36841), 2678194ef5de4fd283e2e6205567dc1f (127.14.52.2:43203)
I20260709 13:08:07.250109 15874 raft_consensus.cc:740] T 94b97dcaab014d958d825643a770bd3a P 2678194ef5de4fd283e2e6205567dc1f [term 0 FOLLOWER]: Becoming Follower/Learner. State: Replica: 2678194ef5de4fd283e2e6205567dc1f, State: Initialized, Role: FOLLOWER
W20260709 13:08:07.251890 15797 leader_election.cc:343] T 800a72d8f0074e8183836922e16a358d P 481fadc71961465ba1d8244f3c59f024 [CANDIDATE]: Term 1 pre-election: Tablet error from VoteRequest() call to peer a9e8560cca374f18a80e174f1bfb5159 (127.14.52.1:36841): Illegal state: must be running to vote when last-logged opid is not known
W20260709 13:08:07.253234 15797 leader_election.cc:343] T c7c0f20c5693423cbb85a5d306a9fb41 P 481fadc71961465ba1d8244f3c59f024 [CANDIDATE]: Term 1 pre-election: Tablet error from VoteRequest() call to peer a9e8560cca374f18a80e174f1bfb5159 (127.14.52.1:36841): Illegal state: must be running to vote when last-logged opid is not known
I20260709 13:08:07.253861 15876 raft_consensus.cc:359] T 2d3cbb9098f44a809372a4199e687c47 P a9e8560cca374f18a80e174f1bfb5159 [term 0 FOLLOWER]: Replica starting. Triggering 0 pending ops. Active config: opid_index: -1 OBSOLETE_local: false peers { permanent_uuid: "a9e8560cca374f18a80e174f1bfb5159" member_type: VOTER last_known_addr { host: "127.14.52.1" port: 36841 } } peers { permanent_uuid: "2678194ef5de4fd283e2e6205567dc1f" member_type: VOTER last_known_addr { host: "127.14.52.2" port: 43203 } } peers { permanent_uuid: "481fadc71961465ba1d8244f3c59f024" member_type: VOTER last_known_addr { host: "127.14.52.3" port: 35605 } }
I20260709 13:08:07.254722 15876 raft_consensus.cc:385] T 2d3cbb9098f44a809372a4199e687c47 P a9e8560cca374f18a80e174f1bfb5159 [term 0 FOLLOWER]: Consensus starting up: Expiring failure detector timer to make a prompt election more likely
I20260709 13:08:07.255034 15876 raft_consensus.cc:740] T 2d3cbb9098f44a809372a4199e687c47 P a9e8560cca374f18a80e174f1bfb5159 [term 0 FOLLOWER]: Becoming Follower/Learner. State: Replica: a9e8560cca374f18a80e174f1bfb5159, State: Initialized, Role: FOLLOWER
I20260709 13:08:07.243291 16152 raft_consensus.cc:515] T 8df0a4c7731041688515e8d7845f77aa P a9e8560cca374f18a80e174f1bfb5159 [term 1 FOLLOWER]: Starting leader election with config: opid_index: -1 OBSOLETE_local: false peers { permanent_uuid: "a9e8560cca374f18a80e174f1bfb5159" member_type: VOTER last_known_addr { host: "127.14.52.1" port: 36841 } } peers { permanent_uuid: "2678194ef5de4fd283e2e6205567dc1f" member_type: VOTER last_known_addr { host: "127.14.52.2" port: 43203 } } peers { permanent_uuid: "481fadc71961465ba1d8244f3c59f024" member_type: VOTER last_known_addr { host: "127.14.52.3" port: 35605 } }
I20260709 13:08:07.255759 15876 consensus_queue.cc:260] T 2d3cbb9098f44a809372a4199e687c47 P a9e8560cca374f18a80e174f1bfb5159 [NON_LEADER]: Queue going to NON_LEADER mode. State: All replicated index: 0, Majority replicated index: 0, Committed index: 0, Last appended: 0.0, Last appended by leader: 0, Current term: 0, Majority size: -1, State: 0, Mode: NON_LEADER, active raft config: opid_index: -1 OBSOLETE_local: false peers { permanent_uuid: "a9e8560cca374f18a80e174f1bfb5159" member_type: VOTER last_known_addr { host: "127.14.52.1" port: 36841 } } peers { permanent_uuid: "2678194ef5de4fd283e2e6205567dc1f" member_type: VOTER last_known_addr { host: "127.14.52.2" port: 43203 } } peers { permanent_uuid: "481fadc71961465ba1d8244f3c59f024" member_type: VOTER last_known_addr { host: "127.14.52.3" port: 35605 } }
I20260709 13:08:07.256444 15874 consensus_queue.cc:260] T 94b97dcaab014d958d825643a770bd3a P 2678194ef5de4fd283e2e6205567dc1f [NON_LEADER]: Queue going to NON_LEADER mode. State: All replicated index: 0, Majority replicated index: 0, Committed index: 0, Last appended: 0.0, Last appended by leader: 0, Current term: 0, Majority size: -1, State: 0, Mode: NON_LEADER, active raft config: opid_index: -1 OBSOLETE_local: false peers { permanent_uuid: "a9e8560cca374f18a80e174f1bfb5159" member_type: VOTER last_known_addr { host: "127.14.52.1" port: 36841 } } peers { permanent_uuid: "2678194ef5de4fd283e2e6205567dc1f" member_type: VOTER last_known_addr { host: "127.14.52.2" port: 43203 } } peers { permanent_uuid: "481fadc71961465ba1d8244f3c59f024" member_type: VOTER last_known_addr { host: "127.14.52.3" port: 35605 } }
I20260709 13:08:07.260102 16129 consensus_queue.cc:1048] T 2d3cbb9098f44a809372a4199e687c47 P 481fadc71961465ba1d8244f3c59f024 [LEADER]: Connected to new peer: Peer: permanent_uuid: "2678194ef5de4fd283e2e6205567dc1f" member_type: VOTER last_known_addr { host: "127.14.52.2" port: 43203 }, Status: LMP_MISMATCH, Last received: 0.0, Next index: 1, Last known committed idx: 0, Time since last communication: 0.000s
I20260709 13:08:07.260879 15876 ts_tablet_manager.cc:1434] T 2d3cbb9098f44a809372a4199e687c47 P a9e8560cca374f18a80e174f1bfb5159: Time spent starting tablet: real 0.052s	user 0.005s	sys 0.002s
I20260709 13:08:07.261951 15876 tablet_bootstrap.cc:492] T b37f3771194a48ada108a33ffcc67fbe P a9e8560cca374f18a80e174f1bfb5159: Bootstrap starting.
I20260709 13:08:07.268321 15754 tablet_service.cc:1917] Received RequestConsensusVote() RPC: tablet_id: "8df0a4c7731041688515e8d7845f77aa" candidate_uuid: "a9e8560cca374f18a80e174f1bfb5159" candidate_term: 1 candidate_status { last_received { term: 0 index: 0 } } ignore_live_leader: false dest_uuid: "2678194ef5de4fd283e2e6205567dc1f"
I20260709 13:08:07.269119 15754 raft_consensus.cc:3060] T 8df0a4c7731041688515e8d7845f77aa P 2678194ef5de4fd283e2e6205567dc1f [term 0 FOLLOWER]: Advancing to term 1
I20260709 13:08:07.276753 15874 ts_tablet_manager.cc:1434] T 94b97dcaab014d958d825643a770bd3a P 2678194ef5de4fd283e2e6205567dc1f: Time spent starting tablet: real 0.045s	user 0.007s	sys 0.001s
I20260709 13:08:07.274520 15583 catalog_manager.cc:5697] T a5be25ed5ac74a1693ad90ab0c51c79e P 481fadc71961465ba1d8244f3c59f024 reported cstate change: term changed from 0 to 1, leader changed from <none> to 481fadc71961465ba1d8244f3c59f024 (127.14.52.3). New cstate: current_term: 1 leader_uuid: "481fadc71961465ba1d8244f3c59f024" committed_config { opid_index: -1 OBSOLETE_local: false peers { permanent_uuid: "a9e8560cca374f18a80e174f1bfb5159" member_type: VOTER last_known_addr { host: "127.14.52.1" port: 36841 } health_report { overall_health: UNKNOWN } } peers { permanent_uuid: "2678194ef5de4fd283e2e6205567dc1f" member_type: VOTER last_known_addr { host: "127.14.52.2" port: 43203 } health_report { overall_health: UNKNOWN } } peers { permanent_uuid: "481fadc71961465ba1d8244f3c59f024" member_type: VOTER last_known_addr { host: "127.14.52.3" port: 35605 } health_report { overall_health: HEALTHY } } }
I20260709 13:08:07.264750 15962 raft_consensus.cc:515] T 800a72d8f0074e8183836922e16a358d P 481fadc71961465ba1d8244f3c59f024 [term 1 FOLLOWER]: Starting leader election with config: opid_index: -1 OBSOLETE_local: false peers { permanent_uuid: "a9e8560cca374f18a80e174f1bfb5159" member_type: VOTER last_known_addr { host: "127.14.52.1" port: 36841 } } peers { permanent_uuid: "2678194ef5de4fd283e2e6205567dc1f" member_type: VOTER last_known_addr { host: "127.14.52.2" port: 43203 } } peers { permanent_uuid: "481fadc71961465ba1d8244f3c59f024" member_type: VOTER last_known_addr { host: "127.14.52.3" port: 35605 } }
I20260709 13:08:07.279709 15832 tablet_service.cc:1917] Received RequestConsensusVote() RPC: tablet_id: "8df0a4c7731041688515e8d7845f77aa" candidate_uuid: "a9e8560cca374f18a80e174f1bfb5159" candidate_term: 1 candidate_status { last_received { term: 0 index: 0 } } ignore_live_leader: false dest_uuid: "481fadc71961465ba1d8244f3c59f024"
I20260709 13:08:07.287308 16085 raft_consensus.cc:515] T c7c0f20c5693423cbb85a5d306a9fb41 P 481fadc71961465ba1d8244f3c59f024 [term 1 FOLLOWER]: Starting leader election with config: opid_index: -1 OBSOLETE_local: false peers { permanent_uuid: "a9e8560cca374f18a80e174f1bfb5159" member_type: VOTER last_known_addr { host: "127.14.52.1" port: 36841 } } peers { permanent_uuid: "2678194ef5de4fd283e2e6205567dc1f" member_type: VOTER last_known_addr { host: "127.14.52.2" port: 43203 } } peers { permanent_uuid: "481fadc71961465ba1d8244f3c59f024" member_type: VOTER last_known_addr { host: "127.14.52.3" port: 35605 } }
I20260709 13:08:07.291285 15760 tablet_service.cc:1917] Received RequestConsensusVote() RPC: tablet_id: "c7c0f20c5693423cbb85a5d306a9fb41" candidate_uuid: "481fadc71961465ba1d8244f3c59f024" candidate_term: 1 candidate_status { last_received { term: 0 index: 0 } } ignore_live_leader: false dest_uuid: "2678194ef5de4fd283e2e6205567dc1f"
I20260709 13:08:07.291970 15760 raft_consensus.cc:3060] T c7c0f20c5693423cbb85a5d306a9fb41 P 2678194ef5de4fd283e2e6205567dc1f [term 0 FOLLOWER]: Advancing to term 1
I20260709 13:08:07.267313 16152 leader_election.cc:290] T 8df0a4c7731041688515e8d7845f77aa P a9e8560cca374f18a80e174f1bfb5159 [CANDIDATE]: Term 1 election: Requested vote from peers 2678194ef5de4fd283e2e6205567dc1f (127.14.52.2:43203), 481fadc71961465ba1d8244f3c59f024 (127.14.52.3:35605)
I20260709 13:08:07.294894 15876 tablet_bootstrap.cc:654] T b37f3771194a48ada108a33ffcc67fbe P a9e8560cca374f18a80e174f1bfb5159: Neither blocks nor log segments found. Creating new log.
I20260709 13:08:07.293963 15874 tablet_bootstrap.cc:492] T c61861cd659b452a86bbb4d41d293519 P 2678194ef5de4fd283e2e6205567dc1f: Bootstrap starting.
W20260709 13:08:07.296625 15649 leader_election.cc:343] T 8df0a4c7731041688515e8d7845f77aa P a9e8560cca374f18a80e174f1bfb5159 [CANDIDATE]: Term 1 election: Tablet error from VoteRequest() call to peer 481fadc71961465ba1d8244f3c59f024 (127.14.52.3:35605): Illegal state: must be running to vote when last-logged opid is not known
I20260709 13:08:07.297650 16085 leader_election.cc:290] T c7c0f20c5693423cbb85a5d306a9fb41 P 481fadc71961465ba1d8244f3c59f024 [CANDIDATE]: Term 1 election: Requested vote from peers a9e8560cca374f18a80e174f1bfb5159 (127.14.52.1:36841), 2678194ef5de4fd283e2e6205567dc1f (127.14.52.2:43203)
I20260709 13:08:07.299016 15685 tablet_service.cc:1917] Received RequestConsensusVote() RPC: tablet_id: "c7c0f20c5693423cbb85a5d306a9fb41" candidate_uuid: "481fadc71961465ba1d8244f3c59f024" candidate_term: 1 candidate_status { last_received { term: 0 index: 0 } } ignore_live_leader: false dest_uuid: "a9e8560cca374f18a80e174f1bfb5159"
I20260709 13:08:07.310314 15875 tablet_bootstrap.cc:492] T 5c4efb448a714f04bf9ec6ace72b045d P 481fadc71961465ba1d8244f3c59f024: No bootstrap required, opened a new log
I20260709 13:08:07.310868 15875 ts_tablet_manager.cc:1403] T 5c4efb448a714f04bf9ec6ace72b045d P 481fadc71961465ba1d8244f3c59f024: Time spent bootstrapping tablet: real 0.150s	user 0.037s	sys 0.000s
I20260709 13:08:07.312042 15756 tablet_service.cc:1917] Received RequestConsensusVote() RPC: tablet_id: "800a72d8f0074e8183836922e16a358d" candidate_uuid: "481fadc71961465ba1d8244f3c59f024" candidate_term: 1 candidate_status { last_received { term: 0 index: 0 } } ignore_live_leader: false dest_uuid: "2678194ef5de4fd283e2e6205567dc1f"
W20260709 13:08:07.312291 15797 leader_election.cc:343] T c7c0f20c5693423cbb85a5d306a9fb41 P 481fadc71961465ba1d8244f3c59f024 [CANDIDATE]: Term 1 election: Tablet error from VoteRequest() call to peer a9e8560cca374f18a80e174f1bfb5159 (127.14.52.1:36841): Illegal state: must be running to vote when last-logged opid is not known
I20260709 13:08:07.312707 15756 raft_consensus.cc:3060] T 800a72d8f0074e8183836922e16a358d P 2678194ef5de4fd283e2e6205567dc1f [term 0 FOLLOWER]: Advancing to term 1
I20260709 13:08:07.312803 15754 raft_consensus.cc:2468] T 8df0a4c7731041688515e8d7845f77aa P 2678194ef5de4fd283e2e6205567dc1f [term 1 FOLLOWER]: Leader election vote request: Granting yes vote for candidate a9e8560cca374f18a80e174f1bfb5159 in term 1.
I20260709 13:08:07.315059 15650 leader_election.cc:304] T 8df0a4c7731041688515e8d7845f77aa P a9e8560cca374f18a80e174f1bfb5159 [CANDIDATE]: Term 1 election: Election decided. Result: candidate won. Election summary: received 3 responses out of 3 voters: 2 yes votes; 1 no votes. yes voters: 2678194ef5de4fd283e2e6205567dc1f, a9e8560cca374f18a80e174f1bfb5159; no voters: 481fadc71961465ba1d8244f3c59f024
I20260709 13:08:07.316795 16152 raft_consensus.cc:2804] T 8df0a4c7731041688515e8d7845f77aa P a9e8560cca374f18a80e174f1bfb5159 [term 1 FOLLOWER]: Leader election won for term 1
I20260709 13:08:07.317301 16152 raft_consensus.cc:697] T 8df0a4c7731041688515e8d7845f77aa P a9e8560cca374f18a80e174f1bfb5159 [term 1 LEADER]: Becoming Leader. State: Replica: a9e8560cca374f18a80e174f1bfb5159, State: Running, Role: LEADER
I20260709 13:08:07.318152 16152 consensus_queue.cc:237] T 8df0a4c7731041688515e8d7845f77aa P a9e8560cca374f18a80e174f1bfb5159 [LEADER]: Queue going to LEADER mode. State: All replicated index: 0, Majority replicated index: 0, Committed index: 0, Last appended: 0.0, Last appended by leader: 0, Current term: 1, Majority size: 2, State: 0, Mode: LEADER, active raft config: opid_index: -1 OBSOLETE_local: false peers { permanent_uuid: "a9e8560cca374f18a80e174f1bfb5159" member_type: VOTER last_known_addr { host: "127.14.52.1" port: 36841 } } peers { permanent_uuid: "2678194ef5de4fd283e2e6205567dc1f" member_type: VOTER last_known_addr { host: "127.14.52.2" port: 43203 } } peers { permanent_uuid: "481fadc71961465ba1d8244f3c59f024" member_type: VOTER last_known_addr { host: "127.14.52.3" port: 35605 } }
I20260709 13:08:07.321954 15756 raft_consensus.cc:2468] T 800a72d8f0074e8183836922e16a358d P 2678194ef5de4fd283e2e6205567dc1f [term 1 FOLLOWER]: Leader election vote request: Granting yes vote for candidate 481fadc71961465ba1d8244f3c59f024 in term 1.
I20260709 13:08:07.326176 15799 leader_election.cc:304] T 800a72d8f0074e8183836922e16a358d P 481fadc71961465ba1d8244f3c59f024 [CANDIDATE]: Term 1 election: Election decided. Result: candidate won. Election summary: received 2 responses out of 3 voters: 2 yes votes; 0 no votes. yes voters: 2678194ef5de4fd283e2e6205567dc1f, 481fadc71961465ba1d8244f3c59f024; no voters: 
I20260709 13:08:07.327343 16085 raft_consensus.cc:2804] T 800a72d8f0074e8183836922e16a358d P 481fadc71961465ba1d8244f3c59f024 [term 1 FOLLOWER]: Leader election won for term 1
I20260709 13:08:07.328073 16085 raft_consensus.cc:697] T 800a72d8f0074e8183836922e16a358d P 481fadc71961465ba1d8244f3c59f024 [term 1 LEADER]: Becoming Leader. State: Replica: 481fadc71961465ba1d8244f3c59f024, State: Running, Role: LEADER
I20260709 13:08:07.328934 16085 consensus_queue.cc:237] T 800a72d8f0074e8183836922e16a358d P 481fadc71961465ba1d8244f3c59f024 [LEADER]: Queue going to LEADER mode. State: All replicated index: 0, Majority replicated index: 0, Committed index: 0, Last appended: 0.0, Last appended by leader: 0, Current term: 1, Majority size: 2, State: 0, Mode: LEADER, active raft config: opid_index: -1 OBSOLETE_local: false peers { permanent_uuid: "a9e8560cca374f18a80e174f1bfb5159" member_type: VOTER last_known_addr { host: "127.14.52.1" port: 36841 } } peers { permanent_uuid: "2678194ef5de4fd283e2e6205567dc1f" member_type: VOTER last_known_addr { host: "127.14.52.2" port: 43203 } } peers { permanent_uuid: "481fadc71961465ba1d8244f3c59f024" member_type: VOTER last_known_addr { host: "127.14.52.3" port: 35605 } }
I20260709 13:08:07.324836 15760 raft_consensus.cc:2468] T c7c0f20c5693423cbb85a5d306a9fb41 P 2678194ef5de4fd283e2e6205567dc1f [term 1 FOLLOWER]: Leader election vote request: Granting yes vote for candidate 481fadc71961465ba1d8244f3c59f024 in term 1.
I20260709 13:08:07.335922 15799 leader_election.cc:304] T c7c0f20c5693423cbb85a5d306a9fb41 P 481fadc71961465ba1d8244f3c59f024 [CANDIDATE]: Term 1 election: Election decided. Result: candidate won. Election summary: received 3 responses out of 3 voters: 2 yes votes; 1 no votes. yes voters: 2678194ef5de4fd283e2e6205567dc1f, 481fadc71961465ba1d8244f3c59f024; no voters: a9e8560cca374f18a80e174f1bfb5159
I20260709 13:08:07.335871 15875 raft_consensus.cc:359] T 5c4efb448a714f04bf9ec6ace72b045d P 481fadc71961465ba1d8244f3c59f024 [term 0 FOLLOWER]: Replica starting. Triggering 0 pending ops. Active config: opid_index: -1 OBSOLETE_local: false peers { permanent_uuid: "a9e8560cca374f18a80e174f1bfb5159" member_type: VOTER last_known_addr { host: "127.14.52.1" port: 36841 } } peers { permanent_uuid: "2678194ef5de4fd283e2e6205567dc1f" member_type: VOTER last_known_addr { host: "127.14.52.2" port: 43203 } } peers { permanent_uuid: "481fadc71961465ba1d8244f3c59f024" member_type: VOTER last_known_addr { host: "127.14.52.3" port: 35605 } }
I20260709 13:08:07.336714 15875 raft_consensus.cc:385] T 5c4efb448a714f04bf9ec6ace72b045d P 481fadc71961465ba1d8244f3c59f024 [term 0 FOLLOWER]: Consensus starting up: Expiring failure detector timer to make a prompt election more likely
I20260709 13:08:07.336966 15875 raft_consensus.cc:740] T 5c4efb448a714f04bf9ec6ace72b045d P 481fadc71961465ba1d8244f3c59f024 [term 0 FOLLOWER]: Becoming Follower/Learner. State: Replica: 481fadc71961465ba1d8244f3c59f024, State: Initialized, Role: FOLLOWER
I20260709 13:08:07.321651 15962 leader_election.cc:290] T 800a72d8f0074e8183836922e16a358d P 481fadc71961465ba1d8244f3c59f024 [CANDIDATE]: Term 1 election: Requested vote from peers a9e8560cca374f18a80e174f1bfb5159 (127.14.52.1:36841), 2678194ef5de4fd283e2e6205567dc1f (127.14.52.2:43203)
I20260709 13:08:07.339231 15875 consensus_queue.cc:260] T 5c4efb448a714f04bf9ec6ace72b045d P 481fadc71961465ba1d8244f3c59f024 [NON_LEADER]: Queue going to NON_LEADER mode. State: All replicated index: 0, Majority replicated index: 0, Committed index: 0, Last appended: 0.0, Last appended by leader: 0, Current term: 0, Majority size: -1, State: 0, Mode: NON_LEADER, active raft config: opid_index: -1 OBSOLETE_local: false peers { permanent_uuid: "a9e8560cca374f18a80e174f1bfb5159" member_type: VOTER last_known_addr { host: "127.14.52.1" port: 36841 } } peers { permanent_uuid: "2678194ef5de4fd283e2e6205567dc1f" member_type: VOTER last_known_addr { host: "127.14.52.2" port: 43203 } } peers { permanent_uuid: "481fadc71961465ba1d8244f3c59f024" member_type: VOTER last_known_addr { host: "127.14.52.3" port: 35605 } }
I20260709 13:08:07.337224 15960 raft_consensus.cc:2804] T c7c0f20c5693423cbb85a5d306a9fb41 P 481fadc71961465ba1d8244f3c59f024 [term 1 FOLLOWER]: Leader election won for term 1
I20260709 13:08:07.347338 15960 raft_consensus.cc:697] T c7c0f20c5693423cbb85a5d306a9fb41 P 481fadc71961465ba1d8244f3c59f024 [term 1 LEADER]: Becoming Leader. State: Replica: 481fadc71961465ba1d8244f3c59f024, State: Running, Role: LEADER
I20260709 13:08:07.350443 15960 consensus_queue.cc:237] T c7c0f20c5693423cbb85a5d306a9fb41 P 481fadc71961465ba1d8244f3c59f024 [LEADER]: Queue going to LEADER mode. State: All replicated index: 0, Majority replicated index: 0, Committed index: 0, Last appended: 0.0, Last appended by leader: 0, Current term: 1, Majority size: 2, State: 0, Mode: LEADER, active raft config: opid_index: -1 OBSOLETE_local: false peers { permanent_uuid: "a9e8560cca374f18a80e174f1bfb5159" member_type: VOTER last_known_addr { host: "127.14.52.1" port: 36841 } } peers { permanent_uuid: "2678194ef5de4fd283e2e6205567dc1f" member_type: VOTER last_known_addr { host: "127.14.52.2" port: 43203 } } peers { permanent_uuid: "481fadc71961465ba1d8244f3c59f024" member_type: VOTER last_known_addr { host: "127.14.52.3" port: 35605 } }
I20260709 13:08:07.338804 15678 tablet_service.cc:1917] Received RequestConsensusVote() RPC: tablet_id: "800a72d8f0074e8183836922e16a358d" candidate_uuid: "481fadc71961465ba1d8244f3c59f024" candidate_term: 1 candidate_status { last_received { term: 0 index: 0 } } ignore_live_leader: false dest_uuid: "a9e8560cca374f18a80e174f1bfb5159"
I20260709 13:08:07.353914 15875 ts_tablet_manager.cc:1434] T 5c4efb448a714f04bf9ec6ace72b045d P 481fadc71961465ba1d8244f3c59f024: Time spent starting tablet: real 0.043s	user 0.006s	sys 0.002s
I20260709 13:08:07.353313 15582 catalog_manager.cc:5697] T 8df0a4c7731041688515e8d7845f77aa P a9e8560cca374f18a80e174f1bfb5159 reported cstate change: term changed from 0 to 1, leader changed from <none> to a9e8560cca374f18a80e174f1bfb5159 (127.14.52.1). New cstate: current_term: 1 leader_uuid: "a9e8560cca374f18a80e174f1bfb5159" committed_config { opid_index: -1 OBSOLETE_local: false peers { permanent_uuid: "a9e8560cca374f18a80e174f1bfb5159" member_type: VOTER last_known_addr { host: "127.14.52.1" port: 36841 } health_report { overall_health: HEALTHY } } peers { permanent_uuid: "2678194ef5de4fd283e2e6205567dc1f" member_type: VOTER last_known_addr { host: "127.14.52.2" port: 43203 } health_report { overall_health: UNKNOWN } } peers { permanent_uuid: "481fadc71961465ba1d8244f3c59f024" member_type: VOTER last_known_addr { host: "127.14.52.3" port: 35605 } health_report { overall_health: UNKNOWN } } }
I20260709 13:08:07.358608 15875 tablet_bootstrap.cc:492] T 8c8ce2a2da474a99bba8877791d3b24e P 481fadc71961465ba1d8244f3c59f024: Bootstrap starting.
W20260709 13:08:07.360913 15797 leader_election.cc:343] T 800a72d8f0074e8183836922e16a358d P 481fadc71961465ba1d8244f3c59f024 [CANDIDATE]: Term 1 election: Tablet error from VoteRequest() call to peer a9e8560cca374f18a80e174f1bfb5159 (127.14.52.1:36841): Illegal state: must be running to vote when last-logged opid is not known
I20260709 13:08:07.370777 15874 tablet_bootstrap.cc:654] T c61861cd659b452a86bbb4d41d293519 P 2678194ef5de4fd283e2e6205567dc1f: Neither blocks nor log segments found. Creating new log.
I20260709 13:08:07.386173 15876 tablet_bootstrap.cc:492] T b37f3771194a48ada108a33ffcc67fbe P a9e8560cca374f18a80e174f1bfb5159: No bootstrap required, opened a new log
I20260709 13:08:07.386848 15876 ts_tablet_manager.cc:1403] T b37f3771194a48ada108a33ffcc67fbe P a9e8560cca374f18a80e174f1bfb5159: Time spent bootstrapping tablet: real 0.125s	user 0.012s	sys 0.004s
I20260709 13:08:07.389906 15876 raft_consensus.cc:359] T b37f3771194a48ada108a33ffcc67fbe P a9e8560cca374f18a80e174f1bfb5159 [term 0 FOLLOWER]: Replica starting. Triggering 0 pending ops. Active config: opid_index: -1 OBSOLETE_local: false peers { permanent_uuid: "a9e8560cca374f18a80e174f1bfb5159" member_type: VOTER last_known_addr { host: "127.14.52.1" port: 36841 } } peers { permanent_uuid: "2678194ef5de4fd283e2e6205567dc1f" member_type: VOTER last_known_addr { host: "127.14.52.2" port: 43203 } } peers { permanent_uuid: "481fadc71961465ba1d8244f3c59f024" member_type: VOTER last_known_addr { host: "127.14.52.3" port: 35605 } }
I20260709 13:08:07.390719 15876 raft_consensus.cc:385] T b37f3771194a48ada108a33ffcc67fbe P a9e8560cca374f18a80e174f1bfb5159 [term 0 FOLLOWER]: Consensus starting up: Expiring failure detector timer to make a prompt election more likely
I20260709 13:08:07.391010 15876 raft_consensus.cc:740] T b37f3771194a48ada108a33ffcc67fbe P a9e8560cca374f18a80e174f1bfb5159 [term 0 FOLLOWER]: Becoming Follower/Learner. State: Replica: a9e8560cca374f18a80e174f1bfb5159, State: Initialized, Role: FOLLOWER
I20260709 13:08:07.391683 15876 consensus_queue.cc:260] T b37f3771194a48ada108a33ffcc67fbe P a9e8560cca374f18a80e174f1bfb5159 [NON_LEADER]: Queue going to NON_LEADER mode. State: All replicated index: 0, Majority replicated index: 0, Committed index: 0, Last appended: 0.0, Last appended by leader: 0, Current term: 0, Majority size: -1, State: 0, Mode: NON_LEADER, active raft config: opid_index: -1 OBSOLETE_local: false peers { permanent_uuid: "a9e8560cca374f18a80e174f1bfb5159" member_type: VOTER last_known_addr { host: "127.14.52.1" port: 36841 } } peers { permanent_uuid: "2678194ef5de4fd283e2e6205567dc1f" member_type: VOTER last_known_addr { host: "127.14.52.2" port: 43203 } } peers { permanent_uuid: "481fadc71961465ba1d8244f3c59f024" member_type: VOTER last_known_addr { host: "127.14.52.3" port: 35605 } }
I20260709 13:08:07.395010 15876 ts_tablet_manager.cc:1434] T b37f3771194a48ada108a33ffcc67fbe P a9e8560cca374f18a80e174f1bfb5159: Time spent starting tablet: real 0.008s	user 0.007s	sys 0.001s
I20260709 13:08:07.396222 15876 tablet_bootstrap.cc:492] T 94b97dcaab014d958d825643a770bd3a P a9e8560cca374f18a80e174f1bfb5159: Bootstrap starting.
I20260709 13:08:07.399538 15580 catalog_manager.cc:5697] T 800a72d8f0074e8183836922e16a358d P 481fadc71961465ba1d8244f3c59f024 reported cstate change: term changed from 0 to 1, leader changed from <none> to 481fadc71961465ba1d8244f3c59f024 (127.14.52.3). New cstate: current_term: 1 leader_uuid: "481fadc71961465ba1d8244f3c59f024" committed_config { opid_index: -1 OBSOLETE_local: false peers { permanent_uuid: "a9e8560cca374f18a80e174f1bfb5159" member_type: VOTER last_known_addr { host: "127.14.52.1" port: 36841 } health_report { overall_health: UNKNOWN } } peers { permanent_uuid: "2678194ef5de4fd283e2e6205567dc1f" member_type: VOTER last_known_addr { host: "127.14.52.2" port: 43203 } health_report { overall_health: UNKNOWN } } peers { permanent_uuid: "481fadc71961465ba1d8244f3c59f024" member_type: VOTER last_known_addr { host: "127.14.52.3" port: 35605 } health_report { overall_health: HEALTHY } } }
I20260709 13:08:07.400540 15875 tablet_bootstrap.cc:654] T 8c8ce2a2da474a99bba8877791d3b24e P 481fadc71961465ba1d8244f3c59f024: Neither blocks nor log segments found. Creating new log.
I20260709 13:08:07.419812 15876 tablet_bootstrap.cc:654] T 94b97dcaab014d958d825643a770bd3a P a9e8560cca374f18a80e174f1bfb5159: Neither blocks nor log segments found. Creating new log.
I20260709 13:08:07.438989 15874 tablet_bootstrap.cc:492] T c61861cd659b452a86bbb4d41d293519 P 2678194ef5de4fd283e2e6205567dc1f: No bootstrap required, opened a new log
I20260709 13:08:07.439560 15874 ts_tablet_manager.cc:1403] T c61861cd659b452a86bbb4d41d293519 P 2678194ef5de4fd283e2e6205567dc1f: Time spent bootstrapping tablet: real 0.146s	user 0.017s	sys 0.009s
I20260709 13:08:07.442668 15874 raft_consensus.cc:359] T c61861cd659b452a86bbb4d41d293519 P 2678194ef5de4fd283e2e6205567dc1f [term 0 FOLLOWER]: Replica starting. Triggering 0 pending ops. Active config: opid_index: -1 OBSOLETE_local: false peers { permanent_uuid: "a9e8560cca374f18a80e174f1bfb5159" member_type: VOTER last_known_addr { host: "127.14.52.1" port: 36841 } } peers { permanent_uuid: "2678194ef5de4fd283e2e6205567dc1f" member_type: VOTER last_known_addr { host: "127.14.52.2" port: 43203 } } peers { permanent_uuid: "481fadc71961465ba1d8244f3c59f024" member_type: VOTER last_known_addr { host: "127.14.52.3" port: 35605 } }
I20260709 13:08:07.443334 15874 raft_consensus.cc:385] T c61861cd659b452a86bbb4d41d293519 P 2678194ef5de4fd283e2e6205567dc1f [term 0 FOLLOWER]: Consensus starting up: Expiring failure detector timer to make a prompt election more likely
I20260709 13:08:07.443590 15874 raft_consensus.cc:740] T c61861cd659b452a86bbb4d41d293519 P 2678194ef5de4fd283e2e6205567dc1f [term 0 FOLLOWER]: Becoming Follower/Learner. State: Replica: 2678194ef5de4fd283e2e6205567dc1f, State: Initialized, Role: FOLLOWER
I20260709 13:08:07.444227 15874 consensus_queue.cc:260] T c61861cd659b452a86bbb4d41d293519 P 2678194ef5de4fd283e2e6205567dc1f [NON_LEADER]: Queue going to NON_LEADER mode. State: All replicated index: 0, Majority replicated index: 0, Committed index: 0, Last appended: 0.0, Last appended by leader: 0, Current term: 0, Majority size: -1, State: 0, Mode: NON_LEADER, active raft config: opid_index: -1 OBSOLETE_local: false peers { permanent_uuid: "a9e8560cca374f18a80e174f1bfb5159" member_type: VOTER last_known_addr { host: "127.14.52.1" port: 36841 } } peers { permanent_uuid: "2678194ef5de4fd283e2e6205567dc1f" member_type: VOTER last_known_addr { host: "127.14.52.2" port: 43203 } } peers { permanent_uuid: "481fadc71961465ba1d8244f3c59f024" member_type: VOTER last_known_addr { host: "127.14.52.3" port: 35605 } }
W20260709 13:08:07.446063 15631 auto_rebalancer.cc:288] Could not retrieve cluster info: Service unavailable: Tablet not running
I20260709 13:08:07.446698 15874 ts_tablet_manager.cc:1434] T c61861cd659b452a86bbb4d41d293519 P 2678194ef5de4fd283e2e6205567dc1f: Time spent starting tablet: real 0.007s	user 0.003s	sys 0.004s
I20260709 13:08:07.447917 15874 tablet_bootstrap.cc:492] T a5be25ed5ac74a1693ad90ab0c51c79e P 2678194ef5de4fd283e2e6205567dc1f: Bootstrap starting.
I20260709 13:08:07.448359 15580 catalog_manager.cc:5697] T c7c0f20c5693423cbb85a5d306a9fb41 P 481fadc71961465ba1d8244f3c59f024 reported cstate change: term changed from 0 to 1, leader changed from <none> to 481fadc71961465ba1d8244f3c59f024 (127.14.52.3). New cstate: current_term: 1 leader_uuid: "481fadc71961465ba1d8244f3c59f024" committed_config { opid_index: -1 OBSOLETE_local: false peers { permanent_uuid: "a9e8560cca374f18a80e174f1bfb5159" member_type: VOTER last_known_addr { host: "127.14.52.1" port: 36841 } health_report { overall_health: UNKNOWN } } peers { permanent_uuid: "2678194ef5de4fd283e2e6205567dc1f" member_type: VOTER last_known_addr { host: "127.14.52.2" port: 43203 } health_report { overall_health: UNKNOWN } } peers { permanent_uuid: "481fadc71961465ba1d8244f3c59f024" member_type: VOTER last_known_addr { host: "127.14.52.3" port: 35605 } health_report { overall_health: HEALTHY } } }
I20260709 13:08:07.451606 15875 tablet_bootstrap.cc:492] T 8c8ce2a2da474a99bba8877791d3b24e P 481fadc71961465ba1d8244f3c59f024: No bootstrap required, opened a new log
I20260709 13:08:07.452481 15875 ts_tablet_manager.cc:1403] T 8c8ce2a2da474a99bba8877791d3b24e P 481fadc71961465ba1d8244f3c59f024: Time spent bootstrapping tablet: real 0.098s	user 0.015s	sys 0.016s
I20260709 13:08:07.453208 15876 tablet_bootstrap.cc:492] T 94b97dcaab014d958d825643a770bd3a P a9e8560cca374f18a80e174f1bfb5159: No bootstrap required, opened a new log
I20260709 13:08:07.454547 15876 ts_tablet_manager.cc:1403] T 94b97dcaab014d958d825643a770bd3a P a9e8560cca374f18a80e174f1bfb5159: Time spent bootstrapping tablet: real 0.059s	user 0.012s	sys 0.004s
I20260709 13:08:07.454866 15874 tablet_bootstrap.cc:654] T a5be25ed5ac74a1693ad90ab0c51c79e P 2678194ef5de4fd283e2e6205567dc1f: Neither blocks nor log segments found. Creating new log.
I20260709 13:08:07.457154 15875 raft_consensus.cc:359] T 8c8ce2a2da474a99bba8877791d3b24e P 481fadc71961465ba1d8244f3c59f024 [term 0 FOLLOWER]: Replica starting. Triggering 0 pending ops. Active config: opid_index: -1 OBSOLETE_local: false peers { permanent_uuid: "a9e8560cca374f18a80e174f1bfb5159" member_type: VOTER last_known_addr { host: "127.14.52.1" port: 36841 } } peers { permanent_uuid: "2678194ef5de4fd283e2e6205567dc1f" member_type: VOTER last_known_addr { host: "127.14.52.2" port: 43203 } } peers { permanent_uuid: "481fadc71961465ba1d8244f3c59f024" member_type: VOTER last_known_addr { host: "127.14.52.3" port: 35605 } }
I20260709 13:08:07.457394 15876 raft_consensus.cc:359] T 94b97dcaab014d958d825643a770bd3a P a9e8560cca374f18a80e174f1bfb5159 [term 0 FOLLOWER]: Replica starting. Triggering 0 pending ops. Active config: opid_index: -1 OBSOLETE_local: false peers { permanent_uuid: "a9e8560cca374f18a80e174f1bfb5159" member_type: VOTER last_known_addr { host: "127.14.52.1" port: 36841 } } peers { permanent_uuid: "2678194ef5de4fd283e2e6205567dc1f" member_type: VOTER last_known_addr { host: "127.14.52.2" port: 43203 } } peers { permanent_uuid: "481fadc71961465ba1d8244f3c59f024" member_type: VOTER last_known_addr { host: "127.14.52.3" port: 35605 } }
I20260709 13:08:07.458073 15875 raft_consensus.cc:385] T 8c8ce2a2da474a99bba8877791d3b24e P 481fadc71961465ba1d8244f3c59f024 [term 0 FOLLOWER]: Consensus starting up: Expiring failure detector timer to make a prompt election more likely
I20260709 13:08:07.458144 15876 raft_consensus.cc:385] T 94b97dcaab014d958d825643a770bd3a P a9e8560cca374f18a80e174f1bfb5159 [term 0 FOLLOWER]: Consensus starting up: Expiring failure detector timer to make a prompt election more likely
I20260709 13:08:07.458604 15875 raft_consensus.cc:740] T 8c8ce2a2da474a99bba8877791d3b24e P 481fadc71961465ba1d8244f3c59f024 [term 0 FOLLOWER]: Becoming Follower/Learner. State: Replica: 481fadc71961465ba1d8244f3c59f024, State: Initialized, Role: FOLLOWER
I20260709 13:08:07.459414 15875 consensus_queue.cc:260] T 8c8ce2a2da474a99bba8877791d3b24e P 481fadc71961465ba1d8244f3c59f024 [NON_LEADER]: Queue going to NON_LEADER mode. State: All replicated index: 0, Majority replicated index: 0, Committed index: 0, Last appended: 0.0, Last appended by leader: 0, Current term: 0, Majority size: -1, State: 0, Mode: NON_LEADER, active raft config: opid_index: -1 OBSOLETE_local: false peers { permanent_uuid: "a9e8560cca374f18a80e174f1bfb5159" member_type: VOTER last_known_addr { host: "127.14.52.1" port: 36841 } } peers { permanent_uuid: "2678194ef5de4fd283e2e6205567dc1f" member_type: VOTER last_known_addr { host: "127.14.52.2" port: 43203 } } peers { permanent_uuid: "481fadc71961465ba1d8244f3c59f024" member_type: VOTER last_known_addr { host: "127.14.52.3" port: 35605 } }
I20260709 13:08:07.462002 15875 ts_tablet_manager.cc:1434] T 8c8ce2a2da474a99bba8877791d3b24e P 481fadc71961465ba1d8244f3c59f024: Time spent starting tablet: real 0.009s	user 0.006s	sys 0.001s
I20260709 13:08:07.463169 15875 tablet_bootstrap.cc:492] T 120538ab487c4466a44e93f09c880116 P 481fadc71961465ba1d8244f3c59f024: Bootstrap starting.
I20260709 13:08:07.466601 15874 tablet_bootstrap.cc:492] T a5be25ed5ac74a1693ad90ab0c51c79e P 2678194ef5de4fd283e2e6205567dc1f: No bootstrap required, opened a new log
I20260709 13:08:07.458626 15876 raft_consensus.cc:740] T 94b97dcaab014d958d825643a770bd3a P a9e8560cca374f18a80e174f1bfb5159 [term 0 FOLLOWER]: Becoming Follower/Learner. State: Replica: a9e8560cca374f18a80e174f1bfb5159, State: Initialized, Role: FOLLOWER
I20260709 13:08:07.467085 15874 ts_tablet_manager.cc:1403] T a5be25ed5ac74a1693ad90ab0c51c79e P 2678194ef5de4fd283e2e6205567dc1f: Time spent bootstrapping tablet: real 0.019s	user 0.016s	sys 0.000s
I20260709 13:08:07.467504 15876 consensus_queue.cc:260] T 94b97dcaab014d958d825643a770bd3a P a9e8560cca374f18a80e174f1bfb5159 [NON_LEADER]: Queue going to NON_LEADER mode. State: All replicated index: 0, Majority replicated index: 0, Committed index: 0, Last appended: 0.0, Last appended by leader: 0, Current term: 0, Majority size: -1, State: 0, Mode: NON_LEADER, active raft config: opid_index: -1 OBSOLETE_local: false peers { permanent_uuid: "a9e8560cca374f18a80e174f1bfb5159" member_type: VOTER last_known_addr { host: "127.14.52.1" port: 36841 } } peers { permanent_uuid: "2678194ef5de4fd283e2e6205567dc1f" member_type: VOTER last_known_addr { host: "127.14.52.2" port: 43203 } } peers { permanent_uuid: "481fadc71961465ba1d8244f3c59f024" member_type: VOTER last_known_addr { host: "127.14.52.3" port: 35605 } }
I20260709 13:08:07.469357 15876 ts_tablet_manager.cc:1434] T 94b97dcaab014d958d825643a770bd3a P a9e8560cca374f18a80e174f1bfb5159: Time spent starting tablet: real 0.015s	user 0.006s	sys 0.000s
I20260709 13:08:07.470366 15876 tablet_bootstrap.cc:492] T 5c4efb448a714f04bf9ec6ace72b045d P a9e8560cca374f18a80e174f1bfb5159: Bootstrap starting.
I20260709 13:08:07.475157 15874 raft_consensus.cc:359] T a5be25ed5ac74a1693ad90ab0c51c79e P 2678194ef5de4fd283e2e6205567dc1f [term 0 FOLLOWER]: Replica starting. Triggering 0 pending ops. Active config: opid_index: -1 OBSOLETE_local: false peers { permanent_uuid: "a9e8560cca374f18a80e174f1bfb5159" member_type: VOTER last_known_addr { host: "127.14.52.1" port: 36841 } } peers { permanent_uuid: "2678194ef5de4fd283e2e6205567dc1f" member_type: VOTER last_known_addr { host: "127.14.52.2" port: 43203 } } peers { permanent_uuid: "481fadc71961465ba1d8244f3c59f024" member_type: VOTER last_known_addr { host: "127.14.52.3" port: 35605 } }
I20260709 13:08:07.475917 15874 raft_consensus.cc:385] T a5be25ed5ac74a1693ad90ab0c51c79e P 2678194ef5de4fd283e2e6205567dc1f [term 0 FOLLOWER]: Consensus starting up: Expiring failure detector timer to make a prompt election more likely
I20260709 13:08:07.476977 15874 raft_consensus.cc:740] T a5be25ed5ac74a1693ad90ab0c51c79e P 2678194ef5de4fd283e2e6205567dc1f [term 0 FOLLOWER]: Becoming Follower/Learner. State: Replica: 2678194ef5de4fd283e2e6205567dc1f, State: Initialized, Role: FOLLOWER
I20260709 13:08:07.477727 15874 consensus_queue.cc:260] T a5be25ed5ac74a1693ad90ab0c51c79e P 2678194ef5de4fd283e2e6205567dc1f [NON_LEADER]: Queue going to NON_LEADER mode. State: All replicated index: 0, Majority replicated index: 0, Committed index: 0, Last appended: 0.0, Last appended by leader: 0, Current term: 0, Majority size: -1, State: 0, Mode: NON_LEADER, active raft config: opid_index: -1 OBSOLETE_local: false peers { permanent_uuid: "a9e8560cca374f18a80e174f1bfb5159" member_type: VOTER last_known_addr { host: "127.14.52.1" port: 36841 } } peers { permanent_uuid: "2678194ef5de4fd283e2e6205567dc1f" member_type: VOTER last_known_addr { host: "127.14.52.2" port: 43203 } } peers { permanent_uuid: "481fadc71961465ba1d8244f3c59f024" member_type: VOTER last_known_addr { host: "127.14.52.3" port: 35605 } }
I20260709 13:08:07.480309 15874 ts_tablet_manager.cc:1434] T a5be25ed5ac74a1693ad90ab0c51c79e P 2678194ef5de4fd283e2e6205567dc1f: Time spent starting tablet: real 0.013s	user 0.005s	sys 0.002s
I20260709 13:08:07.481241 15874 tablet_bootstrap.cc:492] T b37f3771194a48ada108a33ffcc67fbe P 2678194ef5de4fd283e2e6205567dc1f: Bootstrap starting.
I20260709 13:08:07.474654 15875 tablet_bootstrap.cc:654] T 120538ab487c4466a44e93f09c880116 P 481fadc71961465ba1d8244f3c59f024: Neither blocks nor log segments found. Creating new log.
I20260709 13:08:07.487361 15960 raft_consensus.cc:493] T a5f838a19dfe4fb78286c4e5490da5da P 481fadc71961465ba1d8244f3c59f024 [term 1 FOLLOWER]: Starting pre-election (detected failure of leader 2678194ef5de4fd283e2e6205567dc1f)
I20260709 13:08:07.487984 15874 tablet_bootstrap.cc:654] T b37f3771194a48ada108a33ffcc67fbe P 2678194ef5de4fd283e2e6205567dc1f: Neither blocks nor log segments found. Creating new log.
I20260709 13:08:07.487939 15960 raft_consensus.cc:515] T a5f838a19dfe4fb78286c4e5490da5da P 481fadc71961465ba1d8244f3c59f024 [term 1 FOLLOWER]: Starting pre-election with config: opid_index: -1 OBSOLETE_local: false peers { permanent_uuid: "a9e8560cca374f18a80e174f1bfb5159" member_type: VOTER last_known_addr { host: "127.14.52.1" port: 36841 } } peers { permanent_uuid: "2678194ef5de4fd283e2e6205567dc1f" member_type: VOTER last_known_addr { host: "127.14.52.2" port: 43203 } } peers { permanent_uuid: "481fadc71961465ba1d8244f3c59f024" member_type: VOTER last_known_addr { host: "127.14.52.3" port: 35605 } }
I20260709 13:08:07.489476 16085 raft_consensus.cc:493] T e57faccf62dd4c3d96eeead8ecf3b294 P 481fadc71961465ba1d8244f3c59f024 [term 1 FOLLOWER]: Starting pre-election (detected failure of leader 2678194ef5de4fd283e2e6205567dc1f)
I20260709 13:08:07.490094 16085 raft_consensus.cc:515] T e57faccf62dd4c3d96eeead8ecf3b294 P 481fadc71961465ba1d8244f3c59f024 [term 1 FOLLOWER]: Starting pre-election with config: opid_index: -1 OBSOLETE_local: false peers { permanent_uuid: "a9e8560cca374f18a80e174f1bfb5159" member_type: VOTER last_known_addr { host: "127.14.52.1" port: 36841 } } peers { permanent_uuid: "2678194ef5de4fd283e2e6205567dc1f" member_type: VOTER last_known_addr { host: "127.14.52.2" port: 43203 } } peers { permanent_uuid: "481fadc71961465ba1d8244f3c59f024" member_type: VOTER last_known_addr { host: "127.14.52.3" port: 35605 } }
I20260709 13:08:07.491158 15678 tablet_service.cc:1917] Received RequestConsensusVote() RPC: tablet_id: "a5f838a19dfe4fb78286c4e5490da5da" candidate_uuid: "481fadc71961465ba1d8244f3c59f024" candidate_term: 2 candidate_status { last_received { term: 1 index: 1 } } ignore_live_leader: false dest_uuid: "a9e8560cca374f18a80e174f1bfb5159" is_pre_election: true
I20260709 13:08:07.492116 15876 tablet_bootstrap.cc:654] T 5c4efb448a714f04bf9ec6ace72b045d P a9e8560cca374f18a80e174f1bfb5159: Neither blocks nor log segments found. Creating new log.
I20260709 13:08:07.492331 15678 raft_consensus.cc:2393] T a5f838a19dfe4fb78286c4e5490da5da P a9e8560cca374f18a80e174f1bfb5159 [term 2 FOLLOWER]: Leader pre-election vote request: Denying vote to candidate 481fadc71961465ba1d8244f3c59f024 in current term 2: Already voted for candidate a9e8560cca374f18a80e174f1bfb5159 in this term.
I20260709 13:08:07.492594 16085 leader_election.cc:290] T e57faccf62dd4c3d96eeead8ecf3b294 P 481fadc71961465ba1d8244f3c59f024 [CANDIDATE]: Term 2 pre-election: Requested pre-vote from peers a9e8560cca374f18a80e174f1bfb5159 (127.14.52.1:36841), 2678194ef5de4fd283e2e6205567dc1f (127.14.52.2:43203)
I20260709 13:08:07.493834 15960 leader_election.cc:290] T a5f838a19dfe4fb78286c4e5490da5da P 481fadc71961465ba1d8244f3c59f024 [CANDIDATE]: Term 2 pre-election: Requested pre-vote from peers a9e8560cca374f18a80e174f1bfb5159 (127.14.52.1:36841), 2678194ef5de4fd283e2e6205567dc1f (127.14.52.2:43203)
I20260709 13:08:07.495642 15759 tablet_service.cc:1917] Received RequestConsensusVote() RPC: tablet_id: "a5f838a19dfe4fb78286c4e5490da5da" candidate_uuid: "481fadc71961465ba1d8244f3c59f024" candidate_term: 2 candidate_status { last_received { term: 1 index: 1 } } ignore_live_leader: false dest_uuid: "2678194ef5de4fd283e2e6205567dc1f" is_pre_election: true
I20260709 13:08:07.499332 15759 raft_consensus.cc:2468] T a5f838a19dfe4fb78286c4e5490da5da P 2678194ef5de4fd283e2e6205567dc1f [term 2 FOLLOWER]: Leader pre-election vote request: Granting yes vote for candidate 481fadc71961465ba1d8244f3c59f024 in term 2.
I20260709 13:08:07.501062 15799 leader_election.cc:304] T a5f838a19dfe4fb78286c4e5490da5da P 481fadc71961465ba1d8244f3c59f024 [CANDIDATE]: Term 2 pre-election: Election decided. Result: candidate won. Election summary: received 3 responses out of 3 voters: 2 yes votes; 1 no votes. yes voters: 2678194ef5de4fd283e2e6205567dc1f, 481fadc71961465ba1d8244f3c59f024; no voters: a9e8560cca374f18a80e174f1bfb5159
I20260709 13:08:07.501760 16085 raft_consensus.cc:493] T 463da0b7efc842cc96dae431a9e74bf2 P 481fadc71961465ba1d8244f3c59f024 [term 1 FOLLOWER]: Starting pre-election (detected failure of leader 2678194ef5de4fd283e2e6205567dc1f)
I20260709 13:08:07.502502 15962 raft_consensus.cc:2804] T a5f838a19dfe4fb78286c4e5490da5da P 481fadc71961465ba1d8244f3c59f024 [term 1 FOLLOWER]: Leader pre-election won for term 2
I20260709 13:08:07.503002 15962 raft_consensus.cc:493] T a5f838a19dfe4fb78286c4e5490da5da P 481fadc71961465ba1d8244f3c59f024 [term 1 FOLLOWER]: Starting leader election (detected failure of leader 2678194ef5de4fd283e2e6205567dc1f)
I20260709 13:08:07.503486 15962 raft_consensus.cc:3060] T a5f838a19dfe4fb78286c4e5490da5da P 481fadc71961465ba1d8244f3c59f024 [term 1 FOLLOWER]: Advancing to term 2
I20260709 13:08:07.505955 15875 tablet_bootstrap.cc:492] T 120538ab487c4466a44e93f09c880116 P 481fadc71961465ba1d8244f3c59f024: No bootstrap required, opened a new log
