I20260709 13:07:43.463104 21767 raft_consensus.cc:1081] T 1dbfb6e03afb41d48dcc11c12e075914 P c909a598331a4deb98062db42f67a5bd [term 2 LEADER]: Signalling peer c789e7c573994789b69b358bc2e9cde1 to start an election
I20260709 13:07:43.464434 21512 tablet_service.cc:2044] Received Run Leader Election RPC: tablet_id: "1dbfb6e03afb41d48dcc11c12e075914"
dest_uuid: "c789e7c573994789b69b358bc2e9cde1"
 from {username='slave'} at 127.0.0.1:46420
I20260709 13:07:43.464851 21512 raft_consensus.cc:493] T 1dbfb6e03afb41d48dcc11c12e075914 P c789e7c573994789b69b358bc2e9cde1 [term 2 FOLLOWER]: Starting forced leader election (received explicit request)
I20260709 13:07:43.465097 21512 raft_consensus.cc:3060] T 1dbfb6e03afb41d48dcc11c12e075914 P c789e7c573994789b69b358bc2e9cde1 [term 2 FOLLOWER]: Advancing to term 3
I20260709 13:07:43.469062 21512 raft_consensus.cc:515] T 1dbfb6e03afb41d48dcc11c12e075914 P c789e7c573994789b69b358bc2e9cde1 [term 3 FOLLOWER]: Starting forced leader election with config: opid_index: -1 OBSOLETE_local: false peers { permanent_uuid: "c789e7c573994789b69b358bc2e9cde1" member_type: VOTER last_known_addr { host: "127.20.83.194" port: 33319 } } peers { permanent_uuid: "c909a598331a4deb98062db42f67a5bd" member_type: VOTER last_known_addr { host: "127.20.83.193" port: 38397 } } peers { permanent_uuid: "0499cae092ae425c9b7e51e415bd9ca9" member_type: VOTER last_known_addr { host: "127.20.83.195" port: 42625 } }
I20260709 13:07:43.470548 21512 leader_election.cc:290] T 1dbfb6e03afb41d48dcc11c12e075914 P c789e7c573994789b69b358bc2e9cde1 [CANDIDATE]: Term 3 election: Requested vote from peers c909a598331a4deb98062db42f67a5bd (127.20.83.193:38397), 0499cae092ae425c9b7e51e415bd9ca9 (127.20.83.195:42625)
I20260709 13:07:43.471469 21437 tablet_service.cc:1917] Received RequestConsensusVote() RPC: tablet_id: "1dbfb6e03afb41d48dcc11c12e075914" candidate_uuid: "c789e7c573994789b69b358bc2e9cde1" candidate_term: 3 candidate_status { last_received { term: 2 index: 2 } } ignore_live_leader: true dest_uuid: "c909a598331a4deb98062db42f67a5bd"
I20260709 13:07:43.471608 21587 tablet_service.cc:1917] Received RequestConsensusVote() RPC: tablet_id: "1dbfb6e03afb41d48dcc11c12e075914" candidate_uuid: "c789e7c573994789b69b358bc2e9cde1" candidate_term: 3 candidate_status { last_received { term: 2 index: 2 } } ignore_live_leader: true dest_uuid: "0499cae092ae425c9b7e51e415bd9ca9"
I20260709 13:07:43.472134 21587 raft_consensus.cc:3060] T 1dbfb6e03afb41d48dcc11c12e075914 P 0499cae092ae425c9b7e51e415bd9ca9 [term 2 FOLLOWER]: Advancing to term 3
I20260709 13:07:43.472111 21437 raft_consensus.cc:3055] T 1dbfb6e03afb41d48dcc11c12e075914 P c909a598331a4deb98062db42f67a5bd [term 2 LEADER]: Stepping down as leader of term 2
I20260709 13:07:43.472628 21437 raft_consensus.cc:740] T 1dbfb6e03afb41d48dcc11c12e075914 P c909a598331a4deb98062db42f67a5bd [term 2 LEADER]: Becoming Follower/Learner. State: Replica: c909a598331a4deb98062db42f67a5bd, State: Running, Role: LEADER
I20260709 13:07:43.473495 21437 consensus_queue.cc:260] T 1dbfb6e03afb41d48dcc11c12e075914 P c909a598331a4deb98062db42f67a5bd [NON_LEADER]: Queue going to NON_LEADER mode. State: All replicated index: 0, Majority replicated index: 2, Committed index: 2, Last appended: 2.2, Last appended by leader: 2, Current term: 2, Majority size: -1, State: 0, Mode: NON_LEADER, active raft config: opid_index: -1 OBSOLETE_local: false peers { permanent_uuid: "c789e7c573994789b69b358bc2e9cde1" member_type: VOTER last_known_addr { host: "127.20.83.194" port: 33319 } } peers { permanent_uuid: "c909a598331a4deb98062db42f67a5bd" member_type: VOTER last_known_addr { host: "127.20.83.193" port: 38397 } } peers { permanent_uuid: "0499cae092ae425c9b7e51e415bd9ca9" member_type: VOTER last_known_addr { host: "127.20.83.195" port: 42625 } }
I20260709 13:07:43.474682 21437 raft_consensus.cc:3060] T 1dbfb6e03afb41d48dcc11c12e075914 P c909a598331a4deb98062db42f67a5bd [term 2 FOLLOWER]: Advancing to term 3
I20260709 13:07:43.478435 21587 raft_consensus.cc:2468] T 1dbfb6e03afb41d48dcc11c12e075914 P 0499cae092ae425c9b7e51e415bd9ca9 [term 3 FOLLOWER]: Leader election vote request: Granting yes vote for candidate c789e7c573994789b69b358bc2e9cde1 in term 3.
I20260709 13:07:43.479837 21479 leader_election.cc:304] T 1dbfb6e03afb41d48dcc11c12e075914 P c789e7c573994789b69b358bc2e9cde1 [CANDIDATE]: Term 3 election: Election decided. Result: candidate won. Election summary: received 2 responses out of 3 voters: 2 yes votes; 0 no votes. yes voters: 0499cae092ae425c9b7e51e415bd9ca9, c789e7c573994789b69b358bc2e9cde1; no voters: 
I20260709 13:07:43.480501 21740 raft_consensus.cc:2804] T 1dbfb6e03afb41d48dcc11c12e075914 P c789e7c573994789b69b358bc2e9cde1 [term 3 FOLLOWER]: Leader election won for term 3
I20260709 13:07:43.480870 21740 raft_consensus.cc:697] T 1dbfb6e03afb41d48dcc11c12e075914 P c789e7c573994789b69b358bc2e9cde1 [term 3 LEADER]: Becoming Leader. State: Replica: c789e7c573994789b69b358bc2e9cde1, State: Running, Role: LEADER
I20260709 13:07:43.480985 21437 raft_consensus.cc:2468] T 1dbfb6e03afb41d48dcc11c12e075914 P c909a598331a4deb98062db42f67a5bd [term 3 FOLLOWER]: Leader election vote request: Granting yes vote for candidate c789e7c573994789b69b358bc2e9cde1 in term 3.
I20260709 13:07:43.481714 21740 consensus_queue.cc:237] T 1dbfb6e03afb41d48dcc11c12e075914 P c789e7c573994789b69b358bc2e9cde1 [LEADER]: Queue going to LEADER mode. State: All replicated index: 0, Majority replicated index: 2, Committed index: 2, Last appended: 2.2, Last appended by leader: 2, Current term: 3, Majority size: 2, State: 0, Mode: LEADER, active raft config: opid_index: -1 OBSOLETE_local: false peers { permanent_uuid: "c789e7c573994789b69b358bc2e9cde1" member_type: VOTER last_known_addr { host: "127.20.83.194" port: 33319 } } peers { permanent_uuid: "c909a598331a4deb98062db42f67a5bd" member_type: VOTER last_known_addr { host: "127.20.83.193" port: 38397 } } peers { permanent_uuid: "0499cae092ae425c9b7e51e415bd9ca9" member_type: VOTER last_known_addr { host: "127.20.83.195" port: 42625 } }
I20260709 13:07:43.488158 21334 catalog_manager.cc:5697] T 1dbfb6e03afb41d48dcc11c12e075914 P c789e7c573994789b69b358bc2e9cde1 reported cstate change: term changed from 2 to 3, leader changed from c909a598331a4deb98062db42f67a5bd (127.20.83.193) to c789e7c573994789b69b358bc2e9cde1 (127.20.83.194). New cstate: current_term: 3 leader_uuid: "c789e7c573994789b69b358bc2e9cde1" committed_config { opid_index: -1 OBSOLETE_local: false peers { permanent_uuid: "c789e7c573994789b69b358bc2e9cde1" member_type: VOTER last_known_addr { host: "127.20.83.194" port: 33319 } health_report { overall_health: HEALTHY } } peers { permanent_uuid: "c909a598331a4deb98062db42f67a5bd" member_type: VOTER last_known_addr { host: "127.20.83.193" port: 38397 } health_report { overall_health: UNKNOWN } } peers { permanent_uuid: "0499cae092ae425c9b7e51e415bd9ca9" member_type: VOTER last_known_addr { host: "127.20.83.195" port: 42625 } health_report { overall_health: UNKNOWN } } }
I20260709 13:07:43.617712 21728 raft_consensus.cc:993] T 258c996a3ab444fbbbd5d4064f7c99e7 P c909a598331a4deb98062db42f67a5bd: : Instructing follower 0499cae092ae425c9b7e51e415bd9ca9 to start an election
I20260709 13:07:43.618146 21767 raft_consensus.cc:1081] T 258c996a3ab444fbbbd5d4064f7c99e7 P c909a598331a4deb98062db42f67a5bd [term 3 LEADER]: Signalling peer 0499cae092ae425c9b7e51e415bd9ca9 to start an election
I20260709 13:07:43.619480 21587 tablet_service.cc:2044] Received Run Leader Election RPC: tablet_id: "258c996a3ab444fbbbd5d4064f7c99e7"
dest_uuid: "0499cae092ae425c9b7e51e415bd9ca9"
 from {username='slave'} at 127.0.0.1:51184
I20260709 13:07:43.619875 21587 raft_consensus.cc:493] T 258c996a3ab444fbbbd5d4064f7c99e7 P 0499cae092ae425c9b7e51e415bd9ca9 [term 3 FOLLOWER]: Starting forced leader election (received explicit request)
I20260709 13:07:43.620146 21587 raft_consensus.cc:3060] T 258c996a3ab444fbbbd5d4064f7c99e7 P 0499cae092ae425c9b7e51e415bd9ca9 [term 3 FOLLOWER]: Advancing to term 4
I20260709 13:07:43.624209 21587 raft_consensus.cc:515] T 258c996a3ab444fbbbd5d4064f7c99e7 P 0499cae092ae425c9b7e51e415bd9ca9 [term 4 FOLLOWER]: Starting forced leader election with config: opid_index: -1 OBSOLETE_local: false peers { permanent_uuid: "c909a598331a4deb98062db42f67a5bd" member_type: VOTER last_known_addr { host: "127.20.83.193" port: 38397 } } peers { permanent_uuid: "c789e7c573994789b69b358bc2e9cde1" member_type: VOTER last_known_addr { host: "127.20.83.194" port: 33319 } } peers { permanent_uuid: "0499cae092ae425c9b7e51e415bd9ca9" member_type: VOTER last_known_addr { host: "127.20.83.195" port: 42625 } }
I20260709 13:07:43.625579 21587 leader_election.cc:290] T 258c996a3ab444fbbbd5d4064f7c99e7 P 0499cae092ae425c9b7e51e415bd9ca9 [CANDIDATE]: Term 4 election: Requested vote from peers c909a598331a4deb98062db42f67a5bd (127.20.83.193:38397), c789e7c573994789b69b358bc2e9cde1 (127.20.83.194:33319)
I20260709 13:07:43.626466 21437 tablet_service.cc:1917] Received RequestConsensusVote() RPC: tablet_id: "258c996a3ab444fbbbd5d4064f7c99e7" candidate_uuid: "0499cae092ae425c9b7e51e415bd9ca9" candidate_term: 4 candidate_status { last_received { term: 3 index: 3 } } ignore_live_leader: true dest_uuid: "c909a598331a4deb98062db42f67a5bd"
I20260709 13:07:43.626740 21512 tablet_service.cc:1917] Received RequestConsensusVote() RPC: tablet_id: "258c996a3ab444fbbbd5d4064f7c99e7" candidate_uuid: "0499cae092ae425c9b7e51e415bd9ca9" candidate_term: 4 candidate_status { last_received { term: 3 index: 3 } } ignore_live_leader: true dest_uuid: "c789e7c573994789b69b358bc2e9cde1"
I20260709 13:07:43.627022 21437 raft_consensus.cc:3055] T 258c996a3ab444fbbbd5d4064f7c99e7 P c909a598331a4deb98062db42f67a5bd [term 3 LEADER]: Stepping down as leader of term 3
I20260709 13:07:43.627223 21512 raft_consensus.cc:3060] T 258c996a3ab444fbbbd5d4064f7c99e7 P c789e7c573994789b69b358bc2e9cde1 [term 3 FOLLOWER]: Advancing to term 4
I20260709 13:07:43.627341 21437 raft_consensus.cc:740] T 258c996a3ab444fbbbd5d4064f7c99e7 P c909a598331a4deb98062db42f67a5bd [term 3 LEADER]: Becoming Follower/Learner. State: Replica: c909a598331a4deb98062db42f67a5bd, State: Running, Role: LEADER
I20260709 13:07:43.628168 21437 consensus_queue.cc:260] T 258c996a3ab444fbbbd5d4064f7c99e7 P c909a598331a4deb98062db42f67a5bd [NON_LEADER]: Queue going to NON_LEADER mode. State: All replicated index: 0, Majority replicated index: 3, Committed index: 3, Last appended: 3.3, Last appended by leader: 3, Current term: 3, Majority size: -1, State: 0, Mode: NON_LEADER, active raft config: opid_index: -1 OBSOLETE_local: false peers { permanent_uuid: "c909a598331a4deb98062db42f67a5bd" member_type: VOTER last_known_addr { host: "127.20.83.193" port: 38397 } } peers { permanent_uuid: "c789e7c573994789b69b358bc2e9cde1" member_type: VOTER last_known_addr { host: "127.20.83.194" port: 33319 } } peers { permanent_uuid: "0499cae092ae425c9b7e51e415bd9ca9" member_type: VOTER last_known_addr { host: "127.20.83.195" port: 42625 } }
I20260709 13:07:43.629130 21437 raft_consensus.cc:3060] T 258c996a3ab444fbbbd5d4064f7c99e7 P c909a598331a4deb98062db42f67a5bd [term 3 FOLLOWER]: Advancing to term 4
I20260709 13:07:43.631615 21512 raft_consensus.cc:2468] T 258c996a3ab444fbbbd5d4064f7c99e7 P c789e7c573994789b69b358bc2e9cde1 [term 4 FOLLOWER]: Leader election vote request: Granting yes vote for candidate 0499cae092ae425c9b7e51e415bd9ca9 in term 4.
I20260709 13:07:43.632601 21554 leader_election.cc:304] T 258c996a3ab444fbbbd5d4064f7c99e7 P 0499cae092ae425c9b7e51e415bd9ca9 [CANDIDATE]: Term 4 election: Election decided. Result: candidate won. Election summary: received 2 responses out of 3 voters: 2 yes votes; 0 no votes. yes voters: 0499cae092ae425c9b7e51e415bd9ca9, c789e7c573994789b69b358bc2e9cde1; no voters: 
I20260709 13:07:43.633368 21733 raft_consensus.cc:2804] T 258c996a3ab444fbbbd5d4064f7c99e7 P 0499cae092ae425c9b7e51e415bd9ca9 [term 4 FOLLOWER]: Leader election won for term 4
I20260709 13:07:43.633754 21733 raft_consensus.cc:697] T 258c996a3ab444fbbbd5d4064f7c99e7 P 0499cae092ae425c9b7e51e415bd9ca9 [term 4 LEADER]: Becoming Leader. State: Replica: 0499cae092ae425c9b7e51e415bd9ca9, State: Running, Role: LEADER
I20260709 13:07:43.634203 21437 raft_consensus.cc:2468] T 258c996a3ab444fbbbd5d4064f7c99e7 P c909a598331a4deb98062db42f67a5bd [term 4 FOLLOWER]: Leader election vote request: Granting yes vote for candidate 0499cae092ae425c9b7e51e415bd9ca9 in term 4.
I20260709 13:07:43.634588 21733 consensus_queue.cc:237] T 258c996a3ab444fbbbd5d4064f7c99e7 P 0499cae092ae425c9b7e51e415bd9ca9 [LEADER]: Queue going to LEADER mode. State: All replicated index: 0, Majority replicated index: 3, Committed index: 3, Last appended: 3.3, Last appended by leader: 3, Current term: 4, Majority size: 2, State: 0, Mode: LEADER, active raft config: opid_index: -1 OBSOLETE_local: false peers { permanent_uuid: "c909a598331a4deb98062db42f67a5bd" member_type: VOTER last_known_addr { host: "127.20.83.193" port: 38397 } } peers { permanent_uuid: "c789e7c573994789b69b358bc2e9cde1" member_type: VOTER last_known_addr { host: "127.20.83.194" port: 33319 } } peers { permanent_uuid: "0499cae092ae425c9b7e51e415bd9ca9" member_type: VOTER last_known_addr { host: "127.20.83.195" port: 42625 } }
I20260709 13:07:43.641811 21334 catalog_manager.cc:5697] T 258c996a3ab444fbbbd5d4064f7c99e7 P 0499cae092ae425c9b7e51e415bd9ca9 reported cstate change: term changed from 3 to 4, leader changed from c909a598331a4deb98062db42f67a5bd (127.20.83.193) to 0499cae092ae425c9b7e51e415bd9ca9 (127.20.83.195). New cstate: current_term: 4 leader_uuid: "0499cae092ae425c9b7e51e415bd9ca9" committed_config { opid_index: -1 OBSOLETE_local: false peers { permanent_uuid: "c909a598331a4deb98062db42f67a5bd" member_type: VOTER last_known_addr { host: "127.20.83.193" port: 38397 } health_report { overall_health: UNKNOWN } } peers { permanent_uuid: "c789e7c573994789b69b358bc2e9cde1" member_type: VOTER last_known_addr { host: "127.20.83.194" port: 33319 } health_report { overall_health: UNKNOWN } } peers { permanent_uuid: "0499cae092ae425c9b7e51e415bd9ca9" member_type: VOTER last_known_addr { host: "127.20.83.195" port: 42625 } health_report { overall_health: HEALTHY } } }
I20260709 13:07:43.802163 21437 raft_consensus.cc:1275] T aab1577d63254f37b2d97c9446e468b8 P c909a598331a4deb98062db42f67a5bd [term 5 FOLLOWER]: Refusing update from remote peer 0499cae092ae425c9b7e51e415bd9ca9: Log matching property violated. Preceding OpId in replica: term: 4 index: 4. Preceding OpId from leader: term: 5 index: 5. (index mismatch)
I20260709 13:07:43.803583 21733 consensus_queue.cc:1048] T aab1577d63254f37b2d97c9446e468b8 P 0499cae092ae425c9b7e51e415bd9ca9 [LEADER]: Connected to new peer: Peer: permanent_uuid: "c909a598331a4deb98062db42f67a5bd" member_type: VOTER last_known_addr { host: "127.20.83.193" port: 38397 }, Status: LMP_MISMATCH, Last received: 0.0, Next index: 5, Last known committed idx: 4, Time since last communication: 0.000s
I20260709 13:07:43.813833 21512 raft_consensus.cc:1275] T aab1577d63254f37b2d97c9446e468b8 P c789e7c573994789b69b358bc2e9cde1 [term 5 FOLLOWER]: Refusing update from remote peer 0499cae092ae425c9b7e51e415bd9ca9: Log matching property violated. Preceding OpId in replica: term: 4 index: 4. Preceding OpId from leader: term: 5 index: 5. (index mismatch)
I20260709 13:07:43.816399 21780 consensus_queue.cc:1048] T aab1577d63254f37b2d97c9446e468b8 P 0499cae092ae425c9b7e51e415bd9ca9 [LEADER]: Connected to new peer: Peer: permanent_uuid: "c789e7c573994789b69b358bc2e9cde1" member_type: VOTER last_known_addr { host: "127.20.83.194" port: 33319 }, Status: LMP_MISMATCH, Last received: 0.0, Next index: 5, Last known committed idx: 4, Time since last communication: 0.001s
I20260709 13:07:43.835254 21587 raft_consensus.cc:1275] T 66acaf2411b143b48cd0bb7c618d9c61 P 0499cae092ae425c9b7e51e415bd9ca9 [term 3 FOLLOWER]: Refusing update from remote peer c789e7c573994789b69b358bc2e9cde1: Log matching property violated. Preceding OpId in replica: term: 2 index: 2. Preceding OpId from leader: term: 3 index: 3. (index mismatch)
I20260709 13:07:43.836413 21740 consensus_queue.cc:1048] T 66acaf2411b143b48cd0bb7c618d9c61 P c789e7c573994789b69b358bc2e9cde1 [LEADER]: Connected to new peer: Peer: permanent_uuid: "0499cae092ae425c9b7e51e415bd9ca9" member_type: VOTER last_known_addr { host: "127.20.83.195" port: 42625 }, Status: LMP_MISMATCH, Last received: 0.0, Next index: 3, Last known committed idx: 2, Time since last communication: 0.000s
I20260709 13:07:43.843499 21437 raft_consensus.cc:1275] T 66acaf2411b143b48cd0bb7c618d9c61 P c909a598331a4deb98062db42f67a5bd [term 3 FOLLOWER]: Refusing update from remote peer c789e7c573994789b69b358bc2e9cde1: Log matching property violated. Preceding OpId in replica: term: 2 index: 2. Preceding OpId from leader: term: 3 index: 3. (index mismatch)
I20260709 13:07:43.845110 21770 consensus_queue.cc:1048] T 66acaf2411b143b48cd0bb7c618d9c61 P c789e7c573994789b69b358bc2e9cde1 [LEADER]: Connected to new peer: Peer: permanent_uuid: "c909a598331a4deb98062db42f67a5bd" member_type: VOTER last_known_addr { host: "127.20.83.193" port: 38397 }, Status: LMP_MISMATCH, Last received: 0.0, Next index: 3, Last known committed idx: 2, Time since last communication: 0.001s
I20260709 13:07:44.091228 21587 raft_consensus.cc:1275] T 1dbfb6e03afb41d48dcc11c12e075914 P 0499cae092ae425c9b7e51e415bd9ca9 [term 3 FOLLOWER]: Refusing update from remote peer c789e7c573994789b69b358bc2e9cde1: Log matching property violated. Preceding OpId in replica: term: 2 index: 2. Preceding OpId from leader: term: 3 index: 3. (index mismatch)
I20260709 13:07:44.092439 21770 consensus_queue.cc:1048] T 1dbfb6e03afb41d48dcc11c12e075914 P c789e7c573994789b69b358bc2e9cde1 [LEADER]: Connected to new peer: Peer: permanent_uuid: "0499cae092ae425c9b7e51e415bd9ca9" member_type: VOTER last_known_addr { host: "127.20.83.195" port: 42625 }, Status: LMP_MISMATCH, Last received: 0.0, Next index: 3, Last known committed idx: 2, Time since last communication: 0.000s
I20260709 13:07:44.093560 21437 raft_consensus.cc:1275] T 1dbfb6e03afb41d48dcc11c12e075914 P c909a598331a4deb98062db42f67a5bd [term 3 FOLLOWER]: Refusing update from remote peer c789e7c573994789b69b358bc2e9cde1: Log matching property violated. Preceding OpId in replica: term: 2 index: 2. Preceding OpId from leader: term: 3 index: 3. (index mismatch)
I20260709 13:07:44.094734 21770 consensus_queue.cc:1048] T 1dbfb6e03afb41d48dcc11c12e075914 P c789e7c573994789b69b358bc2e9cde1 [LEADER]: Connected to new peer: Peer: permanent_uuid: "c909a598331a4deb98062db42f67a5bd" member_type: VOTER last_known_addr { host: "127.20.83.193" port: 38397 }, Status: LMP_MISMATCH, Last received: 0.0, Next index: 3, Last known committed idx: 2, Time since last communication: 0.000s
I20260709 13:07:44.189002 21512 raft_consensus.cc:1275] T 258c996a3ab444fbbbd5d4064f7c99e7 P c789e7c573994789b69b358bc2e9cde1 [term 4 FOLLOWER]: Refusing update from remote peer 0499cae092ae425c9b7e51e415bd9ca9: Log matching property violated. Preceding OpId in replica: term: 3 index: 3. Preceding OpId from leader: term: 4 index: 4. (index mismatch)
I20260709 13:07:44.190086 21780 consensus_queue.cc:1048] T 258c996a3ab444fbbbd5d4064f7c99e7 P 0499cae092ae425c9b7e51e415bd9ca9 [LEADER]: Connected to new peer: Peer: permanent_uuid: "c789e7c573994789b69b358bc2e9cde1" member_type: VOTER last_known_addr { host: "127.20.83.194" port: 33319 }, Status: LMP_MISMATCH, Last received: 0.0, Next index: 4, Last known committed idx: 3, Time since last communication: 0.000s
I20260709 13:07:44.198318 21437 raft_consensus.cc:1275] T 258c996a3ab444fbbbd5d4064f7c99e7 P c909a598331a4deb98062db42f67a5bd [term 4 FOLLOWER]: Refusing update from remote peer 0499cae092ae425c9b7e51e415bd9ca9: Log matching property violated. Preceding OpId in replica: term: 3 index: 3. Preceding OpId from leader: term: 4 index: 4. (index mismatch)
I20260709 13:07:44.199895 21733 consensus_queue.cc:1048] T 258c996a3ab444fbbbd5d4064f7c99e7 P 0499cae092ae425c9b7e51e415bd9ca9 [LEADER]: Connected to new peer: Peer: permanent_uuid: "c909a598331a4deb98062db42f67a5bd" member_type: VOTER last_known_addr { host: "127.20.83.193" port: 38397 }, Status: LMP_MISMATCH, Last received: 0.0, Next index: 4, Last known committed idx: 3, Time since last communication: 0.001s
I20260709 13:07:44.264780 20815 auto_leader_rebalancer.cc:141] leader rebalance for table test-workload
I20260709 13:07:44.270640 20815 tablet_server.cc:179] TabletServer@127.20.83.193:0 shutting down...
W20260709 13:07:44.278990 21480 proxy.cc:239] Call had error, refreshing address and retrying: Remote error: Service unavailable: service kudu.consensus.ConsensusService not registered on TabletServer [suppressed 2 similar messages]
W20260709 13:07:44.287369 21480 consensus_peers.cc:597] T 66acaf2411b143b48cd0bb7c618d9c61 P c789e7c573994789b69b358bc2e9cde1 -> Peer c909a598331a4deb98062db42f67a5bd (127.20.83.193:38397): Couldn't send request to peer c909a598331a4deb98062db42f67a5bd. Status: Remote error: Service unavailable: service kudu.consensus.ConsensusService not registered on TabletServer. This is attempt 1: this message will repeat every 5th retry.
I20260709 13:07:44.303550 20815 ts_tablet_manager.cc:1507] Shutting down tablet manager...
I20260709 13:07:44.304350 20815 tablet_replica.cc:333] T 31297f93b52c4c16a2e9ea8e90f05aa5 P c909a598331a4deb98062db42f67a5bd: stopping tablet replica
I20260709 13:07:44.305167 20815 raft_consensus.cc:2243] T 31297f93b52c4c16a2e9ea8e90f05aa5 P c909a598331a4deb98062db42f67a5bd [term 1 FOLLOWER]: Raft consensus shutting down.
I20260709 13:07:44.305711 20815 raft_consensus.cc:2272] T 31297f93b52c4c16a2e9ea8e90f05aa5 P c909a598331a4deb98062db42f67a5bd [term 1 FOLLOWER]: Raft consensus is shut down!
I20260709 13:07:44.307492 20815 tablet_replica.cc:333] T 66acaf2411b143b48cd0bb7c618d9c61 P c909a598331a4deb98062db42f67a5bd: stopping tablet replica
I20260709 13:07:44.307999 20815 raft_consensus.cc:2243] T 66acaf2411b143b48cd0bb7c618d9c61 P c909a598331a4deb98062db42f67a5bd [term 3 FOLLOWER]: Raft consensus shutting down.
I20260709 13:07:44.308365 20815 raft_consensus.cc:2272] T 66acaf2411b143b48cd0bb7c618d9c61 P c909a598331a4deb98062db42f67a5bd [term 3 FOLLOWER]: Raft consensus is shut down!
I20260709 13:07:44.310380 20815 tablet_replica.cc:333] T 758bc7800fad4db19e752d8bdd094871 P c909a598331a4deb98062db42f67a5bd: stopping tablet replica
I20260709 13:07:44.310923 20815 raft_consensus.cc:2243] T 758bc7800fad4db19e752d8bdd094871 P c909a598331a4deb98062db42f67a5bd [term 3 LEADER]: Raft consensus shutting down.
I20260709 13:07:44.311664 20815 raft_consensus.cc:2272] T 758bc7800fad4db19e752d8bdd094871 P c909a598331a4deb98062db42f67a5bd [term 3 FOLLOWER]: Raft consensus is shut down!
I20260709 13:07:44.313385 20815 tablet_replica.cc:333] T 282ac1826f8642a98c1fdb5df9df38ca P c909a598331a4deb98062db42f67a5bd: stopping tablet replica
I20260709 13:07:44.314016 20815 raft_consensus.cc:2243] T 282ac1826f8642a98c1fdb5df9df38ca P c909a598331a4deb98062db42f67a5bd [term 2 FOLLOWER]: Raft consensus shutting down.
I20260709 13:07:44.314483 20815 raft_consensus.cc:2272] T 282ac1826f8642a98c1fdb5df9df38ca P c909a598331a4deb98062db42f67a5bd [term 2 FOLLOWER]: Raft consensus is shut down!
I20260709 13:07:44.316699 20815 tablet_replica.cc:333] T aab1577d63254f37b2d97c9446e468b8 P c909a598331a4deb98062db42f67a5bd: stopping tablet replica
I20260709 13:07:44.317221 20815 raft_consensus.cc:2243] T aab1577d63254f37b2d97c9446e468b8 P c909a598331a4deb98062db42f67a5bd [term 5 FOLLOWER]: Raft consensus shutting down.
I20260709 13:07:44.317596 20815 raft_consensus.cc:2272] T aab1577d63254f37b2d97c9446e468b8 P c909a598331a4deb98062db42f67a5bd [term 5 FOLLOWER]: Raft consensus is shut down!
I20260709 13:07:44.319504 20815 tablet_replica.cc:333] T b49c5061d96244bbbc549cea8ffaff4b P c909a598331a4deb98062db42f67a5bd: stopping tablet replica
I20260709 13:07:44.319963 20815 raft_consensus.cc:2243] T b49c5061d96244bbbc549cea8ffaff4b P c909a598331a4deb98062db42f67a5bd [term 2 LEADER]: Raft consensus shutting down.
I20260709 13:07:44.320619 20815 raft_consensus.cc:2272] T b49c5061d96244bbbc549cea8ffaff4b P c909a598331a4deb98062db42f67a5bd [term 2 FOLLOWER]: Raft consensus is shut down!
I20260709 13:07:44.322273 20815 tablet_replica.cc:333] T 1dbfb6e03afb41d48dcc11c12e075914 P c909a598331a4deb98062db42f67a5bd: stopping tablet replica
I20260709 13:07:44.322784 20815 raft_consensus.cc:2243] T 1dbfb6e03afb41d48dcc11c12e075914 P c909a598331a4deb98062db42f67a5bd [term 3 FOLLOWER]: Raft consensus shutting down.
I20260709 13:07:44.323160 20815 raft_consensus.cc:2272] T 1dbfb6e03afb41d48dcc11c12e075914 P c909a598331a4deb98062db42f67a5bd [term 3 FOLLOWER]: Raft consensus is shut down!
I20260709 13:07:44.325906 20815 tablet_replica.cc:333] T d7f61517660f49f9a0ddcc796675b4d9 P c909a598331a4deb98062db42f67a5bd: stopping tablet replica
I20260709 13:07:44.326381 20815 raft_consensus.cc:2243] T d7f61517660f49f9a0ddcc796675b4d9 P c909a598331a4deb98062db42f67a5bd [term 2 LEADER]: Raft consensus shutting down.
I20260709 13:07:44.327193 20815 raft_consensus.cc:2272] T d7f61517660f49f9a0ddcc796675b4d9 P c909a598331a4deb98062db42f67a5bd [term 2 FOLLOWER]: Raft consensus is shut down!
W20260709 13:07:44.328341 21554 consensus_peers.cc:597] T aab1577d63254f37b2d97c9446e468b8 P 0499cae092ae425c9b7e51e415bd9ca9 -> Peer c909a598331a4deb98062db42f67a5bd (127.20.83.193:38397): Couldn't send request to peer c909a598331a4deb98062db42f67a5bd. Status: Remote error: Service unavailable: service kudu.consensus.ConsensusService not registered on TabletServer. This is attempt 1: this message will repeat every 5th retry.
I20260709 13:07:44.329198 20815 tablet_replica.cc:333] T 258c996a3ab444fbbbd5d4064f7c99e7 P c909a598331a4deb98062db42f67a5bd: stopping tablet replica
I20260709 13:07:44.329655 20815 raft_consensus.cc:2243] T 258c996a3ab444fbbbd5d4064f7c99e7 P c909a598331a4deb98062db42f67a5bd [term 4 FOLLOWER]: Raft consensus shutting down.
I20260709 13:07:44.330046 20815 raft_consensus.cc:2272] T 258c996a3ab444fbbbd5d4064f7c99e7 P c909a598331a4deb98062db42f67a5bd [term 4 FOLLOWER]: Raft consensus is shut down!
I20260709 13:07:44.332029 20815 tablet_replica.cc:333] T 564ad4cd3aca43f184698568a7bee971 P c909a598331a4deb98062db42f67a5bd: stopping tablet replica
I20260709 13:07:44.332442 20815 raft_consensus.cc:2243] T 564ad4cd3aca43f184698568a7bee971 P c909a598331a4deb98062db42f67a5bd [term 4 LEADER]: Raft consensus shutting down.
I20260709 13:07:44.333151 20815 raft_consensus.cc:2272] T 564ad4cd3aca43f184698568a7bee971 P c909a598331a4deb98062db42f67a5bd [term 4 FOLLOWER]: Raft consensus is shut down!
I20260709 13:07:44.361112 20815 tablet_server.cc:196] TabletServer@127.20.83.193:0 shutdown complete.
I20260709 13:07:44.379581 20815 tablet_server.cc:179] TabletServer@127.20.83.194:0 shutting down...
I20260709 13:07:44.398527 20815 ts_tablet_manager.cc:1507] Shutting down tablet manager...
I20260709 13:07:44.399170 20815 tablet_replica.cc:333] T 31297f93b52c4c16a2e9ea8e90f05aa5 P c789e7c573994789b69b358bc2e9cde1: stopping tablet replica
I20260709 13:07:44.399768 20815 raft_consensus.cc:2243] T 31297f93b52c4c16a2e9ea8e90f05aa5 P c789e7c573994789b69b358bc2e9cde1 [term 1 FOLLOWER]: Raft consensus shutting down.
I20260709 13:07:44.400197 20815 raft_consensus.cc:2272] T 31297f93b52c4c16a2e9ea8e90f05aa5 P c789e7c573994789b69b358bc2e9cde1 [term 1 FOLLOWER]: Raft consensus is shut down!
I20260709 13:07:44.402014 20815 tablet_replica.cc:333] T 66acaf2411b143b48cd0bb7c618d9c61 P c789e7c573994789b69b358bc2e9cde1: stopping tablet replica
I20260709 13:07:44.402513 20815 raft_consensus.cc:2243] T 66acaf2411b143b48cd0bb7c618d9c61 P c789e7c573994789b69b358bc2e9cde1 [term 3 LEADER]: Raft consensus shutting down.
I20260709 13:07:44.403237 20815 raft_consensus.cc:2272] T 66acaf2411b143b48cd0bb7c618d9c61 P c789e7c573994789b69b358bc2e9cde1 [term 3 FOLLOWER]: Raft consensus is shut down!
I20260709 13:07:44.405520 20815 tablet_replica.cc:333] T 1dbfb6e03afb41d48dcc11c12e075914 P c789e7c573994789b69b358bc2e9cde1: stopping tablet replica
I20260709 13:07:44.405997 20815 raft_consensus.cc:2243] T 1dbfb6e03afb41d48dcc11c12e075914 P c789e7c573994789b69b358bc2e9cde1 [term 3 LEADER]: Raft consensus shutting down.
I20260709 13:07:44.406643 20815 raft_consensus.cc:2272] T 1dbfb6e03afb41d48dcc11c12e075914 P c789e7c573994789b69b358bc2e9cde1 [term 3 FOLLOWER]: Raft consensus is shut down!
I20260709 13:07:44.408582 20815 tablet_replica.cc:333] T d7f61517660f49f9a0ddcc796675b4d9 P c789e7c573994789b69b358bc2e9cde1: stopping tablet replica
I20260709 13:07:44.409068 20815 raft_consensus.cc:2243] T d7f61517660f49f9a0ddcc796675b4d9 P c789e7c573994789b69b358bc2e9cde1 [term 2 FOLLOWER]: Raft consensus shutting down.
I20260709 13:07:44.409463 20815 raft_consensus.cc:2272] T d7f61517660f49f9a0ddcc796675b4d9 P c789e7c573994789b69b358bc2e9cde1 [term 2 FOLLOWER]: Raft consensus is shut down!
I20260709 13:07:44.411087 20815 tablet_replica.cc:333] T 758bc7800fad4db19e752d8bdd094871 P c789e7c573994789b69b358bc2e9cde1: stopping tablet replica
I20260709 13:07:44.411576 20815 raft_consensus.cc:2243] T 758bc7800fad4db19e752d8bdd094871 P c789e7c573994789b69b358bc2e9cde1 [term 3 FOLLOWER]: Raft consensus shutting down.
I20260709 13:07:44.411975 20815 raft_consensus.cc:2272] T 758bc7800fad4db19e752d8bdd094871 P c789e7c573994789b69b358bc2e9cde1 [term 3 FOLLOWER]: Raft consensus is shut down!
I20260709 13:07:44.413523 20815 tablet_replica.cc:333] T 282ac1826f8642a98c1fdb5df9df38ca P c789e7c573994789b69b358bc2e9cde1: stopping tablet replica
I20260709 13:07:44.413966 20815 raft_consensus.cc:2243] T 282ac1826f8642a98c1fdb5df9df38ca P c789e7c573994789b69b358bc2e9cde1 [term 2 LEADER]: Raft consensus shutting down.
I20260709 13:07:44.414640 20815 raft_consensus.cc:2272] T 282ac1826f8642a98c1fdb5df9df38ca P c789e7c573994789b69b358bc2e9cde1 [term 2 FOLLOWER]: Raft consensus is shut down!
I20260709 13:07:44.416296 20815 tablet_replica.cc:333] T aab1577d63254f37b2d97c9446e468b8 P c789e7c573994789b69b358bc2e9cde1: stopping tablet replica
I20260709 13:07:44.416750 20815 raft_consensus.cc:2243] T aab1577d63254f37b2d97c9446e468b8 P c789e7c573994789b69b358bc2e9cde1 [term 5 FOLLOWER]: Raft consensus shutting down.
I20260709 13:07:44.417171 20815 raft_consensus.cc:2272] T aab1577d63254f37b2d97c9446e468b8 P c789e7c573994789b69b358bc2e9cde1 [term 5 FOLLOWER]: Raft consensus is shut down!
I20260709 13:07:44.419402 20815 tablet_replica.cc:333] T b49c5061d96244bbbc549cea8ffaff4b P c789e7c573994789b69b358bc2e9cde1: stopping tablet replica
I20260709 13:07:44.419883 20815 raft_consensus.cc:2243] T b49c5061d96244bbbc549cea8ffaff4b P c789e7c573994789b69b358bc2e9cde1 [term 2 FOLLOWER]: Raft consensus shutting down.
I20260709 13:07:44.420260 20815 raft_consensus.cc:2272] T b49c5061d96244bbbc549cea8ffaff4b P c789e7c573994789b69b358bc2e9cde1 [term 2 FOLLOWER]: Raft consensus is shut down!
I20260709 13:07:44.421957 20815 tablet_replica.cc:333] T 258c996a3ab444fbbbd5d4064f7c99e7 P c789e7c573994789b69b358bc2e9cde1: stopping tablet replica
I20260709 13:07:44.422377 20815 raft_consensus.cc:2243] T 258c996a3ab444fbbbd5d4064f7c99e7 P c789e7c573994789b69b358bc2e9cde1 [term 4 FOLLOWER]: Raft consensus shutting down.
I20260709 13:07:44.422789 20815 raft_consensus.cc:2272] T 258c996a3ab444fbbbd5d4064f7c99e7 P c789e7c573994789b69b358bc2e9cde1 [term 4 FOLLOWER]: Raft consensus is shut down!
I20260709 13:07:44.424659 20815 tablet_replica.cc:333] T 564ad4cd3aca43f184698568a7bee971 P c789e7c573994789b69b358bc2e9cde1: stopping tablet replica
I20260709 13:07:44.425071 20815 raft_consensus.cc:2243] T 564ad4cd3aca43f184698568a7bee971 P c789e7c573994789b69b358bc2e9cde1 [term 4 FOLLOWER]: Raft consensus shutting down.
I20260709 13:07:44.425491 20815 raft_consensus.cc:2272] T 564ad4cd3aca43f184698568a7bee971 P c789e7c573994789b69b358bc2e9cde1 [term 4 FOLLOWER]: Raft consensus is shut down!
I20260709 13:07:44.453063 20815 tablet_server.cc:196] TabletServer@127.20.83.194:0 shutdown complete.
I20260709 13:07:44.470841 20815 tablet_server.cc:179] TabletServer@127.20.83.195:0 shutting down...
I20260709 13:07:44.490901 20815 ts_tablet_manager.cc:1507] Shutting down tablet manager...
I20260709 13:07:44.491590 20815 tablet_replica.cc:333] T 66acaf2411b143b48cd0bb7c618d9c61 P 0499cae092ae425c9b7e51e415bd9ca9: stopping tablet replica
I20260709 13:07:44.492151 20815 raft_consensus.cc:2243] T 66acaf2411b143b48cd0bb7c618d9c61 P 0499cae092ae425c9b7e51e415bd9ca9 [term 3 FOLLOWER]: Raft consensus shutting down.
I20260709 13:07:44.492838 20815 raft_consensus.cc:2272] T 66acaf2411b143b48cd0bb7c618d9c61 P 0499cae092ae425c9b7e51e415bd9ca9 [term 3 FOLLOWER]: Raft consensus is shut down!
I20260709 13:07:44.494892 20815 tablet_replica.cc:333] T 31297f93b52c4c16a2e9ea8e90f05aa5 P 0499cae092ae425c9b7e51e415bd9ca9: stopping tablet replica
I20260709 13:07:44.495409 20815 raft_consensus.cc:2243] T 31297f93b52c4c16a2e9ea8e90f05aa5 P 0499cae092ae425c9b7e51e415bd9ca9 [term 1 LEADER]: Raft consensus shutting down.
I20260709 13:07:44.496151 20815 raft_consensus.cc:2272] T 31297f93b52c4c16a2e9ea8e90f05aa5 P 0499cae092ae425c9b7e51e415bd9ca9 [term 1 FOLLOWER]: Raft consensus is shut down!
I20260709 13:07:44.497875 20815 tablet_replica.cc:333] T 758bc7800fad4db19e752d8bdd094871 P 0499cae092ae425c9b7e51e415bd9ca9: stopping tablet replica
I20260709 13:07:44.498359 20815 raft_consensus.cc:2243] T 758bc7800fad4db19e752d8bdd094871 P 0499cae092ae425c9b7e51e415bd9ca9 [term 3 FOLLOWER]: Raft consensus shutting down.
I20260709 13:07:44.498813 20815 raft_consensus.cc:2272] T 758bc7800fad4db19e752d8bdd094871 P 0499cae092ae425c9b7e51e415bd9ca9 [term 3 FOLLOWER]: Raft consensus is shut down!
I20260709 13:07:44.500419 20815 tablet_replica.cc:333] T 282ac1826f8642a98c1fdb5df9df38ca P 0499cae092ae425c9b7e51e415bd9ca9: stopping tablet replica
I20260709 13:07:44.500878 20815 raft_consensus.cc:2243] T 282ac1826f8642a98c1fdb5df9df38ca P 0499cae092ae425c9b7e51e415bd9ca9 [term 2 FOLLOWER]: Raft consensus shutting down.
I20260709 13:07:44.501255 20815 raft_consensus.cc:2272] T 282ac1826f8642a98c1fdb5df9df38ca P 0499cae092ae425c9b7e51e415bd9ca9 [term 2 FOLLOWER]: Raft consensus is shut down!
I20260709 13:07:44.503055 20815 tablet_replica.cc:333] T aab1577d63254f37b2d97c9446e468b8 P 0499cae092ae425c9b7e51e415bd9ca9: stopping tablet replica
I20260709 13:07:44.503539 20815 raft_consensus.cc:2243] T aab1577d63254f37b2d97c9446e468b8 P 0499cae092ae425c9b7e51e415bd9ca9 [term 5 LEADER]: Raft consensus shutting down.
I20260709 13:07:44.504243 20815 raft_consensus.cc:2272] T aab1577d63254f37b2d97c9446e468b8 P 0499cae092ae425c9b7e51e415bd9ca9 [term 5 FOLLOWER]: Raft consensus is shut down!
I20260709 13:07:44.506170 20815 tablet_replica.cc:333] T b49c5061d96244bbbc549cea8ffaff4b P 0499cae092ae425c9b7e51e415bd9ca9: stopping tablet replica
I20260709 13:07:44.506644 20815 raft_consensus.cc:2243] T b49c5061d96244bbbc549cea8ffaff4b P 0499cae092ae425c9b7e51e415bd9ca9 [term 2 FOLLOWER]: Raft consensus shutting down.
I20260709 13:07:44.507122 20815 raft_consensus.cc:2272] T b49c5061d96244bbbc549cea8ffaff4b P 0499cae092ae425c9b7e51e415bd9ca9 [term 2 FOLLOWER]: Raft consensus is shut down!
I20260709 13:07:44.508673 20815 tablet_replica.cc:333] T 1dbfb6e03afb41d48dcc11c12e075914 P 0499cae092ae425c9b7e51e415bd9ca9: stopping tablet replica
I20260709 13:07:44.509112 20815 raft_consensus.cc:2243] T 1dbfb6e03afb41d48dcc11c12e075914 P 0499cae092ae425c9b7e51e415bd9ca9 [term 3 FOLLOWER]: Raft consensus shutting down.
I20260709 13:07:44.509490 20815 raft_consensus.cc:2272] T 1dbfb6e03afb41d48dcc11c12e075914 P 0499cae092ae425c9b7e51e415bd9ca9 [term 3 FOLLOWER]: Raft consensus is shut down!
I20260709 13:07:44.511425 20815 tablet_replica.cc:333] T d7f61517660f49f9a0ddcc796675b4d9 P 0499cae092ae425c9b7e51e415bd9ca9: stopping tablet replica
I20260709 13:07:44.511889 20815 raft_consensus.cc:2243] T d7f61517660f49f9a0ddcc796675b4d9 P 0499cae092ae425c9b7e51e415bd9ca9 [term 2 FOLLOWER]: Raft consensus shutting down.
I20260709 13:07:44.512286 20815 raft_consensus.cc:2272] T d7f61517660f49f9a0ddcc796675b4d9 P 0499cae092ae425c9b7e51e415bd9ca9 [term 2 FOLLOWER]: Raft consensus is shut down!
I20260709 13:07:44.513877 20815 tablet_replica.cc:333] T 258c996a3ab444fbbbd5d4064f7c99e7 P 0499cae092ae425c9b7e51e415bd9ca9: stopping tablet replica
I20260709 13:07:44.514307 20815 raft_consensus.cc:2243] T 258c996a3ab444fbbbd5d4064f7c99e7 P 0499cae092ae425c9b7e51e415bd9ca9 [term 4 LEADER]: Raft consensus shutting down.
I20260709 13:07:44.515031 20815 raft_consensus.cc:2272] T 258c996a3ab444fbbbd5d4064f7c99e7 P 0499cae092ae425c9b7e51e415bd9ca9 [term 4 FOLLOWER]: Raft consensus is shut down!
I20260709 13:07:44.516769 20815 tablet_replica.cc:333] T 564ad4cd3aca43f184698568a7bee971 P 0499cae092ae425c9b7e51e415bd9ca9: stopping tablet replica
I20260709 13:07:44.517200 20815 raft_consensus.cc:2243] T 564ad4cd3aca43f184698568a7bee971 P 0499cae092ae425c9b7e51e415bd9ca9 [term 4 FOLLOWER]: Raft consensus shutting down.
I20260709 13:07:44.517580 20815 raft_consensus.cc:2272] T 564ad4cd3aca43f184698568a7bee971 P 0499cae092ae425c9b7e51e415bd9ca9 [term 4 FOLLOWER]: Raft consensus is shut down!
I20260709 13:07:44.544353 20815 tablet_server.cc:196] TabletServer@127.20.83.195:0 shutdown complete.
I20260709 13:07:44.561792 20815 master.cc:562] Master@127.20.83.254:43735 shutting down...
I20260709 13:07:44.579773 20815 raft_consensus.cc:2243] T 00000000000000000000000000000000 P daf07ad01af546208f333211d3e3cfcc [term 1 LEADER]: Raft consensus shutting down.
I20260709 13:07:44.580293 20815 raft_consensus.cc:2272] T 00000000000000000000000000000000 P daf07ad01af546208f333211d3e3cfcc [term 1 FOLLOWER]: Raft consensus is shut down!
I20260709 13:07:44.580614 20815 tablet_replica.cc:333] T 00000000000000000000000000000000 P daf07ad01af546208f333211d3e3cfcc: stopping tablet replica
I20260709 13:07:44.602411 20815 master.cc:584] Master@127.20.83.254:43735 shutdown complete.
0499cae092ae425c9b7e51e415bd9ca9  1
c789e7c573994789b69b358bc2e9cde1  4
c909a598331a4deb98062db42f67a5bd  5
[       OK ] LeaderRebalancerTest.FunctionalTestForNotDivided (10425 ms)
[ RUN      ] LeaderRebalancerTest.AddTserver
I20260709 13:07:44.639005 20815 internal_mini_cluster.cc:156] Creating distributed mini masters. Addrs: 127.20.83.254:43769
I20260709 13:07:44.640165 20815 file_cache.cc:504] Constructed file cache file cache with capacity 419430
W20260709 13:07:44.645643 21794 instance_detector.cc:116] could not retrieve AWS instance metadata: Network error: curl error: HTTP response code said error: The requested URL returned error: 404
W20260709 13:07:44.645677 21795 instance_detector.cc:116] could not retrieve Azure instance metadata: Network error: curl error: HTTP response code said error: The requested URL returned error: 404
W20260709 13:07:44.646449 21797 instance_detector.cc:116] could not retrieve OpenStack instance metadata: Network error: curl error: HTTP response code said error: The requested URL returned error: 404
I20260709 13:07:44.648182 20815 server_base.cc:1061] running on GCE node
I20260709 13:07:44.649016 20815 hybrid_clock.cc:584] initializing the hybrid clock with 'system_unsync' time source
W20260709 13:07:44.649197 20815 system_unsync_time.cc:38] NTP support is disabled. Clock error bounds will not be accurate. This configuration is not suitable for distributed clusters.
I20260709 13:07:44.649353 20815 hybrid_clock.cc:648] HybridClock initialized: now 1783602464649336 us; error 0 us; skew 500 ppm
I20260709 13:07:44.649870 20815 server_base.cc:861] Flag tcmalloc_max_total_thread_cache_bytes is not working since tcmalloc is not enabled.
I20260709 13:07:44.652307 20815 webserver.cc:533] Webserver started at http://127.20.83.254:42305/ using document root <none> and password file <none>
I20260709 13:07:44.652781 20815 fs_manager.cc:362] Metadata directory not provided
I20260709 13:07:44.652944 20815 fs_manager.cc:368] Using write-ahead log directory (fs_wal_dir) as metadata directory
I20260709 13:07:44.653223 20815 server_base.cc:909] This appears to be a new deployment of Kudu; creating new FS layout
I20260709 13:07:44.654314 20815 fs_manager.cc:1068] Generated new instance metadata in path /tmp/dist-test-taskVu_pf0/test-tmp/auto_leader_rebalancer-test.0.LeaderRebalancerTest.AddTserver.1783602441474987-20815-0/minicluster-data/master-0-root/instance:
uuid: "c391674bda0b46aa8cfa0c3e728d83cf"
format_stamp: "Formatted at 2026-07-09 13:07:44 on dist-test-slave-qzg2"
I20260709 13:07:44.658648 20815 fs_manager.cc:696] Time spent creating directory manager: real 0.004s	user 0.000s	sys 0.003s
I20260709 13:07:44.662014 21802 log_block_manager.cc:4127] Time spent loading block containers with low live blocks: real 0.000s	user 0.000s	sys 0.000s
I20260709 13:07:44.662786 20815 fs_manager.cc:730] Time spent opening block manager: real 0.002s	user 0.003s	sys 0.000s
I20260709 13:07:44.663029 20815 fs_manager.cc:647] Opened local filesystem: /tmp/dist-test-taskVu_pf0/test-tmp/auto_leader_rebalancer-test.0.LeaderRebalancerTest.AddTserver.1783602441474987-20815-0/minicluster-data/master-0-root
uuid: "c391674bda0b46aa8cfa0c3e728d83cf"
format_stamp: "Formatted at 2026-07-09 13:07:44 on dist-test-slave-qzg2"
I20260709 13:07:44.663278 20815 fs_report.cc:389] FS layout report
--------------------
wal directory: /tmp/dist-test-taskVu_pf0/test-tmp/auto_leader_rebalancer-test.0.LeaderRebalancerTest.AddTserver.1783602441474987-20815-0/minicluster-data/master-0-root
metadata directory: /tmp/dist-test-taskVu_pf0/test-tmp/auto_leader_rebalancer-test.0.LeaderRebalancerTest.AddTserver.1783602441474987-20815-0/minicluster-data/master-0-root
1 data directories: /tmp/dist-test-taskVu_pf0/test-tmp/auto_leader_rebalancer-test.0.LeaderRebalancerTest.AddTserver.1783602441474987-20815-0/minicluster-data/master-0-root/data
Total live blocks: 0
Total live bytes: 0
Total live bytes (after alignment): 0
Total number of LBM containers: 0 (0 full)
Did not check for missing blocks
Did not check for orphaned blocks
Total full LBM containers with extra space: 0 (0 repaired)
Total full LBM container extra space in bytes: 0 (0 repaired)
Total incomplete LBM containers: 0 (0 repaired)
Total LBM partial records: 0 (0 repaired)
Total corrupted LBM metadata records in RocksDB: 0 (0 repaired)
I20260709 13:07:44.678187 20815 rpc_server.cc:225] running with OpenSSL 1.1.1  11 Sep 2018
I20260709 13:07:44.679419 20815 kserver.cc:163] Server-wide thread pool size limit: 3276
I20260709 13:07:44.716837 20815 rpc_server.cc:307] RPC server started. Bound to: 127.20.83.254:43769
I20260709 13:07:44.716935 21853 acceptor_pool.cc:272] collecting diagnostics on the listening RPC socket 127.20.83.254:43769 every 8 connection(s)
I20260709 13:07:44.720810 21854 data_dirs.cc:400] Could only allocate 1 dirs of requested 3 for tablet 00000000000000000000000000000000. 1 dirs total, 0 dirs full, 0 dirs failed
I20260709 13:07:44.730566 21854 tablet_bootstrap.cc:492] T 00000000000000000000000000000000 P c391674bda0b46aa8cfa0c3e728d83cf: Bootstrap starting.
I20260709 13:07:44.735206 21854 tablet_bootstrap.cc:654] T 00000000000000000000000000000000 P c391674bda0b46aa8cfa0c3e728d83cf: Neither blocks nor log segments found. Creating new log.
I20260709 13:07:44.739359 21854 tablet_bootstrap.cc:492] T 00000000000000000000000000000000 P c391674bda0b46aa8cfa0c3e728d83cf: No bootstrap required, opened a new log
I20260709 13:07:44.741513 21854 raft_consensus.cc:359] T 00000000000000000000000000000000 P c391674bda0b46aa8cfa0c3e728d83cf [term 0 FOLLOWER]: Replica starting. Triggering 0 pending ops. Active config: opid_index: -1 OBSOLETE_local: true peers { permanent_uuid: "c391674bda0b46aa8cfa0c3e728d83cf" member_type: VOTER }
I20260709 13:07:44.741912 21854 raft_consensus.cc:385] T 00000000000000000000000000000000 P c391674bda0b46aa8cfa0c3e728d83cf [term 0 FOLLOWER]: Consensus starting up: Expiring failure detector timer to make a prompt election more likely
I20260709 13:07:44.742131 21854 raft_consensus.cc:740] T 00000000000000000000000000000000 P c391674bda0b46aa8cfa0c3e728d83cf [term 0 FOLLOWER]: Becoming Follower/Learner. State: Replica: c391674bda0b46aa8cfa0c3e728d83cf, State: Initialized, Role: FOLLOWER
I20260709 13:07:44.742694 21854 consensus_queue.cc:260] T 00000000000000000000000000000000 P c391674bda0b46aa8cfa0c3e728d83cf [NON_LEADER]: Queue going to NON_LEADER mode. State: All replicated index: 0, Majority replicated index: 0, Committed index: 0, Last appended: 0.0, Last appended by leader: 0, Current term: 0, Majority size: -1, State: 0, Mode: NON_LEADER, active raft config: opid_index: -1 OBSOLETE_local: true peers { permanent_uuid: "c391674bda0b46aa8cfa0c3e728d83cf" member_type: VOTER }
I20260709 13:07:44.743165 21854 raft_consensus.cc:399] T 00000000000000000000000000000000 P c391674bda0b46aa8cfa0c3e728d83cf [term 0 FOLLOWER]: Only one voter in the Raft config. Triggering election immediately
I20260709 13:07:44.743379 21854 raft_consensus.cc:493] T 00000000000000000000000000000000 P c391674bda0b46aa8cfa0c3e728d83cf [term 0 FOLLOWER]: Starting leader election (initial election of a single-replica configuration)
I20260709 13:07:44.743623 21854 raft_consensus.cc:3060] T 00000000000000000000000000000000 P c391674bda0b46aa8cfa0c3e728d83cf [term 0 FOLLOWER]: Advancing to term 1
I20260709 13:07:44.747701 21854 raft_consensus.cc:515] T 00000000000000000000000000000000 P c391674bda0b46aa8cfa0c3e728d83cf [term 1 FOLLOWER]: Starting leader election with config: opid_index: -1 OBSOLETE_local: true peers { permanent_uuid: "c391674bda0b46aa8cfa0c3e728d83cf" member_type: VOTER }
I20260709 13:07:44.748230 21854 leader_election.cc:304] T 00000000000000000000000000000000 P c391674bda0b46aa8cfa0c3e728d83cf [CANDIDATE]: Term 1 election: Election decided. Result: candidate won. Election summary: received 1 responses out of 1 voters: 1 yes votes; 0 no votes. yes voters: c391674bda0b46aa8cfa0c3e728d83cf; no voters: 
I20260709 13:07:44.749305 21854 leader_election.cc:290] T 00000000000000000000000000000000 P c391674bda0b46aa8cfa0c3e728d83cf [CANDIDATE]: Term 1 election: Requested vote from peers 
I20260709 13:07:44.749694 21857 raft_consensus.cc:2804] T 00000000000000000000000000000000 P c391674bda0b46aa8cfa0c3e728d83cf [term 1 FOLLOWER]: Leader election won for term 1
I20260709 13:07:44.750936 21857 raft_consensus.cc:697] T 00000000000000000000000000000000 P c391674bda0b46aa8cfa0c3e728d83cf [term 1 LEADER]: Becoming Leader. State: Replica: c391674bda0b46aa8cfa0c3e728d83cf, State: Running, Role: LEADER
I20260709 13:07:44.751631 21857 consensus_queue.cc:237] T 00000000000000000000000000000000 P c391674bda0b46aa8cfa0c3e728d83cf [LEADER]: Queue going to LEADER mode. State: All replicated index: 0, Majority replicated index: 0, Committed index: 0, Last appended: 0.0, Last appended by leader: 0, Current term: 1, Majority size: 1, State: 0, Mode: LEADER, active raft config: opid_index: -1 OBSOLETE_local: true peers { permanent_uuid: "c391674bda0b46aa8cfa0c3e728d83cf" member_type: VOTER }
I20260709 13:07:44.752362 21854 sys_catalog.cc:565] T 00000000000000000000000000000000 P c391674bda0b46aa8cfa0c3e728d83cf [sys.catalog]: configured and running, proceeding with master startup.
I20260709 13:07:44.756925 21858 sys_catalog.cc:455] T 00000000000000000000000000000000 P c391674bda0b46aa8cfa0c3e728d83cf [sys.catalog]: SysCatalogTable state changed. Reason: RaftConsensus started. Latest consensus state: current_term: 1 leader_uuid: "c391674bda0b46aa8cfa0c3e728d83cf" committed_config { opid_index: -1 OBSOLETE_local: true peers { permanent_uuid: "c391674bda0b46aa8cfa0c3e728d83cf" member_type: VOTER } }
I20260709 13:07:44.757526 21858 sys_catalog.cc:458] T 00000000000000000000000000000000 P c391674bda0b46aa8cfa0c3e728d83cf [sys.catalog]: This master's current role is: LEADER
I20260709 13:07:44.758575 21859 sys_catalog.cc:455] T 00000000000000000000000000000000 P c391674bda0b46aa8cfa0c3e728d83cf [sys.catalog]: SysCatalogTable state changed. Reason: New leader c391674bda0b46aa8cfa0c3e728d83cf. Latest consensus state: current_term: 1 leader_uuid: "c391674bda0b46aa8cfa0c3e728d83cf" committed_config { opid_index: -1 OBSOLETE_local: true peers { permanent_uuid: "c391674bda0b46aa8cfa0c3e728d83cf" member_type: VOTER } }
I20260709 13:07:44.759294 21859 sys_catalog.cc:458] T 00000000000000000000000000000000 P c391674bda0b46aa8cfa0c3e728d83cf [sys.catalog]: This master's current role is: LEADER
I20260709 13:07:44.760104 21865 catalog_manager.cc:1511] Loading table and tablet metadata into memory...
I20260709 13:07:44.765169 21865 catalog_manager.cc:1520] Initializing Kudu cluster ID...
I20260709 13:07:44.771975 20815 internal_mini_cluster.cc:184] Waiting to initialize catalog manager on master 0
I20260709 13:07:44.774992 21865 catalog_manager.cc:1383] Generated new cluster ID: 67e74972f44f416b9543598cd9e5ba1f
I20260709 13:07:44.775405 21865 catalog_manager.cc:1531] Initializing Kudu internal certificate authority...
I20260709 13:07:44.803640 21865 catalog_manager.cc:1406] Generated new certificate authority record
I20260709 13:07:44.804956 21865 catalog_manager.cc:1540] Loading token signing keys...
I20260709 13:07:44.817391 21865 catalog_manager.cc:6070] T 00000000000000000000000000000000 P c391674bda0b46aa8cfa0c3e728d83cf: Generated new TSK 0
I20260709 13:07:44.818077 21865 catalog_manager.cc:1550] Initializing in-progress tserver states...
I20260709 13:07:44.842533 20815 file_cache.cc:504] Constructed file cache file cache with capacity 419430
W20260709 13:07:44.848906 21875 instance_detector.cc:116] could not retrieve AWS instance metadata: Network error: curl error: HTTP response code said error: The requested URL returned error: 404
