I20260709 13:07:47.891396 24599 tablet_service.cc:1917] Received RequestConsensusVote() RPC: tablet_id: "524d0087b4074f61ad31e7ba78ee8b99" candidate_uuid: "0131806e3b9647128f32db1ab8d314fc" candidate_term: 1 candidate_status { last_received { term: 0 index: 0 } } ignore_live_leader: false dest_uuid: "96002c98f2d142e4b67dc5105a06079c" is_pre_election: true
I20260709 13:07:47.893836 24672 tablet_service.cc:1917] Received RequestConsensusVote() RPC: tablet_id: "45fddcc6d2bc4726a21bdfe31a4cae08" candidate_uuid: "0131806e3b9647128f32db1ab8d314fc" candidate_term: 1 candidate_status { last_received { term: 0 index: 0 } } ignore_live_leader: false dest_uuid: "148dc963cec64232ad3b248abad6f36d"
I20260709 13:07:47.893162 24419 catalog_manager.cc:5697] T e6a2e9eb050b40f8b828d36d037224d8 P 96002c98f2d142e4b67dc5105a06079c reported cstate change: term changed from 0 to 1, leader changed from <none> to 96002c98f2d142e4b67dc5105a06079c (127.22.225.130). New cstate: current_term: 1 leader_uuid: "96002c98f2d142e4b67dc5105a06079c" committed_config { opid_index: -1 OBSOLETE_local: false peers { permanent_uuid: "0131806e3b9647128f32db1ab8d314fc" member_type: VOTER last_known_addr { host: "127.22.225.129" port: 45343 } health_report { overall_health: UNKNOWN } } peers { permanent_uuid: "96002c98f2d142e4b67dc5105a06079c" member_type: VOTER last_known_addr { host: "127.22.225.130" port: 39455 } health_report { overall_health: HEALTHY } } peers { permanent_uuid: "148dc963cec64232ad3b248abad6f36d" member_type: VOTER last_known_addr { host: "127.22.225.131" port: 37451 } health_report { overall_health: UNKNOWN } } }
I20260709 13:07:47.890350 24751 leader_election.cc:290] T 45fddcc6d2bc4726a21bdfe31a4cae08 P 0131806e3b9647128f32db1ab8d314fc [CANDIDATE]: Term 1 election: Requested vote from peers 96002c98f2d142e4b67dc5105a06079c (127.22.225.130:39455), 148dc963cec64232ad3b248abad6f36d (127.22.225.131:37451)
W20260709 13:07:47.895440 24491 leader_election.cc:343] T 45fddcc6d2bc4726a21bdfe31a4cae08 P 0131806e3b9647128f32db1ab8d314fc [CANDIDATE]: Term 1 election: Tablet error from VoteRequest() call to peer 148dc963cec64232ad3b248abad6f36d (127.22.225.131:37451): Illegal state: must be running to vote when last-logged opid is not known
W20260709 13:07:47.896968 24490 leader_election.cc:343] T 524d0087b4074f61ad31e7ba78ee8b99 P 0131806e3b9647128f32db1ab8d314fc [CANDIDATE]: Term 1 pre-election: Tablet error from VoteRequest() call to peer 96002c98f2d142e4b67dc5105a06079c (127.22.225.130:39455): Illegal state: must be running to vote when last-logged opid is not known
I20260709 13:07:47.897109 24599 tablet_service.cc:1917] Received RequestConsensusVote() RPC: tablet_id: "45fddcc6d2bc4726a21bdfe31a4cae08" candidate_uuid: "0131806e3b9647128f32db1ab8d314fc" candidate_term: 1 candidate_status { last_received { term: 0 index: 0 } } ignore_live_leader: false dest_uuid: "96002c98f2d142e4b67dc5105a06079c"
I20260709 13:07:47.897871 24599 raft_consensus.cc:3060] T 45fddcc6d2bc4726a21bdfe31a4cae08 P 96002c98f2d142e4b67dc5105a06079c [term 0 FOLLOWER]: Advancing to term 1
I20260709 13:07:47.897996 24751 raft_consensus.cc:493] T 182cc63718a84173a76583588f193929 P 0131806e3b9647128f32db1ab8d314fc [term 0 FOLLOWER]: Starting pre-election (no leader contacted us within the election timeout)
I20260709 13:07:47.898730 24782 raft_consensus.cc:493] T 24de2d510450446080d67047a1f1eebe P 96002c98f2d142e4b67dc5105a06079c [term 0 FOLLOWER]: Starting pre-election (no leader contacted us within the election timeout)
I20260709 13:07:47.898505 24751 raft_consensus.cc:515] T 182cc63718a84173a76583588f193929 P 0131806e3b9647128f32db1ab8d314fc [term 0 FOLLOWER]: Starting pre-election with config: opid_index: -1 OBSOLETE_local: false peers { permanent_uuid: "0131806e3b9647128f32db1ab8d314fc" member_type: VOTER last_known_addr { host: "127.22.225.129" port: 45343 } } peers { permanent_uuid: "96002c98f2d142e4b67dc5105a06079c" member_type: VOTER last_known_addr { host: "127.22.225.130" port: 39455 } } peers { permanent_uuid: "148dc963cec64232ad3b248abad6f36d" member_type: VOTER last_known_addr { host: "127.22.225.131" port: 37451 } }
I20260709 13:07:47.899142 24782 raft_consensus.cc:515] T 24de2d510450446080d67047a1f1eebe P 96002c98f2d142e4b67dc5105a06079c [term 0 FOLLOWER]: Starting pre-election with config: opid_index: -1 OBSOLETE_local: false peers { permanent_uuid: "0131806e3b9647128f32db1ab8d314fc" member_type: VOTER last_known_addr { host: "127.22.225.129" port: 45343 } } peers { permanent_uuid: "96002c98f2d142e4b67dc5105a06079c" member_type: VOTER last_known_addr { host: "127.22.225.130" port: 39455 } } peers { permanent_uuid: "148dc963cec64232ad3b248abad6f36d" member_type: VOTER last_known_addr { host: "127.22.225.131" port: 37451 } }
I20260709 13:07:47.901592 24782 leader_election.cc:290] T 24de2d510450446080d67047a1f1eebe P 96002c98f2d142e4b67dc5105a06079c [CANDIDATE]: Term 1 pre-election: Requested pre-vote from peers 0131806e3b9647128f32db1ab8d314fc (127.22.225.129:45343), 148dc963cec64232ad3b248abad6f36d (127.22.225.131:37451)
I20260709 13:07:47.902889 24674 tablet_service.cc:1917] Received RequestConsensusVote() RPC: tablet_id: "182cc63718a84173a76583588f193929" candidate_uuid: "0131806e3b9647128f32db1ab8d314fc" candidate_term: 1 candidate_status { last_received { term: 0 index: 0 } } ignore_live_leader: false dest_uuid: "148dc963cec64232ad3b248abad6f36d" is_pre_election: true
I20260709 13:07:47.903735 24674 raft_consensus.cc:2468] T 182cc63718a84173a76583588f193929 P 148dc963cec64232ad3b248abad6f36d [term 0 FOLLOWER]: Leader pre-election vote request: Granting yes vote for candidate 0131806e3b9647128f32db1ab8d314fc in term 0.
I20260709 13:07:47.905212 24672 tablet_service.cc:1917] Received RequestConsensusVote() RPC: tablet_id: "24de2d510450446080d67047a1f1eebe" candidate_uuid: "96002c98f2d142e4b67dc5105a06079c" candidate_term: 1 candidate_status { last_received { term: 0 index: 0 } } ignore_live_leader: false dest_uuid: "148dc963cec64232ad3b248abad6f36d" is_pre_election: true
W20260709 13:07:47.906929 24566 leader_election.cc:343] T 24de2d510450446080d67047a1f1eebe P 96002c98f2d142e4b67dc5105a06079c [CANDIDATE]: Term 1 pre-election: Tablet error from VoteRequest() call to peer 148dc963cec64232ad3b248abad6f36d (127.22.225.131:37451): Illegal state: must be running to vote when last-logged opid is not known
I20260709 13:07:47.907792 24491 leader_election.cc:304] T 182cc63718a84173a76583588f193929 P 0131806e3b9647128f32db1ab8d314fc [CANDIDATE]: Term 1 pre-election: Election decided. Result: candidate won. Election summary: received 2 responses out of 3 voters: 2 yes votes; 0 no votes. yes voters: 0131806e3b9647128f32db1ab8d314fc, 148dc963cec64232ad3b248abad6f36d; no voters: 
I20260709 13:07:47.907802 24524 tablet_service.cc:1917] Received RequestConsensusVote() RPC: tablet_id: "24de2d510450446080d67047a1f1eebe" candidate_uuid: "96002c98f2d142e4b67dc5105a06079c" candidate_term: 1 candidate_status { last_received { term: 0 index: 0 } } ignore_live_leader: false dest_uuid: "0131806e3b9647128f32db1ab8d314fc" is_pre_election: true
I20260709 13:07:47.909420 24716 tablet_bootstrap.cc:492] T 24de2d510450446080d67047a1f1eebe P 148dc963cec64232ad3b248abad6f36d: No bootstrap required, opened a new log
I20260709 13:07:47.909852 24716 ts_tablet_manager.cc:1403] T 24de2d510450446080d67047a1f1eebe P 148dc963cec64232ad3b248abad6f36d: Time spent bootstrapping tablet: real 0.102s	user 0.034s	sys 0.027s
W20260709 13:07:47.909798 24563 leader_election.cc:343] T 24de2d510450446080d67047a1f1eebe P 96002c98f2d142e4b67dc5105a06079c [CANDIDATE]: Term 1 pre-election: Tablet error from VoteRequest() call to peer 0131806e3b9647128f32db1ab8d314fc (127.22.225.129:45343): Illegal state: must be running to vote when last-logged opid is not known
I20260709 13:07:47.909302 24715 tablet_bootstrap.cc:492] T 524d0087b4074f61ad31e7ba78ee8b99 P 96002c98f2d142e4b67dc5105a06079c: No bootstrap required, opened a new log
I20260709 13:07:47.910369 24563 leader_election.cc:304] T 24de2d510450446080d67047a1f1eebe P 96002c98f2d142e4b67dc5105a06079c [CANDIDATE]: Term 1 pre-election: Election decided. Result: candidate lost. Election summary: received 3 responses out of 3 voters: 1 yes votes; 2 no votes. yes voters: 96002c98f2d142e4b67dc5105a06079c; no voters: 0131806e3b9647128f32db1ab8d314fc, 148dc963cec64232ad3b248abad6f36d
I20260709 13:07:47.911448 24782 raft_consensus.cc:2749] T 24de2d510450446080d67047a1f1eebe P 96002c98f2d142e4b67dc5105a06079c [term 0 FOLLOWER]: Leader pre-election lost for term 1. Reason: could not achieve majority
I20260709 13:07:47.912871 24600 tablet_service.cc:1917] Received RequestConsensusVote() RPC: tablet_id: "182cc63718a84173a76583588f193929" candidate_uuid: "0131806e3b9647128f32db1ab8d314fc" candidate_term: 1 candidate_status { last_received { term: 0 index: 0 } } ignore_live_leader: false dest_uuid: "96002c98f2d142e4b67dc5105a06079c" is_pre_election: true
I20260709 13:07:47.914141 24746 raft_consensus.cc:2804] T 182cc63718a84173a76583588f193929 P 0131806e3b9647128f32db1ab8d314fc [term 0 FOLLOWER]: Leader pre-election won for term 1
I20260709 13:07:47.914860 24714 tablet_bootstrap.cc:654] T 24de2d510450446080d67047a1f1eebe P 0131806e3b9647128f32db1ab8d314fc: Neither blocks nor log segments found. Creating new log.
I20260709 13:07:47.914494 24716 raft_consensus.cc:359] T 24de2d510450446080d67047a1f1eebe P 148dc963cec64232ad3b248abad6f36d [term 0 FOLLOWER]: Replica starting. Triggering 0 pending ops. Active config: opid_index: -1 OBSOLETE_local: false peers { permanent_uuid: "0131806e3b9647128f32db1ab8d314fc" member_type: VOTER last_known_addr { host: "127.22.225.129" port: 45343 } } peers { permanent_uuid: "96002c98f2d142e4b67dc5105a06079c" member_type: VOTER last_known_addr { host: "127.22.225.130" port: 39455 } } peers { permanent_uuid: "148dc963cec64232ad3b248abad6f36d" member_type: VOTER last_known_addr { host: "127.22.225.131" port: 37451 } }
I20260709 13:07:47.915197 24716 raft_consensus.cc:385] T 24de2d510450446080d67047a1f1eebe P 148dc963cec64232ad3b248abad6f36d [term 0 FOLLOWER]: Consensus starting up: Expiring failure detector timer to make a prompt election more likely
I20260709 13:07:47.910693 24715 ts_tablet_manager.cc:1403] T 524d0087b4074f61ad31e7ba78ee8b99 P 96002c98f2d142e4b67dc5105a06079c: Time spent bootstrapping tablet: real 0.052s	user 0.009s	sys 0.003s
I20260709 13:07:47.915475 24716 raft_consensus.cc:740] T 24de2d510450446080d67047a1f1eebe P 148dc963cec64232ad3b248abad6f36d [term 0 FOLLOWER]: Becoming Follower/Learner. State: Replica: 148dc963cec64232ad3b248abad6f36d, State: Initialized, Role: FOLLOWER
I20260709 13:07:47.914506 24746 raft_consensus.cc:493] T 182cc63718a84173a76583588f193929 P 0131806e3b9647128f32db1ab8d314fc [term 0 FOLLOWER]: Starting leader election (no leader contacted us within the election timeout)
I20260709 13:07:47.916865 24746 raft_consensus.cc:3060] T 182cc63718a84173a76583588f193929 P 0131806e3b9647128f32db1ab8d314fc [term 0 FOLLOWER]: Advancing to term 1
I20260709 13:07:47.917174 24716 consensus_queue.cc:260] T 24de2d510450446080d67047a1f1eebe P 148dc963cec64232ad3b248abad6f36d [NON_LEADER]: Queue going to NON_LEADER mode. State: All replicated index: 0, Majority replicated index: 0, Committed index: 0, Last appended: 0.0, Last appended by leader: 0, Current term: 0, Majority size: -1, State: 0, Mode: NON_LEADER, active raft config: opid_index: -1 OBSOLETE_local: false peers { permanent_uuid: "0131806e3b9647128f32db1ab8d314fc" member_type: VOTER last_known_addr { host: "127.22.225.129" port: 45343 } } peers { permanent_uuid: "96002c98f2d142e4b67dc5105a06079c" member_type: VOTER last_known_addr { host: "127.22.225.130" port: 39455 } } peers { permanent_uuid: "148dc963cec64232ad3b248abad6f36d" member_type: VOTER last_known_addr { host: "127.22.225.131" port: 37451 } }
I20260709 13:07:47.918552 24778 raft_consensus.cc:493] T 90e49b6f6ffd4dde98abdfd00821bc27 P 148dc963cec64232ad3b248abad6f36d [term 0 FOLLOWER]: Starting pre-election (no leader contacted us within the election timeout)
I20260709 13:07:47.919240 24716 ts_tablet_manager.cc:1434] T 24de2d510450446080d67047a1f1eebe P 148dc963cec64232ad3b248abad6f36d: Time spent starting tablet: real 0.007s	user 0.004s	sys 0.000s
I20260709 13:07:47.919024 24778 raft_consensus.cc:515] T 90e49b6f6ffd4dde98abdfd00821bc27 P 148dc963cec64232ad3b248abad6f36d [term 0 FOLLOWER]: Starting pre-election with config: opid_index: -1 OBSOLETE_local: false peers { permanent_uuid: "0131806e3b9647128f32db1ab8d314fc" member_type: VOTER last_known_addr { host: "127.22.225.129" port: 45343 } } peers { permanent_uuid: "96002c98f2d142e4b67dc5105a06079c" member_type: VOTER last_known_addr { host: "127.22.225.130" port: 39455 } } peers { permanent_uuid: "148dc963cec64232ad3b248abad6f36d" member_type: VOTER last_known_addr { host: "127.22.225.131" port: 37451 } }
I20260709 13:07:47.920240 24716 tablet_bootstrap.cc:492] T 6458c5ddfa4b4a4188e06ad9fc7d983d P 148dc963cec64232ad3b248abad6f36d: Bootstrap starting.
I20260709 13:07:47.918617 24754 raft_consensus.cc:515] T 524d0087b4074f61ad31e7ba78ee8b99 P 0131806e3b9647128f32db1ab8d314fc [term 1 FOLLOWER]: Starting leader election with config: opid_index: -1 OBSOLETE_local: false peers { permanent_uuid: "0131806e3b9647128f32db1ab8d314fc" member_type: VOTER last_known_addr { host: "127.22.225.129" port: 45343 } } peers { permanent_uuid: "96002c98f2d142e4b67dc5105a06079c" member_type: VOTER last_known_addr { host: "127.22.225.130" port: 39455 } } peers { permanent_uuid: "148dc963cec64232ad3b248abad6f36d" member_type: VOTER last_known_addr { host: "127.22.225.131" port: 37451 } }
I20260709 13:07:47.922616 24715 raft_consensus.cc:359] T 524d0087b4074f61ad31e7ba78ee8b99 P 96002c98f2d142e4b67dc5105a06079c [term 0 FOLLOWER]: Replica starting. Triggering 0 pending ops. Active config: opid_index: -1 OBSOLETE_local: false peers { permanent_uuid: "0131806e3b9647128f32db1ab8d314fc" member_type: VOTER last_known_addr { host: "127.22.225.129" port: 45343 } } peers { permanent_uuid: "96002c98f2d142e4b67dc5105a06079c" member_type: VOTER last_known_addr { host: "127.22.225.130" port: 39455 } } peers { permanent_uuid: "148dc963cec64232ad3b248abad6f36d" member_type: VOTER last_known_addr { host: "127.22.225.131" port: 37451 } }
I20260709 13:07:47.923353 24754 leader_election.cc:290] T 524d0087b4074f61ad31e7ba78ee8b99 P 0131806e3b9647128f32db1ab8d314fc [CANDIDATE]: Term 1 election: Requested vote from peers 96002c98f2d142e4b67dc5105a06079c (127.22.225.130:39455), 148dc963cec64232ad3b248abad6f36d (127.22.225.131:37451)
I20260709 13:07:47.926011 24716 tablet_bootstrap.cc:654] T 6458c5ddfa4b4a4188e06ad9fc7d983d P 148dc963cec64232ad3b248abad6f36d: Neither blocks nor log segments found. Creating new log.
I20260709 13:07:47.926066 24598 tablet_service.cc:1917] Received RequestConsensusVote() RPC: tablet_id: "90e49b6f6ffd4dde98abdfd00821bc27" candidate_uuid: "148dc963cec64232ad3b248abad6f36d" candidate_term: 1 candidate_status { last_received { term: 0 index: 0 } } ignore_live_leader: false dest_uuid: "96002c98f2d142e4b67dc5105a06079c" is_pre_election: true
I20260709 13:07:47.928156 24715 raft_consensus.cc:385] T 524d0087b4074f61ad31e7ba78ee8b99 P 96002c98f2d142e4b67dc5105a06079c [term 0 FOLLOWER]: Consensus starting up: Expiring failure detector timer to make a prompt election more likely
I20260709 13:07:47.929219 24672 tablet_service.cc:1917] Received RequestConsensusVote() RPC: tablet_id: "524d0087b4074f61ad31e7ba78ee8b99" candidate_uuid: "0131806e3b9647128f32db1ab8d314fc" candidate_term: 1 candidate_status { last_received { term: 0 index: 0 } } ignore_live_leader: false dest_uuid: "148dc963cec64232ad3b248abad6f36d"
I20260709 13:07:47.929343 24598 raft_consensus.cc:2468] T 90e49b6f6ffd4dde98abdfd00821bc27 P 96002c98f2d142e4b67dc5105a06079c [term 0 FOLLOWER]: Leader pre-election vote request: Granting yes vote for candidate 148dc963cec64232ad3b248abad6f36d in term 0.
I20260709 13:07:47.929569 24715 raft_consensus.cc:740] T 524d0087b4074f61ad31e7ba78ee8b99 P 96002c98f2d142e4b67dc5105a06079c [term 0 FOLLOWER]: Becoming Follower/Learner. State: Replica: 96002c98f2d142e4b67dc5105a06079c, State: Initialized, Role: FOLLOWER
I20260709 13:07:47.929912 24672 raft_consensus.cc:3060] T 524d0087b4074f61ad31e7ba78ee8b99 P 148dc963cec64232ad3b248abad6f36d [term 0 FOLLOWER]: Advancing to term 1
I20260709 13:07:47.930773 24639 leader_election.cc:304] T 90e49b6f6ffd4dde98abdfd00821bc27 P 148dc963cec64232ad3b248abad6f36d [CANDIDATE]: Term 1 pre-election: Election decided. Result: candidate won. Election summary: received 2 responses out of 3 voters: 2 yes votes; 0 no votes. yes voters: 148dc963cec64232ad3b248abad6f36d, 96002c98f2d142e4b67dc5105a06079c; no voters: 
I20260709 13:07:47.931900 24722 raft_consensus.cc:2804] T 90e49b6f6ffd4dde98abdfd00821bc27 P 148dc963cec64232ad3b248abad6f36d [term 0 FOLLOWER]: Leader pre-election won for term 1
I20260709 13:07:47.932296 24599 raft_consensus.cc:2468] T 45fddcc6d2bc4726a21bdfe31a4cae08 P 96002c98f2d142e4b67dc5105a06079c [term 1 FOLLOWER]: Leader election vote request: Granting yes vote for candidate 0131806e3b9647128f32db1ab8d314fc in term 1.
I20260709 13:07:47.932335 24722 raft_consensus.cc:493] T 90e49b6f6ffd4dde98abdfd00821bc27 P 148dc963cec64232ad3b248abad6f36d [term 0 FOLLOWER]: Starting leader election (no leader contacted us within the election timeout)
I20260709 13:07:47.932955 24722 raft_consensus.cc:3060] T 90e49b6f6ffd4dde98abdfd00821bc27 P 148dc963cec64232ad3b248abad6f36d [term 0 FOLLOWER]: Advancing to term 1
I20260709 13:07:47.933403 24778 leader_election.cc:290] T 90e49b6f6ffd4dde98abdfd00821bc27 P 148dc963cec64232ad3b248abad6f36d [CANDIDATE]: Term 1 pre-election: Requested pre-vote from peers 0131806e3b9647128f32db1ab8d314fc (127.22.225.129:45343), 96002c98f2d142e4b67dc5105a06079c (127.22.225.130:39455)
I20260709 13:07:47.934312 24524 tablet_service.cc:1917] Received RequestConsensusVote() RPC: tablet_id: "90e49b6f6ffd4dde98abdfd00821bc27" candidate_uuid: "148dc963cec64232ad3b248abad6f36d" candidate_term: 1 candidate_status { last_received { term: 0 index: 0 } } ignore_live_leader: false dest_uuid: "0131806e3b9647128f32db1ab8d314fc" is_pre_election: true
I20260709 13:07:47.935071 24524 raft_consensus.cc:2468] T 90e49b6f6ffd4dde98abdfd00821bc27 P 0131806e3b9647128f32db1ab8d314fc [term 0 FOLLOWER]: Leader pre-election vote request: Granting yes vote for candidate 148dc963cec64232ad3b248abad6f36d in term 0.
I20260709 13:07:47.937446 24672 raft_consensus.cc:2468] T 524d0087b4074f61ad31e7ba78ee8b99 P 148dc963cec64232ad3b248abad6f36d [term 1 FOLLOWER]: Leader election vote request: Granting yes vote for candidate 0131806e3b9647128f32db1ab8d314fc in term 1.
I20260709 13:07:47.940052 24722 raft_consensus.cc:515] T 90e49b6f6ffd4dde98abdfd00821bc27 P 148dc963cec64232ad3b248abad6f36d [term 1 FOLLOWER]: Starting leader election with config: opid_index: -1 OBSOLETE_local: false peers { permanent_uuid: "0131806e3b9647128f32db1ab8d314fc" member_type: VOTER last_known_addr { host: "127.22.225.129" port: 45343 } } peers { permanent_uuid: "96002c98f2d142e4b67dc5105a06079c" member_type: VOTER last_known_addr { host: "127.22.225.130" port: 39455 } } peers { permanent_uuid: "148dc963cec64232ad3b248abad6f36d" member_type: VOTER last_known_addr { host: "127.22.225.131" port: 37451 } }
I20260709 13:07:47.940537 24716 tablet_bootstrap.cc:492] T 6458c5ddfa4b4a4188e06ad9fc7d983d P 148dc963cec64232ad3b248abad6f36d: No bootstrap required, opened a new log
I20260709 13:07:47.941069 24716 ts_tablet_manager.cc:1403] T 6458c5ddfa4b4a4188e06ad9fc7d983d P 148dc963cec64232ad3b248abad6f36d: Time spent bootstrapping tablet: real 0.021s	user 0.008s	sys 0.006s
I20260709 13:07:47.941898 24491 leader_election.cc:304] T 524d0087b4074f61ad31e7ba78ee8b99 P 0131806e3b9647128f32db1ab8d314fc [CANDIDATE]: Term 1 election: Election decided. Result: candidate won. Election summary: received 2 responses out of 3 voters: 2 yes votes; 0 no votes. yes voters: 0131806e3b9647128f32db1ab8d314fc, 148dc963cec64232ad3b248abad6f36d; no voters: 
I20260709 13:07:47.942934 24754 raft_consensus.cc:2804] T 524d0087b4074f61ad31e7ba78ee8b99 P 0131806e3b9647128f32db1ab8d314fc [term 1 FOLLOWER]: Leader election won for term 1
I20260709 13:07:47.943506 24754 raft_consensus.cc:697] T 524d0087b4074f61ad31e7ba78ee8b99 P 0131806e3b9647128f32db1ab8d314fc [term 1 LEADER]: Becoming Leader. State: Replica: 0131806e3b9647128f32db1ab8d314fc, State: Running, Role: LEADER
I20260709 13:07:47.943867 24716 raft_consensus.cc:359] T 6458c5ddfa4b4a4188e06ad9fc7d983d P 148dc963cec64232ad3b248abad6f36d [term 0 FOLLOWER]: Replica starting. Triggering 0 pending ops. Active config: opid_index: -1 OBSOLETE_local: false peers { permanent_uuid: "0131806e3b9647128f32db1ab8d314fc" member_type: VOTER last_known_addr { host: "127.22.225.129" port: 45343 } } peers { permanent_uuid: "96002c98f2d142e4b67dc5105a06079c" member_type: VOTER last_known_addr { host: "127.22.225.130" port: 39455 } } peers { permanent_uuid: "148dc963cec64232ad3b248abad6f36d" member_type: VOTER last_known_addr { host: "127.22.225.131" port: 37451 } }
I20260709 13:07:47.944612 24716 raft_consensus.cc:385] T 6458c5ddfa4b4a4188e06ad9fc7d983d P 148dc963cec64232ad3b248abad6f36d [term 0 FOLLOWER]: Consensus starting up: Expiring failure detector timer to make a prompt election more likely
I20260709 13:07:47.945123 24716 raft_consensus.cc:740] T 6458c5ddfa4b4a4188e06ad9fc7d983d P 148dc963cec64232ad3b248abad6f36d [term 0 FOLLOWER]: Becoming Follower/Learner. State: Replica: 148dc963cec64232ad3b248abad6f36d, State: Initialized, Role: FOLLOWER
I20260709 13:07:47.945047 24715 consensus_queue.cc:260] T 524d0087b4074f61ad31e7ba78ee8b99 P 96002c98f2d142e4b67dc5105a06079c [NON_LEADER]: Queue going to NON_LEADER mode. State: All replicated index: 0, Majority replicated index: 0, Committed index: 0, Last appended: 0.0, Last appended by leader: 0, Current term: 0, Majority size: -1, State: 0, Mode: NON_LEADER, active raft config: opid_index: -1 OBSOLETE_local: false peers { permanent_uuid: "0131806e3b9647128f32db1ab8d314fc" member_type: VOTER last_known_addr { host: "127.22.225.129" port: 45343 } } peers { permanent_uuid: "96002c98f2d142e4b67dc5105a06079c" member_type: VOTER last_known_addr { host: "127.22.225.130" port: 39455 } } peers { permanent_uuid: "148dc963cec64232ad3b248abad6f36d" member_type: VOTER last_known_addr { host: "127.22.225.131" port: 37451 } }
I20260709 13:07:47.945960 24716 consensus_queue.cc:260] T 6458c5ddfa4b4a4188e06ad9fc7d983d P 148dc963cec64232ad3b248abad6f36d [NON_LEADER]: Queue going to NON_LEADER mode. State: All replicated index: 0, Majority replicated index: 0, Committed index: 0, Last appended: 0.0, Last appended by leader: 0, Current term: 0, Majority size: -1, State: 0, Mode: NON_LEADER, active raft config: opid_index: -1 OBSOLETE_local: false peers { permanent_uuid: "0131806e3b9647128f32db1ab8d314fc" member_type: VOTER last_known_addr { host: "127.22.225.129" port: 45343 } } peers { permanent_uuid: "96002c98f2d142e4b67dc5105a06079c" member_type: VOTER last_known_addr { host: "127.22.225.130" port: 39455 } } peers { permanent_uuid: "148dc963cec64232ad3b248abad6f36d" member_type: VOTER last_known_addr { host: "127.22.225.131" port: 37451 } }
I20260709 13:07:47.944553 24754 consensus_queue.cc:237] T 524d0087b4074f61ad31e7ba78ee8b99 P 0131806e3b9647128f32db1ab8d314fc [LEADER]: Queue going to LEADER mode. State: All replicated index: 0, Majority replicated index: 0, Committed index: 0, Last appended: 0.0, Last appended by leader: 0, Current term: 1, Majority size: 2, State: 0, Mode: LEADER, active raft config: opid_index: -1 OBSOLETE_local: false peers { permanent_uuid: "0131806e3b9647128f32db1ab8d314fc" member_type: VOTER last_known_addr { host: "127.22.225.129" port: 45343 } } peers { permanent_uuid: "96002c98f2d142e4b67dc5105a06079c" member_type: VOTER last_known_addr { host: "127.22.225.130" port: 39455 } } peers { permanent_uuid: "148dc963cec64232ad3b248abad6f36d" member_type: VOTER last_known_addr { host: "127.22.225.131" port: 37451 } }
I20260709 13:07:47.948042 24716 ts_tablet_manager.cc:1434] T 6458c5ddfa4b4a4188e06ad9fc7d983d P 148dc963cec64232ad3b248abad6f36d: Time spent starting tablet: real 0.007s	user 0.005s	sys 0.000s
I20260709 13:07:47.947988 24598 tablet_service.cc:1917] Received RequestConsensusVote() RPC: tablet_id: "90e49b6f6ffd4dde98abdfd00821bc27" candidate_uuid: "148dc963cec64232ad3b248abad6f36d" candidate_term: 1 candidate_status { last_received { term: 0 index: 0 } } ignore_live_leader: false dest_uuid: "96002c98f2d142e4b67dc5105a06079c"
I20260709 13:07:47.948652 24598 raft_consensus.cc:3060] T 90e49b6f6ffd4dde98abdfd00821bc27 P 96002c98f2d142e4b67dc5105a06079c [term 0 FOLLOWER]: Advancing to term 1
I20260709 13:07:47.949150 24716 tablet_bootstrap.cc:492] T 45fddcc6d2bc4726a21bdfe31a4cae08 P 148dc963cec64232ad3b248abad6f36d: Bootstrap starting.
I20260709 13:07:47.954104 24524 tablet_service.cc:1917] Received RequestConsensusVote() RPC: tablet_id: "90e49b6f6ffd4dde98abdfd00821bc27" candidate_uuid: "148dc963cec64232ad3b248abad6f36d" candidate_term: 1 candidate_status { last_received { term: 0 index: 0 } } ignore_live_leader: false dest_uuid: "0131806e3b9647128f32db1ab8d314fc"
I20260709 13:07:47.954883 24524 raft_consensus.cc:3060] T 90e49b6f6ffd4dde98abdfd00821bc27 P 0131806e3b9647128f32db1ab8d314fc [term 0 FOLLOWER]: Advancing to term 1
I20260709 13:07:47.955680 24778 raft_consensus.cc:493] T 24de2d510450446080d67047a1f1eebe P 148dc963cec64232ad3b248abad6f36d [term 0 FOLLOWER]: Starting pre-election (no leader contacted us within the election timeout)
I20260709 13:07:47.955974 24598 raft_consensus.cc:2468] T 90e49b6f6ffd4dde98abdfd00821bc27 P 96002c98f2d142e4b67dc5105a06079c [term 1 FOLLOWER]: Leader election vote request: Granting yes vote for candidate 148dc963cec64232ad3b248abad6f36d in term 1.
I20260709 13:07:47.956314 24778 raft_consensus.cc:515] T 24de2d510450446080d67047a1f1eebe P 148dc963cec64232ad3b248abad6f36d [term 0 FOLLOWER]: Starting pre-election with config: opid_index: -1 OBSOLETE_local: false peers { permanent_uuid: "0131806e3b9647128f32db1ab8d314fc" member_type: VOTER last_known_addr { host: "127.22.225.129" port: 45343 } } peers { permanent_uuid: "96002c98f2d142e4b67dc5105a06079c" member_type: VOTER last_known_addr { host: "127.22.225.130" port: 39455 } } peers { permanent_uuid: "148dc963cec64232ad3b248abad6f36d" member_type: VOTER last_known_addr { host: "127.22.225.131" port: 37451 } }
I20260709 13:07:47.957219 24639 leader_election.cc:304] T 90e49b6f6ffd4dde98abdfd00821bc27 P 148dc963cec64232ad3b248abad6f36d [CANDIDATE]: Term 1 election: Election decided. Result: candidate won. Election summary: received 2 responses out of 3 voters: 2 yes votes; 0 no votes. yes voters: 148dc963cec64232ad3b248abad6f36d, 96002c98f2d142e4b67dc5105a06079c; no voters: 
I20260709 13:07:47.957983 24780 raft_consensus.cc:2804] T 90e49b6f6ffd4dde98abdfd00821bc27 P 148dc963cec64232ad3b248abad6f36d [term 1 FOLLOWER]: Leader election won for term 1
I20260709 13:07:47.961120 24525 tablet_service.cc:1917] Received RequestConsensusVote() RPC: tablet_id: "24de2d510450446080d67047a1f1eebe" candidate_uuid: "148dc963cec64232ad3b248abad6f36d" candidate_term: 1 candidate_status { last_received { term: 0 index: 0 } } ignore_live_leader: false dest_uuid: "0131806e3b9647128f32db1ab8d314fc" is_pre_election: true
I20260709 13:07:47.962244 24778 leader_election.cc:290] T 24de2d510450446080d67047a1f1eebe P 148dc963cec64232ad3b248abad6f36d [CANDIDATE]: Term 1 pre-election: Requested pre-vote from peers 0131806e3b9647128f32db1ab8d314fc (127.22.225.129:45343), 96002c98f2d142e4b67dc5105a06079c (127.22.225.130:39455)
I20260709 13:07:47.956287 24716 tablet_bootstrap.cc:654] T 45fddcc6d2bc4726a21bdfe31a4cae08 P 148dc963cec64232ad3b248abad6f36d: Neither blocks nor log segments found. Creating new log.
W20260709 13:07:47.965489 24490 leader_election.cc:343] T 182cc63718a84173a76583588f193929 P 0131806e3b9647128f32db1ab8d314fc [CANDIDATE]: Term 1 pre-election: Tablet error from VoteRequest() call to peer 96002c98f2d142e4b67dc5105a06079c (127.22.225.130:39455): Illegal state: must be running to vote when last-logged opid is not known
W20260709 13:07:47.964232 24637 leader_election.cc:343] T 24de2d510450446080d67047a1f1eebe P 148dc963cec64232ad3b248abad6f36d [CANDIDATE]: Term 1 pre-election: Tablet error from VoteRequest() call to peer 0131806e3b9647128f32db1ab8d314fc (127.22.225.129:45343): Illegal state: must be running to vote when last-logged opid is not known
I20260709 13:07:47.963398 24597 tablet_service.cc:1917] Received RequestConsensusVote() RPC: tablet_id: "24de2d510450446080d67047a1f1eebe" candidate_uuid: "148dc963cec64232ad3b248abad6f36d" candidate_term: 1 candidate_status { last_received { term: 0 index: 0 } } ignore_live_leader: false dest_uuid: "96002c98f2d142e4b67dc5105a06079c" is_pre_election: true
I20260709 13:07:47.900576 24751 leader_election.cc:290] T 182cc63718a84173a76583588f193929 P 0131806e3b9647128f32db1ab8d314fc [CANDIDATE]: Term 1 pre-election: Requested pre-vote from peers 96002c98f2d142e4b67dc5105a06079c (127.22.225.130:39455), 148dc963cec64232ad3b248abad6f36d (127.22.225.131:37451)
I20260709 13:07:47.967092 24597 raft_consensus.cc:2468] T 24de2d510450446080d67047a1f1eebe P 96002c98f2d142e4b67dc5105a06079c [term 0 FOLLOWER]: Leader pre-election vote request: Granting yes vote for candidate 148dc963cec64232ad3b248abad6f36d in term 0.
I20260709 13:07:47.968571 24639 leader_election.cc:304] T 24de2d510450446080d67047a1f1eebe P 148dc963cec64232ad3b248abad6f36d [CANDIDATE]: Term 1 pre-election: Election decided. Result: candidate won. Election summary: received 3 responses out of 3 voters: 2 yes votes; 1 no votes. yes voters: 148dc963cec64232ad3b248abad6f36d, 96002c98f2d142e4b67dc5105a06079c; no voters: 0131806e3b9647128f32db1ab8d314fc
I20260709 13:07:47.970062 24778 raft_consensus.cc:2804] T 24de2d510450446080d67047a1f1eebe P 148dc963cec64232ad3b248abad6f36d [term 0 FOLLOWER]: Leader pre-election won for term 1
I20260709 13:07:47.970527 24778 raft_consensus.cc:493] T 24de2d510450446080d67047a1f1eebe P 148dc963cec64232ad3b248abad6f36d [term 0 FOLLOWER]: Starting leader election (no leader contacted us within the election timeout)
I20260709 13:07:47.970965 24778 raft_consensus.cc:3060] T 24de2d510450446080d67047a1f1eebe P 148dc963cec64232ad3b248abad6f36d [term 0 FOLLOWER]: Advancing to term 1
W20260709 13:07:47.891363 24471 auto_rebalancer.cc:288] Could not retrieve cluster info: Service unavailable: Tablet not running
I20260709 13:07:47.977355 24722 leader_election.cc:290] T 90e49b6f6ffd4dde98abdfd00821bc27 P 148dc963cec64232ad3b248abad6f36d [CANDIDATE]: Term 1 election: Requested vote from peers 0131806e3b9647128f32db1ab8d314fc (127.22.225.129:45343), 96002c98f2d142e4b67dc5105a06079c (127.22.225.130:39455)
I20260709 13:07:47.980305 24782 raft_consensus.cc:493] T bf2646e18c7042728614c4bbf5b867aa P 96002c98f2d142e4b67dc5105a06079c [term 0 FOLLOWER]: Starting pre-election (no leader contacted us within the election timeout)
I20260709 13:07:47.980957 24782 raft_consensus.cc:515] T bf2646e18c7042728614c4bbf5b867aa P 96002c98f2d142e4b67dc5105a06079c [term 0 FOLLOWER]: Starting pre-election with config: opid_index: -1 OBSOLETE_local: false peers { permanent_uuid: "0131806e3b9647128f32db1ab8d314fc" member_type: VOTER last_known_addr { host: "127.22.225.129" port: 45343 } } peers { permanent_uuid: "96002c98f2d142e4b67dc5105a06079c" member_type: VOTER last_known_addr { host: "127.22.225.130" port: 39455 } } peers { permanent_uuid: "148dc963cec64232ad3b248abad6f36d" member_type: VOTER last_known_addr { host: "127.22.225.131" port: 37451 } }
I20260709 13:07:47.983667 24782 leader_election.cc:290] T bf2646e18c7042728614c4bbf5b867aa P 96002c98f2d142e4b67dc5105a06079c [CANDIDATE]: Term 1 pre-election: Requested pre-vote from peers 0131806e3b9647128f32db1ab8d314fc (127.22.225.129:45343), 148dc963cec64232ad3b248abad6f36d (127.22.225.131:37451)
I20260709 13:07:47.984886 24597 tablet_service.cc:1917] Received RequestConsensusVote() RPC: tablet_id: "524d0087b4074f61ad31e7ba78ee8b99" candidate_uuid: "0131806e3b9647128f32db1ab8d314fc" candidate_term: 1 candidate_status { last_received { term: 0 index: 0 } } ignore_live_leader: false dest_uuid: "96002c98f2d142e4b67dc5105a06079c"
I20260709 13:07:47.985366 24525 tablet_service.cc:1917] Received RequestConsensusVote() RPC: tablet_id: "bf2646e18c7042728614c4bbf5b867aa" candidate_uuid: "96002c98f2d142e4b67dc5105a06079c" candidate_term: 1 candidate_status { last_received { term: 0 index: 0 } } ignore_live_leader: false dest_uuid: "0131806e3b9647128f32db1ab8d314fc" is_pre_election: true
I20260709 13:07:47.985703 24597 raft_consensus.cc:3060] T 524d0087b4074f61ad31e7ba78ee8b99 P 96002c98f2d142e4b67dc5105a06079c [term 0 FOLLOWER]: Advancing to term 1
I20260709 13:07:47.986203 24525 raft_consensus.cc:2468] T bf2646e18c7042728614c4bbf5b867aa P 0131806e3b9647128f32db1ab8d314fc [term 0 FOLLOWER]: Leader pre-election vote request: Granting yes vote for candidate 96002c98f2d142e4b67dc5105a06079c in term 0.
I20260709 13:07:47.987843 24563 leader_election.cc:304] T bf2646e18c7042728614c4bbf5b867aa P 96002c98f2d142e4b67dc5105a06079c [CANDIDATE]: Term 1 pre-election: Election decided. Result: candidate won. Election summary: received 2 responses out of 3 voters: 2 yes votes; 0 no votes. yes voters: 0131806e3b9647128f32db1ab8d314fc, 96002c98f2d142e4b67dc5105a06079c; no voters: 
I20260709 13:07:47.989022 24786 raft_consensus.cc:2804] T bf2646e18c7042728614c4bbf5b867aa P 96002c98f2d142e4b67dc5105a06079c [term 0 FOLLOWER]: Leader pre-election won for term 1
I20260709 13:07:47.989499 24786 raft_consensus.cc:493] T bf2646e18c7042728614c4bbf5b867aa P 96002c98f2d142e4b67dc5105a06079c [term 0 FOLLOWER]: Starting leader election (no leader contacted us within the election timeout)
I20260709 13:07:47.989920 24786 raft_consensus.cc:3060] T bf2646e18c7042728614c4bbf5b867aa P 96002c98f2d142e4b67dc5105a06079c [term 0 FOLLOWER]: Advancing to term 1
I20260709 13:07:47.993664 24751 raft_consensus.cc:493] T 14e96ae54f3a4631bcabb789d2c4146c P 0131806e3b9647128f32db1ab8d314fc [term 0 FOLLOWER]: Starting pre-election (no leader contacted us within the election timeout)
I20260709 13:07:47.994329 24751 raft_consensus.cc:515] T 14e96ae54f3a4631bcabb789d2c4146c P 0131806e3b9647128f32db1ab8d314fc [term 0 FOLLOWER]: Starting pre-election with config: opid_index: -1 OBSOLETE_local: false peers { permanent_uuid: "0131806e3b9647128f32db1ab8d314fc" member_type: VOTER last_known_addr { host: "127.22.225.129" port: 45343 } } peers { permanent_uuid: "96002c98f2d142e4b67dc5105a06079c" member_type: VOTER last_known_addr { host: "127.22.225.130" port: 39455 } } peers { permanent_uuid: "148dc963cec64232ad3b248abad6f36d" member_type: VOTER last_known_addr { host: "127.22.225.131" port: 37451 } }
I20260709 13:07:47.999858 24672 tablet_service.cc:1917] Received RequestConsensusVote() RPC: tablet_id: "bf2646e18c7042728614c4bbf5b867aa" candidate_uuid: "96002c98f2d142e4b67dc5105a06079c" candidate_term: 1 candidate_status { last_received { term: 0 index: 0 } } ignore_live_leader: false dest_uuid: "148dc963cec64232ad3b248abad6f36d" is_pre_election: true
I20260709 13:07:48.000618 24672 raft_consensus.cc:2468] T bf2646e18c7042728614c4bbf5b867aa P 148dc963cec64232ad3b248abad6f36d [term 0 FOLLOWER]: Leader pre-election vote request: Granting yes vote for candidate 96002c98f2d142e4b67dc5105a06079c in term 0.
I20260709 13:07:48.001610 24786 raft_consensus.cc:515] T bf2646e18c7042728614c4bbf5b867aa P 96002c98f2d142e4b67dc5105a06079c [term 1 FOLLOWER]: Starting leader election with config: opid_index: -1 OBSOLETE_local: false peers { permanent_uuid: "0131806e3b9647128f32db1ab8d314fc" member_type: VOTER last_known_addr { host: "127.22.225.129" port: 45343 } } peers { permanent_uuid: "96002c98f2d142e4b67dc5105a06079c" member_type: VOTER last_known_addr { host: "127.22.225.130" port: 39455 } } peers { permanent_uuid: "148dc963cec64232ad3b248abad6f36d" member_type: VOTER last_known_addr { host: "127.22.225.131" port: 37451 } }
I20260709 13:07:47.999809 24600 tablet_service.cc:1917] Received RequestConsensusVote() RPC: tablet_id: "14e96ae54f3a4631bcabb789d2c4146c" candidate_uuid: "0131806e3b9647128f32db1ab8d314fc" candidate_term: 1 candidate_status { last_received { term: 0 index: 0 } } ignore_live_leader: false dest_uuid: "96002c98f2d142e4b67dc5105a06079c" is_pre_election: true
I20260709 13:07:48.004403 24525 tablet_service.cc:1917] Received RequestConsensusVote() RPC: tablet_id: "bf2646e18c7042728614c4bbf5b867aa" candidate_uuid: "96002c98f2d142e4b67dc5105a06079c" candidate_term: 1 candidate_status { last_received { term: 0 index: 0 } } ignore_live_leader: false dest_uuid: "0131806e3b9647128f32db1ab8d314fc"
I20260709 13:07:48.005200 24525 raft_consensus.cc:3060] T bf2646e18c7042728614c4bbf5b867aa P 0131806e3b9647128f32db1ab8d314fc [term 0 FOLLOWER]: Advancing to term 1
W20260709 13:07:48.005731 24490 leader_election.cc:343] T 14e96ae54f3a4631bcabb789d2c4146c P 0131806e3b9647128f32db1ab8d314fc [CANDIDATE]: Term 1 pre-election: Tablet error from VoteRequest() call to peer 96002c98f2d142e4b67dc5105a06079c (127.22.225.130:39455): Illegal state: must be running to vote when last-logged opid is not known
I20260709 13:07:48.006557 24751 leader_election.cc:290] T 14e96ae54f3a4631bcabb789d2c4146c P 0131806e3b9647128f32db1ab8d314fc [CANDIDATE]: Term 1 pre-election: Requested pre-vote from peers 96002c98f2d142e4b67dc5105a06079c (127.22.225.130:39455), 148dc963cec64232ad3b248abad6f36d (127.22.225.131:37451)
I20260709 13:07:48.008394 24672 tablet_service.cc:1917] Received RequestConsensusVote() RPC: tablet_id: "14e96ae54f3a4631bcabb789d2c4146c" candidate_uuid: "0131806e3b9647128f32db1ab8d314fc" candidate_term: 1 candidate_status { last_received { term: 0 index: 0 } } ignore_live_leader: false dest_uuid: "148dc963cec64232ad3b248abad6f36d" is_pre_election: true
I20260709 13:07:48.014308 24715 ts_tablet_manager.cc:1434] T 524d0087b4074f61ad31e7ba78ee8b99 P 96002c98f2d142e4b67dc5105a06079c: Time spent starting tablet: real 0.097s	user 0.003s	sys 0.002s
I20260709 13:07:48.015537 24715 tablet_bootstrap.cc:492] T 182cc63718a84173a76583588f193929 P 96002c98f2d142e4b67dc5105a06079c: Bootstrap starting.
W20260709 13:07:48.020767 24491 leader_election.cc:343] T 14e96ae54f3a4631bcabb789d2c4146c P 0131806e3b9647128f32db1ab8d314fc [CANDIDATE]: Term 1 pre-election: Tablet error from VoteRequest() call to peer 148dc963cec64232ad3b248abad6f36d (127.22.225.131:37451): Illegal state: must be running to vote when last-logged opid is not known
I20260709 13:07:48.021406 24491 leader_election.cc:304] T 14e96ae54f3a4631bcabb789d2c4146c P 0131806e3b9647128f32db1ab8d314fc [CANDIDATE]: Term 1 pre-election: Election decided. Result: candidate lost. Election summary: received 3 responses out of 3 voters: 1 yes votes; 2 no votes. yes voters: 0131806e3b9647128f32db1ab8d314fc; no voters: 148dc963cec64232ad3b248abad6f36d, 96002c98f2d142e4b67dc5105a06079c
I20260709 13:07:48.023272 24754 raft_consensus.cc:2749] T 14e96ae54f3a4631bcabb789d2c4146c P 0131806e3b9647128f32db1ab8d314fc [term 0 FOLLOWER]: Leader pre-election lost for term 1. Reason: could not achieve majority
I20260709 13:07:48.025420 24490 leader_election.cc:304] T 45fddcc6d2bc4726a21bdfe31a4cae08 P 0131806e3b9647128f32db1ab8d314fc [CANDIDATE]: Term 1 election: Election decided. Result: candidate won. Election summary: received 3 responses out of 3 voters: 2 yes votes; 1 no votes. yes voters: 0131806e3b9647128f32db1ab8d314fc, 96002c98f2d142e4b67dc5105a06079c; no voters: 148dc963cec64232ad3b248abad6f36d
I20260709 13:07:48.026940 24754 raft_consensus.cc:2804] T 45fddcc6d2bc4726a21bdfe31a4cae08 P 0131806e3b9647128f32db1ab8d314fc [term 1 FOLLOWER]: Leader election won for term 1
I20260709 13:07:48.027539 24754 raft_consensus.cc:697] T 45fddcc6d2bc4726a21bdfe31a4cae08 P 0131806e3b9647128f32db1ab8d314fc [term 1 LEADER]: Becoming Leader. State: Replica: 0131806e3b9647128f32db1ab8d314fc, State: Running, Role: LEADER
I20260709 13:07:48.031018 24597 raft_consensus.cc:2468] T 524d0087b4074f61ad31e7ba78ee8b99 P 96002c98f2d142e4b67dc5105a06079c [term 1 FOLLOWER]: Leader election vote request: Granting yes vote for candidate 0131806e3b9647128f32db1ab8d314fc in term 1.
I20260709 13:07:48.032756 24746 raft_consensus.cc:515] T 182cc63718a84173a76583588f193929 P 0131806e3b9647128f32db1ab8d314fc [term 1 FOLLOWER]: Starting leader election with config: opid_index: -1 OBSOLETE_local: false peers { permanent_uuid: "0131806e3b9647128f32db1ab8d314fc" member_type: VOTER last_known_addr { host: "127.22.225.129" port: 45343 } } peers { permanent_uuid: "96002c98f2d142e4b67dc5105a06079c" member_type: VOTER last_known_addr { host: "127.22.225.130" port: 39455 } } peers { permanent_uuid: "148dc963cec64232ad3b248abad6f36d" member_type: VOTER last_known_addr { host: "127.22.225.131" port: 37451 } }
I20260709 13:07:48.035488 24746 leader_election.cc:290] T 182cc63718a84173a76583588f193929 P 0131806e3b9647128f32db1ab8d314fc [CANDIDATE]: Term 1 election: Requested vote from peers 96002c98f2d142e4b67dc5105a06079c (127.22.225.130:39455), 148dc963cec64232ad3b248abad6f36d (127.22.225.131:37451)
I20260709 13:07:48.038367 24672 tablet_service.cc:1917] Received RequestConsensusVote() RPC: tablet_id: "182cc63718a84173a76583588f193929" candidate_uuid: "0131806e3b9647128f32db1ab8d314fc" candidate_term: 1 candidate_status { last_received { term: 0 index: 0 } } ignore_live_leader: false dest_uuid: "148dc963cec64232ad3b248abad6f36d"
I20260709 13:07:48.039167 24672 raft_consensus.cc:3060] T 182cc63718a84173a76583588f193929 P 148dc963cec64232ad3b248abad6f36d [term 0 FOLLOWER]: Advancing to term 1
I20260709 13:07:48.049566 24598 tablet_service.cc:1917] Received RequestConsensusVote() RPC: tablet_id: "182cc63718a84173a76583588f193929" candidate_uuid: "0131806e3b9647128f32db1ab8d314fc" candidate_term: 1 candidate_status { last_received { term: 0 index: 0 } } ignore_live_leader: false dest_uuid: "96002c98f2d142e4b67dc5105a06079c"
W20260709 13:07:48.051285 24490 leader_election.cc:343] T 182cc63718a84173a76583588f193929 P 0131806e3b9647128f32db1ab8d314fc [CANDIDATE]: Term 1 election: Tablet error from VoteRequest() call to peer 96002c98f2d142e4b67dc5105a06079c (127.22.225.130:39455): Illegal state: must be running to vote when last-logged opid is not known
I20260709 13:07:48.028664 24754 consensus_queue.cc:237] T 45fddcc6d2bc4726a21bdfe31a4cae08 P 0131806e3b9647128f32db1ab8d314fc [LEADER]: Queue going to LEADER mode. State: All replicated index: 0, Majority replicated index: 0, Committed index: 0, Last appended: 0.0, Last appended by leader: 0, Current term: 1, Majority size: 2, State: 0, Mode: LEADER, active raft config: opid_index: -1 OBSOLETE_local: false peers { permanent_uuid: "0131806e3b9647128f32db1ab8d314fc" member_type: VOTER last_known_addr { host: "127.22.225.129" port: 45343 } } peers { permanent_uuid: "96002c98f2d142e4b67dc5105a06079c" member_type: VOTER last_known_addr { host: "127.22.225.130" port: 39455 } } peers { permanent_uuid: "148dc963cec64232ad3b248abad6f36d" member_type: VOTER last_known_addr { host: "127.22.225.131" port: 37451 } }
I20260709 13:07:48.061555 24780 raft_consensus.cc:697] T 90e49b6f6ffd4dde98abdfd00821bc27 P 148dc963cec64232ad3b248abad6f36d [term 1 LEADER]: Becoming Leader. State: Replica: 148dc963cec64232ad3b248abad6f36d, State: Running, Role: LEADER
I20260709 13:07:48.066326 24674 tablet_service.cc:1917] Received RequestConsensusVote() RPC: tablet_id: "bf2646e18c7042728614c4bbf5b867aa" candidate_uuid: "96002c98f2d142e4b67dc5105a06079c" candidate_term: 1 candidate_status { last_received { term: 0 index: 0 } } ignore_live_leader: false dest_uuid: "148dc963cec64232ad3b248abad6f36d"
I20260709 13:07:48.066934 24674 raft_consensus.cc:3060] T bf2646e18c7042728614c4bbf5b867aa P 148dc963cec64232ad3b248abad6f36d [term 0 FOLLOWER]: Advancing to term 1
I20260709 13:07:48.070325 24714 tablet_bootstrap.cc:492] T 24de2d510450446080d67047a1f1eebe P 0131806e3b9647128f32db1ab8d314fc: No bootstrap required, opened a new log
I20260709 13:07:48.070770 24714 ts_tablet_manager.cc:1403] T 24de2d510450446080d67047a1f1eebe P 0131806e3b9647128f32db1ab8d314fc: Time spent bootstrapping tablet: real 0.194s	user 0.052s	sys 0.075s
I20260709 13:07:48.070843 24524 raft_consensus.cc:2468] T 90e49b6f6ffd4dde98abdfd00821bc27 P 0131806e3b9647128f32db1ab8d314fc [term 1 FOLLOWER]: Leader election vote request: Granting yes vote for candidate 148dc963cec64232ad3b248abad6f36d in term 1.
I20260709 13:07:48.075114 24715 tablet_bootstrap.cc:654] T 182cc63718a84173a76583588f193929 P 96002c98f2d142e4b67dc5105a06079c: Neither blocks nor log segments found. Creating new log.
I20260709 13:07:48.063978 24786 leader_election.cc:290] T bf2646e18c7042728614c4bbf5b867aa P 96002c98f2d142e4b67dc5105a06079c [CANDIDATE]: Term 1 election: Requested vote from peers 0131806e3b9647128f32db1ab8d314fc (127.22.225.129:45343), 148dc963cec64232ad3b248abad6f36d (127.22.225.131:37451)
I20260709 13:07:48.079556 24714 raft_consensus.cc:359] T 24de2d510450446080d67047a1f1eebe P 0131806e3b9647128f32db1ab8d314fc [term 0 FOLLOWER]: Replica starting. Triggering 0 pending ops. Active config: opid_index: -1 OBSOLETE_local: false peers { permanent_uuid: "0131806e3b9647128f32db1ab8d314fc" member_type: VOTER last_known_addr { host: "127.22.225.129" port: 45343 } } peers { permanent_uuid: "96002c98f2d142e4b67dc5105a06079c" member_type: VOTER last_known_addr { host: "127.22.225.130" port: 39455 } } peers { permanent_uuid: "148dc963cec64232ad3b248abad6f36d" member_type: VOTER last_known_addr { host: "127.22.225.131" port: 37451 } }
I20260709 13:07:48.080265 24714 raft_consensus.cc:385] T 24de2d510450446080d67047a1f1eebe P 0131806e3b9647128f32db1ab8d314fc [term 0 FOLLOWER]: Consensus starting up: Expiring failure detector timer to make a prompt election more likely
I20260709 13:07:48.080566 24714 raft_consensus.cc:740] T 24de2d510450446080d67047a1f1eebe P 0131806e3b9647128f32db1ab8d314fc [term 0 FOLLOWER]: Becoming Follower/Learner. State: Replica: 0131806e3b9647128f32db1ab8d314fc, State: Initialized, Role: FOLLOWER
I20260709 13:07:48.081672 24714 consensus_queue.cc:260] T 24de2d510450446080d67047a1f1eebe P 0131806e3b9647128f32db1ab8d314fc [NON_LEADER]: Queue going to NON_LEADER mode. State: All replicated index: 0, Majority replicated index: 0, Committed index: 0, Last appended: 0.0, Last appended by leader: 0, Current term: 0, Majority size: -1, State: 0, Mode: NON_LEADER, active raft config: opid_index: -1 OBSOLETE_local: false peers { permanent_uuid: "0131806e3b9647128f32db1ab8d314fc" member_type: VOTER last_known_addr { host: "127.22.225.129" port: 45343 } } peers { permanent_uuid: "96002c98f2d142e4b67dc5105a06079c" member_type: VOTER last_known_addr { host: "127.22.225.130" port: 39455 } } peers { permanent_uuid: "148dc963cec64232ad3b248abad6f36d" member_type: VOTER last_known_addr { host: "127.22.225.131" port: 37451 } }
I20260709 13:07:48.083231 24817 raft_consensus.cc:493] T 5a74983bd9b34474a7cd38346edf8a64 P 0131806e3b9647128f32db1ab8d314fc [term 0 FOLLOWER]: Starting pre-election (no leader contacted us within the election timeout)
I20260709 13:07:48.081832 24780 consensus_queue.cc:237] T 90e49b6f6ffd4dde98abdfd00821bc27 P 148dc963cec64232ad3b248abad6f36d [LEADER]: Queue going to LEADER mode. State: All replicated index: 0, Majority replicated index: 0, Committed index: 0, Last appended: 0.0, Last appended by leader: 0, Current term: 1, Majority size: 2, State: 0, Mode: LEADER, active raft config: opid_index: -1 OBSOLETE_local: false peers { permanent_uuid: "0131806e3b9647128f32db1ab8d314fc" member_type: VOTER last_known_addr { host: "127.22.225.129" port: 45343 } } peers { permanent_uuid: "96002c98f2d142e4b67dc5105a06079c" member_type: VOTER last_known_addr { host: "127.22.225.130" port: 39455 } } peers { permanent_uuid: "148dc963cec64232ad3b248abad6f36d" member_type: VOTER last_known_addr { host: "127.22.225.131" port: 37451 } }
I20260709 13:07:48.080626 24751 raft_consensus.cc:493] T 6458c5ddfa4b4a4188e06ad9fc7d983d P 0131806e3b9647128f32db1ab8d314fc [term 0 FOLLOWER]: Starting pre-election (no leader contacted us within the election timeout)
I20260709 13:07:48.085346 24751 raft_consensus.cc:515] T 6458c5ddfa4b4a4188e06ad9fc7d983d P 0131806e3b9647128f32db1ab8d314fc [term 0 FOLLOWER]: Starting pre-election with config: opid_index: -1 OBSOLETE_local: false peers { permanent_uuid: "0131806e3b9647128f32db1ab8d314fc" member_type: VOTER last_known_addr { host: "127.22.225.129" port: 45343 } } peers { permanent_uuid: "96002c98f2d142e4b67dc5105a06079c" member_type: VOTER last_known_addr { host: "127.22.225.130" port: 39455 } } peers { permanent_uuid: "148dc963cec64232ad3b248abad6f36d" member_type: VOTER last_known_addr { host: "127.22.225.131" port: 37451 } }
I20260709 13:07:48.089069 24598 tablet_service.cc:1917] Received RequestConsensusVote() RPC: tablet_id: "6458c5ddfa4b4a4188e06ad9fc7d983d" candidate_uuid: "0131806e3b9647128f32db1ab8d314fc" candidate_term: 1 candidate_status { last_received { term: 0 index: 0 } } ignore_live_leader: false dest_uuid: "96002c98f2d142e4b67dc5105a06079c" is_pre_election: true
I20260709 13:07:48.090763 24751 leader_election.cc:290] T 6458c5ddfa4b4a4188e06ad9fc7d983d P 0131806e3b9647128f32db1ab8d314fc [CANDIDATE]: Term 1 pre-election: Requested pre-vote from peers 96002c98f2d142e4b67dc5105a06079c (127.22.225.130:39455), 148dc963cec64232ad3b248abad6f36d (127.22.225.131:37451)
