I20260709 13:07:44.159647 22012 raft_consensus.cc:740] T 01870f9a9f4c421da34dfbb07ee9ca03 P c5384020dc18488187d8613b57c23726 [term 0 FOLLOWER]: Becoming Follower/Learner. State: Replica: c5384020dc18488187d8613b57c23726, State: Initialized, Role: FOLLOWER
I20260709 13:07:44.160476 22012 consensus_queue.cc:260] T 01870f9a9f4c421da34dfbb07ee9ca03 P c5384020dc18488187d8613b57c23726 [NON_LEADER]: Queue going to NON_LEADER mode. State: All replicated index: 0, Majority replicated index: 0, Committed index: 0, Last appended: 0.0, Last appended by leader: 0, Current term: 0, Majority size: -1, State: 0, Mode: NON_LEADER, active raft config: opid_index: -1 OBSOLETE_local: false peers { permanent_uuid: "3ca8006f87b844a88c1d3b62aca6f80e" member_type: VOTER last_known_addr { host: "127.20.59.65" port: 32869 } } peers { permanent_uuid: "744474c799e545918adea5c9feb8f10b" member_type: VOTER last_known_addr { host: "127.20.59.66" port: 37189 } } peers { permanent_uuid: "c5384020dc18488187d8613b57c23726" member_type: VOTER last_known_addr { host: "127.20.59.67" port: 44233 } }
I20260709 13:07:44.157133 21786 leader_election.cc:304] T 690976793be24c56b07c7e8cdc49d120 P 3ca8006f87b844a88c1d3b62aca6f80e [CANDIDATE]: Term 1 pre-election: Election decided. Result: candidate lost. Election summary: received 3 responses out of 3 voters: 1 yes votes; 2 no votes. yes voters: 3ca8006f87b844a88c1d3b62aca6f80e; no voters: 744474c799e545918adea5c9feb8f10b, c5384020dc18488187d8613b57c23726
I20260709 13:07:44.162346 22012 ts_tablet_manager.cc:1434] T 01870f9a9f4c421da34dfbb07ee9ca03 P c5384020dc18488187d8613b57c23726: Time spent starting tablet: real 0.006s	user 0.005s	sys 0.000s
I20260709 13:07:44.163208 22012 tablet_bootstrap.cc:492] T f200e2f98b2a4a2eb7df08efae284d8c P c5384020dc18488187d8613b57c23726: Bootstrap starting.
I20260709 13:07:44.163501 22129 raft_consensus.cc:2749] T 690976793be24c56b07c7e8cdc49d120 P 3ca8006f87b844a88c1d3b62aca6f80e [term 0 FOLLOWER]: Leader pre-election lost for term 1. Reason: could not achieve majority
I20260709 13:07:44.165836 22021 tablet_bootstrap.cc:492] T 3c85500baf3c440e830c0adf5102edc9 P 744474c799e545918adea5c9feb8f10b: No bootstrap required, opened a new log
I20260709 13:07:44.166304 22021 ts_tablet_manager.cc:1403] T 3c85500baf3c440e830c0adf5102edc9 P 744474c799e545918adea5c9feb8f10b: Time spent bootstrapping tablet: real 0.118s	user 0.024s	sys 0.054s
I20260709 13:07:44.168823 22021 raft_consensus.cc:359] T 3c85500baf3c440e830c0adf5102edc9 P 744474c799e545918adea5c9feb8f10b [term 0 FOLLOWER]: Replica starting. Triggering 0 pending ops. Active config: opid_index: -1 OBSOLETE_local: false peers { permanent_uuid: "3ca8006f87b844a88c1d3b62aca6f80e" member_type: VOTER last_known_addr { host: "127.20.59.65" port: 32869 } } peers { permanent_uuid: "744474c799e545918adea5c9feb8f10b" member_type: VOTER last_known_addr { host: "127.20.59.66" port: 37189 } } peers { permanent_uuid: "c5384020dc18488187d8613b57c23726" member_type: VOTER last_known_addr { host: "127.20.59.67" port: 44233 } }
I20260709 13:07:44.169315 22012 tablet_bootstrap.cc:654] T f200e2f98b2a4a2eb7df08efae284d8c P c5384020dc18488187d8613b57c23726: Neither blocks nor log segments found. Creating new log.
I20260709 13:07:44.169462 22021 raft_consensus.cc:385] T 3c85500baf3c440e830c0adf5102edc9 P 744474c799e545918adea5c9feb8f10b [term 0 FOLLOWER]: Consensus starting up: Expiring failure detector timer to make a prompt election more likely
I20260709 13:07:44.169739 22021 raft_consensus.cc:740] T 3c85500baf3c440e830c0adf5102edc9 P 744474c799e545918adea5c9feb8f10b [term 0 FOLLOWER]: Becoming Follower/Learner. State: Replica: 744474c799e545918adea5c9feb8f10b, State: Initialized, Role: FOLLOWER
I20260709 13:07:44.170370 22013 tablet_bootstrap.cc:492] T 634285d301864e26ad16881d97fdbfde P 3ca8006f87b844a88c1d3b62aca6f80e: No bootstrap required, opened a new log
I20260709 13:07:44.170833 22013 ts_tablet_manager.cc:1403] T 634285d301864e26ad16881d97fdbfde P 3ca8006f87b844a88c1d3b62aca6f80e: Time spent bootstrapping tablet: real 0.075s	user 0.006s	sys 0.004s
I20260709 13:07:44.172492 22021 consensus_queue.cc:260] T 3c85500baf3c440e830c0adf5102edc9 P 744474c799e545918adea5c9feb8f10b [NON_LEADER]: Queue going to NON_LEADER mode. State: All replicated index: 0, Majority replicated index: 0, Committed index: 0, Last appended: 0.0, Last appended by leader: 0, Current term: 0, Majority size: -1, State: 0, Mode: NON_LEADER, active raft config: opid_index: -1 OBSOLETE_local: false peers { permanent_uuid: "3ca8006f87b844a88c1d3b62aca6f80e" member_type: VOTER last_known_addr { host: "127.20.59.65" port: 32869 } } peers { permanent_uuid: "744474c799e545918adea5c9feb8f10b" member_type: VOTER last_known_addr { host: "127.20.59.66" port: 37189 } } peers { permanent_uuid: "c5384020dc18488187d8613b57c23726" member_type: VOTER last_known_addr { host: "127.20.59.67" port: 44233 } }
I20260709 13:07:44.173281 22013 raft_consensus.cc:359] T 634285d301864e26ad16881d97fdbfde P 3ca8006f87b844a88c1d3b62aca6f80e [term 0 FOLLOWER]: Replica starting. Triggering 0 pending ops. Active config: opid_index: -1 OBSOLETE_local: false peers { permanent_uuid: "3ca8006f87b844a88c1d3b62aca6f80e" member_type: VOTER last_known_addr { host: "127.20.59.65" port: 32869 } } peers { permanent_uuid: "744474c799e545918adea5c9feb8f10b" member_type: VOTER last_known_addr { host: "127.20.59.66" port: 37189 } } peers { permanent_uuid: "c5384020dc18488187d8613b57c23726" member_type: VOTER last_known_addr { host: "127.20.59.67" port: 44233 } }
I20260709 13:07:44.173962 22013 raft_consensus.cc:385] T 634285d301864e26ad16881d97fdbfde P 3ca8006f87b844a88c1d3b62aca6f80e [term 0 FOLLOWER]: Consensus starting up: Expiring failure detector timer to make a prompt election more likely
I20260709 13:07:44.174221 22013 raft_consensus.cc:740] T 634285d301864e26ad16881d97fdbfde P 3ca8006f87b844a88c1d3b62aca6f80e [term 0 FOLLOWER]: Becoming Follower/Learner. State: Replica: 3ca8006f87b844a88c1d3b62aca6f80e, State: Initialized, Role: FOLLOWER
I20260709 13:07:44.174844 22013 consensus_queue.cc:260] T 634285d301864e26ad16881d97fdbfde P 3ca8006f87b844a88c1d3b62aca6f80e [NON_LEADER]: Queue going to NON_LEADER mode. State: All replicated index: 0, Majority replicated index: 0, Committed index: 0, Last appended: 0.0, Last appended by leader: 0, Current term: 0, Majority size: -1, State: 0, Mode: NON_LEADER, active raft config: opid_index: -1 OBSOLETE_local: false peers { permanent_uuid: "3ca8006f87b844a88c1d3b62aca6f80e" member_type: VOTER last_known_addr { host: "127.20.59.65" port: 32869 } } peers { permanent_uuid: "744474c799e545918adea5c9feb8f10b" member_type: VOTER last_known_addr { host: "127.20.59.66" port: 37189 } } peers { permanent_uuid: "c5384020dc18488187d8613b57c23726" member_type: VOTER last_known_addr { host: "127.20.59.67" port: 44233 } }
I20260709 13:07:44.178913 22021 ts_tablet_manager.cc:1434] T 3c85500baf3c440e830c0adf5102edc9 P 744474c799e545918adea5c9feb8f10b: Time spent starting tablet: real 0.012s	user 0.007s	sys 0.002s
I20260709 13:07:44.179984 22021 tablet_bootstrap.cc:492] T 2772d9d90b674a829176a922153899be P 744474c799e545918adea5c9feb8f10b: Bootstrap starting.
I20260709 13:07:44.183144 22030 raft_consensus.cc:493] T 9715767fa2034a1891d0384856458058 P 744474c799e545918adea5c9feb8f10b [term 0 FOLLOWER]: Starting pre-election (no leader contacted us within the election timeout)
I20260709 13:07:44.183665 22030 raft_consensus.cc:515] T 9715767fa2034a1891d0384856458058 P 744474c799e545918adea5c9feb8f10b [term 0 FOLLOWER]: Starting pre-election with config: opid_index: -1 OBSOLETE_local: false peers { permanent_uuid: "3ca8006f87b844a88c1d3b62aca6f80e" member_type: VOTER last_known_addr { host: "127.20.59.65" port: 32869 } } peers { permanent_uuid: "744474c799e545918adea5c9feb8f10b" member_type: VOTER last_known_addr { host: "127.20.59.66" port: 37189 } } peers { permanent_uuid: "c5384020dc18488187d8613b57c23726" member_type: VOTER last_known_addr { host: "127.20.59.67" port: 44233 } }
I20260709 13:07:44.185541 22030 leader_election.cc:290] T 9715767fa2034a1891d0384856458058 P 744474c799e545918adea5c9feb8f10b [CANDIDATE]: Term 1 pre-election: Requested pre-vote from peers 3ca8006f87b844a88c1d3b62aca6f80e (127.20.59.65:32869), c5384020dc18488187d8613b57c23726 (127.20.59.67:44233)
I20260709 13:07:44.186069 22021 tablet_bootstrap.cc:654] T 2772d9d90b674a829176a922153899be P 744474c799e545918adea5c9feb8f10b: Neither blocks nor log segments found. Creating new log.
I20260709 13:07:44.190538 21822 tablet_service.cc:1917] Received RequestConsensusVote() RPC: tablet_id: "9715767fa2034a1891d0384856458058" candidate_uuid: "744474c799e545918adea5c9feb8f10b" candidate_term: 1 candidate_status { last_received { term: 0 index: 0 } } ignore_live_leader: false dest_uuid: "3ca8006f87b844a88c1d3b62aca6f80e" is_pre_election: true
I20260709 13:07:44.191349 21822 raft_consensus.cc:2393] T 9715767fa2034a1891d0384856458058 P 3ca8006f87b844a88c1d3b62aca6f80e [term 1 FOLLOWER]: Leader pre-election vote request: Denying vote to candidate 744474c799e545918adea5c9feb8f10b in current term 1: Already voted for candidate 3ca8006f87b844a88c1d3b62aca6f80e in this term.
I20260709 13:07:44.192344 21970 tablet_service.cc:1917] Received RequestConsensusVote() RPC: tablet_id: "9715767fa2034a1891d0384856458058" candidate_uuid: "744474c799e545918adea5c9feb8f10b" candidate_term: 1 candidate_status { last_received { term: 0 index: 0 } } ignore_live_leader: false dest_uuid: "c5384020dc18488187d8613b57c23726" is_pre_election: true
I20260709 13:07:44.193187 21970 raft_consensus.cc:2393] T 9715767fa2034a1891d0384856458058 P c5384020dc18488187d8613b57c23726 [term 1 FOLLOWER]: Leader pre-election vote request: Denying vote to candidate 744474c799e545918adea5c9feb8f10b in current term 1: Already voted for candidate c5384020dc18488187d8613b57c23726 in this term.
I20260709 13:07:44.194304 21861 leader_election.cc:304] T 9715767fa2034a1891d0384856458058 P 744474c799e545918adea5c9feb8f10b [CANDIDATE]: Term 1 pre-election: Election decided. Result: candidate lost. Election summary: received 3 responses out of 3 voters: 1 yes votes; 2 no votes. yes voters: 744474c799e545918adea5c9feb8f10b; no voters: 3ca8006f87b844a88c1d3b62aca6f80e, c5384020dc18488187d8613b57c23726
I20260709 13:07:44.195392 22030 raft_consensus.cc:3060] T 9715767fa2034a1891d0384856458058 P 744474c799e545918adea5c9feb8f10b [term 0 FOLLOWER]: Advancing to term 1
I20260709 13:07:44.177244 21720 catalog_manager.cc:5697] T 7a3941f3896a43faa1f7126f8c2c2b3c P c5384020dc18488187d8613b57c23726 reported cstate change: term changed from 0 to 1, leader changed from <none> to c5384020dc18488187d8613b57c23726 (127.20.59.67). New cstate: current_term: 1 leader_uuid: "c5384020dc18488187d8613b57c23726" committed_config { opid_index: -1 OBSOLETE_local: false peers { permanent_uuid: "3ca8006f87b844a88c1d3b62aca6f80e" member_type: VOTER last_known_addr { host: "127.20.59.65" port: 32869 } health_report { overall_health: UNKNOWN } } peers { permanent_uuid: "744474c799e545918adea5c9feb8f10b" member_type: VOTER last_known_addr { host: "127.20.59.66" port: 37189 } health_report { overall_health: UNKNOWN } } peers { permanent_uuid: "c5384020dc18488187d8613b57c23726" member_type: VOTER last_known_addr { host: "127.20.59.67" port: 44233 } health_report { overall_health: HEALTHY } } }
I20260709 13:07:44.199499 21720 catalog_manager.cc:5697] T d239f7f3007c402288896594d3bb8f80 P c5384020dc18488187d8613b57c23726 reported cstate change: term changed from 0 to 1, leader changed from <none> to c5384020dc18488187d8613b57c23726 (127.20.59.67). New cstate: current_term: 1 leader_uuid: "c5384020dc18488187d8613b57c23726" committed_config { opid_index: -1 OBSOLETE_local: false peers { permanent_uuid: "3ca8006f87b844a88c1d3b62aca6f80e" member_type: VOTER last_known_addr { host: "127.20.59.65" port: 32869 } health_report { overall_health: UNKNOWN } } peers { permanent_uuid: "744474c799e545918adea5c9feb8f10b" member_type: VOTER last_known_addr { host: "127.20.59.66" port: 37189 } health_report { overall_health: UNKNOWN } } peers { permanent_uuid: "c5384020dc18488187d8613b57c23726" member_type: VOTER last_known_addr { host: "127.20.59.67" port: 44233 } health_report { overall_health: HEALTHY } } }
I20260709 13:07:44.201751 22030 raft_consensus.cc:2749] T 9715767fa2034a1891d0384856458058 P 744474c799e545918adea5c9feb8f10b [term 1 FOLLOWER]: Leader pre-election lost for term 1. Reason: could not achieve majority
I20260709 13:07:44.202472 22013 ts_tablet_manager.cc:1434] T 634285d301864e26ad16881d97fdbfde P 3ca8006f87b844a88c1d3b62aca6f80e: Time spent starting tablet: real 0.031s	user 0.006s	sys 0.000s
I20260709 13:07:44.203469 22013 tablet_bootstrap.cc:492] T ee2ab1eab719467d9cd650e7f61535cb P 3ca8006f87b844a88c1d3b62aca6f80e: Bootstrap starting.
I20260709 13:07:44.208843 22013 tablet_bootstrap.cc:654] T ee2ab1eab719467d9cd650e7f61535cb P 3ca8006f87b844a88c1d3b62aca6f80e: Neither blocks nor log segments found. Creating new log.
I20260709 13:07:44.213774 22012 tablet_bootstrap.cc:492] T f200e2f98b2a4a2eb7df08efae284d8c P c5384020dc18488187d8613b57c23726: No bootstrap required, opened a new log
I20260709 13:07:44.214267 22012 ts_tablet_manager.cc:1403] T f200e2f98b2a4a2eb7df08efae284d8c P c5384020dc18488187d8613b57c23726: Time spent bootstrapping tablet: real 0.051s	user 0.017s	sys 0.030s
I20260709 13:07:44.216910 22012 raft_consensus.cc:359] T f200e2f98b2a4a2eb7df08efae284d8c P c5384020dc18488187d8613b57c23726 [term 0 FOLLOWER]: Replica starting. Triggering 0 pending ops. Active config: opid_index: -1 OBSOLETE_local: false peers { permanent_uuid: "3ca8006f87b844a88c1d3b62aca6f80e" member_type: VOTER last_known_addr { host: "127.20.59.65" port: 32869 } } peers { permanent_uuid: "744474c799e545918adea5c9feb8f10b" member_type: VOTER last_known_addr { host: "127.20.59.66" port: 37189 } } peers { permanent_uuid: "c5384020dc18488187d8613b57c23726" member_type: VOTER last_known_addr { host: "127.20.59.67" port: 44233 } }
I20260709 13:07:44.217706 22012 raft_consensus.cc:385] T f200e2f98b2a4a2eb7df08efae284d8c P c5384020dc18488187d8613b57c23726 [term 0 FOLLOWER]: Consensus starting up: Expiring failure detector timer to make a prompt election more likely
I20260709 13:07:44.217983 22012 raft_consensus.cc:740] T f200e2f98b2a4a2eb7df08efae284d8c P c5384020dc18488187d8613b57c23726 [term 0 FOLLOWER]: Becoming Follower/Learner. State: Replica: c5384020dc18488187d8613b57c23726, State: Initialized, Role: FOLLOWER
I20260709 13:07:44.218762 22012 consensus_queue.cc:260] T f200e2f98b2a4a2eb7df08efae284d8c P c5384020dc18488187d8613b57c23726 [NON_LEADER]: Queue going to NON_LEADER mode. State: All replicated index: 0, Majority replicated index: 0, Committed index: 0, Last appended: 0.0, Last appended by leader: 0, Current term: 0, Majority size: -1, State: 0, Mode: NON_LEADER, active raft config: opid_index: -1 OBSOLETE_local: false peers { permanent_uuid: "3ca8006f87b844a88c1d3b62aca6f80e" member_type: VOTER last_known_addr { host: "127.20.59.65" port: 32869 } } peers { permanent_uuid: "744474c799e545918adea5c9feb8f10b" member_type: VOTER last_known_addr { host: "127.20.59.66" port: 37189 } } peers { permanent_uuid: "c5384020dc18488187d8613b57c23726" member_type: VOTER last_known_addr { host: "127.20.59.67" port: 44233 } }
I20260709 13:07:44.221207 22012 ts_tablet_manager.cc:1434] T f200e2f98b2a4a2eb7df08efae284d8c P c5384020dc18488187d8613b57c23726: Time spent starting tablet: real 0.007s	user 0.004s	sys 0.004s
I20260709 13:07:44.221261 22013 tablet_bootstrap.cc:492] T ee2ab1eab719467d9cd650e7f61535cb P 3ca8006f87b844a88c1d3b62aca6f80e: No bootstrap required, opened a new log
I20260709 13:07:44.222201 22012 tablet_bootstrap.cc:492] T 23ab891ac0ab46698719490da5520046 P c5384020dc18488187d8613b57c23726: Bootstrap starting.
I20260709 13:07:44.222321 22013 ts_tablet_manager.cc:1403] T ee2ab1eab719467d9cd650e7f61535cb P 3ca8006f87b844a88c1d3b62aca6f80e: Time spent bootstrapping tablet: real 0.019s	user 0.012s	sys 0.004s
I20260709 13:07:44.224862 22013 raft_consensus.cc:359] T ee2ab1eab719467d9cd650e7f61535cb P 3ca8006f87b844a88c1d3b62aca6f80e [term 0 FOLLOWER]: Replica starting. Triggering 0 pending ops. Active config: opid_index: -1 OBSOLETE_local: false peers { permanent_uuid: "3ca8006f87b844a88c1d3b62aca6f80e" member_type: VOTER last_known_addr { host: "127.20.59.65" port: 32869 } } peers { permanent_uuid: "744474c799e545918adea5c9feb8f10b" member_type: VOTER last_known_addr { host: "127.20.59.66" port: 37189 } } peers { permanent_uuid: "c5384020dc18488187d8613b57c23726" member_type: VOTER last_known_addr { host: "127.20.59.67" port: 44233 } }
I20260709 13:07:44.225315 22013 raft_consensus.cc:385] T ee2ab1eab719467d9cd650e7f61535cb P 3ca8006f87b844a88c1d3b62aca6f80e [term 0 FOLLOWER]: Consensus starting up: Expiring failure detector timer to make a prompt election more likely
I20260709 13:07:44.225533 22013 raft_consensus.cc:740] T ee2ab1eab719467d9cd650e7f61535cb P 3ca8006f87b844a88c1d3b62aca6f80e [term 0 FOLLOWER]: Becoming Follower/Learner. State: Replica: 3ca8006f87b844a88c1d3b62aca6f80e, State: Initialized, Role: FOLLOWER
I20260709 13:07:44.226111 22013 consensus_queue.cc:260] T ee2ab1eab719467d9cd650e7f61535cb P 3ca8006f87b844a88c1d3b62aca6f80e [NON_LEADER]: Queue going to NON_LEADER mode. State: All replicated index: 0, Majority replicated index: 0, Committed index: 0, Last appended: 0.0, Last appended by leader: 0, Current term: 0, Majority size: -1, State: 0, Mode: NON_LEADER, active raft config: opid_index: -1 OBSOLETE_local: false peers { permanent_uuid: "3ca8006f87b844a88c1d3b62aca6f80e" member_type: VOTER last_known_addr { host: "127.20.59.65" port: 32869 } } peers { permanent_uuid: "744474c799e545918adea5c9feb8f10b" member_type: VOTER last_known_addr { host: "127.20.59.66" port: 37189 } } peers { permanent_uuid: "c5384020dc18488187d8613b57c23726" member_type: VOTER last_known_addr { host: "127.20.59.67" port: 44233 } }
I20260709 13:07:44.227331 22012 tablet_bootstrap.cc:654] T 23ab891ac0ab46698719490da5520046 P c5384020dc18488187d8613b57c23726: Neither blocks nor log segments found. Creating new log.
I20260709 13:07:44.227819 22013 ts_tablet_manager.cc:1434] T ee2ab1eab719467d9cd650e7f61535cb P 3ca8006f87b844a88c1d3b62aca6f80e: Time spent starting tablet: real 0.005s	user 0.005s	sys 0.000s
I20260709 13:07:44.229699 22021 tablet_bootstrap.cc:492] T 2772d9d90b674a829176a922153899be P 744474c799e545918adea5c9feb8f10b: No bootstrap required, opened a new log
I20260709 13:07:44.230152 22021 ts_tablet_manager.cc:1403] T 2772d9d90b674a829176a922153899be P 744474c799e545918adea5c9feb8f10b: Time spent bootstrapping tablet: real 0.050s	user 0.025s	sys 0.018s
I20260709 13:07:44.230581 22013 tablet_bootstrap.cc:492] T 2772d9d90b674a829176a922153899be P 3ca8006f87b844a88c1d3b62aca6f80e: Bootstrap starting.
I20260709 13:07:44.232847 22021 raft_consensus.cc:359] T 2772d9d90b674a829176a922153899be P 744474c799e545918adea5c9feb8f10b [term 0 FOLLOWER]: Replica starting. Triggering 0 pending ops. Active config: opid_index: -1 OBSOLETE_local: false peers { permanent_uuid: "3ca8006f87b844a88c1d3b62aca6f80e" member_type: VOTER last_known_addr { host: "127.20.59.65" port: 32869 } } peers { permanent_uuid: "744474c799e545918adea5c9feb8f10b" member_type: VOTER last_known_addr { host: "127.20.59.66" port: 37189 } } peers { permanent_uuid: "c5384020dc18488187d8613b57c23726" member_type: VOTER last_known_addr { host: "127.20.59.67" port: 44233 } }
I20260709 13:07:44.233529 22021 raft_consensus.cc:385] T 2772d9d90b674a829176a922153899be P 744474c799e545918adea5c9feb8f10b [term 0 FOLLOWER]: Consensus starting up: Expiring failure detector timer to make a prompt election more likely
I20260709 13:07:44.233781 22021 raft_consensus.cc:740] T 2772d9d90b674a829176a922153899be P 744474c799e545918adea5c9feb8f10b [term 0 FOLLOWER]: Becoming Follower/Learner. State: Replica: 744474c799e545918adea5c9feb8f10b, State: Initialized, Role: FOLLOWER
I20260709 13:07:44.234550 22021 consensus_queue.cc:260] T 2772d9d90b674a829176a922153899be P 744474c799e545918adea5c9feb8f10b [NON_LEADER]: Queue going to NON_LEADER mode. State: All replicated index: 0, Majority replicated index: 0, Committed index: 0, Last appended: 0.0, Last appended by leader: 0, Current term: 0, Majority size: -1, State: 0, Mode: NON_LEADER, active raft config: opid_index: -1 OBSOLETE_local: false peers { permanent_uuid: "3ca8006f87b844a88c1d3b62aca6f80e" member_type: VOTER last_known_addr { host: "127.20.59.65" port: 32869 } } peers { permanent_uuid: "744474c799e545918adea5c9feb8f10b" member_type: VOTER last_known_addr { host: "127.20.59.66" port: 37189 } } peers { permanent_uuid: "c5384020dc18488187d8613b57c23726" member_type: VOTER last_known_addr { host: "127.20.59.67" port: 44233 } }
I20260709 13:07:44.236819 22013 tablet_bootstrap.cc:654] T 2772d9d90b674a829176a922153899be P 3ca8006f87b844a88c1d3b62aca6f80e: Neither blocks nor log segments found. Creating new log.
I20260709 13:07:44.238595 22030 raft_consensus.cc:493] T 634285d301864e26ad16881d97fdbfde P 744474c799e545918adea5c9feb8f10b [term 0 FOLLOWER]: Starting pre-election (no leader contacted us within the election timeout)
I20260709 13:07:44.239151 22030 raft_consensus.cc:515] T 634285d301864e26ad16881d97fdbfde P 744474c799e545918adea5c9feb8f10b [term 0 FOLLOWER]: Starting pre-election with config: opid_index: -1 OBSOLETE_local: false peers { permanent_uuid: "3ca8006f87b844a88c1d3b62aca6f80e" member_type: VOTER last_known_addr { host: "127.20.59.65" port: 32869 } } peers { permanent_uuid: "744474c799e545918adea5c9feb8f10b" member_type: VOTER last_known_addr { host: "127.20.59.66" port: 37189 } } peers { permanent_uuid: "c5384020dc18488187d8613b57c23726" member_type: VOTER last_known_addr { host: "127.20.59.67" port: 44233 } }
I20260709 13:07:44.241276 22030 leader_election.cc:290] T 634285d301864e26ad16881d97fdbfde P 744474c799e545918adea5c9feb8f10b [CANDIDATE]: Term 1 pre-election: Requested pre-vote from peers 3ca8006f87b844a88c1d3b62aca6f80e (127.20.59.65:32869), c5384020dc18488187d8613b57c23726 (127.20.59.67:44233)
I20260709 13:07:44.242676 21822 tablet_service.cc:1917] Received RequestConsensusVote() RPC: tablet_id: "634285d301864e26ad16881d97fdbfde" candidate_uuid: "744474c799e545918adea5c9feb8f10b" candidate_term: 1 candidate_status { last_received { term: 0 index: 0 } } ignore_live_leader: false dest_uuid: "3ca8006f87b844a88c1d3b62aca6f80e" is_pre_election: true
I20260709 13:07:44.243126 22021 ts_tablet_manager.cc:1434] T 2772d9d90b674a829176a922153899be P 744474c799e545918adea5c9feb8f10b: Time spent starting tablet: real 0.013s	user 0.004s	sys 0.003s
I20260709 13:07:44.243355 21822 raft_consensus.cc:2468] T 634285d301864e26ad16881d97fdbfde P 3ca8006f87b844a88c1d3b62aca6f80e [term 0 FOLLOWER]: Leader pre-election vote request: Granting yes vote for candidate 744474c799e545918adea5c9feb8f10b in term 0.
I20260709 13:07:44.242676 21970 tablet_service.cc:1917] Received RequestConsensusVote() RPC: tablet_id: "634285d301864e26ad16881d97fdbfde" candidate_uuid: "744474c799e545918adea5c9feb8f10b" candidate_term: 1 candidate_status { last_received { term: 0 index: 0 } } ignore_live_leader: false dest_uuid: "c5384020dc18488187d8613b57c23726" is_pre_election: true
I20260709 13:07:44.244707 21970 raft_consensus.cc:2468] T 634285d301864e26ad16881d97fdbfde P c5384020dc18488187d8613b57c23726 [term 0 FOLLOWER]: Leader pre-election vote request: Granting yes vote for candidate 744474c799e545918adea5c9feb8f10b in term 0.
I20260709 13:07:44.244313 22021 tablet_bootstrap.cc:492] T 26f8ecc99f8d4602b02349a20bffdbbb P 744474c799e545918adea5c9feb8f10b: Bootstrap starting.
I20260709 13:07:44.246874 22043 raft_consensus.cc:493] T f200e2f98b2a4a2eb7df08efae284d8c P c5384020dc18488187d8613b57c23726 [term 0 FOLLOWER]: Starting pre-election (no leader contacted us within the election timeout)
I20260709 13:07:44.247330 22043 raft_consensus.cc:515] T f200e2f98b2a4a2eb7df08efae284d8c P c5384020dc18488187d8613b57c23726 [term 0 FOLLOWER]: Starting pre-election with config: opid_index: -1 OBSOLETE_local: false peers { permanent_uuid: "3ca8006f87b844a88c1d3b62aca6f80e" member_type: VOTER last_known_addr { host: "127.20.59.65" port: 32869 } } peers { permanent_uuid: "744474c799e545918adea5c9feb8f10b" member_type: VOTER last_known_addr { host: "127.20.59.66" port: 37189 } } peers { permanent_uuid: "c5384020dc18488187d8613b57c23726" member_type: VOTER last_known_addr { host: "127.20.59.67" port: 44233 } }
I20260709 13:07:44.248049 21861 leader_election.cc:304] T 634285d301864e26ad16881d97fdbfde P 744474c799e545918adea5c9feb8f10b [CANDIDATE]: Term 1 pre-election: Election decided. Result: candidate won. Election summary: received 2 responses out of 3 voters: 2 yes votes; 0 no votes. yes voters: 3ca8006f87b844a88c1d3b62aca6f80e, 744474c799e545918adea5c9feb8f10b; no voters: 
I20260709 13:07:44.249318 22030 raft_consensus.cc:2804] T 634285d301864e26ad16881d97fdbfde P 744474c799e545918adea5c9feb8f10b [term 0 FOLLOWER]: Leader pre-election won for term 1
I20260709 13:07:44.249704 22030 raft_consensus.cc:493] T 634285d301864e26ad16881d97fdbfde P 744474c799e545918adea5c9feb8f10b [term 0 FOLLOWER]: Starting leader election (no leader contacted us within the election timeout)
I20260709 13:07:44.250034 22030 raft_consensus.cc:3060] T 634285d301864e26ad16881d97fdbfde P 744474c799e545918adea5c9feb8f10b [term 0 FOLLOWER]: Advancing to term 1
I20260709 13:07:44.250619 21822 tablet_service.cc:1917] Received RequestConsensusVote() RPC: tablet_id: "f200e2f98b2a4a2eb7df08efae284d8c" candidate_uuid: "c5384020dc18488187d8613b57c23726" candidate_term: 1 candidate_status { last_received { term: 0 index: 0 } } ignore_live_leader: false dest_uuid: "3ca8006f87b844a88c1d3b62aca6f80e" is_pre_election: true
I20260709 13:07:44.250619 21898 tablet_service.cc:1917] Received RequestConsensusVote() RPC: tablet_id: "f200e2f98b2a4a2eb7df08efae284d8c" candidate_uuid: "c5384020dc18488187d8613b57c23726" candidate_term: 1 candidate_status { last_received { term: 0 index: 0 } } ignore_live_leader: false dest_uuid: "744474c799e545918adea5c9feb8f10b" is_pre_election: true
W20260709 13:07:44.252141 21935 leader_election.cc:343] T f200e2f98b2a4a2eb7df08efae284d8c P c5384020dc18488187d8613b57c23726 [CANDIDATE]: Term 1 pre-election: Tablet error from VoteRequest() call to peer 744474c799e545918adea5c9feb8f10b (127.20.59.66:37189): Illegal state: must be running to vote when last-logged opid is not known
W20260709 13:07:44.252761 21935 leader_election.cc:343] T f200e2f98b2a4a2eb7df08efae284d8c P c5384020dc18488187d8613b57c23726 [CANDIDATE]: Term 1 pre-election: Tablet error from VoteRequest() call to peer 3ca8006f87b844a88c1d3b62aca6f80e (127.20.59.65:32869): Illegal state: must be running to vote when last-logged opid is not known
I20260709 13:07:44.253031 22021 tablet_bootstrap.cc:654] T 26f8ecc99f8d4602b02349a20bffdbbb P 744474c799e545918adea5c9feb8f10b: Neither blocks nor log segments found. Creating new log.
I20260709 13:07:44.253150 21935 leader_election.cc:304] T f200e2f98b2a4a2eb7df08efae284d8c P c5384020dc18488187d8613b57c23726 [CANDIDATE]: Term 1 pre-election: Election decided. Result: candidate lost. Election summary: received 3 responses out of 3 voters: 1 yes votes; 2 no votes. yes voters: c5384020dc18488187d8613b57c23726; no voters: 3ca8006f87b844a88c1d3b62aca6f80e, 744474c799e545918adea5c9feb8f10b
I20260709 13:07:44.254175 22012 tablet_bootstrap.cc:492] T 23ab891ac0ab46698719490da5520046 P c5384020dc18488187d8613b57c23726: No bootstrap required, opened a new log
I20260709 13:07:44.254349 22116 raft_consensus.cc:2749] T f200e2f98b2a4a2eb7df08efae284d8c P c5384020dc18488187d8613b57c23726 [term 0 FOLLOWER]: Leader pre-election lost for term 1. Reason: could not achieve majority
I20260709 13:07:44.254617 22012 ts_tablet_manager.cc:1403] T 23ab891ac0ab46698719490da5520046 P c5384020dc18488187d8613b57c23726: Time spent bootstrapping tablet: real 0.033s	user 0.012s	sys 0.012s
I20260709 13:07:44.249336 22043 leader_election.cc:290] T f200e2f98b2a4a2eb7df08efae284d8c P c5384020dc18488187d8613b57c23726 [CANDIDATE]: Term 1 pre-election: Requested pre-vote from peers 3ca8006f87b844a88c1d3b62aca6f80e (127.20.59.65:32869), 744474c799e545918adea5c9feb8f10b (127.20.59.66:37189)
I20260709 13:07:44.257164 22012 raft_consensus.cc:359] T 23ab891ac0ab46698719490da5520046 P c5384020dc18488187d8613b57c23726 [term 0 FOLLOWER]: Replica starting. Triggering 0 pending ops. Active config: opid_index: -1 OBSOLETE_local: false peers { permanent_uuid: "3ca8006f87b844a88c1d3b62aca6f80e" member_type: VOTER last_known_addr { host: "127.20.59.65" port: 32869 } } peers { permanent_uuid: "744474c799e545918adea5c9feb8f10b" member_type: VOTER last_known_addr { host: "127.20.59.66" port: 37189 } } peers { permanent_uuid: "c5384020dc18488187d8613b57c23726" member_type: VOTER last_known_addr { host: "127.20.59.67" port: 44233 } }
I20260709 13:07:44.257799 22012 raft_consensus.cc:385] T 23ab891ac0ab46698719490da5520046 P c5384020dc18488187d8613b57c23726 [term 0 FOLLOWER]: Consensus starting up: Expiring failure detector timer to make a prompt election more likely
I20260709 13:07:44.258057 22012 raft_consensus.cc:740] T 23ab891ac0ab46698719490da5520046 P c5384020dc18488187d8613b57c23726 [term 0 FOLLOWER]: Becoming Follower/Learner. State: Replica: c5384020dc18488187d8613b57c23726, State: Initialized, Role: FOLLOWER
I20260709 13:07:44.258723 22030 raft_consensus.cc:515] T 634285d301864e26ad16881d97fdbfde P 744474c799e545918adea5c9feb8f10b [term 1 FOLLOWER]: Starting leader election with config: opid_index: -1 OBSOLETE_local: false peers { permanent_uuid: "3ca8006f87b844a88c1d3b62aca6f80e" member_type: VOTER last_known_addr { host: "127.20.59.65" port: 32869 } } peers { permanent_uuid: "744474c799e545918adea5c9feb8f10b" member_type: VOTER last_known_addr { host: "127.20.59.66" port: 37189 } } peers { permanent_uuid: "c5384020dc18488187d8613b57c23726" member_type: VOTER last_known_addr { host: "127.20.59.67" port: 44233 } }
I20260709 13:07:44.258777 22012 consensus_queue.cc:260] T 23ab891ac0ab46698719490da5520046 P c5384020dc18488187d8613b57c23726 [NON_LEADER]: Queue going to NON_LEADER mode. State: All replicated index: 0, Majority replicated index: 0, Committed index: 0, Last appended: 0.0, Last appended by leader: 0, Current term: 0, Majority size: -1, State: 0, Mode: NON_LEADER, active raft config: opid_index: -1 OBSOLETE_local: false peers { permanent_uuid: "3ca8006f87b844a88c1d3b62aca6f80e" member_type: VOTER last_known_addr { host: "127.20.59.65" port: 32869 } } peers { permanent_uuid: "744474c799e545918adea5c9feb8f10b" member_type: VOTER last_known_addr { host: "127.20.59.66" port: 37189 } } peers { permanent_uuid: "c5384020dc18488187d8613b57c23726" member_type: VOTER last_known_addr { host: "127.20.59.67" port: 44233 } }
I20260709 13:07:44.261482 22012 ts_tablet_manager.cc:1434] T 23ab891ac0ab46698719490da5520046 P c5384020dc18488187d8613b57c23726: Time spent starting tablet: real 0.007s	user 0.005s	sys 0.000s
I20260709 13:07:44.261780 21822 tablet_service.cc:1917] Received RequestConsensusVote() RPC: tablet_id: "634285d301864e26ad16881d97fdbfde" candidate_uuid: "744474c799e545918adea5c9feb8f10b" candidate_term: 1 candidate_status { last_received { term: 0 index: 0 } } ignore_live_leader: false dest_uuid: "3ca8006f87b844a88c1d3b62aca6f80e"
I20260709 13:07:44.262368 21822 raft_consensus.cc:3060] T 634285d301864e26ad16881d97fdbfde P 3ca8006f87b844a88c1d3b62aca6f80e [term 0 FOLLOWER]: Advancing to term 1
I20260709 13:07:44.262456 22012 tablet_bootstrap.cc:492] T d2f224617b934516a4143cec7c33e50a P c5384020dc18488187d8613b57c23726: Bootstrap starting.
I20260709 13:07:44.268602 21822 raft_consensus.cc:2468] T 634285d301864e26ad16881d97fdbfde P 3ca8006f87b844a88c1d3b62aca6f80e [term 1 FOLLOWER]: Leader election vote request: Granting yes vote for candidate 744474c799e545918adea5c9feb8f10b in term 1.
I20260709 13:07:44.269210 22012 tablet_bootstrap.cc:654] T d2f224617b934516a4143cec7c33e50a P c5384020dc18488187d8613b57c23726: Neither blocks nor log segments found. Creating new log.
I20260709 13:07:44.269726 21861 leader_election.cc:304] T 634285d301864e26ad16881d97fdbfde P 744474c799e545918adea5c9feb8f10b [CANDIDATE]: Term 1 election: Election decided. Result: candidate won. Election summary: received 2 responses out of 3 voters: 2 yes votes; 0 no votes. yes voters: 3ca8006f87b844a88c1d3b62aca6f80e, 744474c799e545918adea5c9feb8f10b; no voters: 
I20260709 13:07:44.270484 22062 raft_consensus.cc:2804] T 634285d301864e26ad16881d97fdbfde P 744474c799e545918adea5c9feb8f10b [term 1 FOLLOWER]: Leader election won for term 1
I20260709 13:07:44.270975 22062 raft_consensus.cc:697] T 634285d301864e26ad16881d97fdbfde P 744474c799e545918adea5c9feb8f10b [term 1 LEADER]: Becoming Leader. State: Replica: 744474c799e545918adea5c9feb8f10b, State: Running, Role: LEADER
I20260709 13:07:44.271754 22062 consensus_queue.cc:237] T 634285d301864e26ad16881d97fdbfde P 744474c799e545918adea5c9feb8f10b [LEADER]: Queue going to LEADER mode. State: All replicated index: 0, Majority replicated index: 0, Committed index: 0, Last appended: 0.0, Last appended by leader: 0, Current term: 1, Majority size: 2, State: 0, Mode: LEADER, active raft config: opid_index: -1 OBSOLETE_local: false peers { permanent_uuid: "3ca8006f87b844a88c1d3b62aca6f80e" member_type: VOTER last_known_addr { host: "127.20.59.65" port: 32869 } } peers { permanent_uuid: "744474c799e545918adea5c9feb8f10b" member_type: VOTER last_known_addr { host: "127.20.59.66" port: 37189 } } peers { permanent_uuid: "c5384020dc18488187d8613b57c23726" member_type: VOTER last_known_addr { host: "127.20.59.67" port: 44233 } }
I20260709 13:07:44.276175 22021 tablet_bootstrap.cc:492] T 26f8ecc99f8d4602b02349a20bffdbbb P 744474c799e545918adea5c9feb8f10b: No bootstrap required, opened a new log
I20260709 13:07:44.276616 22021 ts_tablet_manager.cc:1403] T 26f8ecc99f8d4602b02349a20bffdbbb P 744474c799e545918adea5c9feb8f10b: Time spent bootstrapping tablet: real 0.033s	user 0.016s	sys 0.009s
I20260709 13:07:44.277124 22030 leader_election.cc:290] T 634285d301864e26ad16881d97fdbfde P 744474c799e545918adea5c9feb8f10b [CANDIDATE]: Term 1 election: Requested vote from peers 3ca8006f87b844a88c1d3b62aca6f80e (127.20.59.65:32869), c5384020dc18488187d8613b57c23726 (127.20.59.67:44233)
I20260709 13:07:44.278153 21970 tablet_service.cc:1917] Received RequestConsensusVote() RPC: tablet_id: "634285d301864e26ad16881d97fdbfde" candidate_uuid: "744474c799e545918adea5c9feb8f10b" candidate_term: 1 candidate_status { last_received { term: 0 index: 0 } } ignore_live_leader: false dest_uuid: "c5384020dc18488187d8613b57c23726"
I20260709 13:07:44.278712 21970 raft_consensus.cc:3060] T 634285d301864e26ad16881d97fdbfde P c5384020dc18488187d8613b57c23726 [term 0 FOLLOWER]: Advancing to term 1
I20260709 13:07:44.278784 22021 raft_consensus.cc:359] T 26f8ecc99f8d4602b02349a20bffdbbb P 744474c799e545918adea5c9feb8f10b [term 0 FOLLOWER]: Replica starting. Triggering 0 pending ops. Active config: opid_index: -1 OBSOLETE_local: false peers { permanent_uuid: "3ca8006f87b844a88c1d3b62aca6f80e" member_type: VOTER last_known_addr { host: "127.20.59.65" port: 32869 } } peers { permanent_uuid: "744474c799e545918adea5c9feb8f10b" member_type: VOTER last_known_addr { host: "127.20.59.66" port: 37189 } } peers { permanent_uuid: "c5384020dc18488187d8613b57c23726" member_type: VOTER last_known_addr { host: "127.20.59.67" port: 44233 } }
I20260709 13:07:44.279503 22021 raft_consensus.cc:385] T 26f8ecc99f8d4602b02349a20bffdbbb P 744474c799e545918adea5c9feb8f10b [term 0 FOLLOWER]: Consensus starting up: Expiring failure detector timer to make a prompt election more likely
I20260709 13:07:44.279735 22021 raft_consensus.cc:740] T 26f8ecc99f8d4602b02349a20bffdbbb P 744474c799e545918adea5c9feb8f10b [term 0 FOLLOWER]: Becoming Follower/Learner. State: Replica: 744474c799e545918adea5c9feb8f10b, State: Initialized, Role: FOLLOWER
I20260709 13:07:44.280241 22021 consensus_queue.cc:260] T 26f8ecc99f8d4602b02349a20bffdbbb P 744474c799e545918adea5c9feb8f10b [NON_LEADER]: Queue going to NON_LEADER mode. State: All replicated index: 0, Majority replicated index: 0, Committed index: 0, Last appended: 0.0, Last appended by leader: 0, Current term: 0, Majority size: -1, State: 0, Mode: NON_LEADER, active raft config: opid_index: -1 OBSOLETE_local: false peers { permanent_uuid: "3ca8006f87b844a88c1d3b62aca6f80e" member_type: VOTER last_known_addr { host: "127.20.59.65" port: 32869 } } peers { permanent_uuid: "744474c799e545918adea5c9feb8f10b" member_type: VOTER last_known_addr { host: "127.20.59.66" port: 37189 } } peers { permanent_uuid: "c5384020dc18488187d8613b57c23726" member_type: VOTER last_known_addr { host: "127.20.59.67" port: 44233 } }
I20260709 13:07:44.281564 22021 ts_tablet_manager.cc:1434] T 26f8ecc99f8d4602b02349a20bffdbbb P 744474c799e545918adea5c9feb8f10b: Time spent starting tablet: real 0.005s	user 0.004s	sys 0.000s
I20260709 13:07:44.282291 22021 tablet_bootstrap.cc:492] T e13cbc81f32a432ab334f769bac53228 P 744474c799e545918adea5c9feb8f10b: Bootstrap starting.
I20260709 13:07:44.288015 21720 catalog_manager.cc:5697] T 634285d301864e26ad16881d97fdbfde P 744474c799e545918adea5c9feb8f10b reported cstate change: term changed from 0 to 1, leader changed from <none> to 744474c799e545918adea5c9feb8f10b (127.20.59.66). New cstate: current_term: 1 leader_uuid: "744474c799e545918adea5c9feb8f10b" committed_config { opid_index: -1 OBSOLETE_local: false peers { permanent_uuid: "3ca8006f87b844a88c1d3b62aca6f80e" member_type: VOTER last_known_addr { host: "127.20.59.65" port: 32869 } health_report { overall_health: UNKNOWN } } peers { permanent_uuid: "744474c799e545918adea5c9feb8f10b" member_type: VOTER last_known_addr { host: "127.20.59.66" port: 37189 } health_report { overall_health: HEALTHY } } peers { permanent_uuid: "c5384020dc18488187d8613b57c23726" member_type: VOTER last_known_addr { host: "127.20.59.67" port: 44233 } health_report { overall_health: UNKNOWN } } }
I20260709 13:07:44.295074 22021 tablet_bootstrap.cc:654] T e13cbc81f32a432ab334f769bac53228 P 744474c799e545918adea5c9feb8f10b: Neither blocks nor log segments found. Creating new log.
I20260709 13:07:44.297055 22012 tablet_bootstrap.cc:492] T d2f224617b934516a4143cec7c33e50a P c5384020dc18488187d8613b57c23726: No bootstrap required, opened a new log
I20260709 13:07:44.297565 22012 ts_tablet_manager.cc:1403] T d2f224617b934516a4143cec7c33e50a P c5384020dc18488187d8613b57c23726: Time spent bootstrapping tablet: real 0.035s	user 0.011s	sys 0.003s
I20260709 13:07:44.298776 22013 tablet_bootstrap.cc:492] T 2772d9d90b674a829176a922153899be P 3ca8006f87b844a88c1d3b62aca6f80e: No bootstrap required, opened a new log
I20260709 13:07:44.299500 22129 raft_consensus.cc:493] T ee2ab1eab719467d9cd650e7f61535cb P 3ca8006f87b844a88c1d3b62aca6f80e [term 0 FOLLOWER]: Starting pre-election (no leader contacted us within the election timeout)
I20260709 13:07:44.299954 22129 raft_consensus.cc:515] T ee2ab1eab719467d9cd650e7f61535cb P 3ca8006f87b844a88c1d3b62aca6f80e [term 0 FOLLOWER]: Starting pre-election with config: opid_index: -1 OBSOLETE_local: false peers { permanent_uuid: "3ca8006f87b844a88c1d3b62aca6f80e" member_type: VOTER last_known_addr { host: "127.20.59.65" port: 32869 } } peers { permanent_uuid: "744474c799e545918adea5c9feb8f10b" member_type: VOTER last_known_addr { host: "127.20.59.66" port: 37189 } } peers { permanent_uuid: "c5384020dc18488187d8613b57c23726" member_type: VOTER last_known_addr { host: "127.20.59.67" port: 44233 } }
I20260709 13:07:44.300722 22012 raft_consensus.cc:359] T d2f224617b934516a4143cec7c33e50a P c5384020dc18488187d8613b57c23726 [term 0 FOLLOWER]: Replica starting. Triggering 0 pending ops. Active config: opid_index: -1 OBSOLETE_local: false peers { permanent_uuid: "3ca8006f87b844a88c1d3b62aca6f80e" member_type: VOTER last_known_addr { host: "127.20.59.65" port: 32869 } } peers { permanent_uuid: "744474c799e545918adea5c9feb8f10b" member_type: VOTER last_known_addr { host: "127.20.59.66" port: 37189 } } peers { permanent_uuid: "c5384020dc18488187d8613b57c23726" member_type: VOTER last_known_addr { host: "127.20.59.67" port: 44233 } }
I20260709 13:07:44.301378 22012 raft_consensus.cc:385] T d2f224617b934516a4143cec7c33e50a P c5384020dc18488187d8613b57c23726 [term 0 FOLLOWER]: Consensus starting up: Expiring failure detector timer to make a prompt election more likely
I20260709 13:07:44.301746 22012 raft_consensus.cc:740] T d2f224617b934516a4143cec7c33e50a P c5384020dc18488187d8613b57c23726 [term 0 FOLLOWER]: Becoming Follower/Learner. State: Replica: c5384020dc18488187d8613b57c23726, State: Initialized, Role: FOLLOWER
I20260709 13:07:44.301900 22129 leader_election.cc:290] T ee2ab1eab719467d9cd650e7f61535cb P 3ca8006f87b844a88c1d3b62aca6f80e [CANDIDATE]: Term 1 pre-election: Requested pre-vote from peers 744474c799e545918adea5c9feb8f10b (127.20.59.66:37189), c5384020dc18488187d8613b57c23726 (127.20.59.67:44233)
I20260709 13:07:44.302511 22012 consensus_queue.cc:260] T d2f224617b934516a4143cec7c33e50a P c5384020dc18488187d8613b57c23726 [NON_LEADER]: Queue going to NON_LEADER mode. State: All replicated index: 0, Majority replicated index: 0, Committed index: 0, Last appended: 0.0, Last appended by leader: 0, Current term: 0, Majority size: -1, State: 0, Mode: NON_LEADER, active raft config: opid_index: -1 OBSOLETE_local: false peers { permanent_uuid: "3ca8006f87b844a88c1d3b62aca6f80e" member_type: VOTER last_known_addr { host: "127.20.59.65" port: 32869 } } peers { permanent_uuid: "744474c799e545918adea5c9feb8f10b" member_type: VOTER last_known_addr { host: "127.20.59.66" port: 37189 } } peers { permanent_uuid: "c5384020dc18488187d8613b57c23726" member_type: VOTER last_known_addr { host: "127.20.59.67" port: 44233 } }
I20260709 13:07:44.303643 21972 tablet_service.cc:1917] Received RequestConsensusVote() RPC: tablet_id: "ee2ab1eab719467d9cd650e7f61535cb" candidate_uuid: "3ca8006f87b844a88c1d3b62aca6f80e" candidate_term: 1 candidate_status { last_received { term: 0 index: 0 } } ignore_live_leader: false dest_uuid: "c5384020dc18488187d8613b57c23726" is_pre_election: true
I20260709 13:07:44.304224 21972 raft_consensus.cc:2468] T ee2ab1eab719467d9cd650e7f61535cb P c5384020dc18488187d8613b57c23726 [term 0 FOLLOWER]: Leader pre-election vote request: Granting yes vote for candidate 3ca8006f87b844a88c1d3b62aca6f80e in term 0.
I20260709 13:07:44.305502 21786 leader_election.cc:304] T ee2ab1eab719467d9cd650e7f61535cb P 3ca8006f87b844a88c1d3b62aca6f80e [CANDIDATE]: Term 1 pre-election: Election decided. Result: candidate won. Election summary: received 2 responses out of 3 voters: 2 yes votes; 0 no votes. yes voters: 3ca8006f87b844a88c1d3b62aca6f80e, c5384020dc18488187d8613b57c23726; no voters: 
I20260709 13:07:44.306882 21970 raft_consensus.cc:2468] T 634285d301864e26ad16881d97fdbfde P c5384020dc18488187d8613b57c23726 [term 1 FOLLOWER]: Leader election vote request: Granting yes vote for candidate 744474c799e545918adea5c9feb8f10b in term 1.
I20260709 13:07:44.307390 21898 tablet_service.cc:1917] Received RequestConsensusVote() RPC: tablet_id: "ee2ab1eab719467d9cd650e7f61535cb" candidate_uuid: "3ca8006f87b844a88c1d3b62aca6f80e" candidate_term: 1 candidate_status { last_received { term: 0 index: 0 } } ignore_live_leader: false dest_uuid: "744474c799e545918adea5c9feb8f10b" is_pre_election: true
I20260709 13:07:44.307893 22129 raft_consensus.cc:2804] T ee2ab1eab719467d9cd650e7f61535cb P 3ca8006f87b844a88c1d3b62aca6f80e [term 0 FOLLOWER]: Leader pre-election won for term 1
I20260709 13:07:44.308308 22012 ts_tablet_manager.cc:1434] T d2f224617b934516a4143cec7c33e50a P c5384020dc18488187d8613b57c23726: Time spent starting tablet: real 0.010s	user 0.005s	sys 0.000s
W20260709 13:07:44.311323 21786 leader_election.cc:343] T ee2ab1eab719467d9cd650e7f61535cb P 3ca8006f87b844a88c1d3b62aca6f80e [CANDIDATE]: Term 1 pre-election: Tablet error from VoteRequest() call to peer 744474c799e545918adea5c9feb8f10b (127.20.59.66:37189): Illegal state: must be running to vote when last-logged opid is not known
I20260709 13:07:44.311849 22012 tablet_bootstrap.cc:492] T 690976793be24c56b07c7e8cdc49d120 P c5384020dc18488187d8613b57c23726: Bootstrap starting.
I20260709 13:07:44.299259 22013 ts_tablet_manager.cc:1403] T 2772d9d90b674a829176a922153899be P 3ca8006f87b844a88c1d3b62aca6f80e: Time spent bootstrapping tablet: real 0.069s	user 0.013s	sys 0.000s
I20260709 13:07:44.314527 22013 raft_consensus.cc:359] T 2772d9d90b674a829176a922153899be P 3ca8006f87b844a88c1d3b62aca6f80e [term 0 FOLLOWER]: Replica starting. Triggering 0 pending ops. Active config: opid_index: -1 OBSOLETE_local: false peers { permanent_uuid: "3ca8006f87b844a88c1d3b62aca6f80e" member_type: VOTER last_known_addr { host: "127.20.59.65" port: 32869 } } peers { permanent_uuid: "744474c799e545918adea5c9feb8f10b" member_type: VOTER last_known_addr { host: "127.20.59.66" port: 37189 } } peers { permanent_uuid: "c5384020dc18488187d8613b57c23726" member_type: VOTER last_known_addr { host: "127.20.59.67" port: 44233 } }
I20260709 13:07:44.315237 22013 raft_consensus.cc:385] T 2772d9d90b674a829176a922153899be P 3ca8006f87b844a88c1d3b62aca6f80e [term 0 FOLLOWER]: Consensus starting up: Expiring failure detector timer to make a prompt election more likely
I20260709 13:07:44.315497 22013 raft_consensus.cc:740] T 2772d9d90b674a829176a922153899be P 3ca8006f87b844a88c1d3b62aca6f80e [term 0 FOLLOWER]: Becoming Follower/Learner. State: Replica: 3ca8006f87b844a88c1d3b62aca6f80e, State: Initialized, Role: FOLLOWER
I20260709 13:07:44.316105 22013 consensus_queue.cc:260] T 2772d9d90b674a829176a922153899be P 3ca8006f87b844a88c1d3b62aca6f80e [NON_LEADER]: Queue going to NON_LEADER mode. State: All replicated index: 0, Majority replicated index: 0, Committed index: 0, Last appended: 0.0, Last appended by leader: 0, Current term: 0, Majority size: -1, State: 0, Mode: NON_LEADER, active raft config: opid_index: -1 OBSOLETE_local: false peers { permanent_uuid: "3ca8006f87b844a88c1d3b62aca6f80e" member_type: VOTER last_known_addr { host: "127.20.59.65" port: 32869 } } peers { permanent_uuid: "744474c799e545918adea5c9feb8f10b" member_type: VOTER last_known_addr { host: "127.20.59.66" port: 37189 } } peers { permanent_uuid: "c5384020dc18488187d8613b57c23726" member_type: VOTER last_known_addr { host: "127.20.59.67" port: 44233 } }
I20260709 13:07:44.317305 22012 tablet_bootstrap.cc:654] T 690976793be24c56b07c7e8cdc49d120 P c5384020dc18488187d8613b57c23726: Neither blocks nor log segments found. Creating new log.
I20260709 13:07:44.317945 22013 ts_tablet_manager.cc:1434] T 2772d9d90b674a829176a922153899be P 3ca8006f87b844a88c1d3b62aca6f80e: Time spent starting tablet: real 0.006s	user 0.004s	sys 0.000s
I20260709 13:07:44.316799 22129 raft_consensus.cc:493] T ee2ab1eab719467d9cd650e7f61535cb P 3ca8006f87b844a88c1d3b62aca6f80e [term 0 FOLLOWER]: Starting leader election (no leader contacted us within the election timeout)
I20260709 13:07:44.318634 22129 raft_consensus.cc:3060] T ee2ab1eab719467d9cd650e7f61535cb P 3ca8006f87b844a88c1d3b62aca6f80e [term 0 FOLLOWER]: Advancing to term 1
I20260709 13:07:44.321069 22013 tablet_bootstrap.cc:492] T 49468f74381a4984873a149ef89fb2ef P 3ca8006f87b844a88c1d3b62aca6f80e: Bootstrap starting.
I20260709 13:07:44.322549 22043 raft_consensus.cc:493] T e13cbc81f32a432ab334f769bac53228 P c5384020dc18488187d8613b57c23726 [term 0 FOLLOWER]: Starting pre-election (no leader contacted us within the election timeout)
I20260709 13:07:44.323086 22043 raft_consensus.cc:515] T e13cbc81f32a432ab334f769bac53228 P c5384020dc18488187d8613b57c23726 [term 0 FOLLOWER]: Starting pre-election with config: opid_index: -1 OBSOLETE_local: false peers { permanent_uuid: "3ca8006f87b844a88c1d3b62aca6f80e" member_type: VOTER last_known_addr { host: "127.20.59.65" port: 32869 } } peers { permanent_uuid: "744474c799e545918adea5c9feb8f10b" member_type: VOTER last_known_addr { host: "127.20.59.66" port: 37189 } } peers { permanent_uuid: "c5384020dc18488187d8613b57c23726" member_type: VOTER last_known_addr { host: "127.20.59.67" port: 44233 } }
I20260709 13:07:44.325104 22043 leader_election.cc:290] T e13cbc81f32a432ab334f769bac53228 P c5384020dc18488187d8613b57c23726 [CANDIDATE]: Term 1 pre-election: Requested pre-vote from peers 3ca8006f87b844a88c1d3b62aca6f80e (127.20.59.65:32869), 744474c799e545918adea5c9feb8f10b (127.20.59.66:37189)
I20260709 13:07:44.326598 22021 tablet_bootstrap.cc:492] T e13cbc81f32a432ab334f769bac53228 P 744474c799e545918adea5c9feb8f10b: No bootstrap required, opened a new log
I20260709 13:07:44.327502 22021 ts_tablet_manager.cc:1403] T e13cbc81f32a432ab334f769bac53228 P 744474c799e545918adea5c9feb8f10b: Time spent bootstrapping tablet: real 0.045s	user 0.013s	sys 0.007s
W20260709 13:07:44.328473 21935 consensus_peers.cc:597] T 30276e98ebb0418b80fae679aaeaa5e2 P c5384020dc18488187d8613b57c23726 -> Peer 3ca8006f87b844a88c1d3b62aca6f80e (127.20.59.65:32869): Couldn't send request to peer 3ca8006f87b844a88c1d3b62aca6f80e. Error code: TABLET_NOT_RUNNING (12). Status: Illegal state: Tablet not RUNNING: INITIALIZED. This is attempt 1: this message will repeat every 5th retry.
