I20260709 13:07:44.445005 26147 raft_consensus.cc:3060] T d4bd2530fe2c49cda21ba5ee7d7edc8a P b239f9b0b1a4418f8e146428e844364c [term 0 FOLLOWER]: Advancing to term 1
I20260709 13:07:44.452845 26264 tablet_bootstrap.cc:654] T 787fd1307c8744309f281055c772c974 P 8d579911ce0344eb9e409cc047a91bbe: Neither blocks nor log segments found. Creating new log.
I20260709 13:07:44.465946 26147 raft_consensus.cc:2468] T d4bd2530fe2c49cda21ba5ee7d7edc8a P b239f9b0b1a4418f8e146428e844364c [term 1 FOLLOWER]: Leader election vote request: Granting yes vote for candidate 20818049e57f4d278b059ded75e29f0e in term 1.
I20260709 13:07:44.467270 26190 leader_election.cc:304] T d4bd2530fe2c49cda21ba5ee7d7edc8a P 20818049e57f4d278b059ded75e29f0e [CANDIDATE]: Term 1 election: Election decided. Result: candidate won. Election summary: received 2 responses out of 3 voters: 2 yes votes; 0 no votes. yes voters: 20818049e57f4d278b059ded75e29f0e, b239f9b0b1a4418f8e146428e844364c; no voters: 
I20260709 13:07:44.468153 26357 raft_consensus.cc:2804] T d4bd2530fe2c49cda21ba5ee7d7edc8a P 20818049e57f4d278b059ded75e29f0e [term 1 FOLLOWER]: Leader election won for term 1
I20260709 13:07:44.468638 26357 raft_consensus.cc:697] T d4bd2530fe2c49cda21ba5ee7d7edc8a P 20818049e57f4d278b059ded75e29f0e [term 1 LEADER]: Becoming Leader. State: Replica: 20818049e57f4d278b059ded75e29f0e, State: Running, Role: LEADER
I20260709 13:07:44.469481 26357 consensus_queue.cc:237] T d4bd2530fe2c49cda21ba5ee7d7edc8a P 20818049e57f4d278b059ded75e29f0e [LEADER]: Queue going to LEADER mode. State: All replicated index: 0, Majority replicated index: 0, Committed index: 0, Last appended: 0.0, Last appended by leader: 0, Current term: 1, Majority size: 2, State: 0, Mode: LEADER, active raft config: opid_index: -1 OBSOLETE_local: false peers { permanent_uuid: "8d579911ce0344eb9e409cc047a91bbe" member_type: VOTER last_known_addr { host: "127.24.91.193" port: 38393 } } peers { permanent_uuid: "b239f9b0b1a4418f8e146428e844364c" member_type: VOTER last_known_addr { host: "127.24.91.194" port: 36163 } } peers { permanent_uuid: "20818049e57f4d278b059ded75e29f0e" member_type: VOTER last_known_addr { host: "127.24.91.195" port: 46447 } }
I20260709 13:07:44.477175 26265 tablet_bootstrap.cc:492] T ac24c24e5f074e5796977877e11bcb62 P b239f9b0b1a4418f8e146428e844364c: No bootstrap required, opened a new log
I20260709 13:07:44.476922 26306 consensus_queue.cc:1048] T 7eb88ba5aca143f6b141b46705e8ce49 P 20818049e57f4d278b059ded75e29f0e [LEADER]: Connected to new peer: Peer: permanent_uuid: "8d579911ce0344eb9e409cc047a91bbe" member_type: VOTER last_known_addr { host: "127.24.91.193" port: 38393 }, Status: LMP_MISMATCH, Last received: 0.0, Next index: 1, Last known committed idx: 0, Time since last communication: 0.001s
I20260709 13:07:44.477789 26265 ts_tablet_manager.cc:1403] T ac24c24e5f074e5796977877e11bcb62 P b239f9b0b1a4418f8e146428e844364c: Time spent bootstrapping tablet: real 0.116s	user 0.021s	sys 0.003s
I20260709 13:07:44.477171 26073 tablet_service.cc:1917] Received RequestConsensusVote() RPC: tablet_id: "d4bd2530fe2c49cda21ba5ee7d7edc8a" candidate_uuid: "20818049e57f4d278b059ded75e29f0e" candidate_term: 1 candidate_status { last_received { term: 0 index: 0 } } ignore_live_leader: false dest_uuid: "8d579911ce0344eb9e409cc047a91bbe"
I20260709 13:07:44.478754 26073 raft_consensus.cc:3060] T d4bd2530fe2c49cda21ba5ee7d7edc8a P 8d579911ce0344eb9e409cc047a91bbe [term 0 FOLLOWER]: Advancing to term 1
I20260709 13:07:44.479912 26295 raft_consensus.cc:493] T d25ba18f72844cacab7fa168fcf22e54 P b239f9b0b1a4418f8e146428e844364c [term 0 FOLLOWER]: Starting pre-election (no leader contacted us within the election timeout)
I20260709 13:07:44.480393 26295 raft_consensus.cc:515] T d25ba18f72844cacab7fa168fcf22e54 P b239f9b0b1a4418f8e146428e844364c [term 0 FOLLOWER]: Starting pre-election with config: opid_index: -1 OBSOLETE_local: false peers { permanent_uuid: "8d579911ce0344eb9e409cc047a91bbe" member_type: VOTER last_known_addr { host: "127.24.91.193" port: 38393 } } peers { permanent_uuid: "b239f9b0b1a4418f8e146428e844364c" member_type: VOTER last_known_addr { host: "127.24.91.194" port: 36163 } } peers { permanent_uuid: "20818049e57f4d278b059ded75e29f0e" member_type: VOTER last_known_addr { host: "127.24.91.195" port: 46447 } }
I20260709 13:07:44.481940 26265 raft_consensus.cc:359] T ac24c24e5f074e5796977877e11bcb62 P b239f9b0b1a4418f8e146428e844364c [term 0 FOLLOWER]: Replica starting. Triggering 0 pending ops. Active config: opid_index: -1 OBSOLETE_local: false peers { permanent_uuid: "8d579911ce0344eb9e409cc047a91bbe" member_type: VOTER last_known_addr { host: "127.24.91.193" port: 38393 } } peers { permanent_uuid: "b239f9b0b1a4418f8e146428e844364c" member_type: VOTER last_known_addr { host: "127.24.91.194" port: 36163 } } peers { permanent_uuid: "20818049e57f4d278b059ded75e29f0e" member_type: VOTER last_known_addr { host: "127.24.91.195" port: 46447 } }
I20260709 13:07:44.482529 26295 leader_election.cc:290] T d25ba18f72844cacab7fa168fcf22e54 P b239f9b0b1a4418f8e146428e844364c [CANDIDATE]: Term 1 pre-election: Requested pre-vote from peers 8d579911ce0344eb9e409cc047a91bbe (127.24.91.193:38393), 20818049e57f4d278b059ded75e29f0e (127.24.91.195:46447)
I20260709 13:07:44.484275 26265 raft_consensus.cc:385] T ac24c24e5f074e5796977877e11bcb62 P b239f9b0b1a4418f8e146428e844364c [term 0 FOLLOWER]: Consensus starting up: Expiring failure detector timer to make a prompt election more likely
I20260709 13:07:44.485035 26265 raft_consensus.cc:740] T ac24c24e5f074e5796977877e11bcb62 P b239f9b0b1a4418f8e146428e844364c [term 0 FOLLOWER]: Becoming Follower/Learner. State: Replica: b239f9b0b1a4418f8e146428e844364c, State: Initialized, Role: FOLLOWER
I20260709 13:07:44.485939 26223 tablet_service.cc:1917] Received RequestConsensusVote() RPC: tablet_id: "d25ba18f72844cacab7fa168fcf22e54" candidate_uuid: "b239f9b0b1a4418f8e146428e844364c" candidate_term: 1 candidate_status { last_received { term: 0 index: 0 } } ignore_live_leader: false dest_uuid: "20818049e57f4d278b059ded75e29f0e" is_pre_election: true
I20260709 13:07:44.486564 26223 raft_consensus.cc:2468] T d25ba18f72844cacab7fa168fcf22e54 P 20818049e57f4d278b059ded75e29f0e [term 0 FOLLOWER]: Leader pre-election vote request: Granting yes vote for candidate b239f9b0b1a4418f8e146428e844364c in term 0.
I20260709 13:07:44.484129 26075 tablet_service.cc:1917] Received RequestConsensusVote() RPC: tablet_id: "d25ba18f72844cacab7fa168fcf22e54" candidate_uuid: "b239f9b0b1a4418f8e146428e844364c" candidate_term: 1 candidate_status { last_received { term: 0 index: 0 } } ignore_live_leader: false dest_uuid: "8d579911ce0344eb9e409cc047a91bbe" is_pre_election: true
I20260709 13:07:44.487169 26075 raft_consensus.cc:2468] T d25ba18f72844cacab7fa168fcf22e54 P 8d579911ce0344eb9e409cc047a91bbe [term 0 FOLLOWER]: Leader pre-election vote request: Granting yes vote for candidate b239f9b0b1a4418f8e146428e844364c in term 0.
I20260709 13:07:44.488544 26114 leader_election.cc:304] T d25ba18f72844cacab7fa168fcf22e54 P b239f9b0b1a4418f8e146428e844364c [CANDIDATE]: Term 1 pre-election: Election decided. Result: candidate won. Election summary: received 2 responses out of 3 voters: 2 yes votes; 0 no votes. yes voters: 8d579911ce0344eb9e409cc047a91bbe, b239f9b0b1a4418f8e146428e844364c; no voters: 
I20260709 13:07:44.489351 26295 raft_consensus.cc:2804] T d25ba18f72844cacab7fa168fcf22e54 P b239f9b0b1a4418f8e146428e844364c [term 0 FOLLOWER]: Leader pre-election won for term 1
I20260709 13:07:44.489715 26295 raft_consensus.cc:493] T d25ba18f72844cacab7fa168fcf22e54 P b239f9b0b1a4418f8e146428e844364c [term 0 FOLLOWER]: Starting leader election (no leader contacted us within the election timeout)
I20260709 13:07:44.490085 26295 raft_consensus.cc:3060] T d25ba18f72844cacab7fa168fcf22e54 P b239f9b0b1a4418f8e146428e844364c [term 0 FOLLOWER]: Advancing to term 1
I20260709 13:07:44.492131 26266 tablet_bootstrap.cc:492] T 787fd1307c8744309f281055c772c974 P 20818049e57f4d278b059ded75e29f0e: No bootstrap required, opened a new log
I20260709 13:07:44.492640 26266 ts_tablet_manager.cc:1403] T 787fd1307c8744309f281055c772c974 P 20818049e57f4d278b059ded75e29f0e: Time spent bootstrapping tablet: real 0.076s	user 0.046s	sys 0.006s
I20260709 13:07:44.495342 26266 raft_consensus.cc:359] T 787fd1307c8744309f281055c772c974 P 20818049e57f4d278b059ded75e29f0e [term 0 FOLLOWER]: Replica starting. Triggering 0 pending ops. Active config: opid_index: -1 OBSOLETE_local: false peers { permanent_uuid: "8d579911ce0344eb9e409cc047a91bbe" member_type: VOTER last_known_addr { host: "127.24.91.193" port: 38393 } } peers { permanent_uuid: "b239f9b0b1a4418f8e146428e844364c" member_type: VOTER last_known_addr { host: "127.24.91.194" port: 36163 } } peers { permanent_uuid: "20818049e57f4d278b059ded75e29f0e" member_type: VOTER last_known_addr { host: "127.24.91.195" port: 46447 } }
I20260709 13:07:44.496053 26266 raft_consensus.cc:385] T 787fd1307c8744309f281055c772c974 P 20818049e57f4d278b059ded75e29f0e [term 0 FOLLOWER]: Consensus starting up: Expiring failure detector timer to make a prompt election more likely
I20260709 13:07:44.496376 26266 raft_consensus.cc:740] T 787fd1307c8744309f281055c772c974 P 20818049e57f4d278b059ded75e29f0e [term 0 FOLLOWER]: Becoming Follower/Learner. State: Replica: 20818049e57f4d278b059ded75e29f0e, State: Initialized, Role: FOLLOWER
I20260709 13:07:44.497207 26266 consensus_queue.cc:260] T 787fd1307c8744309f281055c772c974 P 20818049e57f4d278b059ded75e29f0e [NON_LEADER]: Queue going to NON_LEADER mode. State: All replicated index: 0, Majority replicated index: 0, Committed index: 0, Last appended: 0.0, Last appended by leader: 0, Current term: 0, Majority size: -1, State: 0, Mode: NON_LEADER, active raft config: opid_index: -1 OBSOLETE_local: false peers { permanent_uuid: "8d579911ce0344eb9e409cc047a91bbe" member_type: VOTER last_known_addr { host: "127.24.91.193" port: 38393 } } peers { permanent_uuid: "b239f9b0b1a4418f8e146428e844364c" member_type: VOTER last_known_addr { host: "127.24.91.194" port: 36163 } } peers { permanent_uuid: "20818049e57f4d278b059ded75e29f0e" member_type: VOTER last_known_addr { host: "127.24.91.195" port: 46447 } }
I20260709 13:07:44.500108 26266 ts_tablet_manager.cc:1434] T 787fd1307c8744309f281055c772c974 P 20818049e57f4d278b059ded75e29f0e: Time spent starting tablet: real 0.007s	user 0.004s	sys 0.004s
I20260709 13:07:44.500272 26295 raft_consensus.cc:515] T d25ba18f72844cacab7fa168fcf22e54 P b239f9b0b1a4418f8e146428e844364c [term 1 FOLLOWER]: Starting leader election with config: opid_index: -1 OBSOLETE_local: false peers { permanent_uuid: "8d579911ce0344eb9e409cc047a91bbe" member_type: VOTER last_known_addr { host: "127.24.91.193" port: 38393 } } peers { permanent_uuid: "b239f9b0b1a4418f8e146428e844364c" member_type: VOTER last_known_addr { host: "127.24.91.194" port: 36163 } } peers { permanent_uuid: "20818049e57f4d278b059ded75e29f0e" member_type: VOTER last_known_addr { host: "127.24.91.195" port: 46447 } }
I20260709 13:07:44.501121 26266 tablet_bootstrap.cc:492] T a1f164716fbf4231a2b436d1775d12fb P 20818049e57f4d278b059ded75e29f0e: Bootstrap starting.
I20260709 13:07:44.503374 26074 tablet_service.cc:1917] Received RequestConsensusVote() RPC: tablet_id: "d25ba18f72844cacab7fa168fcf22e54" candidate_uuid: "b239f9b0b1a4418f8e146428e844364c" candidate_term: 1 candidate_status { last_received { term: 0 index: 0 } } ignore_live_leader: false dest_uuid: "8d579911ce0344eb9e409cc047a91bbe"
I20260709 13:07:44.503548 26306 raft_consensus.cc:493] T b54dd4a292c14f8ab7dbf3acd38fecac P 20818049e57f4d278b059ded75e29f0e [term 0 FOLLOWER]: Starting pre-election (no leader contacted us within the election timeout)
I20260709 13:07:44.504000 26074 raft_consensus.cc:3060] T d25ba18f72844cacab7fa168fcf22e54 P 8d579911ce0344eb9e409cc047a91bbe [term 0 FOLLOWER]: Advancing to term 1
I20260709 13:07:44.504079 26306 raft_consensus.cc:515] T b54dd4a292c14f8ab7dbf3acd38fecac P 20818049e57f4d278b059ded75e29f0e [term 0 FOLLOWER]: Starting pre-election with config: opid_index: -1 OBSOLETE_local: false peers { permanent_uuid: "8d579911ce0344eb9e409cc047a91bbe" member_type: VOTER last_known_addr { host: "127.24.91.193" port: 38393 } } peers { permanent_uuid: "b239f9b0b1a4418f8e146428e844364c" member_type: VOTER last_known_addr { host: "127.24.91.194" port: 36163 } } peers { permanent_uuid: "20818049e57f4d278b059ded75e29f0e" member_type: VOTER last_known_addr { host: "127.24.91.195" port: 46447 } }
I20260709 13:07:44.506982 26073 raft_consensus.cc:2468] T d4bd2530fe2c49cda21ba5ee7d7edc8a P 8d579911ce0344eb9e409cc047a91bbe [term 1 FOLLOWER]: Leader election vote request: Granting yes vote for candidate 20818049e57f4d278b059ded75e29f0e in term 1.
I20260709 13:07:44.508117 26306 leader_election.cc:290] T b54dd4a292c14f8ab7dbf3acd38fecac P 20818049e57f4d278b059ded75e29f0e [CANDIDATE]: Term 1 pre-election: Requested pre-vote from peers 8d579911ce0344eb9e409cc047a91bbe (127.24.91.193:38393), b239f9b0b1a4418f8e146428e844364c (127.24.91.194:36163)
I20260709 13:07:44.508970 26147 tablet_service.cc:1917] Received RequestConsensusVote() RPC: tablet_id: "b54dd4a292c14f8ab7dbf3acd38fecac" candidate_uuid: "20818049e57f4d278b059ded75e29f0e" candidate_term: 1 candidate_status { last_received { term: 0 index: 0 } } ignore_live_leader: false dest_uuid: "b239f9b0b1a4418f8e146428e844364c" is_pre_election: true
I20260709 13:07:44.509660 26147 raft_consensus.cc:2468] T b54dd4a292c14f8ab7dbf3acd38fecac P b239f9b0b1a4418f8e146428e844364c [term 0 FOLLOWER]: Leader pre-election vote request: Granting yes vote for candidate 20818049e57f4d278b059ded75e29f0e in term 0.
I20260709 13:07:44.510730 26190 leader_election.cc:304] T b54dd4a292c14f8ab7dbf3acd38fecac P 20818049e57f4d278b059ded75e29f0e [CANDIDATE]: Term 1 pre-election: Election decided. Result: candidate won. Election summary: received 2 responses out of 3 voters: 2 yes votes; 0 no votes. yes voters: 20818049e57f4d278b059ded75e29f0e, b239f9b0b1a4418f8e146428e844364c; no voters: 
I20260709 13:07:44.510921 26074 raft_consensus.cc:2468] T d25ba18f72844cacab7fa168fcf22e54 P 8d579911ce0344eb9e409cc047a91bbe [term 1 FOLLOWER]: Leader election vote request: Granting yes vote for candidate b239f9b0b1a4418f8e146428e844364c in term 1.
I20260709 13:07:44.511529 26357 raft_consensus.cc:2804] T b54dd4a292c14f8ab7dbf3acd38fecac P 20818049e57f4d278b059ded75e29f0e [term 0 FOLLOWER]: Leader pre-election won for term 1
I20260709 13:07:44.511914 26357 raft_consensus.cc:493] T b54dd4a292c14f8ab7dbf3acd38fecac P 20818049e57f4d278b059ded75e29f0e [term 0 FOLLOWER]: Starting leader election (no leader contacted us within the election timeout)
I20260709 13:07:44.512233 26357 raft_consensus.cc:3060] T b54dd4a292c14f8ab7dbf3acd38fecac P 20818049e57f4d278b059ded75e29f0e [term 0 FOLLOWER]: Advancing to term 1
I20260709 13:07:44.512451 26114 leader_election.cc:304] T d25ba18f72844cacab7fa168fcf22e54 P b239f9b0b1a4418f8e146428e844364c [CANDIDATE]: Term 1 election: Election decided. Result: candidate won. Election summary: received 2 responses out of 3 voters: 2 yes votes; 0 no votes. yes voters: 8d579911ce0344eb9e409cc047a91bbe, b239f9b0b1a4418f8e146428e844364c; no voters: 
I20260709 13:07:44.513295 26341 raft_consensus.cc:2804] T d25ba18f72844cacab7fa168fcf22e54 P b239f9b0b1a4418f8e146428e844364c [term 1 FOLLOWER]: Leader election won for term 1
I20260709 13:07:44.513724 26341 raft_consensus.cc:697] T d25ba18f72844cacab7fa168fcf22e54 P b239f9b0b1a4418f8e146428e844364c [term 1 LEADER]: Becoming Leader. State: Replica: b239f9b0b1a4418f8e146428e844364c, State: Running, Role: LEADER
I20260709 13:07:44.514555 26341 consensus_queue.cc:237] T d25ba18f72844cacab7fa168fcf22e54 P b239f9b0b1a4418f8e146428e844364c [LEADER]: Queue going to LEADER mode. State: All replicated index: 0, Majority replicated index: 0, Committed index: 0, Last appended: 0.0, Last appended by leader: 0, Current term: 1, Majority size: 2, State: 0, Mode: LEADER, active raft config: opid_index: -1 OBSOLETE_local: false peers { permanent_uuid: "8d579911ce0344eb9e409cc047a91bbe" member_type: VOTER last_known_addr { host: "127.24.91.193" port: 38393 } } peers { permanent_uuid: "b239f9b0b1a4418f8e146428e844364c" member_type: VOTER last_known_addr { host: "127.24.91.194" port: 36163 } } peers { permanent_uuid: "20818049e57f4d278b059ded75e29f0e" member_type: VOTER last_known_addr { host: "127.24.91.195" port: 46447 } }
I20260709 13:07:44.515347 26306 consensus_queue.cc:1048] T eca0094c93cf4b2e8c5c56fb7ec05a0d P 20818049e57f4d278b059ded75e29f0e [LEADER]: Connected to new peer: Peer: permanent_uuid: "b239f9b0b1a4418f8e146428e844364c" member_type: VOTER last_known_addr { host: "127.24.91.194" port: 36163 }, Status: LMP_MISMATCH, Last received: 0.0, Next index: 1, Last known committed idx: 0, Time since last communication: 0.000s
I20260709 13:07:44.517024 26266 tablet_bootstrap.cc:654] T a1f164716fbf4231a2b436d1775d12fb P 20818049e57f4d278b059ded75e29f0e: Neither blocks nor log segments found. Creating new log.
I20260709 13:07:44.521615 26335 consensus_queue.cc:1048] T 7edf7f4a7000428bb16c8baaf55f2062 P 8d579911ce0344eb9e409cc047a91bbe [LEADER]: Connected to new peer: Peer: permanent_uuid: "20818049e57f4d278b059ded75e29f0e" member_type: VOTER last_known_addr { host: "127.24.91.195" port: 46447 }, Status: LMP_MISMATCH, Last received: 0.0, Next index: 1, Last known committed idx: 0, Time since last communication: 0.000s
I20260709 13:07:44.525882 26295 leader_election.cc:290] T d25ba18f72844cacab7fa168fcf22e54 P b239f9b0b1a4418f8e146428e844364c [CANDIDATE]: Term 1 election: Requested vote from peers 8d579911ce0344eb9e409cc047a91bbe (127.24.91.193:38393), 20818049e57f4d278b059ded75e29f0e (127.24.91.195:46447)
I20260709 13:07:44.526532 26335 raft_consensus.cc:493] T b54dd4a292c14f8ab7dbf3acd38fecac P 8d579911ce0344eb9e409cc047a91bbe [term 0 FOLLOWER]: Starting pre-election (no leader contacted us within the election timeout)
I20260709 13:07:44.528431 26224 tablet_service.cc:1917] Received RequestConsensusVote() RPC: tablet_id: "d25ba18f72844cacab7fa168fcf22e54" candidate_uuid: "b239f9b0b1a4418f8e146428e844364c" candidate_term: 1 candidate_status { last_received { term: 0 index: 0 } } ignore_live_leader: false dest_uuid: "20818049e57f4d278b059ded75e29f0e"
I20260709 13:07:44.528395 26335 raft_consensus.cc:515] T b54dd4a292c14f8ab7dbf3acd38fecac P 8d579911ce0344eb9e409cc047a91bbe [term 0 FOLLOWER]: Starting pre-election with config: opid_index: -1 OBSOLETE_local: false peers { permanent_uuid: "8d579911ce0344eb9e409cc047a91bbe" member_type: VOTER last_known_addr { host: "127.24.91.193" port: 38393 } } peers { permanent_uuid: "b239f9b0b1a4418f8e146428e844364c" member_type: VOTER last_known_addr { host: "127.24.91.194" port: 36163 } } peers { permanent_uuid: "20818049e57f4d278b059ded75e29f0e" member_type: VOTER last_known_addr { host: "127.24.91.195" port: 46447 } }
I20260709 13:07:44.529086 26224 raft_consensus.cc:3060] T d25ba18f72844cacab7fa168fcf22e54 P 20818049e57f4d278b059ded75e29f0e [term 0 FOLLOWER]: Advancing to term 1
I20260709 13:07:44.529129 26073 tablet_service.cc:1917] Received RequestConsensusVote() RPC: tablet_id: "b54dd4a292c14f8ab7dbf3acd38fecac" candidate_uuid: "20818049e57f4d278b059ded75e29f0e" candidate_term: 1 candidate_status { last_received { term: 0 index: 0 } } ignore_live_leader: false dest_uuid: "8d579911ce0344eb9e409cc047a91bbe" is_pre_election: true
I20260709 13:07:44.529917 26073 raft_consensus.cc:2468] T b54dd4a292c14f8ab7dbf3acd38fecac P 8d579911ce0344eb9e409cc047a91bbe [term 0 FOLLOWER]: Leader pre-election vote request: Granting yes vote for candidate 20818049e57f4d278b059ded75e29f0e in term 0.
I20260709 13:07:44.531869 26148 tablet_service.cc:1917] Received RequestConsensusVote() RPC: tablet_id: "b54dd4a292c14f8ab7dbf3acd38fecac" candidate_uuid: "8d579911ce0344eb9e409cc047a91bbe" candidate_term: 1 candidate_status { last_received { term: 0 index: 0 } } ignore_live_leader: false dest_uuid: "b239f9b0b1a4418f8e146428e844364c" is_pre_election: true
I20260709 13:07:44.532559 26148 raft_consensus.cc:2468] T b54dd4a292c14f8ab7dbf3acd38fecac P b239f9b0b1a4418f8e146428e844364c [term 0 FOLLOWER]: Leader pre-election vote request: Granting yes vote for candidate 8d579911ce0344eb9e409cc047a91bbe in term 0.
I20260709 13:07:44.534312 26041 leader_election.cc:304] T b54dd4a292c14f8ab7dbf3acd38fecac P 8d579911ce0344eb9e409cc047a91bbe [CANDIDATE]: Term 1 pre-election: Election decided. Result: candidate won. Election summary: received 2 responses out of 3 voters: 2 yes votes; 0 no votes. yes voters: 8d579911ce0344eb9e409cc047a91bbe, b239f9b0b1a4418f8e146428e844364c; no voters: 
I20260709 13:07:44.535223 26290 raft_consensus.cc:2804] T b54dd4a292c14f8ab7dbf3acd38fecac P 8d579911ce0344eb9e409cc047a91bbe [term 0 FOLLOWER]: Leader pre-election won for term 1
I20260709 13:07:44.535574 26290 raft_consensus.cc:493] T b54dd4a292c14f8ab7dbf3acd38fecac P 8d579911ce0344eb9e409cc047a91bbe [term 0 FOLLOWER]: Starting leader election (no leader contacted us within the election timeout)
I20260709 13:07:44.535888 26290 raft_consensus.cc:3060] T b54dd4a292c14f8ab7dbf3acd38fecac P 8d579911ce0344eb9e409cc047a91bbe [term 0 FOLLOWER]: Advancing to term 1
I20260709 13:07:44.540555 26224 raft_consensus.cc:2468] T d25ba18f72844cacab7fa168fcf22e54 P 20818049e57f4d278b059ded75e29f0e [term 1 FOLLOWER]: Leader election vote request: Granting yes vote for candidate b239f9b0b1a4418f8e146428e844364c in term 1.
I20260709 13:07:44.539970 25971 catalog_manager.cc:5697] T d4bd2530fe2c49cda21ba5ee7d7edc8a P 20818049e57f4d278b059ded75e29f0e reported cstate change: term changed from 0 to 1, leader changed from <none> to 20818049e57f4d278b059ded75e29f0e (127.24.91.195). New cstate: current_term: 1 leader_uuid: "20818049e57f4d278b059ded75e29f0e" committed_config { opid_index: -1 OBSOLETE_local: false peers { permanent_uuid: "8d579911ce0344eb9e409cc047a91bbe" member_type: VOTER last_known_addr { host: "127.24.91.193" port: 38393 } health_report { overall_health: UNKNOWN } } peers { permanent_uuid: "b239f9b0b1a4418f8e146428e844364c" member_type: VOTER last_known_addr { host: "127.24.91.194" port: 36163 } health_report { overall_health: UNKNOWN } } peers { permanent_uuid: "20818049e57f4d278b059ded75e29f0e" member_type: VOTER last_known_addr { host: "127.24.91.195" port: 46447 } health_report { overall_health: HEALTHY } } }
I20260709 13:07:44.542667 26290 raft_consensus.cc:515] T b54dd4a292c14f8ab7dbf3acd38fecac P 8d579911ce0344eb9e409cc047a91bbe [term 1 FOLLOWER]: Starting leader election with config: opid_index: -1 OBSOLETE_local: false peers { permanent_uuid: "8d579911ce0344eb9e409cc047a91bbe" member_type: VOTER last_known_addr { host: "127.24.91.193" port: 38393 } } peers { permanent_uuid: "b239f9b0b1a4418f8e146428e844364c" member_type: VOTER last_known_addr { host: "127.24.91.194" port: 36163 } } peers { permanent_uuid: "20818049e57f4d278b059ded75e29f0e" member_type: VOTER last_known_addr { host: "127.24.91.195" port: 46447 } }
I20260709 13:07:44.543215 26264 tablet_bootstrap.cc:492] T 787fd1307c8744309f281055c772c974 P 8d579911ce0344eb9e409cc047a91bbe: No bootstrap required, opened a new log
I20260709 13:07:44.543618 26264 ts_tablet_manager.cc:1403] T 787fd1307c8744309f281055c772c974 P 8d579911ce0344eb9e409cc047a91bbe: Time spent bootstrapping tablet: real 0.097s	user 0.021s	sys 0.017s
I20260709 13:07:44.545298 26148 tablet_service.cc:1917] Received RequestConsensusVote() RPC: tablet_id: "b54dd4a292c14f8ab7dbf3acd38fecac" candidate_uuid: "8d579911ce0344eb9e409cc047a91bbe" candidate_term: 1 candidate_status { last_received { term: 0 index: 0 } } ignore_live_leader: false dest_uuid: "b239f9b0b1a4418f8e146428e844364c"
I20260709 13:07:44.545399 26264 raft_consensus.cc:359] T 787fd1307c8744309f281055c772c974 P 8d579911ce0344eb9e409cc047a91bbe [term 0 FOLLOWER]: Replica starting. Triggering 0 pending ops. Active config: opid_index: -1 OBSOLETE_local: false peers { permanent_uuid: "8d579911ce0344eb9e409cc047a91bbe" member_type: VOTER last_known_addr { host: "127.24.91.193" port: 38393 } } peers { permanent_uuid: "b239f9b0b1a4418f8e146428e844364c" member_type: VOTER last_known_addr { host: "127.24.91.194" port: 36163 } } peers { permanent_uuid: "20818049e57f4d278b059ded75e29f0e" member_type: VOTER last_known_addr { host: "127.24.91.195" port: 46447 } }
I20260709 13:07:44.546013 26264 raft_consensus.cc:385] T 787fd1307c8744309f281055c772c974 P 8d579911ce0344eb9e409cc047a91bbe [term 0 FOLLOWER]: Consensus starting up: Expiring failure detector timer to make a prompt election more likely
I20260709 13:07:44.546300 26264 raft_consensus.cc:740] T 787fd1307c8744309f281055c772c974 P 8d579911ce0344eb9e409cc047a91bbe [term 0 FOLLOWER]: Becoming Follower/Learner. State: Replica: 8d579911ce0344eb9e409cc047a91bbe, State: Initialized, Role: FOLLOWER
I20260709 13:07:44.546823 26264 consensus_queue.cc:260] T 787fd1307c8744309f281055c772c974 P 8d579911ce0344eb9e409cc047a91bbe [NON_LEADER]: Queue going to NON_LEADER mode. State: All replicated index: 0, Majority replicated index: 0, Committed index: 0, Last appended: 0.0, Last appended by leader: 0, Current term: 0, Majority size: -1, State: 0, Mode: NON_LEADER, active raft config: opid_index: -1 OBSOLETE_local: false peers { permanent_uuid: "8d579911ce0344eb9e409cc047a91bbe" member_type: VOTER last_known_addr { host: "127.24.91.193" port: 38393 } } peers { permanent_uuid: "b239f9b0b1a4418f8e146428e844364c" member_type: VOTER last_known_addr { host: "127.24.91.194" port: 36163 } } peers { permanent_uuid: "20818049e57f4d278b059ded75e29f0e" member_type: VOTER last_known_addr { host: "127.24.91.195" port: 46447 } }
I20260709 13:07:44.545915 26148 raft_consensus.cc:3060] T b54dd4a292c14f8ab7dbf3acd38fecac P b239f9b0b1a4418f8e146428e844364c [term 0 FOLLOWER]: Advancing to term 1
I20260709 13:07:44.548231 26264 ts_tablet_manager.cc:1434] T 787fd1307c8744309f281055c772c974 P 8d579911ce0344eb9e409cc047a91bbe: Time spent starting tablet: real 0.004s	user 0.004s	sys 0.000s
I20260709 13:07:44.548962 26264 tablet_bootstrap.cc:492] T a1f164716fbf4231a2b436d1775d12fb P 8d579911ce0344eb9e409cc047a91bbe: Bootstrap starting.
I20260709 13:07:44.486213 26265 consensus_queue.cc:260] T ac24c24e5f074e5796977877e11bcb62 P b239f9b0b1a4418f8e146428e844364c [NON_LEADER]: Queue going to NON_LEADER mode. State: All replicated index: 0, Majority replicated index: 0, Committed index: 0, Last appended: 0.0, Last appended by leader: 0, Current term: 0, Majority size: -1, State: 0, Mode: NON_LEADER, active raft config: opid_index: -1 OBSOLETE_local: false peers { permanent_uuid: "8d579911ce0344eb9e409cc047a91bbe" member_type: VOTER last_known_addr { host: "127.24.91.193" port: 38393 } } peers { permanent_uuid: "b239f9b0b1a4418f8e146428e844364c" member_type: VOTER last_known_addr { host: "127.24.91.194" port: 36163 } } peers { permanent_uuid: "20818049e57f4d278b059ded75e29f0e" member_type: VOTER last_known_addr { host: "127.24.91.195" port: 46447 } }
I20260709 13:07:44.549422 26357 raft_consensus.cc:515] T b54dd4a292c14f8ab7dbf3acd38fecac P 20818049e57f4d278b059ded75e29f0e [term 1 FOLLOWER]: Starting leader election with config: opid_index: -1 OBSOLETE_local: false peers { permanent_uuid: "8d579911ce0344eb9e409cc047a91bbe" member_type: VOTER last_known_addr { host: "127.24.91.193" port: 38393 } } peers { permanent_uuid: "b239f9b0b1a4418f8e146428e844364c" member_type: VOTER last_known_addr { host: "127.24.91.194" port: 36163 } } peers { permanent_uuid: "20818049e57f4d278b059ded75e29f0e" member_type: VOTER last_known_addr { host: "127.24.91.195" port: 46447 } }
I20260709 13:07:44.554363 26290 leader_election.cc:290] T b54dd4a292c14f8ab7dbf3acd38fecac P 8d579911ce0344eb9e409cc047a91bbe [CANDIDATE]: Term 1 election: Requested vote from peers b239f9b0b1a4418f8e146428e844364c (127.24.91.194:36163), 20818049e57f4d278b059ded75e29f0e (127.24.91.195:46447)
I20260709 13:07:44.552623 26335 leader_election.cc:290] T b54dd4a292c14f8ab7dbf3acd38fecac P 8d579911ce0344eb9e409cc047a91bbe [CANDIDATE]: Term 1 pre-election: Requested pre-vote from peers b239f9b0b1a4418f8e146428e844364c (127.24.91.194:36163), 20818049e57f4d278b059ded75e29f0e (127.24.91.195:46447)
I20260709 13:07:44.555306 26266 tablet_bootstrap.cc:492] T a1f164716fbf4231a2b436d1775d12fb P 20818049e57f4d278b059ded75e29f0e: No bootstrap required, opened a new log
I20260709 13:07:44.553709 26224 tablet_service.cc:1917] Received RequestConsensusVote() RPC: tablet_id: "b54dd4a292c14f8ab7dbf3acd38fecac" candidate_uuid: "8d579911ce0344eb9e409cc047a91bbe" candidate_term: 1 candidate_status { last_received { term: 0 index: 0 } } ignore_live_leader: false dest_uuid: "20818049e57f4d278b059ded75e29f0e" is_pre_election: true
I20260709 13:07:44.555742 26266 ts_tablet_manager.cc:1403] T a1f164716fbf4231a2b436d1775d12fb P 20818049e57f4d278b059ded75e29f0e: Time spent bootstrapping tablet: real 0.055s	user 0.012s	sys 0.000s
I20260709 13:07:44.556193 26224 raft_consensus.cc:2393] T b54dd4a292c14f8ab7dbf3acd38fecac P 20818049e57f4d278b059ded75e29f0e [term 1 FOLLOWER]: Leader pre-election vote request: Denying vote to candidate 8d579911ce0344eb9e409cc047a91bbe in current term 1: Already voted for candidate 20818049e57f4d278b059ded75e29f0e in this term.
I20260709 13:07:44.557921 26265 ts_tablet_manager.cc:1434] T ac24c24e5f074e5796977877e11bcb62 P b239f9b0b1a4418f8e146428e844364c: Time spent starting tablet: real 0.080s	user 0.006s	sys 0.000s
I20260709 13:07:44.558461 26264 tablet_bootstrap.cc:654] T a1f164716fbf4231a2b436d1775d12fb P 8d579911ce0344eb9e409cc047a91bbe: Neither blocks nor log segments found. Creating new log.
I20260709 13:07:44.560670 26073 tablet_service.cc:1917] Received RequestConsensusVote() RPC: tablet_id: "b54dd4a292c14f8ab7dbf3acd38fecac" candidate_uuid: "20818049e57f4d278b059ded75e29f0e" candidate_term: 1 candidate_status { last_received { term: 0 index: 0 } } ignore_live_leader: false dest_uuid: "8d579911ce0344eb9e409cc047a91bbe"
I20260709 13:07:44.560963 26265 tablet_bootstrap.cc:492] T a1f164716fbf4231a2b436d1775d12fb P b239f9b0b1a4418f8e146428e844364c: Bootstrap starting.
I20260709 13:07:44.561436 26073 raft_consensus.cc:2393] T b54dd4a292c14f8ab7dbf3acd38fecac P 8d579911ce0344eb9e409cc047a91bbe [term 1 FOLLOWER]: Leader election vote request: Denying vote to candidate 20818049e57f4d278b059ded75e29f0e in current term 1: Already voted for candidate 8d579911ce0344eb9e409cc047a91bbe in this term.
I20260709 13:07:44.562847 26266 raft_consensus.cc:359] T a1f164716fbf4231a2b436d1775d12fb P 20818049e57f4d278b059ded75e29f0e [term 0 FOLLOWER]: Replica starting. Triggering 0 pending ops. Active config: opid_index: -1 OBSOLETE_local: false peers { permanent_uuid: "8d579911ce0344eb9e409cc047a91bbe" member_type: VOTER last_known_addr { host: "127.24.91.193" port: 38393 } } peers { permanent_uuid: "b239f9b0b1a4418f8e146428e844364c" member_type: VOTER last_known_addr { host: "127.24.91.194" port: 36163 } } peers { permanent_uuid: "20818049e57f4d278b059ded75e29f0e" member_type: VOTER last_known_addr { host: "127.24.91.195" port: 46447 } }
I20260709 13:07:44.563530 26266 raft_consensus.cc:385] T a1f164716fbf4231a2b436d1775d12fb P 20818049e57f4d278b059ded75e29f0e [term 0 FOLLOWER]: Consensus starting up: Expiring failure detector timer to make a prompt election more likely
I20260709 13:07:44.563786 26266 raft_consensus.cc:740] T a1f164716fbf4231a2b436d1775d12fb P 20818049e57f4d278b059ded75e29f0e [term 0 FOLLOWER]: Becoming Follower/Learner. State: Replica: 20818049e57f4d278b059ded75e29f0e, State: Initialized, Role: FOLLOWER
I20260709 13:07:44.564412 26266 consensus_queue.cc:260] T a1f164716fbf4231a2b436d1775d12fb P 20818049e57f4d278b059ded75e29f0e [NON_LEADER]: Queue going to NON_LEADER mode. State: All replicated index: 0, Majority replicated index: 0, Committed index: 0, Last appended: 0.0, Last appended by leader: 0, Current term: 0, Majority size: -1, State: 0, Mode: NON_LEADER, active raft config: opid_index: -1 OBSOLETE_local: false peers { permanent_uuid: "8d579911ce0344eb9e409cc047a91bbe" member_type: VOTER last_known_addr { host: "127.24.91.193" port: 38393 } } peers { permanent_uuid: "b239f9b0b1a4418f8e146428e844364c" member_type: VOTER last_known_addr { host: "127.24.91.194" port: 36163 } } peers { permanent_uuid: "20818049e57f4d278b059ded75e29f0e" member_type: VOTER last_known_addr { host: "127.24.91.195" port: 46447 } }
I20260709 13:07:44.559226 26357 leader_election.cc:290] T b54dd4a292c14f8ab7dbf3acd38fecac P 20818049e57f4d278b059ded75e29f0e [CANDIDATE]: Term 1 election: Requested vote from peers 8d579911ce0344eb9e409cc047a91bbe (127.24.91.193:38393), b239f9b0b1a4418f8e146428e844364c (127.24.91.194:36163)
I20260709 13:07:44.568099 26224 tablet_service.cc:1917] Received RequestConsensusVote() RPC: tablet_id: "b54dd4a292c14f8ab7dbf3acd38fecac" candidate_uuid: "8d579911ce0344eb9e409cc047a91bbe" candidate_term: 1 candidate_status { last_received { term: 0 index: 0 } } ignore_live_leader: false dest_uuid: "20818049e57f4d278b059ded75e29f0e"
I20260709 13:07:44.568488 26148 raft_consensus.cc:2468] T b54dd4a292c14f8ab7dbf3acd38fecac P b239f9b0b1a4418f8e146428e844364c [term 1 FOLLOWER]: Leader election vote request: Granting yes vote for candidate 8d579911ce0344eb9e409cc047a91bbe in term 1.
I20260709 13:07:44.568857 26224 raft_consensus.cc:2393] T b54dd4a292c14f8ab7dbf3acd38fecac P 20818049e57f4d278b059ded75e29f0e [term 1 FOLLOWER]: Leader election vote request: Denying vote to candidate 8d579911ce0344eb9e409cc047a91bbe in current term 1: Already voted for candidate 20818049e57f4d278b059ded75e29f0e in this term.
I20260709 13:07:44.570212 26149 tablet_service.cc:1917] Received RequestConsensusVote() RPC: tablet_id: "b54dd4a292c14f8ab7dbf3acd38fecac" candidate_uuid: "20818049e57f4d278b059ded75e29f0e" candidate_term: 1 candidate_status { last_received { term: 0 index: 0 } } ignore_live_leader: false dest_uuid: "b239f9b0b1a4418f8e146428e844364c"
I20260709 13:07:44.571718 26149 raft_consensus.cc:2393] T b54dd4a292c14f8ab7dbf3acd38fecac P b239f9b0b1a4418f8e146428e844364c [term 1 FOLLOWER]: Leader election vote request: Denying vote to candidate 20818049e57f4d278b059ded75e29f0e in current term 1: Already voted for candidate 8d579911ce0344eb9e409cc047a91bbe in this term.
I20260709 13:07:44.572080 26266 ts_tablet_manager.cc:1434] T a1f164716fbf4231a2b436d1775d12fb P 20818049e57f4d278b059ded75e29f0e: Time spent starting tablet: real 0.016s	user 0.006s	sys 0.000s
I20260709 13:07:44.572988 26266 tablet_bootstrap.cc:492] T 9155b9df05f44ad28b8ad02cbcf79c47 P 20818049e57f4d278b059ded75e29f0e: Bootstrap starting.
I20260709 13:07:44.575068 25970 catalog_manager.cc:5697] T d25ba18f72844cacab7fa168fcf22e54 P b239f9b0b1a4418f8e146428e844364c reported cstate change: term changed from 0 to 1, leader changed from <none> to b239f9b0b1a4418f8e146428e844364c (127.24.91.194). New cstate: current_term: 1 leader_uuid: "b239f9b0b1a4418f8e146428e844364c" committed_config { opid_index: -1 OBSOLETE_local: false peers { permanent_uuid: "8d579911ce0344eb9e409cc047a91bbe" member_type: VOTER last_known_addr { host: "127.24.91.193" port: 38393 } health_report { overall_health: UNKNOWN } } peers { permanent_uuid: "b239f9b0b1a4418f8e146428e844364c" member_type: VOTER last_known_addr { host: "127.24.91.194" port: 36163 } health_report { overall_health: HEALTHY } } peers { permanent_uuid: "20818049e57f4d278b059ded75e29f0e" member_type: VOTER last_known_addr { host: "127.24.91.195" port: 46447 } health_report { overall_health: UNKNOWN } } }
I20260709 13:07:44.577306 26041 leader_election.cc:304] T b54dd4a292c14f8ab7dbf3acd38fecac P 8d579911ce0344eb9e409cc047a91bbe [CANDIDATE]: Term 1 election: Election decided. Result: candidate won. Election summary: received 3 responses out of 3 voters: 2 yes votes; 1 no votes. yes voters: 8d579911ce0344eb9e409cc047a91bbe, b239f9b0b1a4418f8e146428e844364c; no voters: 20818049e57f4d278b059ded75e29f0e
I20260709 13:07:44.578837 26190 leader_election.cc:304] T b54dd4a292c14f8ab7dbf3acd38fecac P 20818049e57f4d278b059ded75e29f0e [CANDIDATE]: Term 1 election: Election decided. Result: candidate lost. Election summary: received 3 responses out of 3 voters: 1 yes votes; 2 no votes. yes voters: 20818049e57f4d278b059ded75e29f0e; no voters: 8d579911ce0344eb9e409cc047a91bbe, b239f9b0b1a4418f8e146428e844364c
I20260709 13:07:44.579505 26290 raft_consensus.cc:2804] T b54dd4a292c14f8ab7dbf3acd38fecac P 8d579911ce0344eb9e409cc047a91bbe [term 1 FOLLOWER]: Leader election won for term 1
I20260709 13:07:44.579896 26272 consensus_queue.cc:1048] T 7edf7f4a7000428bb16c8baaf55f2062 P 8d579911ce0344eb9e409cc047a91bbe [LEADER]: Connected to new peer: Peer: permanent_uuid: "b239f9b0b1a4418f8e146428e844364c" member_type: VOTER last_known_addr { host: "127.24.91.194" port: 36163 }, Status: LMP_MISMATCH, Last received: 0.0, Next index: 1, Last known committed idx: 0, Time since last communication: 0.001s
I20260709 13:07:44.580600 26290 raft_consensus.cc:697] T b54dd4a292c14f8ab7dbf3acd38fecac P 8d579911ce0344eb9e409cc047a91bbe [term 1 LEADER]: Becoming Leader. State: Replica: 8d579911ce0344eb9e409cc047a91bbe, State: Running, Role: LEADER
I20260709 13:07:44.581068 26347 consensus_queue.cc:1048] T 2c9c1995ce3c474598105b7d771b87bf P 8d579911ce0344eb9e409cc047a91bbe [LEADER]: Connected to new peer: Peer: permanent_uuid: "b239f9b0b1a4418f8e146428e844364c" member_type: VOTER last_known_addr { host: "127.24.91.194" port: 36163 }, Status: LMP_MISMATCH, Last received: 0.0, Next index: 1, Last known committed idx: 0, Time since last communication: 0.000s
I20260709 13:07:44.594327 26306 raft_consensus.cc:2749] T b54dd4a292c14f8ab7dbf3acd38fecac P 20818049e57f4d278b059ded75e29f0e [term 1 FOLLOWER]: Leader election lost for term 1. Reason: could not achieve majority
I20260709 13:07:44.585711 26266 tablet_bootstrap.cc:654] T 9155b9df05f44ad28b8ad02cbcf79c47 P 20818049e57f4d278b059ded75e29f0e: Neither blocks nor log segments found. Creating new log.
I20260709 13:07:44.605331 26290 consensus_queue.cc:237] T b54dd4a292c14f8ab7dbf3acd38fecac P 8d579911ce0344eb9e409cc047a91bbe [LEADER]: Queue going to LEADER mode. State: All replicated index: 0, Majority replicated index: 0, Committed index: 0, Last appended: 0.0, Last appended by leader: 0, Current term: 1, Majority size: 2, State: 0, Mode: LEADER, active raft config: opid_index: -1 OBSOLETE_local: false peers { permanent_uuid: "8d579911ce0344eb9e409cc047a91bbe" member_type: VOTER last_known_addr { host: "127.24.91.193" port: 38393 } } peers { permanent_uuid: "b239f9b0b1a4418f8e146428e844364c" member_type: VOTER last_known_addr { host: "127.24.91.194" port: 36163 } } peers { permanent_uuid: "20818049e57f4d278b059ded75e29f0e" member_type: VOTER last_known_addr { host: "127.24.91.195" port: 46447 } }
I20260709 13:07:44.622367 26266 tablet_bootstrap.cc:492] T 9155b9df05f44ad28b8ad02cbcf79c47 P 20818049e57f4d278b059ded75e29f0e: No bootstrap required, opened a new log
I20260709 13:07:44.622891 26266 ts_tablet_manager.cc:1403] T 9155b9df05f44ad28b8ad02cbcf79c47 P 20818049e57f4d278b059ded75e29f0e: Time spent bootstrapping tablet: real 0.050s	user 0.007s	sys 0.003s
I20260709 13:07:44.623020 26265 tablet_bootstrap.cc:654] T a1f164716fbf4231a2b436d1775d12fb P b239f9b0b1a4418f8e146428e844364c: Neither blocks nor log segments found. Creating new log.
I20260709 13:07:44.632990 26264 tablet_bootstrap.cc:492] T a1f164716fbf4231a2b436d1775d12fb P 8d579911ce0344eb9e409cc047a91bbe: No bootstrap required, opened a new log
I20260709 13:07:44.633127 26272 consensus_queue.cc:1048] T 2c9c1995ce3c474598105b7d771b87bf P 8d579911ce0344eb9e409cc047a91bbe [LEADER]: Connected to new peer: Peer: permanent_uuid: "20818049e57f4d278b059ded75e29f0e" member_type: VOTER last_known_addr { host: "127.24.91.195" port: 46447 }, Status: LMP_MISMATCH, Last received: 0.0, Next index: 1, Last known committed idx: 0, Time since last communication: 0.000s
I20260709 13:07:44.633535 26264 ts_tablet_manager.cc:1403] T a1f164716fbf4231a2b436d1775d12fb P 8d579911ce0344eb9e409cc047a91bbe: Time spent bootstrapping tablet: real 0.085s	user 0.023s	sys 0.020s
I20260709 13:07:44.636479 26347 consensus_queue.cc:1048] T 4c27095e777d4da291dd9dff21758c6b P 8d579911ce0344eb9e409cc047a91bbe [LEADER]: Connected to new peer: Peer: permanent_uuid: "b239f9b0b1a4418f8e146428e844364c" member_type: VOTER last_known_addr { host: "127.24.91.194" port: 36163 }, Status: LMP_MISMATCH, Last received: 0.0, Next index: 1, Last known committed idx: 0, Time since last communication: 0.000s
I20260709 13:07:44.637144 26306 raft_consensus.cc:493] T 8d4e0efaefdd4ac3ababf9b7a25c4b73 P 20818049e57f4d278b059ded75e29f0e [term 0 FOLLOWER]: Starting pre-election (no leader contacted us within the election timeout)
I20260709 13:07:44.637585 26306 raft_consensus.cc:515] T 8d4e0efaefdd4ac3ababf9b7a25c4b73 P 20818049e57f4d278b059ded75e29f0e [term 0 FOLLOWER]: Starting pre-election with config: opid_index: -1 OBSOLETE_local: false peers { permanent_uuid: "8d579911ce0344eb9e409cc047a91bbe" member_type: VOTER last_known_addr { host: "127.24.91.193" port: 38393 } } peers { permanent_uuid: "b239f9b0b1a4418f8e146428e844364c" member_type: VOTER last_known_addr { host: "127.24.91.194" port: 36163 } } peers { permanent_uuid: "20818049e57f4d278b059ded75e29f0e" member_type: VOTER last_known_addr { host: "127.24.91.195" port: 46447 } }
I20260709 13:07:44.647233 26266 raft_consensus.cc:359] T 9155b9df05f44ad28b8ad02cbcf79c47 P 20818049e57f4d278b059ded75e29f0e [term 0 FOLLOWER]: Replica starting. Triggering 0 pending ops. Active config: opid_index: -1 OBSOLETE_local: false peers { permanent_uuid: "8d579911ce0344eb9e409cc047a91bbe" member_type: VOTER last_known_addr { host: "127.24.91.193" port: 38393 } } peers { permanent_uuid: "b239f9b0b1a4418f8e146428e844364c" member_type: VOTER last_known_addr { host: "127.24.91.194" port: 36163 } } peers { permanent_uuid: "20818049e57f4d278b059ded75e29f0e" member_type: VOTER last_known_addr { host: "127.24.91.195" port: 46447 } }
I20260709 13:07:44.648200 26266 raft_consensus.cc:385] T 9155b9df05f44ad28b8ad02cbcf79c47 P 20818049e57f4d278b059ded75e29f0e [term 0 FOLLOWER]: Consensus starting up: Expiring failure detector timer to make a prompt election more likely
I20260709 13:07:44.648492 26266 raft_consensus.cc:740] T 9155b9df05f44ad28b8ad02cbcf79c47 P 20818049e57f4d278b059ded75e29f0e [term 0 FOLLOWER]: Becoming Follower/Learner. State: Replica: 20818049e57f4d278b059ded75e29f0e, State: Initialized, Role: FOLLOWER
I20260709 13:07:44.646513 26357 consensus_queue.cc:1048] T eca0094c93cf4b2e8c5c56fb7ec05a0d P 20818049e57f4d278b059ded75e29f0e [LEADER]: Connected to new peer: Peer: permanent_uuid: "8d579911ce0344eb9e409cc047a91bbe" member_type: VOTER last_known_addr { host: "127.24.91.193" port: 38393 }, Status: LMP_MISMATCH, Last received: 0.0, Next index: 1, Last known committed idx: 0, Time since last communication: 0.001s
I20260709 13:07:44.652333 26266 consensus_queue.cc:260] T 9155b9df05f44ad28b8ad02cbcf79c47 P 20818049e57f4d278b059ded75e29f0e [NON_LEADER]: Queue going to NON_LEADER mode. State: All replicated index: 0, Majority replicated index: 0, Committed index: 0, Last appended: 0.0, Last appended by leader: 0, Current term: 0, Majority size: -1, State: 0, Mode: NON_LEADER, active raft config: opid_index: -1 OBSOLETE_local: false peers { permanent_uuid: "8d579911ce0344eb9e409cc047a91bbe" member_type: VOTER last_known_addr { host: "127.24.91.193" port: 38393 } } peers { permanent_uuid: "b239f9b0b1a4418f8e146428e844364c" member_type: VOTER last_known_addr { host: "127.24.91.194" port: 36163 } } peers { permanent_uuid: "20818049e57f4d278b059ded75e29f0e" member_type: VOTER last_known_addr { host: "127.24.91.195" port: 46447 } }
I20260709 13:07:44.647238 26306 leader_election.cc:290] T 8d4e0efaefdd4ac3ababf9b7a25c4b73 P 20818049e57f4d278b059ded75e29f0e [CANDIDATE]: Term 1 pre-election: Requested pre-vote from peers 8d579911ce0344eb9e409cc047a91bbe (127.24.91.193:38393), b239f9b0b1a4418f8e146428e844364c (127.24.91.194:36163)
I20260709 13:07:44.658150 26266 ts_tablet_manager.cc:1434] T 9155b9df05f44ad28b8ad02cbcf79c47 P 20818049e57f4d278b059ded75e29f0e: Time spent starting tablet: real 0.035s	user 0.006s	sys 0.000s
I20260709 13:07:44.659014 26266 tablet_bootstrap.cc:492] T a8c2a14db224473897d81fe517ed1ef3 P 20818049e57f4d278b059ded75e29f0e: Bootstrap starting.
I20260709 13:07:44.661212 26073 tablet_service.cc:1917] Received RequestConsensusVote() RPC: tablet_id: "8d4e0efaefdd4ac3ababf9b7a25c4b73" candidate_uuid: "20818049e57f4d278b059ded75e29f0e" candidate_term: 1 candidate_status { last_received { term: 0 index: 0 } } ignore_live_leader: false dest_uuid: "8d579911ce0344eb9e409cc047a91bbe" is_pre_election: true
I20260709 13:07:44.663307 26073 raft_consensus.cc:2468] T 8d4e0efaefdd4ac3ababf9b7a25c4b73 P 8d579911ce0344eb9e409cc047a91bbe [term 0 FOLLOWER]: Leader pre-election vote request: Granting yes vote for candidate 20818049e57f4d278b059ded75e29f0e in term 0.
I20260709 13:07:44.664340 26149 tablet_service.cc:1917] Received RequestConsensusVote() RPC: tablet_id: "8d4e0efaefdd4ac3ababf9b7a25c4b73" candidate_uuid: "20818049e57f4d278b059ded75e29f0e" candidate_term: 1 candidate_status { last_received { term: 0 index: 0 } } ignore_live_leader: false dest_uuid: "b239f9b0b1a4418f8e146428e844364c" is_pre_election: true
I20260709 13:07:44.667963 26188 leader_election.cc:304] T 8d4e0efaefdd4ac3ababf9b7a25c4b73 P 20818049e57f4d278b059ded75e29f0e [CANDIDATE]: Term 1 pre-election: Election decided. Result: candidate won. Election summary: received 2 responses out of 3 voters: 2 yes votes; 0 no votes. yes voters: 20818049e57f4d278b059ded75e29f0e, 8d579911ce0344eb9e409cc047a91bbe; no voters: 
W20260709 13:07:44.669497 26190 leader_election.cc:343] T 8d4e0efaefdd4ac3ababf9b7a25c4b73 P 20818049e57f4d278b059ded75e29f0e [CANDIDATE]: Term 1 pre-election: Tablet error from VoteRequest() call to peer b239f9b0b1a4418f8e146428e844364c (127.24.91.194:36163): Illegal state: must be running to vote when last-logged opid is not known
I20260709 13:07:44.670543 26295 raft_consensus.cc:493] T aaa59b6a372b45d18cf8edc5043e96f7 P b239f9b0b1a4418f8e146428e844364c [term 0 FOLLOWER]: Starting pre-election (no leader contacted us within the election timeout)
I20260709 13:07:44.671031 26295 raft_consensus.cc:515] T aaa59b6a372b45d18cf8edc5043e96f7 P b239f9b0b1a4418f8e146428e844364c [term 0 FOLLOWER]: Starting pre-election with config: opid_index: -1 OBSOLETE_local: false peers { permanent_uuid: "8d579911ce0344eb9e409cc047a91bbe" member_type: VOTER last_known_addr { host: "127.24.91.193" port: 38393 } } peers { permanent_uuid: "b239f9b0b1a4418f8e146428e844364c" member_type: VOTER last_known_addr { host: "127.24.91.194" port: 36163 } } peers { permanent_uuid: "20818049e57f4d278b059ded75e29f0e" member_type: VOTER last_known_addr { host: "127.24.91.195" port: 46447 } }
I20260709 13:07:44.673713 26318 raft_consensus.cc:2804] T 8d4e0efaefdd4ac3ababf9b7a25c4b73 P 20818049e57f4d278b059ded75e29f0e [term 0 FOLLOWER]: Leader pre-election won for term 1
W20260709 13:07:44.668567 26021 auto_rebalancer.cc:288] Could not retrieve cluster info: Service unavailable: Tablet not running
I20260709 13:07:44.687992 26073 tablet_service.cc:1917] Received RequestConsensusVote() RPC: tablet_id: "aaa59b6a372b45d18cf8edc5043e96f7" candidate_uuid: "b239f9b0b1a4418f8e146428e844364c" candidate_term: 1 candidate_status { last_received { term: 0 index: 0 } } ignore_live_leader: false dest_uuid: "8d579911ce0344eb9e409cc047a91bbe" is_pre_election: true
I20260709 13:07:44.689527 26295 leader_election.cc:290] T aaa59b6a372b45d18cf8edc5043e96f7 P b239f9b0b1a4418f8e146428e844364c [CANDIDATE]: Term 1 pre-election: Requested pre-vote from peers 8d579911ce0344eb9e409cc047a91bbe (127.24.91.193:38393), 20818049e57f4d278b059ded75e29f0e (127.24.91.195:46447)
I20260709 13:07:44.674151 26318 raft_consensus.cc:493] T 8d4e0efaefdd4ac3ababf9b7a25c4b73 P 20818049e57f4d278b059ded75e29f0e [term 0 FOLLOWER]: Starting leader election (no leader contacted us within the election timeout)
I20260709 13:07:44.690645 26318 raft_consensus.cc:3060] T 8d4e0efaefdd4ac3ababf9b7a25c4b73 P 20818049e57f4d278b059ded75e29f0e [term 0 FOLLOWER]: Advancing to term 1
W20260709 13:07:44.694209 26114 leader_election.cc:343] T aaa59b6a372b45d18cf8edc5043e96f7 P b239f9b0b1a4418f8e146428e844364c [CANDIDATE]: Term 1 pre-election: Tablet error from VoteRequest() call to peer 8d579911ce0344eb9e409cc047a91bbe (127.24.91.193:38393): Illegal state: must be running to vote when last-logged opid is not known
I20260709 13:07:44.694816 26221 tablet_service.cc:1917] Received RequestConsensusVote() RPC: tablet_id: "aaa59b6a372b45d18cf8edc5043e96f7" candidate_uuid: "b239f9b0b1a4418f8e146428e844364c" candidate_term: 1 candidate_status { last_received { term: 0 index: 0 } } ignore_live_leader: false dest_uuid: "20818049e57f4d278b059ded75e29f0e" is_pre_election: true
I20260709 13:07:44.679385 26347 raft_consensus.cc:493] T 787fd1307c8744309f281055c772c974 P 8d579911ce0344eb9e409cc047a91bbe [term 0 FOLLOWER]: Starting pre-election (no leader contacted us within the election timeout)
I20260709 13:07:44.706948 26295 raft_consensus.cc:493] T ac24c24e5f074e5796977877e11bcb62 P b239f9b0b1a4418f8e146428e844364c [term 0 FOLLOWER]: Starting pre-election (no leader contacted us within the election timeout)
