I20260709 13:07:47.701988 26266 consensus_queue.cc:260] T 2719b82d38464f10b2aa36868ad8d89d P 20818049e57f4d278b059ded75e29f0e [NON_LEADER]: Queue going to NON_LEADER mode. State: All replicated index: 0, Majority replicated index: 0, Committed index: 0, Last appended: 0.0, Last appended by leader: 0, Current term: 0, Majority size: -1, State: 0, Mode: NON_LEADER, active raft config: opid_index: -1 OBSOLETE_local: false peers { permanent_uuid: "8d579911ce0344eb9e409cc047a91bbe" member_type: VOTER last_known_addr { host: "127.24.91.193" port: 38393 } } peers { permanent_uuid: "b239f9b0b1a4418f8e146428e844364c" member_type: VOTER last_known_addr { host: "127.24.91.194" port: 36163 } } peers { permanent_uuid: "20818049e57f4d278b059ded75e29f0e" member_type: VOTER last_known_addr { host: "127.24.91.195" port: 46447 } }
I20260709 13:07:47.703660 26038 leader_election.cc:304] T d75629d921bf4816943845c06fc15b0e P 8d579911ce0344eb9e409cc047a91bbe [CANDIDATE]: Term 1 pre-election: Election decided. Result: candidate won. Election summary: received 2 responses out of 3 voters: 2 yes votes; 0 no votes. yes voters: 20818049e57f4d278b059ded75e29f0e, 8d579911ce0344eb9e409cc047a91bbe; no voters: 
I20260709 13:07:47.704519 26442 raft_consensus.cc:2804] T d75629d921bf4816943845c06fc15b0e P 8d579911ce0344eb9e409cc047a91bbe [term 0 FOLLOWER]: Leader pre-election won for term 1
I20260709 13:07:47.704798 26266 ts_tablet_manager.cc:1434] T 2719b82d38464f10b2aa36868ad8d89d P 20818049e57f4d278b059ded75e29f0e: Time spent starting tablet: real 0.007s	user 0.003s	sys 0.002s
I20260709 13:07:47.704882 26442 raft_consensus.cc:493] T d75629d921bf4816943845c06fc15b0e P 8d579911ce0344eb9e409cc047a91bbe [term 0 FOLLOWER]: Starting leader election (no leader contacted us within the election timeout)
I20260709 13:07:47.705317 26442 raft_consensus.cc:3060] T d75629d921bf4816943845c06fc15b0e P 8d579911ce0344eb9e409cc047a91bbe [term 0 FOLLOWER]: Advancing to term 1
W20260709 13:07:47.705986 26041 leader_election.cc:343] T d75629d921bf4816943845c06fc15b0e P 8d579911ce0344eb9e409cc047a91bbe [CANDIDATE]: Term 1 pre-election: Tablet error from VoteRequest() call to peer b239f9b0b1a4418f8e146428e844364c (127.24.91.194:36163): Illegal state: must be running to vote when last-logged opid is not known
I20260709 13:07:47.700906 26265 ts_tablet_manager.cc:1434] T 67608f814a964958ac65eddfccbbfb28 P b239f9b0b1a4418f8e146428e844364c: Time spent starting tablet: real 0.010s	user 0.005s	sys 0.000s
I20260709 13:07:47.709708 26265 tablet_bootstrap.cc:492] T c96c3b278c034c30a0b9d43117d7a125 P b239f9b0b1a4418f8e146428e844364c: Bootstrap starting.
I20260709 13:07:47.715068 26266 tablet_bootstrap.cc:492] T 4a4336267e9e45ef87d5b97c2b7e3697 P 20818049e57f4d278b059ded75e29f0e: Bootstrap starting.
I20260709 13:07:47.717578 26264 tablet_bootstrap.cc:654] T 759c6990bd55481ab08f6d8df362ded9 P 8d579911ce0344eb9e409cc047a91bbe: Neither blocks nor log segments found. Creating new log.
I20260709 13:07:47.721374 26265 tablet_bootstrap.cc:654] T c96c3b278c034c30a0b9d43117d7a125 P b239f9b0b1a4418f8e146428e844364c: Neither blocks nor log segments found. Creating new log.
I20260709 13:07:47.721371 26266 tablet_bootstrap.cc:654] T 4a4336267e9e45ef87d5b97c2b7e3697 P 20818049e57f4d278b059ded75e29f0e: Neither blocks nor log segments found. Creating new log.
I20260709 13:07:47.724761 26442 raft_consensus.cc:515] T d75629d921bf4816943845c06fc15b0e P 8d579911ce0344eb9e409cc047a91bbe [term 1 FOLLOWER]: Starting leader election with config: opid_index: -1 OBSOLETE_local: false peers { permanent_uuid: "8d579911ce0344eb9e409cc047a91bbe" member_type: VOTER last_known_addr { host: "127.24.91.193" port: 38393 } } peers { permanent_uuid: "b239f9b0b1a4418f8e146428e844364c" member_type: VOTER last_known_addr { host: "127.24.91.194" port: 36163 } } peers { permanent_uuid: "20818049e57f4d278b059ded75e29f0e" member_type: VOTER last_known_addr { host: "127.24.91.195" port: 46447 } }
I20260709 13:07:47.727671 26146 tablet_service.cc:1917] Received RequestConsensusVote() RPC: tablet_id: "d75629d921bf4816943845c06fc15b0e" candidate_uuid: "8d579911ce0344eb9e409cc047a91bbe" candidate_term: 1 candidate_status { last_received { term: 0 index: 0 } } ignore_live_leader: false dest_uuid: "b239f9b0b1a4418f8e146428e844364c"
W20260709 13:07:47.729236 26041 leader_election.cc:343] T d75629d921bf4816943845c06fc15b0e P 8d579911ce0344eb9e409cc047a91bbe [CANDIDATE]: Term 1 election: Tablet error from VoteRequest() call to peer b239f9b0b1a4418f8e146428e844364c (127.24.91.194:36163): Illegal state: must be running to vote when last-logged opid is not known
I20260709 13:07:47.731386 26220 tablet_service.cc:1917] Received RequestConsensusVote() RPC: tablet_id: "d75629d921bf4816943845c06fc15b0e" candidate_uuid: "8d579911ce0344eb9e409cc047a91bbe" candidate_term: 1 candidate_status { last_received { term: 0 index: 0 } } ignore_live_leader: false dest_uuid: "20818049e57f4d278b059ded75e29f0e"
I20260709 13:07:47.731957 26220 raft_consensus.cc:3060] T d75629d921bf4816943845c06fc15b0e P 20818049e57f4d278b059ded75e29f0e [term 0 FOLLOWER]: Advancing to term 1
I20260709 13:07:47.748025 26266 tablet_bootstrap.cc:492] T 4a4336267e9e45ef87d5b97c2b7e3697 P 20818049e57f4d278b059ded75e29f0e: No bootstrap required, opened a new log
I20260709 13:07:47.748517 26266 ts_tablet_manager.cc:1403] T 4a4336267e9e45ef87d5b97c2b7e3697 P 20818049e57f4d278b059ded75e29f0e: Time spent bootstrapping tablet: real 0.034s	user 0.006s	sys 0.009s
I20260709 13:07:47.750102 26442 leader_election.cc:290] T d75629d921bf4816943845c06fc15b0e P 8d579911ce0344eb9e409cc047a91bbe [CANDIDATE]: Term 1 election: Requested vote from peers b239f9b0b1a4418f8e146428e844364c (127.24.91.194:36163), 20818049e57f4d278b059ded75e29f0e (127.24.91.195:46447)
I20260709 13:07:47.750984 26266 raft_consensus.cc:359] T 4a4336267e9e45ef87d5b97c2b7e3697 P 20818049e57f4d278b059ded75e29f0e [term 0 FOLLOWER]: Replica starting. Triggering 0 pending ops. Active config: opid_index: -1 OBSOLETE_local: false peers { permanent_uuid: "8d579911ce0344eb9e409cc047a91bbe" member_type: VOTER last_known_addr { host: "127.24.91.193" port: 38393 } } peers { permanent_uuid: "b239f9b0b1a4418f8e146428e844364c" member_type: VOTER last_known_addr { host: "127.24.91.194" port: 36163 } } peers { permanent_uuid: "20818049e57f4d278b059ded75e29f0e" member_type: VOTER last_known_addr { host: "127.24.91.195" port: 46447 } }
I20260709 13:07:47.751405 26220 raft_consensus.cc:2468] T d75629d921bf4816943845c06fc15b0e P 20818049e57f4d278b059ded75e29f0e [term 1 FOLLOWER]: Leader election vote request: Granting yes vote for candidate 8d579911ce0344eb9e409cc047a91bbe in term 1.
I20260709 13:07:47.751925 26266 raft_consensus.cc:385] T 4a4336267e9e45ef87d5b97c2b7e3697 P 20818049e57f4d278b059ded75e29f0e [term 0 FOLLOWER]: Consensus starting up: Expiring failure detector timer to make a prompt election more likely
I20260709 13:07:47.752224 26266 raft_consensus.cc:740] T 4a4336267e9e45ef87d5b97c2b7e3697 P 20818049e57f4d278b059ded75e29f0e [term 0 FOLLOWER]: Becoming Follower/Learner. State: Replica: 20818049e57f4d278b059ded75e29f0e, State: Initialized, Role: FOLLOWER
I20260709 13:07:47.753121 26265 tablet_bootstrap.cc:492] T c96c3b278c034c30a0b9d43117d7a125 P b239f9b0b1a4418f8e146428e844364c: No bootstrap required, opened a new log
I20260709 13:07:47.752895 26266 consensus_queue.cc:260] T 4a4336267e9e45ef87d5b97c2b7e3697 P 20818049e57f4d278b059ded75e29f0e [NON_LEADER]: Queue going to NON_LEADER mode. State: All replicated index: 0, Majority replicated index: 0, Committed index: 0, Last appended: 0.0, Last appended by leader: 0, Current term: 0, Majority size: -1, State: 0, Mode: NON_LEADER, active raft config: opid_index: -1 OBSOLETE_local: false peers { permanent_uuid: "8d579911ce0344eb9e409cc047a91bbe" member_type: VOTER last_known_addr { host: "127.24.91.193" port: 38393 } } peers { permanent_uuid: "b239f9b0b1a4418f8e146428e844364c" member_type: VOTER last_known_addr { host: "127.24.91.194" port: 36163 } } peers { permanent_uuid: "20818049e57f4d278b059ded75e29f0e" member_type: VOTER last_known_addr { host: "127.24.91.195" port: 46447 } }
I20260709 13:07:47.753548 26265 ts_tablet_manager.cc:1403] T c96c3b278c034c30a0b9d43117d7a125 P b239f9b0b1a4418f8e146428e844364c: Time spent bootstrapping tablet: real 0.044s	user 0.009s	sys 0.002s
I20260709 13:07:47.753403 26038 leader_election.cc:304] T d75629d921bf4816943845c06fc15b0e P 8d579911ce0344eb9e409cc047a91bbe [CANDIDATE]: Term 1 election: Election decided. Result: candidate won. Election summary: received 3 responses out of 3 voters: 2 yes votes; 1 no votes. yes voters: 20818049e57f4d278b059ded75e29f0e, 8d579911ce0344eb9e409cc047a91bbe; no voters: b239f9b0b1a4418f8e146428e844364c
I20260709 13:07:47.754459 26442 raft_consensus.cc:2804] T d75629d921bf4816