I20260709 13:07:37.913370 23073 raft_consensus.cc:359] T f3b08335f3564868a8160dc1b5ade501 P f3c799b1249e40119d2a5864231c6c75 [term 0 FOLLOWER]: Replica starting. Triggering 0 pending ops. Active config: opid_index: -1 OBSOLETE_local: false peers { permanent_uuid: "0a407504ed1741bf89a276558adf4c0f" member_type: VOTER last_known_addr { host: "127.21.63.1" port: 33929 } } peers { permanent_uuid: "aed3f089ec8b49af9c8cf5cdee76e8e7" member_type: VOTER last_known_addr { host: "127.21.63.2" port: 33309 } } peers { permanent_uuid: "f3c799b1249e40119d2a5864231c6c75" member_type: VOTER last_known_addr { host: "127.21.63.3" port: 42499 } }
I20260709 13:07:37.914119 23117 raft_consensus.cc:2804] T ec7dd25342084943aacb4b9830f5f1ea P aed3f089ec8b49af9c8cf5cdee76e8e7 [term 0 FOLLOWER]: Leader pre-election won for term 1
I20260709 13:07:37.914453 23073 raft_consensus.cc:385] T f3b08335f3564868a8160dc1b5ade501 P f3c799b1249e40119d2a5864231c6c75 [term 0 FOLLOWER]: Consensus starting up: Expiring failure detector timer to make a prompt election more likely
I20260709 13:07:37.914537 23117 raft_consensus.cc:493] T ec7dd25342084943aacb4b9830f5f1ea P aed3f089ec8b49af9c8cf5cdee76e8e7 [term 0 FOLLOWER]: Starting leader election (no leader contacted us within the election timeout)
I20260709 13:07:37.914798 23073 raft_consensus.cc:740] T f3b08335f3564868a8160dc1b5ade501 P f3c799b1249e40119d2a5864231c6c75 [term 0 FOLLOWER]: Becoming Follower/Learner. State: Replica: f3c799b1249e40119d2a5864231c6c75, State: Initialized, Role: FOLLOWER
I20260709 13:07:37.914958 23117 raft_consensus.cc:3060] T ec7dd25342084943aacb4b9830f5f1ea P aed3f089ec8b49af9c8cf5cdee76e8e7 [term 0 FOLLOWER]: Advancing to term 1
I20260709 13:07:37.916533 23073 consensus_queue.cc:260] T f3b08335f3564868a8160dc1b5ade501 P f3c799b1249e40119d2a5864231c6c75 [NON_LEADER]: Queue going to NON_LEADER mode. State: All replicated index: 0, Majority replicated index: 0, Committed index: 0, Last appended: 0.0, Last appended by leader: 0, Current term: 0, Majority size: -1, State: 0, Mode: NON_LEADER, active raft config: opid_index: -1 OBSOLETE_local: false peers { permanent_uuid: "0a407504ed1741bf89a276558adf4c0f" member_type: VOTER last_known_addr { host: "127.21.63.1" port: 33929 } } peers { permanent_uuid: "aed3f089ec8b49af9c8cf5cdee76e8e7" member_type: VOTER last_known_addr { host: "127.21.63.2" port: 33309 } } peers { permanent_uuid: "f3c799b1249e40119d2a5864231c6c75" member_type: VOTER last_known_addr { host: "127.21.63.3" port: 42499 } }
I20260709 13:07:37.918535 23073 ts_tablet_manager.cc:1434] T f3b08335f3564868a8160dc1b5ade501 P f3c799b1249e40119d2a5864231c6c75: Time spent starting tablet: real 0.008s	user 0.006s	sys 0.000s
I20260709 13:07:37.920770 23069 tablet_bootstrap.cc:492] T 7f35ebcf93ad423ea8bd0b777bee23ee P 0a407504ed1741bf89a276558adf4c0f: No bootstrap required, opened a new log
I20260709 13:07:37.919405 23073 tablet_bootstrap.cc:492] T 91c88873d54149c58a20f4cf6194e5fc P f3c799b1249e40119d2a5864231c6c75: Bootstrap starting.
I20260709 13:07:37.921799 23117 raft_consensus.cc:515] T ec7dd25342084943aacb4b9830f5f1ea P aed3f089ec8b49af9c8cf5cdee76e8e7 [term 1 FOLLOWER]: Starting leader election with config: opid_index: -1 OBSOLETE_local: false peers { permanent_uuid: "0a407504ed1741bf89a276558adf4c0f" member_type: VOTER last_known_addr { host: "127.21.63.1" port: 33929 } } peers { permanent_uuid: "aed3f089ec8b49af9c8cf5cdee76e8e7" member_type: VOTER last_known_addr { host: "127.21.63.2" port: 33309 } } peers { permanent_uuid: "f3c799b1249e40119d2a5864231c6c75" member_type: VOTER last_known_addr { host: "127.21.63.3" port: 42499 } }
I20260709 13:07:37.923405 23069 ts_tablet_manager.cc:1403] T 7f35ebcf93ad423ea8bd0b777bee23ee P 0a407504ed1741bf89a276558adf4c0f: Time spent bootstrapping tablet: real 0.043s	user 0.023s	sys 0.011s
I20260709 13:07:37.925873 23117 leader_election.cc:290] T ec7dd25342084943aacb4b9830f5f1ea P aed3f089ec8b49af9c8cf5cdee76e8e7 [CANDIDATE]: Term 1 election: Requested vote from peers 0a407504ed1741bf89a276558adf4c0f (127.21.63.1:33929), f3c799b1249e40119d2a5864231c6c75 (127.21.63.3:42499)
I20260709 13:07:37.926164 23029 tablet_service.cc:1917] Received RequestConsensusVote() RPC: tablet_id: "ec7dd25342084943aacb4b9830f5f1ea" candidate_uuid: "aed3f089ec8b49af9c8cf5cdee76e8e7" candidate_term: 1 candidate_status { last_received { term: 0 index: 0 } } ignore_live_leader: false dest_uuid: "f3c799b1249e40119d2a5864231c6c75"
I20260709 13:07:37.926741 23069 raft_consensus.cc:359] T 7f35ebcf93ad423ea8bd0b777bee23ee P 0a407504ed1741bf89a276558adf4c0f [term 0 FOLLOWER]: Replica starting. Triggering 0 pending ops. Active config: opid_index: -1 OBSOLETE_local: false peers { permanent_uuid: "0a407504ed1741bf89a276558adf4c0f" member_type: VOTER last_known_addr { host: "127.21.63.1" port: 33929 } } peers { permanent_uuid: "aed3f089ec8b49af9c8cf5cdee76e8e7" member_type: VOTER last_known_addr { host: "127.21.63.2" port: 33309 } } peers { permanent_uuid: "f3c799b1249e40119d2a5864231c6c75" member_type: VOTER last_known_addr { host: "127.21.63.3" port: 42499 } }
I20260709 13:07:37.927520 23069 raft_consensus.cc:385] T 7f35ebcf93ad423ea8bd0b777bee23ee P 0a407504ed1741bf89a276558adf4c0f [term 0 FOLLOWER]: Consensus starting up: Expiring failure detector timer to make a prompt election more likely
W20260709 13:07:37.927623 22918 leader_election.cc:343] T ec7dd25342084943aacb4b9830f5f1ea P aed3f089ec8b49af9c8cf5cdee76e8e7 [CANDIDATE]: Term 1 election: Tablet error from VoteRequest() call to peer f3c799b1249e40119d2a5864231c6c75 (127.21.63.3:42499): Illegal state: must be running to vote when last-logged opid is not known
I20260709 13:07:37.927891 23069 raft_consensus.cc:740] T 7f35ebcf93ad423ea8bd0b777bee23ee P 0a407504ed1741bf89a276558adf4c0f [term 0 FOLLOWER]: Becoming Follower/Learner. State: Replica: 0a407504ed1741bf89a276558adf4c0f, State: Initialized, Role: FOLLOWER
I20260709 13:07:37.928656 23069 consensus_queue.cc:260] T 7f35ebcf93ad423ea8bd0b777bee23ee P 0a407504ed1741bf89a276558adf4c0f [NON_LEADER]: Queue going to NON_LEADER mode. State: All replicated index: 0, Majority replicated index: 0, Committed index: 0, Last appended: 0.0, Last appended by leader: 0, Current term: 0, Majority size: -1, State: 0, Mode: NON_LEADER, active raft config: opid_index: -1 OBSOLETE_local: false peers { permanent_uuid: "0a407504ed1741bf89a276558adf4c0f" member_type: VOTER last_known_addr { host: "127.21.63.1" port: 33929 } } peers { permanent_uuid: "aed3f089ec8b49af9c8cf5cdee76e8e7" member_type: VOTER last_known_addr { host: "127.21.63.2" port: 33309 } } peers { permanent_uuid: "f3c799b1249e40119d2a5864231c6c75" member_type: VOTER last_known_addr { host: "127.21.63.3" port: 42499 } }
I20260709 13:07:37.931882 23073 tablet_bootstrap.cc:654] T 91c88873d54149c58a20f4cf6194e5fc P f3c799b1249e40119d2a5864231c6c75: Neither blocks nor log segments found. Creating new log.
I20260709 13:07:37.934247 23069 ts_tablet_manager.cc:1434] T 7f35ebcf93ad423ea8bd0b777bee23ee P 0a407504ed1741bf89a276558adf4c0f: Time spent starting tablet: real 0.010s	user 0.006s	sys 0.000s
I20260709 13:07:37.935444 23069 tablet_bootstrap.cc:492] T 8217046fd4e14cc4a0194da4f6ad3887 P 0a407504ed1741bf89a276558adf4c0f: Bootstrap starting.
I20260709 13:07:37.942413 23069 tablet_bootstrap.cc:654] T 8217046fd4e14cc4a0194da4f6ad3887 P 0a407504ed1741bf89a276558adf4c0f: Neither blocks nor log segments found. Creating new log.
I20260709 13:07:37.942811 23073 tablet_bootstrap.cc:492] T 91c88873d54149c58a20f4cf6194e5fc P f3c799b1249e40119d2a5864231c6c75: No bootstrap required, opened a new log
I20260709 13:07:37.943393 23073 ts_tablet_manager.cc:1403] T 91c88873d54149c58a20f4cf6194e5fc P f3c799b1249e40119d2a5864231c6c75: Time spent bootstrapping tablet: real 0.024s	user 0.010s	sys 0.007s
I20260709 13:07:37.945981 23073 raft_consensus.cc:359] T 91c88873d54149c58a20f4cf6194e5fc P f3c799b1249e40119d2a5864231c6c75 [term 0 FOLLOWER]: Replica starting. Triggering 0 pending ops. Active config: opid_index: -1 OBSOLETE_local: false peers { permanent_uuid: "0a407504ed1741bf89a276558adf4c0f" member_type: VOTER last_known_addr { host: "127.21.63.1" port: 33929 } } peers { permanent_uuid: "aed3f089ec8b49af9c8cf5cdee76e8e7" member_type: VOTER last_known_addr { host: "127.21.63.2" port: 33309 } } peers { permanent_uuid: "f3c799b1249e40119d2a5864231c6c75" member_type: VOTER last_known_addr { host: "127.21.63.3" port: 42499 } }
I20260709 13:07:37.946710 23073 raft_consensus.cc:385] T 91c88873d54149c58a20f4cf6194e5fc P f3c799b1249e40119d2a5864231c6c75 [term 0 FOLLOWER]: Consensus starting up: Expiring failure detector timer to make a prompt election more likely
I20260709 13:07:37.947039 23073 raft_consensus.cc:740] T 91c88873d54149c58a20f4cf6194e5fc P f3c799b1249e40119d2a5864231c6c75 [term 0 FOLLOWER]: Becoming Follower/Learner. State: Replica: f3c799b1249e40119d2a5864231c6c75, State: Initialized, Role: FOLLOWER
I20260709 13:07:37.947734 23073 consensus_queue.cc:260] T 91c88873d54149c58a20f4cf6194e5fc P f3c799b1249e40119d2a5864231c6c75 [NON_LEADER]: Queue going to NON_LEADER mode. State: All replicated index: 0, Majority replicated index: 0, Committed index: 0, Last appended: 0.0, Last appended by leader: 0, Current term: 0, Majority size: -1, State: 0, Mode: NON_LEADER, active raft config: opid_index: -1 OBSOLETE_local: false peers { permanent_uuid: "0a407504ed1741bf89a276558adf4c0f" member_type: VOTER last_known_addr { host: "127.21.63.1" port: 33929 } } peers { permanent_uuid: "aed3f089ec8b49af9c8cf5cdee76e8e7" member_type: VOTER last_known_addr { host: "127.21.63.2" port: 33309 } } peers { permanent_uuid: "f3c799b1249e40119d2a5864231c6c75" member_type: VOTER last_known_addr { host: "127.21.63.3" port: 42499 } }
I20260709 13:07:37.932816 22879 tablet_service.cc:1917] Received RequestConsensusVote() RPC: tablet_id: "ec7dd25342084943aacb4b9830f5f1ea" candidate_uuid: "aed3f089ec8b49af9c8cf5cdee76e8e7" candidate_term: 1 candidate_status { last_received { term: 0 index: 0 } } ignore_live_leader: false dest_uuid: "0a407504ed1741bf89a276558adf4c0f"
I20260709 13:07:37.948865 22879 raft_consensus.cc:3060] T ec7dd25342084943aacb4b9830f5f1ea P 0a407504ed1741bf89a276558adf4c0f [term 0 FOLLOWER]: Advancing to term 1
I20260709 13:07:37.950241 23073 ts_tablet_manager.cc:1434] T 91c88873d54149c58a20f4cf6194e5fc P f3c799b1249e40119d2a5864231c6c75: Time spent starting tablet: real 0.006s	user 0.005s	sys 0.000s
I20260709 13:07:37.952013 23183 leader_election.cc:290] T 612dc49c81064f4faa79f65fcf1cfc02 P aed3f089ec8b49af9c8cf5cdee76e8e7 [CANDIDATE]: Term 1 pre-election: Requested pre-vote from peers 0a407504ed1741bf89a276558adf4c0f (127.21.63.1:33929), f3c799b1249e40119d2a5864231c6c75 (127.21.63.3:42499)
I20260709 13:07:37.953410 23073 tablet_bootstrap.cc:492] T 8a996de6f02a4723aef91074b3d56714 P f3c799b1249e40119d2a5864231c6c75: Bootstrap starting.
I20260709 13:07:37.953413 23025 tablet_service.cc:1917] Received RequestConsensusVote() RPC: tablet_id: "612dc49c81064f4faa79f65fcf1cfc02" candidate_uuid: "aed3f089ec8b49af9c8cf5cdee76e8e7" candidate_term: 1 candidate_status { last_received { term: 0 index: 0 } } ignore_live_leader: false dest_uuid: "f3c799b1249e40119d2a5864231c6c75" is_pre_election: true
W20260709 13:07:37.954913 22918 leader_election.cc:343] T 612dc49c81064f4faa79f65fcf1cfc02 P aed3f089ec8b49af9c8cf5cdee76e8e7 [CANDIDATE]: Term 1 pre-election: Tablet error from VoteRequest() call to peer f3c799b1249e40119d2a5864231c6c75 (127.21.63.3:42499): Illegal state: must be running to vote when last-logged opid is not known
I20260709 13:07:37.956434 22878 tablet_service.cc:1917] Received RequestConsensusVote() RPC: tablet_id: "612dc49c81064f4faa79f65fcf1cfc02" candidate_uuid: "aed3f089ec8b49af9c8cf5cdee76e8e7" candidate_term: 1 candidate_status { last_received { term: 0 index: 0 } } ignore_live_leader: false dest_uuid: "0a407504ed1741bf89a276558adf4c0f" is_pre_election: true
I20260709 13:07:37.957268 22878 raft_consensus.cc:2468] T 612dc49c81064f4faa79f65fcf1cfc02 P 0a407504ed1741bf89a276558adf4c0f [term 0 FOLLOWER]: Leader pre-election vote request: Granting yes vote for candidate aed3f089ec8b49af9c8cf5cdee76e8e7 in term 0.
I20260709 13:07:37.958595 22920 leader_election.cc:304] T 612dc49c81064f4faa79f65fcf1cfc02 P aed3f089ec8b49af9c8cf5cdee76e8e7 [CANDIDATE]: Term 1 pre-election: Election decided. Result: candidate won. Election summary: received 3 responses out of 3 voters: 2 yes votes; 1 no votes. yes voters: 0a407504ed1741bf89a276558adf4c0f, aed3f089ec8b49af9c8cf5cdee76e8e7; no voters: f3c799b1249e40119d2a5864231c6c75
I20260709 13:07:37.959975 22879 raft_consensus.cc:2468] T ec7dd25342084943aacb4b9830f5f1ea P 0a407504ed1741bf89a276558adf4c0f [term 1 FOLLOWER]: Leader election vote request: Granting yes vote for candidate aed3f089ec8b49af9c8cf5cdee76e8e7 in term 1.
I20260709 13:07:37.960096 23183 raft_consensus.cc:2804] T 612dc49c81064f4faa79f65fcf1cfc02 P aed3f089ec8b49af9c8cf5cdee76e8e7 [term 0 FOLLOWER]: Leader pre-election won for term 1
I20260709 13:07:37.960779 23183 raft_consensus.cc:493] T 612dc49c81064f4faa79f65fcf1cfc02 P aed3f089ec8b49af9c8cf5cdee76e8e7 [term 0 FOLLOWER]: Starting leader election (no leader contacted us within the election timeout)
I20260709 13:07:37.961282 23183 raft_consensus.cc:3060] T 612dc49c81064f4faa79f65fcf1cfc02 P aed3f089ec8b49af9c8cf5cdee76e8e7 [term 0 FOLLOWER]: Advancing to term 1
I20260709 13:07:37.966496 22920 leader_election.cc:304] T ec7dd25342084943aacb4b9830f5f1ea P aed3f089ec8b49af9c8cf5cdee76e8e7 [CANDIDATE]: Term 1 election: Election decided. Result: candidate won. Election summary: received 3 responses out of 3 voters: 2 yes votes; 1 no votes. yes voters: 0a407504ed1741bf89a276558adf4c0f, aed3f089ec8b49af9c8cf5cdee76e8e7; no voters: f3c799b1249e40119d2a5864231c6c75
I20260709 13:07:37.968873 23117 raft_consensus.cc:2804] T ec7dd25342084943aacb4b9830f5f1ea P aed3f089ec8b49af9c8cf5cdee76e8e7 [term 1 FOLLOWER]: Leader election won for term 1
I20260709 13:07:37.969183 23070 tablet_bootstrap.cc:492] T 1120807254f5444997e16f6a7feece4d P aed3f089ec8b49af9c8cf5cdee76e8e7: No bootstrap required, opened a new log
I20260709 13:07:37.969695 23070 ts_tablet_manager.cc:1403] T 1120807254f5444997e16f6a7feece4d P aed3f089ec8b49af9c8cf5cdee76e8e7: Time spent bootstrapping tablet: real 0.082s	user 0.019s	sys 0.021s
I20260709 13:07:37.969527 23117 raft_consensus.cc:697] T ec7dd25342084943aacb4b9830f5f1ea P aed3f089ec8b49af9c8cf5cdee76e8e7 [term 1 LEADER]: Becoming Leader. State: Replica: aed3f089ec8b49af9c8cf5cdee76e8e7, State: Running, Role: LEADER
I20260709 13:07:37.970788 23117 consensus_queue.cc:237] T ec7dd25342084943aacb4b9830f5f1ea P aed3f089ec8b49af9c8cf5cdee76e8e7 [LEADER]: Queue going to LEADER mode. State: All replicated index: 0, Majority replicated index: 0, Committed index: 0, Last appended: 0.0, Last appended by leader: 0, Current term: 1, Majority size: 2, State: 0, Mode: LEADER, active raft config: opid_index: -1 OBSOLETE_local: false peers { permanent_uuid: "0a407504ed1741bf89a276558adf4c0f" member_type: VOTER last_known_addr { host: "127.21.63.1" port: 33929 } } peers { permanent_uuid: "aed3f089ec8b49af9c8cf5cdee76e8e7" member_type: VOTER last_known_addr { host: "127.21.63.2" port: 33309 } } peers { permanent_uuid: "f3c799b1249e40119d2a5864231c6c75" member_type: VOTER last_known_addr { host: "127.21.63.3" port: 42499 } }
I20260709 13:07:37.972513 23070 raft_consensus.cc:359] T 1120807254f5444997e16f6a7feece4d P aed3f089ec8b49af9c8cf5cdee76e8e7 [term 0 FOLLOWER]: Replica starting. Triggering 0 pending ops. Active config: opid_index: -1 OBSOLETE_local: false peers { permanent_uuid: "0a407504ed1741bf89a276558adf4c0f" member_type: VOTER last_known_addr { host: "127.21.63.1" port: 33929 } } peers { permanent_uuid: "aed3f089ec8b49af9c8cf5cdee76e8e7" member_type: VOTER last_known_addr { host: "127.21.63.2" port: 33309 } } peers { permanent_uuid: "f3c799b1249e40119d2a5864231c6c75" member_type: VOTER last_known_addr { host: "127.21.63.3" port: 42499 } }
I20260709 13:07:37.973157 23070 raft_consensus.cc:385] T 1120807254f5444997e16f6a7feece4d P aed3f089ec8b49af9c8cf5cdee76e8e7 [term 0 FOLLOWER]: Consensus starting up: Expiring failure detector timer to make a prompt election more likely
I20260709 13:07:37.973408 23070 raft_consensus.cc:740] T 1120807254f5444997e16f6a7feece4d P aed3f089ec8b49af9c8cf5cdee76e8e7 [term 0 FOLLOWER]: Becoming Follower/Learner. State: Replica: aed3f089ec8b49af9c8cf5cdee76e8e7, State: Initialized, Role: FOLLOWER
I20260709 13:07:37.973973 23070 consensus_queue.cc:260] T 1120807254f5444997e16f6a7feece4d P aed3f089ec8b49af9c8cf5cdee76e8e7 [NON_LEADER]: Queue going to NON_LEADER mode. State: All replicated index: 0, Majority replicated index: 0, Committed index: 0, Last appended: 0.0, Last appended by leader: 0, Current term: 0, Majority size: -1, State: 0, Mode: NON_LEADER, active raft config: opid_index: -1 OBSOLETE_local: false peers { permanent_uuid: "0a407504ed1741bf89a276558adf4c0f" member_type: VOTER last_known_addr { host: "127.21.63.1" port: 33929 } } peers { permanent_uuid: "aed3f089ec8b49af9c8cf5cdee76e8e7" member_type: VOTER last_known_addr { host: "127.21.63.2" port: 33309 } } peers { permanent_uuid: "f3c799b1249e40119d2a5864231c6c75" member_type: VOTER last_known_addr { host: "127.21.63.3" port: 42499 } }
I20260709 13:07:37.983238 23191 raft_consensus.cc:493] T 91c88873d54149c58a20f4cf6194e5fc P 0a407504ed1741bf89a276558adf4c0f [term 0 FOLLOWER]: Starting pre-election (no leader contacted us within the election timeout)
I20260709 13:07:37.983754 23191 raft_consensus.cc:515] T 91c88873d54149c58a20f4cf6194e5fc P 0a407504ed1741bf89a276558adf4c0f [term 0 FOLLOWER]: Starting pre-election with config: opid_index: -1 OBSOLETE_local: false peers { permanent_uuid: "0a407504ed1741bf89a276558adf4c0f" member_type: VOTER last_known_addr { host: "127.21.63.1" port: 33929 } } peers { permanent_uuid: "aed3f089ec8b49af9c8cf5cdee76e8e7" member_type: VOTER last_known_addr { host: "127.21.63.2" port: 33309 } } peers { permanent_uuid: "f3c799b1249e40119d2a5864231c6c75" member_type: VOTER last_known_addr { host: "127.21.63.3" port: 42499 } }
I20260709 13:07:37.984397 23070 ts_tablet_manager.cc:1434] T 1120807254f5444997e16f6a7feece4d P aed3f089ec8b49af9c8cf5cdee76e8e7: Time spent starting tablet: real 0.014s	user 0.006s	sys 0.000s
I20260709 13:07:37.985334 23070 tablet_bootstrap.cc:492] T cdebaf291e5d4ae9814a80ce81ee19fe P aed3f089ec8b49af9c8cf5cdee76e8e7: Bootstrap starting.
I20260709 13:07:37.985739 23191 leader_election.cc:290] T 91c88873d54149c58a20f4cf6194e5fc P 0a407504ed1741bf89a276558adf4c0f [CANDIDATE]: Term 1 pre-election: Requested pre-vote from peers aed3f089ec8b49af9c8cf5cdee76e8e7 (127.21.63.2:33309), f3c799b1249e40119d2a5864231c6c75 (127.21.63.3:42499)
I20260709 13:07:37.987439 23029 tablet_service.cc:1917] Received RequestConsensusVote() RPC: tablet_id: "91c88873d54149c58a20f4cf6194e5fc" candidate_uuid: "0a407504ed1741bf89a276558adf4c0f" candidate_term: 1 candidate_status { last_received { term: 0 index: 0 } } ignore_live_leader: false dest_uuid: "f3c799b1249e40119d2a5864231c6c75" is_pre_election: true
I20260709 13:07:37.987627 22954 tablet_service.cc:1917] Received RequestConsensusVote() RPC: tablet_id: "91c88873d54149c58a20f4cf6194e5fc" candidate_uuid: "0a407504ed1741bf89a276558adf4c0f" candidate_term: 1 candidate_status { last_received { term: 0 index: 0 } } ignore_live_leader: false dest_uuid: "aed3f089ec8b49af9c8cf5cdee76e8e7" is_pre_election: true
I20260709 13:07:37.988189 23029 raft_consensus.cc:2468] T 91c88873d54149c58a20f4cf6194e5fc P f3c799b1249e40119d2a5864231c6c75 [term 0 FOLLOWER]: Leader pre-election vote request: Granting yes vote for candidate 0a407504ed1741bf89a276558adf4c0f in term 0.
I20260709 13:07:37.988353 22954 raft_consensus.cc:2468] T 91c88873d54149c58a20f4cf6194e5fc P aed3f089ec8b49af9c8cf5cdee76e8e7 [term 0 FOLLOWER]: Leader pre-election vote request: Granting yes vote for candidate 0a407504ed1741bf89a276558adf4c0f in term 0.
I20260709 13:07:37.989571 23073 tablet_bootstrap.cc:654] T 8a996de6f02a4723aef91074b3d56714 P f3c799b1249e40119d2a5864231c6c75: Neither blocks nor log segments found. Creating new log.
I20260709 13:07:37.989449 22843 leader_election.cc:304] T 91c88873d54149c58a20f4cf6194e5fc P 0a407504ed1741bf89a276558adf4c0f [CANDIDATE]: Term 1 pre-election: Election decided. Result: candidate won. Election summary: received 2 responses out of 3 voters: 2 yes votes; 0 no votes. yes voters: 0a407504ed1741bf89a276558adf4c0f, f3c799b1249e40119d2a5864231c6c75; no voters: 
I20260709 13:07:37.990406 23201 raft_consensus.cc:2804] T 91c88873d54149c58a20f4cf6194e5fc P 0a407504ed1741bf89a276558adf4c0f [term 0 FOLLOWER]: Leader pre-election won for term 1
I20260709 13:07:37.990753 23201 raft_consensus.cc:493] T 91c88873d54149c58a20f4cf6194e5fc P 0a407504ed1741bf89a276558adf4c0f [term 0 FOLLOWER]: Starting leader election (no leader contacted us within the election timeout)
I20260709 13:07:37.991076 23201 raft_consensus.cc:3060] T 91c88873d54149c58a20f4cf6194e5fc P 0a407504ed1741bf89a276558adf4c0f [term 0 FOLLOWER]: Advancing to term 1
I20260709 13:07:37.991999 23070 tablet_bootstrap.cc:654] T cdebaf291e5d4ae9814a80ce81ee19fe P aed3f089ec8b49af9c8cf5cdee76e8e7: Neither blocks nor log segments found. Creating new log.
I20260709 13:07:37.994840 23075 consensus_queue.cc:1048] T 8a996de6f02a4723aef91074b3d56714 P aed3f089ec8b49af9c8cf5cdee76e8e7 [LEADER]: Connected to new peer: Peer: permanent_uuid: "0a407504ed1741bf89a276558adf4c0f" member_type: VOTER last_known_addr { host: "127.21.63.1" port: 33929 }, Status: LMP_MISMATCH, Last received: 0.0, Next index: 1, Last known committed idx: 0, Time since last communication: 0.000s
I20260709 13:07:37.997341 23070 tablet_bootstrap.cc:492] T cdebaf291e5d4ae9814a80ce81ee19fe P aed3f089ec8b49af9c8cf5cdee76e8e7: No bootstrap required, opened a new log
I20260709 13:07:37.997867 23070 ts_tablet_manager.cc:1403] T cdebaf291e5d4ae9814a80ce81ee19fe P aed3f089ec8b49af9c8cf5cdee76e8e7: Time spent bootstrapping tablet: real 0.013s	user 0.007s	sys 0.003s
I20260709 13:07:37.998337 23201 raft_consensus.cc:515] T 91c88873d54149c58a20f4cf6194e5fc P 0a407504ed1741bf89a276558adf4c0f [term 1 FOLLOWER]: Starting leader election with config: opid_index: -1 OBSOLETE_local: false peers { permanent_uuid: "0a407504ed1741bf89a276558adf4c0f" member_type: VOTER last_known_addr { host: "127.21.63.1" port: 33929 } } peers { permanent_uuid: "aed3f089ec8b49af9c8cf5cdee76e8e7" member_type: VOTER last_known_addr { host: "127.21.63.2" port: 33309 } } peers { permanent_uuid: "f3c799b1249e40119d2a5864231c6c75" member_type: VOTER last_known_addr { host: "127.21.63.3" port: 42499 } }
I20260709 13:07:38.000849 23070 raft_consensus.cc:359] T cdebaf291e5d4ae9814a80ce81ee19fe P aed3f089ec8b49af9c8cf5cdee76e8e7 [term 0 FOLLOWER]: Replica starting. Triggering 0 pending ops. Active config: opid_index: -1 OBSOLETE_local: false peers { permanent_uuid: "0a407504ed1741bf89a276558adf4c0f" member_type: VOTER last_known_addr { host: "127.21.63.1" port: 33929 } } peers { permanent_uuid: "aed3f089ec8b49af9c8cf5cdee76e8e7" member_type: VOTER last_known_addr { host: "127.21.63.2" port: 33309 } } peers { permanent_uuid: "f3c799b1249e40119d2a5864231c6c75" member_type: VOTER last_known_addr { host: "127.21.63.3" port: 42499 } }
I20260709 13:07:38.001533 22954 tablet_service.cc:1917] Received RequestConsensusVote() RPC: tablet_id: "91c88873d54149c58a20f4cf6194e5fc" candidate_uuid: "0a407504ed1741bf89a276558adf4c0f" candidate_term: 1 candidate_status { last_received { term: 0 index: 0 } } ignore_live_leader: false dest_uuid: "aed3f089ec8b49af9c8cf5cdee76e8e7"
I20260709 13:07:38.002202 23070 raft_consensus.cc:385] T cdebaf291e5d4ae9814a80ce81ee19fe P aed3f089ec8b49af9c8cf5cdee76e8e7 [term 0 FOLLOWER]: Consensus starting up: Expiring failure detector timer to make a prompt election more likely
I20260709 13:07:38.002444 22954 raft_consensus.cc:3060] T 91c88873d54149c58a20f4cf6194e5fc P aed3f089ec8b49af9c8cf5cdee76e8e7 [term 0 FOLLOWER]: Advancing to term 1
I20260709 13:07:38.002568 23070 raft_consensus.cc:740] T cdebaf291e5d4ae9814a80ce81ee19fe P aed3f089ec8b49af9c8cf5cdee76e8e7 [term 0 FOLLOWER]: Becoming Follower/Learner. State: Replica: aed3f089ec8b49af9c8cf5cdee76e8e7, State: Initialized, Role: FOLLOWER
I20260709 13:07:38.003587 23070 consensus_queue.cc:260] T cdebaf291e5d4ae9814a80ce81ee19fe P aed3f089ec8b49af9c8cf5cdee76e8e7 [NON_LEADER]: Queue going to NON_LEADER mode. State: All replicated index: 0, Majority replicated index: 0, Committed index: 0, Last appended: 0.0, Last appended by leader: 0, Current term: 0, Majority size: -1, State: 0, Mode: NON_LEADER, active raft config: opid_index: -1 OBSOLETE_local: false peers { permanent_uuid: "0a407504ed1741bf89a276558adf4c0f" member_type: VOTER last_known_addr { host: "127.21.63.1" port: 33929 } } peers { permanent_uuid: "aed3f089ec8b49af9c8cf5cdee76e8e7" member_type: VOTER last_known_addr { host: "127.21.63.2" port: 33309 } } peers { permanent_uuid: "f3c799b1249e40119d2a5864231c6c75" member_type: VOTER last_known_addr { host: "127.21.63.3" port: 42499 } }
I20260709 13:07:38.006369 23070 ts_tablet_manager.cc:1434] T cdebaf291e5d4ae9814a80ce81ee19fe P aed3f089ec8b49af9c8cf5cdee76e8e7: Time spent starting tablet: real 0.008s	user 0.007s	sys 0.000s
I20260709 13:07:38.007426 23070 tablet_bootstrap.cc:492] T a424231ef7b4470bbd575564909a365e P aed3f089ec8b49af9c8cf5cdee76e8e7: Bootstrap starting.
I20260709 13:07:38.008623 22777 catalog_manager.cc:5697] T ec7dd25342084943aacb4b9830f5f1ea P aed3f089ec8b49af9c8cf5cdee76e8e7 reported cstate change: term changed from 0 to 1, leader changed from <none> to aed3f089ec8b49af9c8cf5cdee76e8e7 (127.21.63.2). New cstate: current_term: 1 leader_uuid: "aed3f089ec8b49af9c8cf5cdee76e8e7" committed_config { opid_index: -1 OBSOLETE_local: false peers { permanent_uuid: "0a407504ed1741bf89a276558adf4c0f" member_type: VOTER last_known_addr { host: "127.21.63.1" port: 33929 } health_report { overall_health: UNKNOWN } } peers { permanent_uuid: "aed3f089ec8b49af9c8cf5cdee76e8e7" member_type: VOTER last_known_addr { host: "127.21.63.2" port: 33309 } health_report { overall_health: HEALTHY } } peers { permanent_uuid: "f3c799b1249e40119d2a5864231c6c75" member_type: VOTER last_known_addr { host: "127.21.63.3" port: 42499 } health_report { overall_health: UNKNOWN } } }
I20260709 13:07:38.013360 23070 tablet_bootstrap.cc:654] T a424231ef7b4470bbd575564909a365e P aed3f089ec8b49af9c8cf5cdee76e8e7: Neither blocks nor log segments found. Creating new log.
I20260709 13:07:38.013906 23192 raft_consensus.cc:493] T ac5cc94926a742e6a0c1340ec33c0ff0 P f3c799b1249e40119d2a5864231c6c75 [term 0 FOLLOWER]: Starting pre-election (no leader contacted us within the election timeout)
I20260709 13:07:38.014420 23183 raft_consensus.cc:515] T 612dc49c81064f4faa79f65fcf1cfc02 P aed3f089ec8b49af9c8cf5cdee76e8e7 [term 1 FOLLOWER]: Starting leader election with config: opid_index: -1 OBSOLETE_local: false peers { permanent_uuid: "0a407504ed1741bf89a276558adf4c0f" member_type: VOTER last_known_addr { host: "127.21.63.1" port: 33929 } } peers { permanent_uuid: "aed3f089ec8b49af9c8cf5cdee76e8e7" member_type: VOTER last_known_addr { host: "127.21.63.2" port: 33309 } } peers { permanent_uuid: "f3c799b1249e40119d2a5864231c6c75" member_type: VOTER last_known_addr { host: "127.21.63.3" port: 42499 } }
I20260709 13:07:38.014461 23192 raft_consensus.cc:515] T ac5cc94926a742e6a0c1340ec33c0ff0 P f3c799b1249e40119d2a5864231c6c75 [term 0 FOLLOWER]: Starting pre-election with config: opid_index: -1 OBSOLETE_local: false peers { permanent_uuid: "0a407504ed1741bf89a276558adf4c0f" member_type: VOTER last_known_addr { host: "127.21.63.1" port: 33929 } } peers { permanent_uuid: "aed3f089ec8b49af9c8cf5cdee76e8e7" member_type: VOTER last_known_addr { host: "127.21.63.2" port: 33309 } } peers { permanent_uuid: "f3c799b1249e40119d2a5864231c6c75" member_type: VOTER last_known_addr { host: "127.21.63.3" port: 42499 } }
I20260709 13:07:38.018162 23191 raft_consensus.cc:493] T aa6540758938493d98d7852fdbe3ffab P 0a407504ed1741bf89a276558adf4c0f [term 0 FOLLOWER]: Starting pre-election (no leader contacted us within the election timeout)
I20260709 13:07:38.018652 23191 raft_consensus.cc:515] T aa6540758938493d98d7852fdbe3ffab P 0a407504ed1741bf89a276558adf4c0f [term 0 FOLLOWER]: Starting pre-election with config: opid_index: -1 OBSOLETE_local: false peers { permanent_uuid: "0a407504ed1741bf89a276558adf4c0f" member_type: VOTER last_known_addr { host: "127.21.63.1" port: 33929 } } peers { permanent_uuid: "aed3f089ec8b49af9c8cf5cdee76e8e7" member_type: VOTER last_known_addr { host: "127.21.63.2" port: 33309 } } peers { permanent_uuid: "f3c799b1249e40119d2a5864231c6c75" member_type: VOTER last_known_addr { host: "127.21.63.3" port: 42499 } }
I20260709 13:07:38.020169 22954 raft_consensus.cc:2468] T 91c88873d54149c58a20f4cf6194e5fc P aed3f089ec8b49af9c8cf5cdee76e8e7 [term 1 FOLLOWER]: Leader election vote request: Granting yes vote for candidate 0a407504ed1741bf89a276558adf4c0f in term 1.
I20260709 13:07:38.020026 23029 tablet_service.cc:1917] Received RequestConsensusVote() RPC: tablet_id: "91c88873d54149c58a20f4cf6194e5fc" candidate_uuid: "0a407504ed1741bf89a276558adf4c0f" candidate_term: 1 candidate_status { last_received { term: 0 index: 0 } } ignore_live_leader: false dest_uuid: "f3c799b1249e40119d2a5864231c6c75"
I20260709 13:07:38.020828 23029 raft_consensus.cc:3060] T 91c88873d54149c58a20f4cf6194e5fc P f3c799b1249e40119d2a5864231c6c75 [term 0 FOLLOWER]: Advancing to term 1
I20260709 13:07:38.021015 22953 tablet_service.cc:1917] Received RequestConsensusVote() RPC: tablet_id: "ac5cc94926a742e6a0c1340ec33c0ff0" candidate_uuid: "f3c799b1249e40119d2a5864231c6c75" candidate_term: 1 candidate_status { last_received { term: 0 index: 0 } } ignore_live_leader: false dest_uuid: "aed3f089ec8b49af9c8cf5cdee76e8e7" is_pre_election: true
I20260709 13:07:38.021926 22953 raft_consensus.cc:2468] T ac5cc94926a742e6a0c1340ec33c0ff0 P aed3f089ec8b49af9c8cf5cdee76e8e7 [term 0 FOLLOWER]: Leader pre-election vote request: Granting yes vote for candidate f3c799b1249e40119d2a5864231c6c75 in term 0.
I20260709 13:07:38.021109 23191 leader_election.cc:290] T aa6540758938493d98d7852fdbe3ffab P 0a407504ed1741bf89a276558adf4c0f [CANDIDATE]: Term 1 pre-election: Requested pre-vote from peers aed3f089ec8b49af9c8cf5cdee76e8e7 (127.21.63.2:33309), f3c799b1249e40119d2a5864231c6c75 (127.21.63.3:42499)
I20260709 13:07:38.022886 23192 leader_election.cc:290] T ac5cc94926a742e6a0c1340ec33c0ff0 P f3c799b1249e40119d2a5864231c6c75 [CANDIDATE]: Term 1 pre-election: Requested pre-vote from peers 0a407504ed1741bf89a276558adf4c0f (127.21.63.1:33929), aed3f089ec8b49af9c8cf5cdee76e8e7 (127.21.63.2:33309)
I20260709 13:07:38.025553 22992 leader_election.cc:304] T ac5cc94926a742e6a0c1340ec33c0ff0 P f3c799b1249e40119d2a5864231c6c75 [CANDIDATE]: Term 1 pre-election: Election decided. Result: candidate won. Election summary: received 2 responses out of 3 voters: 2 yes votes; 0 no votes. yes voters: aed3f089ec8b49af9c8cf5cdee76e8e7, f3c799b1249e40119d2a5864231c6c75; no voters: 
I20260709 13:07:38.025921 23025 tablet_service.cc:1917] Received RequestConsensusVote() RPC: tablet_id: "aa6540758938493d98d7852fdbe3ffab" candidate_uuid: "0a407504ed1741bf89a276558adf4c0f" candidate_term: 1 candidate_status { last_received { term: 0 index: 0 } } ignore_live_leader: false dest_uuid: "f3c799b1249e40119d2a5864231c6c75" is_pre_election: true
I20260709 13:07:38.026916 22878 tablet_service.cc:1917] Received RequestConsensusVote() RPC: tablet_id: "ac5cc94926a742e6a0c1340ec33c0ff0" candidate_uuid: "f3c799b1249e40119d2a5864231c6c75" candidate_term: 1 candidate_status { last_received { term: 0 index: 0 } } ignore_live_leader: false dest_uuid: "0a407504ed1741bf89a276558adf4c0f" is_pre_election: true
W20260709 13:07:38.027590 22843 leader_election.cc:343] T aa6540758938493d98d7852fdbe3ffab P 0a407504ed1741bf89a276558adf4c0f [CANDIDATE]: Term 1 pre-election: Tablet error from VoteRequest() call to peer f3c799b1249e40119d2a5864231c6c75 (127.21.63.3:42499): Illegal state: must be running to vote when last-logged opid is not known
I20260709 13:07:38.029278 22953 tablet_service.cc:1917] Received RequestConsensusVote() RPC: tablet_id: "aa6540758938493d98d7852fdbe3ffab" candidate_uuid: "0a407504ed1741bf89a276558adf4c0f" candidate_term: 1 candidate_status { last_received { term: 0 index: 0 } } ignore_live_leader: false dest_uuid: "aed3f089ec8b49af9c8cf5cdee76e8e7" is_pre_election: true
I20260709 13:07:38.030043 22953 raft_consensus.cc:2468] T aa6540758938493d98d7852fdbe3ffab P aed3f089ec8b49af9c8cf5cdee76e8e7 [term 0 FOLLOWER]: Leader pre-election vote request: Granting yes vote for candidate 0a407504ed1741bf89a276558adf4c0f in term 0.
I20260709 13:07:38.035801 22843 leader_election.cc:304] T aa6540758938493d98d7852fdbe3ffab P 0a407504ed1741bf89a276558adf4c0f [CANDIDATE]: Term 1 pre-election: Election decided. Result: candidate won. Election summary: received 3 responses out of 3 voters: 2 yes votes; 1 no votes. yes voters: 0a407504ed1741bf89a276558adf4c0f, aed3f089ec8b49af9c8cf5cdee76e8e7; no voters: f3c799b1249e40119d2a5864231c6c75
W20260709 13:07:38.036064 22994 leader_election.cc:343] T ac5cc94926a742e6a0c1340ec33c0ff0 P f3c799b1249e40119d2a5864231c6c75 [CANDIDATE]: Term 1 pre-election: Tablet error from VoteRequest() call to peer 0a407504ed1741bf89a276558adf4c0f (127.21.63.1:33929): Illegal state: must be running to vote when last-logged opid is not known
I20260709 13:07:38.036847 23191 raft_consensus.cc:2804] T aa6540758938493d98d7852fdbe3ffab P 0a407504ed1741bf89a276558adf4c0f [term 0 FOLLOWER]: Leader pre-election won for term 1
I20260709 13:07:38.037315 23191 raft_consensus.cc:493] T aa6540758938493d98d7852fdbe3ffab P 0a407504ed1741bf89a276558adf4c0f [term 0 FOLLOWER]: Starting leader election (no leader contacted us within the election timeout)
I20260709 13:07:38.037889 23191 raft_consensus.cc:3060] T aa6540758938493d98d7852fdbe3ffab P 0a407504ed1741bf89a276558adf4c0f [term 0 FOLLOWER]: Advancing to term 1
I20260709 13:07:38.037307 23192 raft_consensus.cc:2804] T ac5cc94926a742e6a0c1340ec33c0ff0 P f3c799b1249e40119d2a5864231c6c75 [term 0 FOLLOWER]: Leader pre-election won for term 1
I20260709 13:07:38.041447 23192 raft_consensus.cc:493] T ac5cc94926a742e6a0c1340ec33c0ff0 P f3c799b1249e40119d2a5864231c6c75 [term 0 FOLLOWER]: Starting leader election (no leader contacted us within the election timeout)
I20260709 13:07:38.042098 23201 leader_election.cc:290] T 91c88873d54149c58a20f4cf6194e5fc P 0a407504ed1741bf89a276558adf4c0f [CANDIDATE]: Term 1 election: Requested vote from peers aed3f089ec8b49af9c8cf5cdee76e8e7 (127.21.63.2:33309), f3c799b1249e40119d2a5864231c6c75 (127.21.63.3:42499)
I20260709 13:07:38.043342 23029 raft_consensus.cc:2468] T 91c88873d54149c58a20f4cf6194e5fc P f3c799b1249e40119d2a5864231c6c75 [term 1 FOLLOWER]: Leader election vote request: Granting yes vote for candidate 0a407504ed1741bf89a276558adf4c0f in term 1.
I20260709 13:07:38.045527 22843 leader_election.cc:304] T 91c88873d54149c58a20f4cf6194e5fc P 0a407504ed1741bf89a276558adf4c0f [CANDIDATE]: Term 1 election: Election decided. Result: candidate won. Election summary: received 2 responses out of 3 voters: 2 yes votes; 0 no votes. yes voters: 0a407504ed1741bf89a276558adf4c0f, aed3f089ec8b49af9c8cf5cdee76e8e7; no voters: 
I20260709 13:07:38.046660 23201 raft_consensus.cc:2804] T 91c88873d54149c58a20f4cf6194e5fc P 0a407504ed1741bf89a276558adf4c0f [term 1 FOLLOWER]: Leader election won for term 1
I20260709 13:07:38.041904 23192 raft_consensus.cc:3060] T ac5cc94926a742e6a0c1340ec33c0ff0 P f3c799b1249e40119d2a5864231c6c75 [term 0 FOLLOWER]: Advancing to term 1
I20260709 13:07:38.047415 23201 raft_consensus.cc:697] T 91c88873d54149c58a20f4cf6194e5fc P 0a407504ed1741bf89a276558adf4c0f [term 1 LEADER]: Becoming Leader. State: Replica: 0a407504ed1741bf89a276558adf4c0f, State: Running, Role: LEADER
I20260709 13:07:38.048465 23201 consensus_queue.cc:237] T 91c88873d54149c58a20f4cf6194e5fc P 0a407504ed1741bf89a276558adf4c0f [LEADER]: Queue going to LEADER mode. State: All replicated index: 0, Majority replicated index: 0, Committed index: 0, Last appended: 0.0, Last appended by leader: 0, Current term: 1, Majority size: 2, State: 0, Mode: LEADER, active raft config: opid_index: -1 OBSOLETE_local: false peers { permanent_uuid: "0a407504ed1741bf89a276558adf4c0f" member_type: VOTER last_known_addr { host: "127.21.63.1" port: 33929 } } peers { permanent_uuid: "aed3f089ec8b49af9c8cf5cdee76e8e7" member_type: VOTER last_known_addr { host: "127.21.63.2" port: 33309 } } peers { permanent_uuid: "f3c799b1249e40119d2a5864231c6c75" member_type: VOTER last_known_addr { host: "127.21.63.3" port: 42499 } }
I20260709 13:07:38.055452 23070 tablet_bootstrap.cc:492] T a424231ef7b4470bbd575564909a365e P aed3f089ec8b49af9c8cf5cdee76e8e7: No bootstrap required, opened a new log
I20260709 13:07:38.055783 23191 raft_consensus.cc:515] T aa6540758938493d98d7852fdbe3ffab P 0a407504ed1741bf89a276558adf4c0f [term 1 FOLLOWER]: Starting leader election with config: opid_index: -1 OBSOLETE_local: false peers { permanent_uuid: "0a407504ed1741bf89a276558adf4c0f" member_type: VOTER last_known_addr { host: "127.21.63.1" port: 33929 } } peers { permanent_uuid: "aed3f089ec8b49af9c8cf5cdee76e8e7" member_type: VOTER last_known_addr { host: "127.21.63.2" port: 33309 } } peers { permanent_uuid: "f3c799b1249e40119d2a5864231c6c75" member_type: VOTER last_known_addr { host: "127.21.63.3" port: 42499 } }
W20260709 13:07:38.060572 22918 consensus_peers.cc:597] T 8a996de6f02a4723aef91074b3d56714 P aed3f089ec8b49af9c8cf5cdee76e8e7 -> Peer f3c799b1249e40119d2a5864231c6c75 (127.21.63.3:42499): Couldn't send request to peer f3c799b1249e40119d2a5864231c6c75. Error code: TABLET_NOT_RUNNING (12). Status: Illegal state: Tablet not RUNNING: BOOTSTRAPPING. This is attempt 1: this message will repeat every 5th retry.
I20260709 13:07:38.055995 23070 ts_tablet_manager.cc:1403] T a424231ef7b4470bbd575564909a365e P aed3f089ec8b49af9c8cf5cdee76e8e7: Time spent bootstrapping tablet: real 0.049s	user 0.017s	sys 0.028s
I20260709 13:07:38.061393 23189 consensus_queue.cc:1048] T 0f076a0e47a14c2b933d3058063c2bcd P aed3f089ec8b49af9c8cf5cdee76e8e7 [LEADER]: Connected to new peer: Peer: permanent_uuid: "0a407504ed1741bf89a276558adf4c0f" member_type: VOTER last_known_addr { host: "127.21.63.1" port: 33929 }, Status: LMP_MISMATCH, Last received: 0.0, Next index: 1, Last known committed idx: 0, Time since last communication: 0.008s
I20260709 13:07:38.063431 23207 raft_consensus.cc:493] T 7f35ebcf93ad423ea8bd0b777bee23ee P f3c799b1249e40119d2a5864231c6c75 [term 0 FOLLOWER]: Starting pre-election (no leader contacted us within the election timeout)
I20260709 13:07:38.071548 23070 raft_consensus.cc:359] T a424231ef7b4470bbd575564909a365e P aed3f089ec8b49af9c8cf5cdee76e8e7 [term 0 FOLLOWER]: Replica starting. Triggering 0 pending ops. Active config: opid_index: -1 OBSOLETE_local: false peers { permanent_uuid: "0a407504ed1741bf89a276558adf4c0f" member_type: VOTER last_known_addr { host: "127.21.63.1" port: 33929 } } peers { permanent_uuid: "aed3f089ec8b49af9c8cf5cdee76e8e7" member_type: VOTER last_known_addr { host: "127.21.63.2" port: 33309 } } peers { permanent_uuid: "f3c799b1249e40119d2a5864231c6c75" member_type: VOTER last_known_addr { host: "127.21.63.3" port: 42499 } }
I20260709 13:07:38.071411 23207 raft_consensus.cc:515] T 7f35ebcf93ad423ea8bd0b777bee23ee P f3c799b1249e40119d2a5864231c6c75 [term 0 FOLLOWER]: Starting pre-election with config: opid_index: -1 OBSOLETE_local: false peers { permanent_uuid: "0a407504ed1741bf89a276558adf4c0f" member_type: VOTER last_known_addr { host: "127.21.63.1" port: 33929 } } peers { permanent_uuid: "aed3f089ec8b49af9c8cf5cdee76e8e7" member_type: VOTER last_known_addr { host: "127.21.63.2" port: 33309 } } peers { permanent_uuid: "f3c799b1249e40119d2a5864231c6c75" member_type: VOTER last_known_addr { host: "127.21.63.3" port: 42499 } }
I20260709 13:07:38.073812 23207 leader_election.cc:290] T 7f35ebcf93ad423ea8bd0b777bee23ee P f3c799b1249e40119d2a5864231c6c75 [CANDIDATE]: Term 1 pre-election: Requested pre-vote from peers 0a407504ed1741bf89a276558adf4c0f (127.21.63.1:33929), aed3f089ec8b49af9c8cf5cdee76e8e7 (127.21.63.2:33309)
I20260709 13:07:38.074455 22878 tablet_service.cc:1917] Received RequestConsensusVote() RPC: tablet_id: "7f35ebcf93ad423ea8bd0b777bee23ee" candidate_uuid: "f3c799b1249e40119d2a5864231c6c75" candidate_term: 1 candidate_status { last_received { term: 0 index: 0 } } ignore_live_leader: false dest_uuid: "0a407504ed1741bf89a276558adf4c0f" is_pre_election: true
I20260709 13:07:38.074990 23191 leader_election.cc:290] T aa6540758938493d98d7852fdbe3ffab P 0a407504ed1741bf89a276558adf4c0f [CANDIDATE]: Term 1 election: Requested vote from peers aed3f089ec8b49af9c8cf5cdee76e8e7 (127.21.63.2:33309), f3c799b1249e40119d2a5864231c6c75 (127.21.63.3:42499)
I20260709 13:07:38.075037 22878 raft_consensus.cc:2468] T 7f35ebcf93ad423ea8bd0b777bee23ee P 0a407504ed1741bf89a276558adf4c0f [term 0 FOLLOWER]: Leader pre-election vote request: Granting yes vote for candidate f3c799b1249e40119d2a5864231c6c75 in term 0.
I20260709 13:07:38.075623 23191 consensus_queue.cc:1048] T 13e53d9e00624dfcb87aca9b055fdc9a P 0a407504ed1741bf89a276558adf4c0f [LEADER]: Connected to new peer: Peer: permanent_uuid: "aed3f089ec8b49af9c8cf5cdee76e8e7" member_type: VOTER last_known_addr { host: "127.21.63.2" port: 33309 }, Status: LMP_MISMATCH, Last received: 0.0, Next index: 1, Last known committed idx: 0, Time since last communication: 0.000s
I20260709 13:07:38.076436 22994 leader_election.cc:304] T 7f35ebcf93ad423ea8bd0b777bee23ee P f3c799b1249e40119d2a5864231c6c75 [CANDIDATE]: Term 1 pre-election: Election decided. Result: candidate won. Election summary: received 2 responses out of 3 voters: 2 yes votes; 0 no votes. yes voters: 0a407504ed1741bf89a276558adf4c0f, f3c799b1249e40119d2a5864231c6c75; no voters: 
I20260709 13:07:38.077275 23070 raft_consensus.cc:385] T a424231ef7b4470bbd575564909a365e P aed3f089ec8b49af9c8cf5cdee76e8e7 [term 0 FOLLOWER]: Consensus starting up: Expiring failure detector timer to make a prompt election more likely
I20260709 13:07:38.077617 23207 raft_consensus.cc:2804] T 7f35ebcf93ad423ea8bd0b777bee23ee P f3c799b1249e40119d2a5864231c6c75 [term 0 FOLLOWER]: Leader pre-election won for term 1
I20260709 13:07:38.078008 23207 raft_consensus.cc:493] T 7f35ebcf93ad423ea8bd0b777bee23ee P f3c799b1249e40119d2a5864231c6c75 [term 0 FOLLOWER]: Starting leader election (no leader contacted us within the election timeout)
I20260709 13:07:38.077911 23029 tablet_service.cc:1917] Received RequestConsensusVote() RPC: tablet_id: "aa6540758938493d98d7852fdbe3ffab" candidate_uuid: "0a407504ed1741bf89a276558adf4c0f" candidate_term: 1 candidate_status { last_received { term: 0 index: 0 } } ignore_live_leader: false dest_uuid: "f3c799b1249e40119d2a5864231c6c75"
I20260709 13:07:38.078311 22951 tablet_service.cc:1917] Received RequestConsensusVote() RPC: tablet_id: "aa6540758938493d98d7852fdbe3ffab" candidate_uuid: "0a407504ed1741bf89a276558adf4c0f" candidate_term: 1 candidate_status { last_received { term: 0 index: 0 } } ignore_live_leader: false dest_uuid: "aed3f089ec8b49af9c8cf5cdee76e8e7"
I20260709 13:07:38.077601 23070 raft_consensus.cc:740] T a424231ef7b4470bbd575564909a365e P aed3f089ec8b49af9c8cf5cdee76e8e7 [term 0 FOLLOWER]: Becoming Follower/Learner. State: Replica: aed3f089ec8b49af9c8cf5cdee76e8e7, State: Initialized, Role: FOLLOWER
I20260709 13:07:38.078922 22951 raft_consensus.cc:3060] T aa6540758938493d98d7852fdbe3ffab P aed3f089ec8b49af9c8cf5cdee76e8e7 [term 0 FOLLOWER]: Advancing to term 1
I20260709 13:07:38.077864 22953 tablet_service.cc:1917] Received RequestConsensusVote() RPC: tablet_id: "7f35ebcf93ad423ea8bd0b777bee23ee" candidate_uuid: "f3c799b1249e40119d2a5864231c6c75" candidate_term: 1 candidate_status { last_received { term: 0 index: 0 } } ignore_live_leader: false dest_uuid: "aed3f089ec8b49af9c8cf5cdee76e8e7" is_pre_election: true
W20260709 13:07:38.079475 22843 leader_election.cc:343] T aa6540758938493d98d7852fdbe3ffab P 0a407504ed1741bf89a276558adf4c0f [CANDIDATE]: Term 1 election: Tablet error from VoteRequest() call to peer f3c799b1249e40119d2a5864231c6c75 (127.21.63.3:42499): Illegal state: must be running to vote when last-logged opid is not known
I20260709 13:07:38.079704 22953 raft_consensus.cc:2468] T 7f35ebcf93ad423ea8bd0b777bee23ee P aed3f089ec8b49af9c8cf5cdee76e8e7 [term 0 FOLLOWER]: Leader pre-election vote request: Granting yes vote for candidate f3c799b1249e40119d2a5864231c6c75 in term 0.
I20260709 13:07:38.079425 23070 consensus_queue.cc:260] T a424231ef7b4470bbd575564909a365e P aed3f089ec8b49af9c8cf5cdee76e8e7 [NON_LEADER]: Queue going to NON_LEADER mode. State: All replicated index: 0, Majority replicated index: 0, Committed index: 0, Last appended: 0.0, Last appended by leader: 0, Current term: 0, Majority size: -1, State: 0, Mode: NON_LEADER, active raft config: opid_index: -1 OBSOLETE_local: false peers { permanent_uuid: "0a407504ed1741bf89a276558adf4c0f" member_type: VOTER last_known_addr { host: "127.21.63.1" port: 33929 } } peers { permanent_uuid: "aed3f089ec8b49af9c8cf5cdee76e8e7" member_type: VOTER last_known_addr { host: "127.21.63.2" port: 33309 } } peers { permanent_uuid: "f3c799b1249e40119d2a5864231c6c75" member_type: VOTER last_known_addr { host: "127.21.63.3" port: 42499 } }
I20260709 13:07:38.081763 23070 ts_tablet_manager.cc:1434] T a424231ef7b4470bbd575564909a365e P aed3f089ec8b49af9c8cf5cdee76e8e7: Time spent starting tablet: real 0.012s	user 0.004s	sys 0.002s
I20260709 13:07:38.082476 23069 tablet_bootstrap.cc:492] T 8217046fd4e14cc4a0194da4f6ad3887 P 0a407504ed1741bf89a276558adf4c0f: No bootstrap required, opened a new log
I20260709 13:07:38.082706 23070 tablet_bootstrap.cc:492] T 7ca8b9a08f4146c386bc06d03c497038 P aed3f089ec8b49af9c8cf5cdee76e8e7: Bootstrap starting.
I20260709 13:07:38.082958 23069 ts_tablet_manager.cc:1403] T 8217046fd4e14cc4a0194da4f6ad3887 P 0a407504ed1741bf89a276558adf4c0f: Time spent bootstrapping tablet: real 0.148s	user 0.035s	sys 0.036s
I20260709 13:07:38.085767 23069 raft_consensus.cc:359] T 8217046fd4e14cc4a0194da4f6ad3887 P 0a407504ed1741bf89a276558adf4c0f [term 0 FOLLOWER]: Replica starting. Triggering 0 pending ops. Active config: opid_index: -1 OBSOLETE_local: false peers { permanent_uuid: "0a407504ed1741bf89a276558adf4c0f" member_type: VOTER last_known_addr { host: "127.21.63.1" port: 33929 } } peers { permanent_uuid: "aed3f089ec8b49af9c8cf5cdee76e8e7" member_type: VOTER last_known_addr { host: "127.21.63.2" port: 33309 } } peers { permanent_uuid: "f3c799b1249e40119d2a5864231c6c75" member_type: VOTER last_known_addr { host: "127.21.63.3" port: 42499 } }
I20260709 13:07:38.086721 23069 raft_consensus.cc:385] T 8217046fd4e14cc4a0194da4f6ad3887 P 0a407504ed1741bf89a276558adf4c0f [term 0 FOLLOWER]: Consensus starting up: Expiring failure detector timer to make a prompt election more likely
I20260709 13:07:38.087004 23069 raft_consensus.cc:740] T 8217046fd4e14cc4a0194da4f6ad3887 P 0a407504ed1741bf89a276558adf4c0f [term 0 FOLLOWER]: Becoming Follower/Learner. State: Replica: 0a407504ed1741bf89a276558adf4c0f, State: Initialized, Role: FOLLOWER
I20260709 13:07:38.087764 23069 consensus_queue.cc:260] T 8217046fd4e14cc4a0194da4f6ad3887 P 0a407504ed1741bf89a276558adf4c0f [NON_LEADER]: Queue going to NON_LEADER mode. State: All replicated index: 0, Majority replicated index: 0, Committed index: 0, Last appended: 0.0, Last appended by leader: 0, Current term: 0, Majority size: -1, State: 0, Mode: NON_LEADER, active raft config: opid_index: -1 OBSOLETE_local: false peers { permanent_uuid: "0a407504ed1741bf89a276558adf4c0f" member_type: VOTER last_known_addr { host: "127.21.63.1" port: 33929 } } peers { permanent_uuid: "aed3f089ec8b49af9c8cf5cdee76e8e7" member_type: VOTER last_known_addr { host: "127.21.63.2" port: 33309 } } peers { permanent_uuid: "f3c799b1249e40119d2a5864231c6c75" member_type: VOTER last_known_addr { host: "127.21.63.3" port: 42499 } }
I20260709 13:07:38.089749 23070 tablet_bootstrap.cc:654] T 7ca8b9a08f4146c386bc06d03c497038 P aed3f089ec8b49af9c8cf5cdee76e8e7: Neither blocks nor log segments found. Creating new log.
I20260709 13:07:38.090372 23069 ts_tablet_manager.cc:1434] T 8217046fd4e14cc4a0194da4f6ad3887 P 0a407504ed1741bf89a276558adf4c0f: Time spent starting tablet: real 0.007s	user 0.006s	sys 0.000s
I20260709 13:07:38.091346 23069 tablet_bootstrap.cc:492] T ac5cc94926a742e6a0c1340ec33c0ff0 P 0a407504ed1741bf89a276558adf4c0f: Bootstrap starting.
I20260709 13:07:38.078485 23207 raft_consensus.cc:3060] T 7f35ebcf93ad423ea8bd0b777bee23ee P f3c799b1249e40119d2a5864231c6c75 [term 0 FOLLOWER]: Advancing to term 1
I20260709 13:07:38.096418 23189 consensus_queue.cc:1048] T 0f076a0e47a14c2b933d3058063c2bcd P aed3f089ec8b49af9c8cf5cdee76e8e7 [LEADER]: Connected to new peer: Peer: permanent_uuid: "f3c799b1249e40119d2a5864231c6c75" member_type: VOTER last_known_addr { host: "127.21.63.3" port: 42499 }, Status: LMP_MISMATCH, Last received: 0.0, Next index: 1, Last known committed idx: 0, Time since last communication: 0.001s
I20260709 13:07:38.100104 23125 consensus_queue.cc:1048] T 13e53d9e00624dfcb87aca9b055fdc9a P 0a407504ed1741bf89a276558adf4c0f [LEADER]: Connected to new peer: Peer: permanent_uuid: "f3c799b1249e40119d2a5864231c6c75" member_type: VOTER last_known_addr { host: "127.21.63.3" port: 42499 }, Status: LMP_MISMATCH, Last received: 0.0, Next index: 1, Last known committed idx: 0, Time since last communication: 0.000s
