I20260709 13:07:12.616267 22082 raft_consensus.cc:740] T bf2b3d48485a40a4a54a0afcc0bd383b P 07a2cdeeec2b4302a2960391f3825bde [term 0 FOLLOWER]: Becoming Follower/Learner. State: Replica: 07a2cdeeec2b4302a2960391f3825bde, State: Initialized, Role: FOLLOWER
I20260709 13:07:12.616704 22090 raft_consensus.cc:515] T 4c1dcbc1199442dd881d67c582108673 P 01a67819c8a543adafcf1d5fff0822b4 [term 1 FOLLOWER]: Starting leader election with config: opid_index: -1 OBSOLETE_local: false peers { permanent_uuid: "01a67819c8a543adafcf1d5fff0822b4" member_type: VOTER last_known_addr { host: "127.21.63.1" port: 44917 } } peers { permanent_uuid: "07a2cdeeec2b4302a2960391f3825bde" member_type: VOTER last_known_addr { host: "127.21.63.2" port: 36631 } } peers { permanent_uuid: "eaf5735be053455e9315e61c44ff7286" member_type: VOTER last_known_addr { host: "127.21.63.3" port: 41623 } }
I20260709 13:07:12.616988 22082 consensus_queue.cc:260] T bf2b3d48485a40a4a54a0afcc0bd383b P 07a2cdeeec2b4302a2960391f3825bde [NON_LEADER]: Queue going to NON_LEADER mode. State: All replicated index: 0, Majority replicated index: 0, Committed index: 0, Last appended: 0.0, Last appended by leader: 0, Current term: 0, Majority size: -1, State: 0, Mode: NON_LEADER, active raft config: opid_index: -1 OBSOLETE_local: false peers { permanent_uuid: "01a67819c8a543adafcf1d5fff0822b4" member_type: VOTER last_known_addr { host: "127.21.63.1" port: 44917 } } peers { permanent_uuid: "07a2cdeeec2b4302a2960391f3825bde" member_type: VOTER last_known_addr { host: "127.21.63.2" port: 36631 } } peers { permanent_uuid: "eaf5735be053455e9315e61c44ff7286" member_type: VOTER last_known_addr { host: "127.21.63.3" port: 41623 } }
I20260709 13:07:12.619151 22082 ts_tablet_manager.cc:1434] T bf2b3d48485a40a4a54a0afcc0bd383b P 07a2cdeeec2b4302a2960391f3825bde: Time spent starting tablet: real 0.006s	user 0.004s	sys 0.000s
I20260709 13:07:12.619997 22090 leader_election.cc:290] T 4c1dcbc1199442dd881d67c582108673 P 01a67819c8a543adafcf1d5fff0822b4 [CANDIDATE]: Term 1 election: Requested vote from peers 07a2cdeeec2b4302a2960391f3825bde (127.21.63.2:36631), eaf5735be053455e9315e61c44ff7286 (127.21.63.3:41623)
I20260709 13:07:12.620694 21966 tablet_service.cc:1917] Received RequestConsensusVote() RPC: tablet_id: "4c1dcbc1199442dd881d67c582108673" candidate_uuid: "01a67819c8a543adafcf1d5fff0822b4" candidate_term: 1 candidate_status { last_received { term: 0 index: 0 } } ignore_live_leader: false dest_uuid: "07a2cdeeec2b4302a2960391f3825bde"
I20260709 13:07:12.621229 21966 raft_consensus.cc:3060] T 4c1dcbc1199442dd881d67c582108673 P 07a2cdeeec2b4302a2960391f3825bde [term 0 FOLLOWER]: Advancing to term 1
I20260709 13:07:12.623740 21891 raft_consensus.cc:2468] T bf2b3d48485a40a4a54a0afcc0bd383b P 01a67819c8a543adafcf1d5fff0822b4 [term 1 FOLLOWER]: Leader election vote request: Granting yes vote for candidate eaf5735be053455e9315e61c44ff7286 in term 1.
I20260709 13:07:12.625355 22003 leader_election.cc:304] T bf2b3d48485a40a4a54a0afcc0bd383b P eaf5735be053455e9315e61c44ff7286 [CANDIDATE]: Term 1 election: Election decided. Result: candidate won. Election summary: received 2 responses out of 3 voters: 2 yes votes; 0 no votes. yes voters: 01a67819c8a543adafcf1d5fff0822b4, eaf5735be053455e9315e61c44ff7286; no voters: 
I20260709 13:07:12.626281 22091 raft_consensus.cc:2804] T bf2b3d48485a40a4a54a0afcc0bd383b P eaf5735be053455e9315e61c44ff7286 [term 1 FOLLOWER]: Leader election won for term 1
I20260709 13:07:12.626717 22091 raft_consensus.cc:697] T bf2b3d48485a40a4a54a0afcc0bd383b P eaf5735be053455e9315e61c44ff7286 [term 1 LEADER]: Becoming Leader. State: Replica: eaf5735be053455e9315e61c44ff7286, State: Running, Role: LEADER
I20260709 13:07:12.627617 22091 consensus_queue.cc:237] T bf2b3d48485a40a4a54a0afcc0bd383b P eaf5735be053455e9315e61c44ff7286 [LEADER]: Queue going to LEADER mode. State: All replicated index: 0, Majority replicated index: 0, Committed index: 0, Last appended: 0.0, Last appended by leader: 0, Current term: 1, Majority size: 2, State: 0, Mode: LEADER, active raft config: opid_index: -1 OBSOLETE_local: false peers { permanent_uuid: "01a67819c8a543adafcf1d5fff0822b4" member_type: VOTER last_known_addr { host: "127.21.63.1" port: 44917 } } peers { permanent_uuid: "07a2cdeeec2b4302a2960391f3825bde" member_type: VOTER last_known_addr { host: "127.21.63.2" port: 36631 } } peers { permanent_uuid: "eaf5735be053455e9315e61c44ff7286" member_type: VOTER last_known_addr { host: "127.21.63.3" port: 41623 } }
I20260709 13:07:12.628744 21966 raft_consensus.cc:2468] T 4c1dcbc1199442dd881d67c582108673 P 07a2cdeeec2b4302a2960391f3825bde [term 1 FOLLOWER]: Leader election vote request: Granting yes vote for candidate 01a67819c8a543adafcf1d5fff0822b4 in term 1.
I20260709 13:07:12.629873 21857 leader_election.cc:304] T 4c1dcbc1199442dd881d67c582108673 P 01a67819c8a543adafcf1d5fff0822b4 [CANDIDATE]: Term 1 election: Election decided. Result: candidate won. Election summary: received 2 responses out of 3 voters: 2 yes votes; 0 no votes. yes voters: 01a67819c8a543adafcf1d5fff0822b4, 07a2cdeeec2b4302a2960391f3825bde; no voters: 
I20260709 13:07:12.631084 22090 raft_consensus.cc:2804] T 4c1dcbc1199442dd881d67c582108673 P 01a67819c8a543adafcf1d5fff0822b4 [term 1 FOLLOWER]: Leader election won for term 1
I20260709 13:07:12.631795 22090 raft_consensus.cc:697] T 4c1dcbc1199442dd881d67c582108673 P 01a67819c8a543adafcf1d5fff0822b4 [term 1 LEADER]: Becoming Leader. State: Replica: 01a67819c8a543adafcf1d5fff0822b4, State: Running, Role: LEADER
I20260709 13:07:12.632151 22084 tablet_bootstrap.cc:492] T 4c1dcbc1199442dd881d67c582108673 P eaf5735be053455e9315e61c44ff7286: No bootstrap required, opened a new log
I20260709 13:07:12.632601 22084 ts_tablet_manager.cc:1403] T 4c1dcbc1199442dd881d67c582108673 P eaf5735be053455e9315e61c44ff7286: Time spent bootstrapping tablet: real 0.143s	user 0.011s	sys 0.019s
I20260709 13:07:12.632864 22090 consensus_queue.cc:237] T 4c1dcbc1199442dd881d67c582108673 P 01a67819c8a543adafcf1d5fff0822b4 [LEADER]: Queue going to LEADER mode. State: All replicated index: 0, Majority replicated index: 0, Committed index: 0, Last appended: 0.0, Last appended by leader: 0, Current term: 1, Majority size: 2, State: 0, Mode: LEADER, active raft config: opid_index: -1 OBSOLETE_local: false peers { permanent_uuid: "01a67819c8a543adafcf1d5fff0822b4" member_type: VOTER last_known_addr { host: "127.21.63.1" port: 44917 } } peers { permanent_uuid: "07a2cdeeec2b4302a2960391f3825bde" member_type: VOTER last_known_addr { host: "127.21.63.2" port: 36631 } } peers { permanent_uuid: "eaf5735be053455e9315e61c44ff7286" member_type: VOTER last_known_addr { host: "127.21.63.3" port: 41623 } }
I20260709 13:07:12.635720 22084 raft_consensus.cc:359] T 4c1dcbc1199442dd881d67c582108673 P eaf5735be053455e9315e61c44ff7286 [term 0 FOLLOWER]: Replica starting. Triggering 0 pending ops. Active config: opid_index: -1 OBSOLETE_local: false peers { permanent_uuid: "01a67819c8a543adafcf1d5fff0822b4" member_type: VOTER last_known_addr { host: "127.21.63.1" port: 44917 } } peers { permanent_uuid: "07a2cdeeec2b4302a2960391f3825bde" member_type: VOTER last_known_addr { host: "127.21.63.2" port: 36631 } } peers { permanent_uuid: "eaf5735be053455e9315e61c44ff7286" member_type: VOTER last_known_addr { host: "127.21.63.3" port: 41623 } }
I20260709 13:07:12.636755 22084 raft_consensus.cc:385] T 4c1dcbc1199442dd881d67c582108673 P eaf5735be053455e9315e61c44ff7286 [term 0 FOLLOWER]: Consensus starting up: Expiring failure detector timer to make a prompt election more likely
I20260709 13:07:12.637068 22084 raft_consensus.cc:740] T 4c1dcbc1199442dd881d67c582108673 P eaf5735be053455e9315e61c44ff7286 [term 0 FOLLOWER]: Becoming Follower/Learner. State: Replica: eaf5735be053455e9315e61c44ff7286, State: Initialized, Role: FOLLOWER
I20260709 13:07:12.638052 22084 consensus_queue.cc:260] T 4c1dcbc1199442dd881d67c582108673 P eaf5735be053455e9315e61c44ff7286 [NON_LEADER]: Queue going to NON_LEADER mode. State: All replicated index: 0, Majority replicated index: 0, Committed index: 0, Last appended: 0.0, Last appended by leader: 0, Current term: 0, Majority size: -1, State: 0, Mode: NON_LEADER, active raft config: opid_index: -1 OBSOLETE_local: false peers { permanent_uuid: "01a67819c8a543adafcf1d5fff0822b4" member_type: VOTER last_known_addr { host: "127.21.63.1" port: 44917 } } peers { permanent_uuid: "07a2cdeeec2b4302a2960391f3825bde" member_type: VOTER last_known_addr { host: "127.21.63.2" port: 36631 } } peers { permanent_uuid: "eaf5735be053455e9315e61c44ff7286" member_type: VOTER last_known_addr { host: "127.21.63.3" port: 41623 } }
I20260709 13:07:12.643476 22082 tablet_bootstrap.cc:492] T b10d9c93da2c485d96b8ca9058a1b00f P 07a2cdeeec2b4302a2960391f3825bde: Bootstrap starting.
W20260709 13:07:12.660040 22006 outbound_call.cc:321] RPC callback for RPC call kudu.consensus.ConsensusService.RequestConsensusVote -> {remote=127.21.63.2:36631, user_credentials={real_user=slave}} blocked reactor thread for 60750.2us
I20260709 13:07:12.662127 22084 ts_tablet_manager.cc:1434] T 4c1dcbc1199442dd881d67c582108673 P eaf5735be053455e9315e61c44ff7286: Time spent starting tablet: real 0.029s	user 0.009s	sys 0.002s
I20260709 13:07:12.665553 22084 tablet_bootstrap.cc:492] T 4dfeb09c8a4d482ab573952200ebab0a P eaf5735be053455e9315e61c44ff7286: Bootstrap starting.
I20260709 13:07:12.668789 21966 tablet_service.cc:1917] Received RequestConsensusVote() RPC: tablet_id: "bf2b3d48485a40a4a54a0afcc0bd383b" candidate_uuid: "eaf5735be053455e9315e61c44ff7286" candidate_term: 1 candidate_status { last_received { term: 0 index: 0 } } ignore_live_leader: false dest_uuid: "07a2cdeeec2b4302a2960391f3825bde"
I20260709 13:07:12.671176 21966 raft_consensus.cc:3060] T bf2b3d48485a40a4a54a0afcc0bd383b P 07a2cdeeec2b4302a2960391f3825bde [term 0 FOLLOWER]: Advancing to term 1
I20260709 13:07:12.673398 22117 raft_consensus.cc:493] T 04e73d74096641eab6b132caefd4b28f P eaf5735be053455e9315e61c44ff7286 [term 0 FOLLOWER]: Starting pre-election (no leader contacted us within the election timeout)
I20260709 13:07:12.674458 22117 raft_consensus.cc:515] T 04e73d74096641eab6b132caefd4b28f P eaf5735be053455e9315e61c44ff7286 [term 0 FOLLOWER]: Starting pre-election with config: opid_index: -1 OBSOLETE_local: false peers { permanent_uuid: "07a2cdeeec2b4302a2960391f3825bde" member_type: VOTER last_known_addr { host: "127.21.63.2" port: 36631 } } peers { permanent_uuid: "01a67819c8a543adafcf1d5fff0822b4" member_type: VOTER last_known_addr { host: "127.21.63.1" port: 44917 } } peers { permanent_uuid: "eaf5735be053455e9315e61c44ff7286" member_type: VOTER last_known_addr { host: "127.21.63.3" port: 41623 } }
I20260709 13:07:12.676575 22039 tablet_service.cc:1917] Received RequestConsensusVote() RPC: tablet_id: "4c1dcbc1199442dd881d67c582108673" candidate_uuid: "01a67819c8a543adafcf1d5fff0822b4" candidate_term: 1 candidate_status { last_received { term: 0 index: 0 } } ignore_live_leader: false dest_uuid: "eaf5735be053455e9315e61c44ff7286"
I20260709 13:07:12.675179 22083 tablet_bootstrap.cc:492] T 4dfeb09c8a4d482ab573952200ebab0a P 01a67819c8a543adafcf1d5fff0822b4: No bootstrap required, opened a new log
I20260709 13:07:12.677323 22039 raft_consensus.cc:3060] T 4c1dcbc1199442dd881d67c582108673 P eaf5735be053455e9315e61c44ff7286 [term 0 FOLLOWER]: Advancing to term 1
I20260709 13:07:12.679951 22083 ts_tablet_manager.cc:1403] T 4dfeb09c8a4d482ab573952200ebab0a P 01a67819c8a543adafcf1d5fff0822b4: Time spent bootstrapping tablet: real 0.140s	user 0.017s	sys 0.006s
W20260709 13:07:12.679919 22006 leader_election.cc:343] T bf2b3d48485a40a4a54a0afcc0bd383b P eaf5735be053455e9315e61c44ff7286 [CANDIDATE]: Term 1 pre-election: Tablet error from VoteRequest() call to peer 07a2cdeeec2b4302a2960391f3825bde (127.21.63.2:36631): Illegal state: must be running to vote when last-logged opid is not known
I20260709 13:07:12.680383 22117 leader_election.cc:290] T 04e73d74096641eab6b132caefd4b28f P eaf5735be053455e9315e61c44ff7286 [CANDIDATE]: Term 1 pre-election: Requested pre-vote from peers 07a2cdeeec2b4302a2960391f3825bde (127.21.63.2:36631), 01a67819c8a543adafcf1d5fff0822b4 (127.21.63.1:44917)
I20260709 13:07:12.681546 21891 tablet_service.cc:1917] Received RequestConsensusVote() RPC: tablet_id: "04e73d74096641eab6b132caefd4b28f" candidate_uuid: "eaf5735be053455e9315e61c44ff7286" candidate_term: 1 candidate_status { last_received { term: 0 index: 0 } } ignore_live_leader: false dest_uuid: "01a67819c8a543adafcf1d5fff0822b4" is_pre_election: true
I20260709 13:07:12.681098 21787 catalog_manager.cc:5697] T bf2b3d48485a40a4a54a0afcc0bd383b P eaf5735be053455e9315e61c44ff7286 reported cstate change: term changed from 0 to 1, leader changed from <none> to eaf5735be053455e9315e61c44ff7286 (127.21.63.3). New cstate: current_term: 1 leader_uuid: "eaf5735be053455e9315e61c44ff7286" committed_config { opid_index: -1 OBSOLETE_local: false peers { permanent_uuid: "01a67819c8a543adafcf1d5fff0822b4" member_type: VOTER last_known_addr { host: "127.21.63.1" port: 44917 } health_report { overall_health: UNKNOWN } } peers { permanent_uuid: "07a2cdeeec2b4302a2960391f3825bde" member_type: VOTER last_known_addr { host: "127.21.63.2" port: 36631 } health_report { overall_health: UNKNOWN } } peers { permanent_uuid: "eaf5735be053455e9315e61c44ff7286" member_type: VOTER last_known_addr { host: "127.21.63.3" port: 41623 } health_report { overall_health: HEALTHY } } }
I20260709 13:07:12.689419 21965 tablet_service.cc:1917] Received RequestConsensusVote() RPC: tablet_id: "04e73d74096641eab6b132caefd4b28f" candidate_uuid: "eaf5735be053455e9315e61c44ff7286" candidate_term: 1 candidate_status { last_received { term: 0 index: 0 } } ignore_live_leader: false dest_uuid: "07a2cdeeec2b4302a2960391f3825bde" is_pre_election: true
I20260709 13:07:12.691039 21965 raft_consensus.cc:2393] T 04e73d74096641eab6b132caefd4b28f P 07a2cdeeec2b4302a2960391f3825bde [term 1 FOLLOWER]: Leader pre-election vote request: Denying vote to candidate eaf5735be053455e9315e61c44ff7286 in current term 1: Already voted for candidate 01a67819c8a543adafcf1d5fff0822b4 in this term.
I20260709 13:07:12.694201 22006 leader_election.cc:304] T 04e73d74096641eab6b132caefd4b28f P eaf5735be053455e9315e61c44ff7286 [CANDIDATE]: Term 1 pre-election: Election decided. Result: candidate lost. Election summary: received 3 responses out of 3 voters: 1 yes votes; 2 no votes. yes voters: eaf5735be053455e9315e61c44ff7286; no voters: 01a67819c8a543adafcf1d5fff0822b4, 07a2cdeeec2b4302a2960391f3825bde
I20260709 13:07:12.692853 21966 raft_consensus.cc:2468] T bf2b3d48485a40a4a54a0afcc0bd383b P 07a2cdeeec2b4302a2960391f3825bde [term 1 FOLLOWER]: Leader election vote request: Granting yes vote for candidate eaf5735be053455e9315e61c44ff7286 in term 1.
I20260709 13:07:12.696194 22117 raft_consensus.cc:3060] T 04e73d74096641eab6b132caefd4b28f P eaf5735be053455e9315e61c44ff7286 [term 0 FOLLOWER]: Advancing to term 1
I20260709 13:07:12.694005 21785 catalog_manager.cc:5697] T 2f23dcf5479b46908032cb5858ca9fdf P 07a2cdeeec2b4302a2960391f3825bde reported cstate change: term changed from 0 to 1, leader changed from <none> to 07a2cdeeec2b4302a2960391f3825bde (127.21.63.2). New cstate: current_term: 1 leader_uuid: "07a2cdeeec2b4302a2960391f3825bde" committed_config { opid_index: -1 OBSOLETE_local: false peers { permanent_uuid: "01a67819c8a543adafcf1d5fff0822b4" member_type: VOTER last_known_addr { host: "127.21.63.1" port: 44917 } health_report { overall_health: UNKNOWN } } peers { permanent_uuid: "07a2cdeeec2b4302a2960391f3825bde" member_type: VOTER last_known_addr { host: "127.21.63.2" port: 36631 } health_report { overall_health: HEALTHY } } peers { permanent_uuid: "eaf5735be053455e9315e61c44ff7286" member_type: VOTER last_known_addr { host: "127.21.63.3" port: 41623 } health_report { overall_health: UNKNOWN } } }
I20260709 13:07:12.693079 22039 raft_consensus.cc:2468] T 4c1dcbc1199442dd881d67c582108673 P eaf5735be053455e9315e61c44ff7286 [term 1 FOLLOWER]: Leader election vote request: Granting yes vote for candidate 01a67819c8a543adafcf1d5fff0822b4 in term 1.
I20260709 13:07:12.696360 22082 tablet_bootstrap.cc:654] T b10d9c93da2c485d96b8ca9058a1b00f P 07a2cdeeec2b4302a2960391f3825bde: Neither blocks nor log segments found. Creating new log.
I20260709 13:07:12.701411 22083 raft_consensus.cc:359] T 4dfeb09c8a4d482ab573952200ebab0a P 01a67819c8a543adafcf1d5fff0822b4 [term 0 FOLLOWER]: Replica starting. Triggering 0 pending ops. Active config: opid_index: -1 OBSOLETE_local: false peers { permanent_uuid: "01a67819c8a543adafcf1d5fff0822b4" member_type: VOTER last_known_addr { host: "127.21.63.1" port: 44917 } } peers { permanent_uuid: "07a2cdeeec2b4302a2960391f3825bde" member_type: VOTER last_known_addr { host: "127.21.63.2" port: 36631 } } peers { permanent_uuid: "eaf5735be053455e9315e61c44ff7286" member_type: VOTER last_known_addr { host: "127.21.63.3" port: 41623 } }
I20260709 13:07:12.703092 22083 raft_consensus.cc:385] T 4dfeb09c8a4d482ab573952200ebab0a P 01a67819c8a543adafcf1d5fff0822b4 [term 0 FOLLOWER]: Consensus starting up: Expiring failure detector timer to make a prompt election more likely
I20260709 13:07:12.704155 22083 raft_consensus.cc:740] T 4dfeb09c8a4d482ab573952200ebab0a P 01a67819c8a543adafcf1d5fff0822b4 [term 0 FOLLOWER]: Becoming Follower/Learner. State: Replica: 01a67819c8a543adafcf1d5fff0822b4, State: Initialized, Role: FOLLOWER
I20260709 13:07:12.713816 22117 raft_consensus.cc:2749] T 04e73d74096641eab6b132caefd4b28f P eaf5735be053455e9315e61c44ff7286 [term 1 FOLLOWER]: Leader pre-election lost for term 1. Reason: could not achieve majority
I20260709 13:07:12.706744 22083 consensus_queue.cc:260] T 4dfeb09c8a4d482ab573952200ebab0a P 01a67819c8a543adafcf1d5fff0822b4 [NON_LEADER]: Queue going to NON_LEADER mode. State: All replicated index: 0, Majority replicated index: 0, Committed index: 0, Last appended: 0.0, Last appended by leader: 0, Current term: 0, Majority size: -1, State: 0, Mode: NON_LEADER, active raft config: opid_index: -1 OBSOLETE_local: false peers { permanent_uuid: "01a67819c8a543adafcf1d5fff0822b4" member_type: VOTER last_known_addr { host: "127.21.63.1" port: 44917 } } peers { permanent_uuid: "07a2cdeeec2b4302a2960391f3825bde" member_type: VOTER last_known_addr { host: "127.21.63.2" port: 36631 } } peers { permanent_uuid: "eaf5735be053455e9315e61c44ff7286" member_type: VOTER last_known_addr { host: "127.21.63.3" port: 41623 } }
I20260709 13:07:12.716547 22083 ts_tablet_manager.cc:1434] T 4dfeb09c8a4d482ab573952200ebab0a P 01a67819c8a543adafcf1d5fff0822b4: Time spent starting tablet: real 0.034s	user 0.000s	sys 0.005s
I20260709 13:07:12.717523 22083 tablet_bootstrap.cc:492] T 4a6231da863b48d2943784b1c955cd09 P 01a67819c8a543adafcf1d5fff0822b4: Bootstrap starting.
I20260709 13:07:12.719661 22084 tablet_bootstrap.cc:654] T 4dfeb09c8a4d482ab573952200ebab0a P eaf5735be053455e9315e61c44ff7286: Neither blocks nor log segments found. Creating new log.
I20260709 13:07:12.723894 22083 tablet_bootstrap.cc:654] T 4a6231da863b48d2943784b1c955cd09 P 01a67819c8a543adafcf1d5fff0822b4: Neither blocks nor log segments found. Creating new log.
I20260709 13:07:12.733767 21786 catalog_manager.cc:5697] T 4c1dcbc1199442dd881d67c582108673 P 01a67819c8a543adafcf1d5fff0822b4 reported cstate change: term changed from 0 to 1, leader changed from <none> to 01a67819c8a543adafcf1d5fff0822b4 (127.21.63.1). New cstate: current_term: 1 leader_uuid: "01a67819c8a543adafcf1d5fff0822b4" committed_config { opid_index: -1 OBSOLETE_local: false peers { permanent_uuid: "01a67819c8a543adafcf1d5fff0822b4" member_type: VOTER last_known_addr { host: "127.21.63.1" port: 44917 } health_report { overall_health: HEALTHY } } peers { permanent_uuid: "07a2cdeeec2b4302a2960391f3825bde" member_type: VOTER last_known_addr { host: "127.21.63.2" port: 36631 } health_report { overall_health: UNKNOWN } } peers { permanent_uuid: "eaf5735be053455e9315e61c44ff7286" member_type: VOTER last_known_addr { host: "127.21.63.3" port: 41623 } health_report { overall_health: UNKNOWN } } }
I20260709 13:07:12.744724 22082 tablet_bootstrap.cc:492] T b10d9c93da2c485d96b8ca9058a1b00f P 07a2cdeeec2b4302a2960391f3825bde: No bootstrap required, opened a new log
I20260709 13:07:12.745210 22082 ts_tablet_manager.cc:1403] T b10d9c93da2c485d96b8ca9058a1b00f P 07a2cdeeec2b4302a2960391f3825bde: Time spent bootstrapping tablet: real 0.104s	user 0.010s	sys 0.008s
I20260709 13:07:12.748327 22082 raft_consensus.cc:359] T b10d9c93da2c485d96b8ca9058a1b00f P 07a2cdeeec2b4302a2960391f3825bde [term 0 FOLLOWER]: Replica starting. Triggering 0 pending ops. Active config: opid_index: -1 OBSOLETE_local: false peers { permanent_uuid: "01a67819c8a543adafcf1d5fff0822b4" member_type: VOTER last_known_addr { host: "127.21.63.1" port: 44917 } } peers { permanent_uuid: "07a2cdeeec2b4302a2960391f3825bde" member_type: VOTER last_known_addr { host: "127.21.63.2" port: 36631 } } peers { permanent_uuid: "eaf5735be053455e9315e61c44ff7286" member_type: VOTER last_known_addr { host: "127.21.63.3" port: 41623 } }
I20260709 13:07:12.753268 22084 tablet_bootstrap.cc:492] T 4dfeb09c8a4d482ab573952200ebab0a P eaf5735be053455e9315e61c44ff7286: No bootstrap required, opened a new log
I20260709 13:07:12.753268 22082 raft_consensus.cc:385] T b10d9c93da2c485d96b8ca9058a1b00f P 07a2cdeeec2b4302a2960391f3825bde [term 0 FOLLOWER]: Consensus starting up: Expiring failure detector timer to make a prompt election more likely
I20260709 13:07:12.753882 22084 ts_tablet_manager.cc:1403] T 4dfeb09c8a4d482ab573952200ebab0a P eaf5735be053455e9315e61c44ff7286: Time spent bootstrapping tablet: real 0.089s	user 0.011s	sys 0.009s
I20260709 13:07:12.753877 22082 raft_consensus.cc:740] T b10d9c93da2c485d96b8ca9058a1b00f P 07a2cdeeec2b4302a2960391f3825bde [term 0 FOLLOWER]: Becoming Follower/Learner. State: Replica: 07a2cdeeec2b4302a2960391f3825bde, State: Initialized, Role: FOLLOWER
I20260709 13:07:12.754868 22082 consensus_queue.cc:260] T b10d9c93da2c485d96b8ca9058a1b00f P 07a2cdeeec2b4302a2960391f3825bde [NON_LEADER]: Queue going to NON_LEADER mode. State: All replicated index: 0, Majority replicated index: 0, Committed index: 0, Last appended: 0.0, Last appended by leader: 0, Current term: 0, Majority size: -1, State: 0, Mode: NON_LEADER, active raft config: opid_index: -1 OBSOLETE_local: false peers { permanent_uuid: "01a67819c8a543adafcf1d5fff0822b4" member_type: VOTER last_known_addr { host: "127.21.63.1" port: 44917 } } peers { permanent_uuid: "07a2cdeeec2b4302a2960391f3825bde" member_type: VOTER last_known_addr { host: "127.21.63.2" port: 36631 } } peers { permanent_uuid: "eaf5735be053455e9315e61c44ff7286" member_type: VOTER last_known_addr { host: "127.21.63.3" port: 41623 } }
I20260709 13:07:12.755625 22083 tablet_bootstrap.cc:492] T 4a6231da863b48d2943784b1c955cd09 P 01a67819c8a543adafcf1d5fff0822b4: No bootstrap required, opened a new log
I20260709 13:07:12.756210 22083 ts_tablet_manager.cc:1403] T 4a6231da863b48d2943784b1c955cd09 P 01a67819c8a543adafcf1d5fff0822b4: Time spent bootstrapping tablet: real 0.039s	user 0.007s	sys 0.010s
I20260709 13:07:12.757129 22084 raft_consensus.cc:359] T 4dfeb09c8a4d482ab573952200ebab0a P eaf5735be053455e9315e61c44ff7286 [term 0 FOLLOWER]: Replica starting. Triggering 0 pending ops. Active config: opid_index: -1 OBSOLETE_local: false peers { permanent_uuid: "01a67819c8a543adafcf1d5fff0822b4" member_type: VOTER last_known_addr { host: "127.21.63.1" port: 44917 } } peers { permanent_uuid: "07a2cdeeec2b4302a2960391f3825bde" member_type: VOTER last_known_addr { host: "127.21.63.2" port: 36631 } } peers { permanent_uuid: "eaf5735be053455e9315e61c44ff7286" member_type: VOTER last_known_addr { host: "127.21.63.3" port: 41623 } }
I20260709 13:07:12.757853 22084 raft_consensus.cc:385] T 4dfeb09c8a4d482ab573952200ebab0a P eaf5735be053455e9315e61c44ff7286 [term 0 FOLLOWER]: Consensus starting up: Expiring failure detector timer to make a prompt election more likely
I20260709 13:07:12.758154 22084 raft_consensus.cc:740] T 4dfeb09c8a4d482ab573952200ebab0a P eaf5735be053455e9315e61c44ff7286 [term 0 FOLLOWER]: Becoming Follower/Learner. State: Replica: eaf5735be053455e9315e61c44ff7286, State: Initialized, Role: FOLLOWER
I20260709 13:07:12.758888 22084 consensus_queue.cc:260] T 4dfeb09c8a4d482ab573952200ebab0a P eaf5735be053455e9315e61c44ff7286 [NON_LEADER]: Queue going to NON_LEADER mode. State: All replicated index: 0, Majority replicated index: 0, Committed index: 0, Last appended: 0.0, Last appended by leader: 0, Current term: 0, Majority size: -1, State: 0, Mode: NON_LEADER, active raft config: opid_index: -1 OBSOLETE_local: false peers { permanent_uuid: "01a67819c8a543adafcf1d5fff0822b4" member_type: VOTER last_known_addr { host: "127.21.63.1" port: 44917 } } peers { permanent_uuid: "07a2cdeeec2b4302a2960391f3825bde" member_type: VOTER last_known_addr { host: "127.21.63.2" port: 36631 } } peers { permanent_uuid: "eaf5735be053455e9315e61c44ff7286" member_type: VOTER last_known_addr { host: "127.21.63.3" port: 41623 } }
I20260709 13:07:12.759267 22083 raft_consensus.cc:359] T 4a6231da863b48d2943784b1c955cd09 P 01a67819c8a543adafcf1d5fff0822b4 [term 0 FOLLOWER]: Replica starting. Triggering 0 pending ops. Active config: opid_index: -1 OBSOLETE_local: false peers { permanent_uuid: "01a67819c8a543adafcf1d5fff0822b4" member_type: VOTER last_known_addr { host: "127.21.63.1" port: 44917 } } peers { permanent_uuid: "07a2cdeeec2b4302a2960391f3825bde" member_type: VOTER last_known_addr { host: "127.21.63.2" port: 36631 } } peers { permanent_uuid: "eaf5735be053455e9315e61c44ff7286" member_type: VOTER last_known_addr { host: "127.21.63.3" port: 41623 } }
I20260709 13:07:12.760061 22083 raft_consensus.cc:385] T 4a6231da863b48d2943784b1c955cd09 P 01a67819c8a543adafcf1d5fff0822b4 [term 0 FOLLOWER]: Consensus starting up: Expiring failure detector timer to make a prompt election more likely
I20260709 13:07:12.760422 22083 raft_consensus.cc:740] T 4a6231da863b48d2943784b1c955cd09 P 01a67819c8a543adafcf1d5fff0822b4 [term 0 FOLLOWER]: Becoming Follower/Learner. State: Replica: 01a67819c8a543adafcf1d5fff0822b4, State: Initialized, Role: FOLLOWER
I20260709 13:07:12.761323 22083 consensus_queue.cc:260] T 4a6231da863b48d2943784b1c955cd09 P 01a67819c8a543adafcf1d5fff0822b4 [NON_LEADER]: Queue going to NON_LEADER mode. State: All replicated index: 0, Majority replicated index: 0, Committed index: 0, Last appended: 0.0, Last appended by leader: 0, Current term: 0, Majority size: -1, State: 0, Mode: NON_LEADER, active raft config: opid_index: -1 OBSOLETE_local: false peers { permanent_uuid: "01a67819c8a543adafcf1d5fff0822b4" member_type: VOTER last_known_addr { host: "127.21.63.1" port: 44917 } } peers { permanent_uuid: "07a2cdeeec2b4302a2960391f3825bde" member_type: VOTER last_known_addr { host: "127.21.63.2" port: 36631 } } peers { permanent_uuid: "eaf5735be053455e9315e61c44ff7286" member_type: VOTER last_known_addr { host: "127.21.63.3" port: 41623 } }
I20260709 13:07:12.763936 22083 ts_tablet_manager.cc:1434] T 4a6231da863b48d2943784b1c955cd09 P 01a67819c8a543adafcf1d5fff0822b4: Time spent starting tablet: real 0.007s	user 0.000s	sys 0.005s
I20260709 13:07:12.764976 22083 tablet_bootstrap.cc:492] T e77b8c40f5024240a36630365043ad11 P 01a67819c8a543adafcf1d5fff0822b4: Bootstrap starting.
I20260709 13:07:12.765326 22084 ts_tablet_manager.cc:1434] T 4dfeb09c8a4d482ab573952200ebab0a P eaf5735be053455e9315e61c44ff7286: Time spent starting tablet: real 0.011s	user 0.005s	sys 0.002s
I20260709 13:07:12.767961 22082 ts_tablet_manager.cc:1434] T b10d9c93da2c485d96b8ca9058a1b00f P 07a2cdeeec2b4302a2960391f3825bde: Time spent starting tablet: real 0.022s	user 0.007s	sys 0.001s
I20260709 13:07:12.769331 22082 tablet_bootstrap.cc:492] T e77b8c40f5024240a36630365043ad11 P 07a2cdeeec2b4302a2960391f3825bde: Bootstrap starting.
I20260709 13:07:12.772912 22084 tablet_bootstrap.cc:492] T b10d9c93da2c485d96b8ca9058a1b00f P eaf5735be053455e9315e61c44ff7286: Bootstrap starting.
I20260709 13:07:12.777824 22082 tablet_bootstrap.cc:654] T e77b8c40f5024240a36630365043ad11 P 07a2cdeeec2b4302a2960391f3825bde: Neither blocks nor log segments found. Creating new log.
I20260709 13:07:12.783776 22083 tablet_bootstrap.cc:654] T e77b8c40f5024240a36630365043ad11 P 01a67819c8a543adafcf1d5fff0822b4: Neither blocks nor log segments found. Creating new log.
I20260709 13:07:12.787386 22084 tablet_bootstrap.cc:654] T b10d9c93da2c485d96b8ca9058a1b00f P eaf5735be053455e9315e61c44ff7286: Neither blocks nor log segments found. Creating new log.
I20260709 13:07:12.793144 22082 tablet_bootstrap.cc:492] T e77b8c40f5024240a36630365043ad11 P 07a2cdeeec2b4302a2960391f3825bde: No bootstrap required, opened a new log
I20260709 13:07:12.793637 22082 ts_tablet_manager.cc:1403] T e77b8c40f5024240a36630365043ad11 P 07a2cdeeec2b4302a2960391f3825bde: Time spent bootstrapping tablet: real 0.025s	user 0.011s	sys 0.008s
I20260709 13:07:12.796650 22083 tablet_bootstrap.cc:492] T e77b8c40f5024240a36630365043ad11 P 01a67819c8a543adafcf1d5fff0822b4: No bootstrap required, opened a new log
I20260709 13:07:12.796613 22082 raft_consensus.cc:359] T e77b8c40f5024240a36630365043ad11 P 07a2cdeeec2b4302a2960391f3825bde [term 0 FOLLOWER]: Replica starting. Triggering 0 pending ops. Active config: opid_index: -1 OBSOLETE_local: false peers { permanent_uuid: "01a67819c8a543adafcf1d5fff0822b4" member_type: VOTER last_known_addr { host: "127.21.63.1" port: 44917 } } peers { permanent_uuid: "07a2cdeeec2b4302a2960391f3825bde" member_type: VOTER last_known_addr { host: "127.21.63.2" port: 36631 } } peers { permanent_uuid: "eaf5735be053455e9315e61c44ff7286" member_type: VOTER last_known_addr { host: "127.21.63.3" port: 41623 } }
I20260709 13:07:12.797379 22083 ts_tablet_manager.cc:1403] T e77b8c40f5024240a36630365043ad11 P 01a67819c8a543adafcf1d5fff0822b4: Time spent bootstrapping tablet: real 0.033s	user 0.006s	sys 0.014s
I20260709 13:07:12.797426 22082 raft_consensus.cc:385] T e77b8c40f5024240a36630365043ad11 P 07a2cdeeec2b4302a2960391f3825bde [term 0 FOLLOWER]: Consensus starting up: Expiring failure detector timer to make a prompt election more likely
I20260709 13:07:12.798008 22082 raft_consensus.cc:740] T e77b8c40f5024240a36630365043ad11 P 07a2cdeeec2b4302a2960391f3825bde [term 0 FOLLOWER]: Becoming Follower/Learner. State: Replica: 07a2cdeeec2b4302a2960391f3825bde, State: Initialized, Role: FOLLOWER
I20260709 13:07:12.798755 22082 consensus_queue.cc:260] T e77b8c40f5024240a36630365043ad11 P 07a2cdeeec2b4302a2960391f3825bde [NON_LEADER]: Queue going to NON_LEADER mode. State: All replicated index: 0, Majority replicated index: 0, Committed index: 0, Last appended: 0.0, Last appended by leader: 0, Current term: 0, Majority size: -1, State: 0, Mode: NON_LEADER, active raft config: opid_index: -1 OBSOLETE_local: false peers { permanent_uuid: "01a67819c8a543adafcf1d5fff0822b4" member_type: VOTER last_known_addr { host: "127.21.63.1" port: 44917 } } peers { permanent_uuid: "07a2cdeeec2b4302a2960391f3825bde" member_type: VOTER last_known_addr { host: "127.21.63.2" port: 36631 } } peers { permanent_uuid: "eaf5735be053455e9315e61c44ff7286" member_type: VOTER last_known_addr { host: "127.21.63.3" port: 41623 } }
I20260709 13:07:12.800930 22083 raft_consensus.cc:359] T e77b8c40f5024240a36630365043ad11 P 01a67819c8a543adafcf1d5fff0822b4 [term 0 FOLLOWER]: Replica starting. Triggering 0 pending ops. Active config: opid_index: -1 OBSOLETE_local: false peers { permanent_uuid: "01a67819c8a543adafcf1d5fff0822b4" member_type: VOTER last_known_addr { host: "127.21.63.1" port: 44917 } } peers { permanent_uuid: "07a2cdeeec2b4302a2960391f3825bde" member_type: VOTER last_known_addr { host: "127.21.63.2" port: 36631 } } peers { permanent_uuid: "eaf5735be053455e9315e61c44ff7286" member_type: VOTER last_known_addr { host: "127.21.63.3" port: 41623 } }
I20260709 13:07:12.801301 22082 ts_tablet_manager.cc:1434] T e77b8c40f5024240a36630365043ad11 P 07a2cdeeec2b4302a2960391f3825bde: Time spent starting tablet: real 0.007s	user 0.008s	sys 0.000s
I20260709 13:07:12.801638 22083 raft_consensus.cc:385] T e77b8c40f5024240a36630365043ad11 P 01a67819c8a543adafcf1d5fff0822b4 [term 0 FOLLOWER]: Consensus starting up: Expiring failure detector timer to make a prompt election more likely
I20260709 13:07:12.802044 22083 raft_consensus.cc:740] T e77b8c40f5024240a36630365043ad11 P 01a67819c8a543adafcf1d5fff0822b4 [term 0 FOLLOWER]: Becoming Follower/Learner. State: Replica: 01a67819c8a543adafcf1d5fff0822b4, State: Initialized, Role: FOLLOWER
I20260709 13:07:12.802428 22082 tablet_bootstrap.cc:492] T 4a6231da863b48d2943784b1c955cd09 P 07a2cdeeec2b4302a2960391f3825bde: Bootstrap starting.
I20260709 13:07:12.802882 22083 consensus_queue.cc:260] T e77b8c40f5024240a36630365043ad11 P 01a67819c8a543adafcf1d5fff0822b4 [NON_LEADER]: Queue going to NON_LEADER mode. State: All replicated index: 0, Majority replicated index: 0, Committed index: 0, Last appended: 0.0, Last appended by leader: 0, Current term: 0, Majority size: -1, State: 0, Mode: NON_LEADER, active raft config: opid_index: -1 OBSOLETE_local: false peers { permanent_uuid: "01a67819c8a543adafcf1d5fff0822b4" member_type: VOTER last_known_addr { host: "127.21.63.1" port: 44917 } } peers { permanent_uuid: "07a2cdeeec2b4302a2960391f3825bde" member_type: VOTER last_known_addr { host: "127.21.63.2" port: 36631 } } peers { permanent_uuid: "eaf5735be053455e9315e61c44ff7286" member_type: VOTER last_known_addr { host: "127.21.63.3" port: 41623 } }
I20260709 13:07:12.809648 22082 tablet_bootstrap.cc:654] T 4a6231da863b48d2943784b1c955cd09 P 07a2cdeeec2b4302a2960391f3825bde: Neither blocks nor log segments found. Creating new log.
I20260709 13:07:12.811789 22083 ts_tablet_manager.cc:1434] T e77b8c40f5024240a36630365043ad11 P 01a67819c8a543adafcf1d5fff0822b4: Time spent starting tablet: real 0.014s	user 0.007s	sys 0.000s
I20260709 13:07:12.815706 22083 tablet_bootstrap.cc:492] T b10d9c93da2c485d96b8ca9058a1b00f P 01a67819c8a543adafcf1d5fff0822b4: Bootstrap starting.
I20260709 13:07:12.821895 22084 tablet_bootstrap.cc:492] T b10d9c93da2c485d96b8ca9058a1b00f P eaf5735be053455e9315e61c44ff7286: No bootstrap required, opened a new log
I20260709 13:07:12.821976 22082 tablet_bootstrap.cc:492] T 4a6231da863b48d2943784b1c955cd09 P 07a2cdeeec2b4302a2960391f3825bde: No bootstrap required, opened a new log
I20260709 13:07:12.822415 22084 ts_tablet_manager.cc:1403] T b10d9c93da2c485d96b8ca9058a1b00f P eaf5735be053455e9315e61c44ff7286: Time spent bootstrapping tablet: real 0.053s	user 0.021s	sys 0.001s
I20260709 13:07:12.822521 22082 ts_tablet_manager.cc:1403] T 4a6231da863b48d2943784b1c955cd09 P 07a2cdeeec2b4302a2960391f3825bde: Time spent bootstrapping tablet: real 0.020s	user 0.014s	sys 0.003s
I20260709 13:07:12.823212 22083 tablet_bootstrap.cc:654] T b10d9c93da2c485d96b8ca9058a1b00f P 01a67819c8a543adafcf1d5fff0822b4: Neither blocks nor log segments found. Creating new log.
I20260709 13:07:12.825865 22082 raft_consensus.cc:359] T 4a6231da863b48d2943784b1c955cd09 P 07a2cdeeec2b4302a2960391f3825bde [term 0 FOLLOWER]: Replica starting. Triggering 0 pending ops. Active config: opid_index: -1 OBSOLETE_local: false peers { permanent_uuid: "01a67819c8a543adafcf1d5fff0822b4" member_type: VOTER last_known_addr { host: "127.21.63.1" port: 44917 } } peers { permanent_uuid: "07a2cdeeec2b4302a2960391f3825bde" member_type: VOTER last_known_addr { host: "127.21.63.2" port: 36631 } } peers { permanent_uuid: "eaf5735be053455e9315e61c44ff7286" member_type: VOTER last_known_addr { host: "127.21.63.3" port: 41623 } }
I20260709 13:07:12.826582 22082 raft_consensus.cc:385] T 4a6231da863b48d2943784b1c955cd09 P 07a2cdeeec2b4302a2960391f3825bde [term 0 FOLLOWER]: Consensus starting up: Expiring failure detector timer to make a prompt election more likely
I20260709 13:07:12.826900 22082 raft_consensus.cc:740] T 4a6231da863b48d2943784b1c955cd09 P 07a2cdeeec2b4302a2960391f3825bde [term 0 FOLLOWER]: Becoming Follower/Learner. State: Replica: 07a2cdeeec2b4302a2960391f3825bde, State: Initialized, Role: FOLLOWER
I20260709 13:07:12.826680 22084 raft_consensus.cc:359] T b10d9c93da2c485d96b8ca9058a1b00f P eaf5735be053455e9315e61c44ff7286 [term 0 FOLLOWER]: Replica starting. Triggering 0 pending ops. Active config: opid_index: -1 OBSOLETE_local: false peers { permanent_uuid: "01a67819c8a543adafcf1d5fff0822b4" member_type: VOTER last_known_addr { host: "127.21.63.1" port: 44917 } } peers { permanent_uuid: "07a2cdeeec2b4302a2960391f3825bde" member_type: VOTER last_known_addr { host: "127.21.63.2" port: 36631 } } peers { permanent_uuid: "eaf5735be053455e9315e61c44ff7286" member_type: VOTER last_known_addr { host: "127.21.63.3" port: 41623 } }
I20260709 13:07:12.827735 22084 raft_consensus.cc:385] T b10d9c93da2c485d96b8ca9058a1b00f P eaf5735be053455e9315e61c44ff7286 [term 0 FOLLOWER]: Consensus starting up: Expiring failure detector timer to make a prompt election more likely
I20260709 13:07:12.827678 22082 consensus_queue.cc:260] T 4a6231da863b48d2943784b1c955cd09 P 07a2cdeeec2b4302a2960391f3825bde [NON_LEADER]: Queue going to NON_LEADER mode. State: All replicated index: 0, Majority replicated index: 0, Committed index: 0, Last appended: 0.0, Last appended by leader: 0, Current term: 0, Majority size: -1, State: 0, Mode: NON_LEADER, active raft config: opid_index: -1 OBSOLETE_local: false peers { permanent_uuid: "01a67819c8a543adafcf1d5fff0822b4" member_type: VOTER last_known_addr { host: "127.21.63.1" port: 44917 } } peers { permanent_uuid: "07a2cdeeec2b4302a2960391f3825bde" member_type: VOTER last_known_addr { host: "127.21.63.2" port: 36631 } } peers { permanent_uuid: "eaf5735be053455e9315e61c44ff7286" member_type: VOTER last_known_addr { host: "127.21.63.3" port: 41623 } }
I20260709 13:07:12.828230 22084 raft_consensus.cc:740] T b10d9c93da2c485d96b8ca9058a1b00f P eaf5735be053455e9315e61c44ff7286 [term 0 FOLLOWER]: Becoming Follower/Learner. State: Replica: eaf5735be053455e9315e61c44ff7286, State: Initialized, Role: FOLLOWER
I20260709 13:07:12.829169 22084 consensus_queue.cc:260] T b10d9c93da2c485d96b8ca9058a1b00f P eaf5735be053455e9315e61c44ff7286 [NON_LEADER]: Queue going to NON_LEADER mode. State: All replicated index: 0, Majority replicated index: 0, Committed index: 0, Last appended: 0.0, Last appended by leader: 0, Current term: 0, Majority size: -1, State: 0, Mode: NON_LEADER, active raft config: opid_index: -1 OBSOLETE_local: false peers { permanent_uuid: "01a67819c8a543adafcf1d5fff0822b4" member_type: VOTER last_known_addr { host: "127.21.63.1" port: 44917 } } peers { permanent_uuid: "07a2cdeeec2b4302a2960391f3825bde" member_type: VOTER last_known_addr { host: "127.21.63.2" port: 36631 } } peers { permanent_uuid: "eaf5735be053455e9315e61c44ff7286" member_type: VOTER last_known_addr { host: "127.21.63.3" port: 41623 } }
I20260709 13:07:12.830335 22082 ts_tablet_manager.cc:1434] T 4a6231da863b48d2943784b1c955cd09 P 07a2cdeeec2b4302a2960391f3825bde: Time spent starting tablet: real 0.007s	user 0.008s	sys 0.000s
I20260709 13:07:12.831290 22082 tablet_bootstrap.cc:492] T 4dfeb09c8a4d482ab573952200ebab0a P 07a2cdeeec2b4302a2960391f3825bde: Bootstrap starting.
I20260709 13:07:12.831661 22084 ts_tablet_manager.cc:1434] T b10d9c93da2c485d96b8ca9058a1b00f P eaf5735be053455e9315e61c44ff7286: Time spent starting tablet: real 0.009s	user 0.009s	sys 0.000s
I20260709 13:07:12.832700 22084 tablet_bootstrap.cc:492] T e77b8c40f5024240a36630365043ad11 P eaf5735be053455e9315e61c44ff7286: Bootstrap starting.
I20260709 13:07:12.838235 22082 tablet_bootstrap.cc:654] T 4dfeb09c8a4d482ab573952200ebab0a P 07a2cdeeec2b4302a2960391f3825bde: Neither blocks nor log segments found. Creating new log.
I20260709 13:07:12.843348 22083 tablet_bootstrap.cc:492] T b10d9c93da2c485d96b8ca9058a1b00f P 01a67819c8a543adafcf1d5fff0822b4: No bootstrap required, opened a new log
I20260709 13:07:12.843780 22083 ts_tablet_manager.cc:1403] T b10d9c93da2c485d96b8ca9058a1b00f P 01a67819c8a543adafcf1d5fff0822b4: Time spent bootstrapping tablet: real 0.028s	user 0.013s	sys 0.000s
I20260709 13:07:12.847150 22083 raft_consensus.cc:359] T b10d9c93da2c485d96b8ca9058a1b00f P 01a67819c8a543adafcf1d5fff0822b4 [term 0 FOLLOWER]: Replica starting. Triggering 0 pending ops. Active config: opid_index: -1 OBSOLETE_local: false peers { permanent_uuid: "01a67819c8a543adafcf1d5fff0822b4" member_type: VOTER last_known_addr { host: "127.21.63.1" port: 44917 } } peers { permanent_uuid: "07a2cdeeec2b4302a2960391f3825bde" member_type: VOTER last_known_addr { host: "127.21.63.2" port: 36631 } } peers { permanent_uuid: "eaf5735be053455e9315e61c44ff7286" member_type: VOTER last_known_addr { host: "127.21.63.3" port: 41623 } }
I20260709 13:07:12.847875 22083 raft_consensus.cc:385] T b10d9c93da2c485d96b8ca9058a1b00f P 01a67819c8a543adafcf1d5fff0822b4 [term 0 FOLLOWER]: Consensus starting up: Expiring failure detector timer to make a prompt election more likely
I20260709 13:07:12.848178 22083 raft_consensus.cc:740] T b10d9c93da2c485d96b8ca9058a1b00f P 01a67819c8a543adafcf1d5fff0822b4 [term 0 FOLLOWER]: Becoming Follower/Learner. State: Replica: 01a67819c8a543adafcf1d5fff0822b4, State: Initialized, Role: FOLLOWER
I20260709 13:07:12.849331 22082 tablet_bootstrap.cc:492] T 4dfeb09c8a4d482ab573952200ebab0a P 07a2cdeeec2b4302a2960391f3825bde: No bootstrap required, opened a new log
I20260709 13:07:12.848837 22083 consensus_queue.cc:260] T b10d9c93da2c485d96b8ca9058a1b00f P 01a67819c8a543adafcf1d5fff0822b4 [NON_LEADER]: Queue going to NON_LEADER mode. State: All replicated index: 0, Majority replicated index: 0, Committed index: 0, Last appended: 0.0, Last appended by leader: 0, Current term: 0, Majority size: -1, State: 0, Mode: NON_LEADER, active raft config: opid_index: -1 OBSOLETE_local: false peers { permanent_uuid: "01a67819c8a543adafcf1d5fff0822b4" member_type: VOTER last_known_addr { host: "127.21.63.1" port: 44917 } } peers { permanent_uuid: "07a2cdeeec2b4302a2960391f3825bde" member_type: VOTER last_known_addr { host: "127.21.63.2" port: 36631 } } peers { permanent_uuid: "eaf5735be053455e9315e61c44ff7286" member_type: VOTER last_known_addr { host: "127.21.63.3" port: 41623 } }
I20260709 13:07:12.849766 22082 ts_tablet_manager.cc:1403] T 4dfeb09c8a4d482ab573952200ebab0a P 07a2cdeeec2b4302a2960391f3825bde: Time spent bootstrapping tablet: real 0.019s	user 0.014s	sys 0.003s
I20260709 13:07:12.852258 22082 raft_consensus.cc:359] T 4dfeb09c8a4d482ab573952200ebab0a P 07a2cdeeec2b4302a2960391f3825bde [term 0 FOLLOWER]: Replica starting. Triggering 0 pending ops. Active config: opid_index: -1 OBSOLETE_local: false peers { permanent_uuid: "01a67819c8a543adafcf1d5fff0822b4" member_type: VOTER last_known_addr { host: "127.21.63.1" port: 44917 } } peers { permanent_uuid: "07a2cdeeec2b4302a2960391f3825bde" member_type: VOTER last_known_addr { host: "127.21.63.2" port: 36631 } } peers { permanent_uuid: "eaf5735be053455e9315e61c44ff7286" member_type: VOTER last_known_addr { host: "127.21.63.3" port: 41623 } }
I20260709 13:07:12.852905 22082 raft_consensus.cc:385] T 4dfeb09c8a4d482ab573952200ebab0a P 07a2cdeeec2b4302a2960391f3825bde [term 0 FOLLOWER]: Consensus starting up: Expiring failure detector timer to make a prompt election more likely
I20260709 13:07:12.853175 22082 raft_consensus.cc:740] T 4dfeb09c8a4d482ab573952200ebab0a P 07a2cdeeec2b4302a2960391f3825bde [term 0 FOLLOWER]: Becoming Follower/Learner. State: Replica: 07a2cdeeec2b4302a2960391f3825bde, State: Initialized, Role: FOLLOWER
I20260709 13:07:12.854107 22084 tablet_bootstrap.cc:654] T e77b8c40f5024240a36630365043ad11 P eaf5735be053455e9315e61c44ff7286: Neither blocks nor log segments found. Creating new log.
I20260709 13:07:12.853794 22082 consensus_queue.cc:260] T 4dfeb09c8a4d482ab573952200ebab0a P 07a2cdeeec2b4302a2960391f3825bde [NON_LEADER]: Queue going to NON_LEADER mode. State: All replicated index: 0, Majority replicated index: 0, Committed index: 0, Last appended: 0.0, Last appended by leader: 0, Current term: 0, Majority size: -1, State: 0, Mode: NON_LEADER, active raft config: opid_index: -1 OBSOLETE_local: false peers { permanent_uuid: "01a67819c8a543adafcf1d5fff0822b4" member_type: VOTER last_known_addr { host: "127.21.63.1" port: 44917 } } peers { permanent_uuid: "07a2cdeeec2b4302a2960391f3825bde" member_type: VOTER last_known_addr { host: "127.21.63.2" port: 36631 } } peers { permanent_uuid: "eaf5735be053455e9315e61c44ff7286" member_type: VOTER last_known_addr { host: "127.21.63.3" port: 41623 } }
I20260709 13:07:12.856050 22082 ts_tablet_manager.cc:1434] T 4dfeb09c8a4d482ab573952200ebab0a P 07a2cdeeec2b4302a2960391f3825bde: Time spent starting tablet: real 0.006s	user 0.006s	sys 0.000s
I20260709 13:07:12.856863 22082 tablet_bootstrap.cc:492] T 29b15358296749cc9bd2c0a14af3a408 P 07a2cdeeec2b4302a2960391f3825bde: Bootstrap starting.
I20260709 13:07:12.860949 22083 ts_tablet_manager.cc:1434] T b10d9c93da2c485d96b8ca9058a1b00f P 01a67819c8a543adafcf1d5fff0822b4: Time spent starting tablet: real 0.017s	user 0.007s	sys 0.002s
I20260709 13:07:12.862054 22083 tablet_bootstrap.cc:492] T 29b15358296749cc9bd2c0a14af3a408 P 01a67819c8a543adafcf1d5fff0822b4: Bootstrap starting.
I20260709 13:07:12.862174 22082 tablet_bootstrap.cc:654] T 29b15358296749cc9bd2c0a14af3a408 P 07a2cdeeec2b4302a2960391f3825bde: Neither blocks nor log segments found. Creating new log.
I20260709 13:07:12.868266 22084 tablet_bootstrap.cc:492] T e77b8c40f5024240a36630365043ad11 P eaf5735be053455e9315e61c44ff7286: No bootstrap required, opened a new log
I20260709 13:07:12.868793 22084 ts_tablet_manager.cc:1403] T e77b8c40f5024240a36630365043ad11 P eaf5735be053455e9315e61c44ff7286: Time spent bootstrapping tablet: real 0.036s	user 0.014s	sys 0.000s
I20260709 13:07:12.871564 22082 tablet_bootstrap.cc:492] T 29b15358296749cc9bd2c0a14af3a408 P 07a2cdeeec2b4302a2960391f3825bde: No bootstrap required, opened a new log
I20260709 13:07:12.871999 22082 ts_tablet_manager.cc:1403] T 29b15358296749cc9bd2c0a14af3a408 P 07a2cdeeec2b4302a2960391f3825bde: Time spent bootstrapping tablet: real 0.015s	user 0.002s	sys 0.010s
I20260709 13:07:12.873329 22084 raft_consensus.cc:359] T e77b8c40f5024240a36630365043ad11 P eaf5735be053455e9315e61c44ff7286 [term 0 FOLLOWER]: Replica starting. Triggering 0 pending ops. Active config: opid_index: -1 OBSOLETE_local: false peers { permanent_uuid: "01a67819c8a543adafcf1d5fff0822b4" member_type: VOTER last_known_addr { host: "127.21.63.1" port: 44917 } } peers { permanent_uuid: "07a2cdeeec2b4302a2960391f3825bde" member_type: VOTER last_known_addr { host: "127.21.63.2" port: 36631 } } peers { permanent_uuid: "eaf5735be053455e9315e61c44ff7286" member_type: VOTER last_known_addr { host: "127.21.63.3" port: 41623 } }
I20260709 13:07:12.874050 22084 raft_consensus.cc:385] T e77b8c40f5024240a36630365043ad11 P eaf5735be053455e9315e61c44ff7286 [term 0 FOLLOWER]: Consensus starting up: Expiring failure detector timer to make a prompt election more likely
I20260709 13:07:12.874358 22084 raft_consensus.cc:740] T e77b8c40f5024240a36630365043ad11 P eaf5735be053455e9315e61c44ff7286 [term 0 FOLLOWER]: Becoming Follower/Learner. State: Replica: eaf5735be053455e9315e61c44ff7286, State: Initialized, Role: FOLLOWER
I20260709 13:07:12.875047 22082 raft_consensus.cc:359] T 29b15358296749cc9bd2c0a14af3a408 P 07a2cdeeec2b4302a2960391f3825bde [term 0 FOLLOWER]: Replica starting. Triggering 0 pending ops. Active config: opid_index: -1 OBSOLETE_local: false peers { permanent_uuid: "01a67819c8a543adafcf1d5fff0822b4" member_type: VOTER last_known_addr { host: "127.21.63.1" port: 44917 } } peers { permanent_uuid: "07a2cdeeec2b4302a2960391f3825bde" member_type: VOTER last_known_addr { host: "127.21.63.2" port: 36631 } } peers { permanent_uuid: "eaf5735be053455e9315e61c44ff7286" member_type: VOTER last_known_addr { host: "127.21.63.3" port: 41623 } }
I20260709 13:07:12.875144 22084 consensus_queue.cc:260] T e77b8c40f5024240a36630365043ad11 P eaf5735be053455e9315e61c44ff7286 [NON_LEADER]: Queue going to NON_LEADER mode. State: All replicated index: 0, Majority replicated index: 0, Committed index: 0, Last appended: 0.0, Last appended by leader: 0, Current term: 0, Majority size: -1, State: 0, Mode: NON_LEADER, active raft config: opid_index: -1 OBSOLETE_local: false peers { permanent_uuid: "01a67819c8a543adafcf1d5fff0822b4" member_type: VOTER last_known_addr { host: "127.21.63.1" port: 44917 } } peers { permanent_uuid: "07a2cdeeec2b4302a2960391f3825bde" member_type: VOTER last_known_addr { host: "127.21.63.2" port: 36631 } } peers { permanent_uuid: "eaf5735be053455e9315e61c44ff7286" member_type: VOTER last_known_addr { host: "127.21.63.3" port: 41623 } }
I20260709 13:07:12.875743 22082 raft_consensus.cc:385] T 29b15358296749cc9bd2c0a14af3a408 P 07a2cdeeec2b4302a2960391f3825bde [term 0 FOLLOWER]: Consensus starting up: Expiring failure detector timer to make a prompt election more likely
I20260709 13:07:12.876075 22082 raft_consensus.cc:740] T 29b15358296749cc9bd2c0a14af3a408 P 07a2cdeeec2b4302a2960391f3825bde [term 0 FOLLOWER]: Becoming Follower/Learner. State: Replica: 07a2cdeeec2b4302a2960391f3825bde, State: Initialized, Role: FOLLOWER
