I20260709 13:07:37.955129 23015 tablet_service.cc:1917] Received RequestConsensusVote() RPC: tablet_id: "ca6ab98033204d5ebd34eb5a1779d3f2" candidate_uuid: "ed6131093bcd4808a1491b5e189c9e95" candidate_term: 1 candidate_status { last_received { term: 0 index: 0 } } ignore_live_leader: false dest_uuid: "bce781cbe0124352a5634b87c4489b33"
I20260709 13:07:37.954941 23205 consensus_queue.cc:260] T 87563c3f82ec4ce2aa9c38e29fcc3e7b P afa39ced7b2b4a8a85777545956b1d7b [NON_LEADER]: Queue going to NON_LEADER mode. State: All replicated index: 0, Majority replicated index: 0, Committed index: 0, Last appended: 0.0, Last appended by leader: 0, Current term: 0, Majority size: -1, State: 0, Mode: NON_LEADER, active raft config: opid_index: -1 OBSOLETE_local: false peers { permanent_uuid: "bce781cbe0124352a5634b87c4489b33" member_type: VOTER last_known_addr { host: "127.21.100.65" port: 35989 } } peers { permanent_uuid: "afa39ced7b2b4a8a85777545956b1d7b" member_type: VOTER last_known_addr { host: "127.21.100.66" port: 36287 } } peers { permanent_uuid: "ed6131093bcd4808a1491b5e189c9e95" member_type: VOTER last_known_addr { host: "127.21.100.67" port: 43543 } }
I20260709 13:07:37.955725 23015 raft_consensus.cc:3060] T ca6ab98033204d5ebd34eb5a1779d3f2 P bce781cbe0124352a5634b87c4489b33 [term 0 FOLLOWER]: Advancing to term 1
I20260709 13:07:37.957374 23090 tablet_service.cc:1917] Received RequestConsensusVote() RPC: tablet_id: "638a916bb0394ea2b7207ca1b81443e0" candidate_uuid: "bce781cbe0124352a5634b87c4489b33" candidate_term: 1 candidate_status { last_received { term: 0 index: 0 } } ignore_live_leader: false dest_uuid: "afa39ced7b2b4a8a85777545956b1d7b" is_pre_election: true
I20260709 13:07:37.958019 23090 raft_consensus.cc:2468] T 638a916bb0394ea2b7207ca1b81443e0 P afa39ced7b2b4a8a85777545956b1d7b [term 0 FOLLOWER]: Leader pre-election vote request: Granting yes vote for candidate bce781cbe0124352a5634b87c4489b33 in term 0.
I20260709 13:07:37.958523 23205 ts_tablet_manager.cc:1434] T 87563c3f82ec4ce2aa9c38e29fcc3e7b P afa39ced7b2b4a8a85777545956b1d7b: Time spent starting tablet: real 0.010s	user 0.005s	sys 0.000s
I20260709 13:07:37.959509 22983 leader_election.cc:304] T 638a916bb0394ea2b7207ca1b81443e0 P bce781cbe0124352a5634b87c4489b33 [CANDIDATE]: Term 1 pre-election: Election decided. Result: candidate won. Election summary: received 2 responses out of 3 voters: 2 yes votes; 0 no votes. yes voters: afa39ced7b2b4a8a85777545956b1d7b, bce781cbe0124352a5634b87c4489b33; no voters: 
I20260709 13:07:37.960352 23232 raft_consensus.cc:2804] T 638a916bb0394ea2b7207ca1b81443e0 P bce781cbe0124352a5634b87c4489b33 [term 0 FOLLOWER]: Leader pre-election won for term 1
I20260709 13:07:37.960683 23232 raft_consensus.cc:493] T 638a916bb0394ea2b7207ca1b81443e0 P bce781cbe0124352a5634b87c4489b33 [term 0 FOLLOWER]: Starting leader election (no leader contacted us within the election timeout)
I20260709 13:07:37.960984 23232 raft_consensus.cc:3060] T 638a916bb0394ea2b7207ca1b81443e0 P bce781cbe0124352a5634b87c4489b33 [term 0 FOLLOWER]: Advancing to term 1
W20260709 13:07:37.961932 23132 leader_election.cc:343] T ca6ab98033204d5ebd34eb5a1779d3f2 P ed6131093bcd4808a1491b5e189c9e95 [CANDIDATE]: Term 1 election: Tablet error from VoteRequest() call to peer afa39ced7b2b4a8a85777545956b1d7b (127.21.100.66:36287): Illegal state: must be running to vote when last-logged opid is not known
I20260709 13:07:37.963449 23207 tablet_bootstrap.cc:492] T 9cf0d82dc6bb46608a7cea067cbb7c6c P bce781cbe0124352a5634b87c4489b33: No bootstrap required, opened a new log
I20260709 13:07:37.963879 23207 ts_tablet_manager.cc:1403] T 9cf0d82dc6bb46608a7cea067cbb7c6c P bce781cbe0124352a5634b87c4489b33: Time spent bootstrapping tablet: real 0.041s	user 0.012s	sys 0.010s
I20260709 13:07:37.964291 23479 leader_election.cc:290] T 638a916bb0394ea2b7207ca1b81443e0 P bce781cbe0124352a5634b87c4489b33 [CANDIDATE]: Term 1 pre-election: Requested pre-vote from peers afa39ced7b2b4a8a85777545956b1d7b (127.21.100.66:36287), ed6131093bcd4808a1491b5e189c9e95 (127.21.100.67:43543)
I20260709 13:07:37.968638 23015 raft_consensus.cc:2468] T ca6ab98033204d5ebd34eb5a1779d3f2 P bce781cbe0124352a5634b87c4489b33 [term 1 FOLLOWER]: Leader election vote request: Granting yes vote for candidate ed6131093bcd4808a1491b5e189c9e95 in term 1.
I20260709 13:07:37.968587 23232 raft_consensus.cc:515] T 638a916bb0394ea2b7207ca1b81443e0 P bce781cbe0124352a5634b87c4489b33 [term 1 FOLLOWER]: Starting leader election with config: opid_index: -1 OBSOLETE_local: false peers { permanent_uuid: "bce781cbe0124352a5634b87c4489b33" member_type: VOTER last_known_addr { host: "127.21.100.65" port: 35989 } } peers { permanent_uuid: "afa39ced7b2b4a8a85777545956b1d7b" member_type: VOTER last_known_addr { host: "127.21.100.66" port: 36287 } } peers { permanent_uuid: "ed6131093bcd4808a1491b5e189c9e95" member_type: VOTER last_known_addr { host: "127.21.100.67" port: 43543 } }
I20260709 13:07:37.970991 23205 tablet_bootstrap.cc:492] T 9cf0d82dc6bb46608a7cea067cbb7c6c P afa39ced7b2b4a8a85777545956b1d7b: Bootstrap starting.
I20260709 13:07:37.971577 23132 leader_election.cc:304] T ca6ab98033204d5ebd34eb5a1779d3f2 P ed6131093bcd4808a1491b5e189c9e95 [CANDIDATE]: Term 1 election: Election decided. Result: candidate won. Election summary: received 3 responses out of 3 voters: 2 yes votes; 1 no votes. yes voters: bce781cbe0124352a5634b87c4489b33, ed6131093bcd4808a1491b5e189c9e95; no voters: afa39ced7b2b4a8a85777545956b1d7b
I20260709 13:07:37.972324 23447 raft_consensus.cc:2804] T ca6ab98033204d5ebd34eb5a1779d3f2 P ed6131093bcd4808a1491b5e189c9e95 [term 1 FOLLOWER]: Leader election won for term 1
I20260709 13:07:37.972767 23447 raft_consensus.cc:697] T ca6ab98033204d5ebd34eb5a1779d3f2 P ed6131093bcd4808a1491b5e189c9e95 [term 1 LEADER]: Becoming Leader. State: Replica: ed6131093bcd4808a1491b5e189c9e95, State: Running, Role: LEADER
I20260709 13:07:37.966569 23207 raft_consensus.cc:359] T 9cf0d82dc6bb46608a7cea067cbb7c6c P bce781cbe0124352a5634b87c4489b33 [term 0 FOLLOWER]: Replica starting. Triggering 0 pending ops. Active config: opid_index: -1 OBSOLETE_local: false peers { permanent_uuid: "bce781cbe0124352a5634b87c4489b33" member_type: VOTER last_known_addr { host: "127.21.100.65" port: 35989 } } peers { permanent_uuid: "afa39ced7b2b4a8a85777545956b1d7b" member_type: VOTER last_known_addr { host: "127.21.100.66" port: 36287 } } peers { permanent_uuid: "ed6131093bcd4808a1491b5e189c9e95" member_type: VOTER last_known_addr { host: "127.21.100.67" port: 43543 } }
I20260709 13:07:37.973961 23207 raft_consensus.cc:385] T 9cf0d82dc6bb46608a7cea067cbb7c6c P bce781cbe0124352a5634b87c4489b33 [term 0 FOLLOWER]: Consensus starting up: Expiring failure detector timer to make a prompt election more likely
I20260709 13:07:37.974255 23207 raft_consensus.cc:740] T 9cf0d82dc6bb46608a7cea067cbb7c6c P bce781cbe0124352a5634b87c4489b33 [term 0 FOLLOWER]: Becoming Follower/Learner. State: Replica: bce781cbe0124352a5634b87c4489b33, State: Initialized, Role: FOLLOWER
I20260709 13:07:37.973493 23447 consensus_queue.cc:237] T ca6ab98033204d5ebd34eb5a1779d3f2 P ed6131093bcd4808a1491b5e189c9e95 [LEADER]: Queue going to LEADER mode. State: All replicated index: 0, Majority replicated index: 0, Committed index: 0, Last appended: 0.0, Last appended by leader: 0, Current term: 1, Majority size: 2, State: 0, Mode: LEADER, active raft config: opid_index: -1 OBSOLETE_local: false peers { permanent_uuid: "bce781cbe0124352a5634b87c4489b33" member_type: VOTER last_known_addr { host: "127.21.100.65" port: 35989 } } peers { permanent_uuid: "afa39ced7b2b4a8a85777545956b1d7b" member_type: VOTER last_known_addr { host: "127.21.100.66" port: 36287 } } peers { permanent_uuid: "ed6131093bcd4808a1491b5e189c9e95" member_type: VOTER last_known_addr { host: "127.21.100.67" port: 43543 } }
I20260709 13:07:37.974877 23207 consensus_queue.cc:260] T 9cf0d82dc6bb46608a7cea067cbb7c6c P bce781cbe0124352a5634b87c4489b33 [NON_LEADER]: Queue going to NON_LEADER mode. State: All replicated index: 0, Majority replicated index: 0, Committed index: 0, Last appended: 0.0, Last appended by leader: 0, Current term: 0, Majority size: -1, State: 0, Mode: NON_LEADER, active raft config: opid_index: -1 OBSOLETE_local: false peers { permanent_uuid: "bce781cbe0124352a5634b87c4489b33" member_type: VOTER last_known_addr { host: "127.21.100.65" port: 35989 } } peers { permanent_uuid: "afa39ced7b2b4a8a85777545956b1d7b" member_type: VOTER last_known_addr { host: "127.21.100.66" port: 36287 } } peers { permanent_uuid: "ed6131093bcd4808a1491b5e189c9e95" member_type: VOTER last_known_addr { host: "127.21.100.67" port: 43543 } }
I20260709 13:07:37.975327 23163 tablet_service.cc:1917] Received RequestConsensusVote() RPC: tablet_id: "638a916bb0394ea2b7207ca1b81443e0" candidate_uuid: "bce781cbe0124352a5634b87c4489b33" candidate_term: 1 candidate_status { last_received { term: 0 index: 0 } } ignore_live_leader: false dest_uuid: "ed6131093bcd4808a1491b5e189c9e95" is_pre_election: true
I20260709 13:07:37.975657 23479 raft_consensus.cc:493] T 03e22dc4ce384a6e986eec46a54d9973 P bce781cbe0124352a5634b87c4489b33 [term 0 FOLLOWER]: Starting pre-election (no leader contacted us within the election timeout)
I20260709 13:07:37.976171 23479 raft_consensus.cc:515] T 03e22dc4ce384a6e986eec46a54d9973 P bce781cbe0124352a5634b87c4489b33 [term 0 FOLLOWER]: Starting pre-election with config: opid_index: -1 OBSOLETE_local: false peers { permanent_uuid: "bce781cbe0124352a5634b87c4489b33" member_type: VOTER last_known_addr { host: "127.21.100.65" port: 35989 } } peers { permanent_uuid: "afa39ced7b2b4a8a85777545956b1d7b" member_type: VOTER last_known_addr { host: "127.21.100.66" port: 36287 } } peers { permanent_uuid: "ed6131093bcd4808a1491b5e189c9e95" member_type: VOTER last_known_addr { host: "127.21.100.67" port: 43543 } }
I20260709 13:07:37.976833 23207 ts_tablet_manager.cc:1434] T 9cf0d82dc6bb46608a7cea067cbb7c6c P bce781cbe0124352a5634b87c4489b33: Time spent starting tablet: real 0.013s	user 0.002s	sys 0.003s
I20260709 13:07:37.976958 23205 tablet_bootstrap.cc:654] T 9cf0d82dc6bb46608a7cea067cbb7c6c P afa39ced7b2b4a8a85777545956b1d7b: Neither blocks nor log segments found. Creating new log.
I20260709 13:07:37.967207 23206 tablet_bootstrap.cc:492] T 44fb5f3da6234c7e9c1a5a92634fd3dd P ed6131093bcd4808a1491b5e189c9e95: No bootstrap required, opened a new log
I20260709 13:07:37.977737 23206 ts_tablet_manager.cc:1403] T 44fb5f3da6234c7e9c1a5a92634fd3dd P ed6131093bcd4808a1491b5e189c9e95: Time spent bootstrapping tablet: real 0.069s	user 0.011s	sys 0.012s
I20260709 13:07:37.980271 23206 raft_consensus.cc:359] T 44fb5f3da6234c7e9c1a5a92634fd3dd P ed6131093bcd4808a1491b5e189c9e95 [term 0 FOLLOWER]: Replica starting. Triggering 0 pending ops. Active config: opid_index: -1 OBSOLETE_local: false peers { permanent_uuid: "bce781cbe0124352a5634b87c4489b33" member_type: VOTER last_known_addr { host: "127.21.100.65" port: 35989 } } peers { permanent_uuid: "afa39ced7b2b4a8a85777545956b1d7b" member_type: VOTER last_known_addr { host: "127.21.100.66" port: 36287 } } peers { permanent_uuid: "ed6131093bcd4808a1491b5e189c9e95" member_type: VOTER last_known_addr { host: "127.21.100.67" port: 43543 } }
I20260709 13:07:37.980911 23206 raft_consensus.cc:385] T 44fb5f3da6234c7e9c1a5a92634fd3dd P ed6131093bcd4808a1491b5e189c9e95 [term 0 FOLLOWER]: Consensus starting up: Expiring failure detector timer to make a prompt election more likely
I20260709 13:07:37.981173 23206 raft_consensus.cc:740] T 44fb5f3da6234c7e9c1a5a92634fd3dd P ed6131093bcd4808a1491b5e189c9e95 [term 0 FOLLOWER]: Becoming Follower/Learner. State: Replica: ed6131093bcd4808a1491b5e189c9e95, State: Initialized, Role: FOLLOWER
I20260709 13:07:37.981495 23161 tablet_service.cc:1917] Received RequestConsensusVote() RPC: tablet_id: "03e22dc4ce384a6e986eec46a54d9973" candidate_uuid: "bce781cbe0124352a5634b87c4489b33" candidate_term: 1 candidate_status { last_received { term: 0 index: 0 } } ignore_live_leader: false dest_uuid: "ed6131093bcd4808a1491b5e189c9e95" is_pre_election: true
I20260709 13:07:37.982690 23207 tablet_bootstrap.cc:492] T 3e29bee0a24f48c3ac3d4d54924d1a94 P bce781cbe0124352a5634b87c4489b33: Bootstrap starting.
I20260709 13:07:37.986727 23092 tablet_service.cc:1917] Received RequestConsensusVote() RPC: tablet_id: "03e22dc4ce384a6e986eec46a54d9973" candidate_uuid: "bce781cbe0124352a5634b87c4489b33" candidate_term: 1 candidate_status { last_received { term: 0 index: 0 } } ignore_live_leader: false dest_uuid: "afa39ced7b2b4a8a85777545956b1d7b" is_pre_election: true
W20260709 13:07:37.987380 22982 leader_election.cc:343] T 03e22dc4ce384a6e986eec46a54d9973 P bce781cbe0124352a5634b87c4489b33 [CANDIDATE]: Term 1 pre-election: Tablet error from VoteRequest() call to peer ed6131093bcd4808a1491b5e189c9e95 (127.21.100.67:43543): Illegal state: must be running to vote when last-logged opid is not known
I20260709 13:07:37.988883 23090 tablet_service.cc:1917] Received RequestConsensusVote() RPC: tablet_id: "638a916bb0394ea2b7207ca1b81443e0" candidate_uuid: "bce781cbe0124352a5634b87c4489b33" candidate_term: 1 candidate_status { last_received { term: 0 index: 0 } } ignore_live_leader: false dest_uuid: "afa39ced7b2b4a8a85777545956b1d7b"
I20260709 13:07:37.989436 23090 raft_consensus.cc:3060] T 638a916bb0394ea2b7207ca1b81443e0 P afa39ced7b2b4a8a85777545956b1d7b [term 0 FOLLOWER]: Advancing to term 1
W20260709 13:07:37.990160 22982 leader_election.cc:343] T 638a916bb0394ea2b7207ca1b81443e0 P bce781cbe0124352a5634b87c4489b33 [CANDIDATE]: Term 1 pre-election: Tablet error from VoteRequest() call to peer ed6131093bcd4808a1491b5e189c9e95 (127.21.100.67:43543): Illegal state: must be running to vote when last-logged opid is not known
I20260709 13:07:37.990933 23479 leader_election.cc:290] T 03e22dc4ce384a6e986eec46a54d9973 P bce781cbe0124352a5634b87c4489b33 [CANDIDATE]: Term 1 pre-election: Requested pre-vote from peers afa39ced7b2b4a8a85777545956b1d7b (127.21.100.66:36287), ed6131093bcd4808a1491b5e189c9e95 (127.21.100.67:43543)
I20260709 13:07:37.988240 23207 tablet_bootstrap.cc:654] T 3e29bee0a24f48c3ac3d4d54924d1a94 P bce781cbe0124352a5634b87c4489b33: Neither blocks nor log segments found. Creating new log.
W20260709 13:07:37.994248 22983 leader_election.cc:343] T 03e22dc4ce384a6e986eec46a54d9973 P bce781cbe0124352a5634b87c4489b33 [CANDIDATE]: Term 1 pre-election: Tablet error from VoteRequest() call to peer afa39ced7b2b4a8a85777545956b1d7b (127.21.100.66:36287): Illegal state: must be running to vote when last-logged opid is not known
I20260709 13:07:37.995361 23461 raft_consensus.cc:493] T 27a01c19a3b0407ca1201beb37fc8b93 P ed6131093bcd4808a1491b5e189c9e95 [term 0 FOLLOWER]: Starting pre-election (no leader contacted us within the election timeout)
I20260709 13:07:37.995860 23461 raft_consensus.cc:515] T 27a01c19a3b0407ca1201beb37fc8b93 P ed6131093bcd4808a1491b5e189c9e95 [term 0 FOLLOWER]: Starting pre-election with config: opid_index: -1 OBSOLETE_local: false peers { permanent_uuid: "bce781cbe0124352a5634b87c4489b33" member_type: VOTER last_known_addr { host: "127.21.100.65" port: 35989 } } peers { permanent_uuid: "afa39ced7b2b4a8a85777545956b1d7b" member_type: VOTER last_known_addr { host: "127.21.100.66" port: 36287 } } peers { permanent_uuid: "ed6131093bcd4808a1491b5e189c9e95" member_type: VOTER last_known_addr { host: "127.21.100.67" port: 43543 } }
I20260709 13:07:37.996345 22983 leader_election.cc:304] T 03e22dc4ce384a6e986eec46a54d9973 P bce781cbe0124352a5634b87c4489b33 [CANDIDATE]: Term 1 pre-election: Election decided. Result: candidate lost. Election summary: received 3 responses out of 3 voters: 1 yes votes; 2 no votes. yes voters: bce781cbe0124352a5634b87c4489b33; no voters: afa39ced7b2b4a8a85777545956b1d7b, ed6131093bcd4808a1491b5e189c9e95
I20260709 13:07:37.981837 23436 raft_consensus.cc:493] T b0918701c9fa43859ee5349e008bf416 P afa39ced7b2b4a8a85777545956b1d7b [term 0 FOLLOWER]: Starting pre-election (no leader contacted us within the election timeout)
I20260709 13:07:37.997277 23436 raft_consensus.cc:515] T b0918701c9fa43859ee5349e008bf416 P afa39ced7b2b4a8a85777545956b1d7b [term 0 FOLLOWER]: Starting pre-election with config: opid_index: -1 OBSOLETE_local: false peers { permanent_uuid: "bce781cbe0124352a5634b87c4489b33" member_type: VOTER last_known_addr { host: "127.21.100.65" port: 35989 } } peers { permanent_uuid: "afa39ced7b2b4a8a85777545956b1d7b" member_type: VOTER last_known_addr { host: "127.21.100.66" port: 36287 } } peers { permanent_uuid: "ed6131093bcd4808a1491b5e189c9e95" member_type: VOTER last_known_addr { host: "127.21.100.67" port: 43543 } }
I20260709 13:07:37.997736 23461 leader_election.cc:290] T 27a01c19a3b0407ca1201beb37fc8b93 P ed6131093bcd4808a1491b5e189c9e95 [CANDIDATE]: Term 1 pre-election: Requested pre-vote from peers bce781cbe0124352a5634b87c4489b33 (127.21.100.65:35989), afa39ced7b2b4a8a85777545956b1d7b (127.21.100.66:36287)
I20260709 13:07:37.999204 23436 leader_election.cc:290] T b0918701c9fa43859ee5349e008bf416 P afa39ced7b2b4a8a85777545956b1d7b [CANDIDATE]: Term 1 pre-election: Requested pre-vote from peers bce781cbe0124352a5634b87c4489b33 (127.21.100.65:35989), ed6131093bcd4808a1491b5e189c9e95 (127.21.100.67:43543)
I20260709 13:07:38.000084 23016 tablet_service.cc:1917] Received RequestConsensusVote() RPC: tablet_id: "b0918701c9fa43859ee5349e008bf416" candidate_uuid: "afa39ced7b2b4a8a85777545956b1d7b" candidate_term: 1 candidate_status { last_received { term: 0 index: 0 } } ignore_live_leader: false dest_uuid: "bce781cbe0124352a5634b87c4489b33" is_pre_election: true
I20260709 13:07:38.000320 23163 tablet_service.cc:1917] Received RequestConsensusVote() RPC: tablet_id: "b0918701c9fa43859ee5349e008bf416" candidate_uuid: "afa39ced7b2b4a8a85777545956b1d7b" candidate_term: 1 candidate_status { last_received { term: 0 index: 0 } } ignore_live_leader: false dest_uuid: "ed6131093bcd4808a1491b5e189c9e95" is_pre_election: true
I20260709 13:07:38.000744 23016 raft_consensus.cc:2468] T b0918701c9fa43859ee5349e008bf416 P bce781cbe0124352a5634b87c4489b33 [term 0 FOLLOWER]: Leader pre-election vote request: Granting yes vote for candidate afa39ced7b2b4a8a85777545956b1d7b in term 0.
I20260709 13:07:38.001916 23058 leader_election.cc:304] T b0918701c9fa43859ee5349e008bf416 P afa39ced7b2b4a8a85777545956b1d7b [CANDIDATE]: Term 1 pre-election: Election decided. Result: candidate won. Election summary: received 2 responses out of 3 voters: 2 yes votes; 0 no votes. yes voters: afa39ced7b2b4a8a85777545956b1d7b, bce781cbe0124352a5634b87c4489b33; no voters: 
W20260709 13:07:38.002547 23057 leader_election.cc:343] T b0918701c9fa43859ee5349e008bf416 P afa39ced7b2b4a8a85777545956b1d7b [CANDIDATE]: Term 1 pre-election: Tablet error from VoteRequest() call to peer ed6131093bcd4808a1491b5e189c9e95 (127.21.100.67:43543): Illegal state: must be running to vote when last-logged opid is not known
I20260709 13:07:38.003530 23436 raft_consensus.cc:2804] T b0918701c9fa43859ee5349e008bf416 P afa39ced7b2b4a8a85777545956b1d7b [term 0 FOLLOWER]: Leader pre-election won for term 1
I20260709 13:07:38.003960 23436 raft_consensus.cc:493] T b0918701c9fa43859ee5349e008bf416 P afa39ced7b2b4a8a85777545956b1d7b [term 0 FOLLOWER]: Starting leader election (no leader contacted us within the election timeout)
I20260709 13:07:38.004257 23436 raft_consensus.cc:3060] T b0918701c9fa43859ee5349e008bf416 P afa39ced7b2b4a8a85777545956b1d7b [term 0 FOLLOWER]: Advancing to term 1
I20260709 13:07:38.005414 23479 raft_consensus.cc:2749] T 03e22dc4ce384a6e986eec46a54d9973 P bce781cbe0124352a5634b87c4489b33 [term 0 FOLLOWER]: Leader pre-election lost for term 1. Reason: could not achieve majority
I20260709 13:07:38.006750 23232 leader_election.cc:290] T 638a916bb0394ea2b7207ca1b81443e0 P bce781cbe0124352a5634b87c4489b33 [CANDIDATE]: Term 1 election: Requested vote from peers afa39ced7b2b4a8a85777545956b1d7b (127.21.100.66:36287), ed6131093bcd4808a1491b5e189c9e95 (127.21.100.67:43543)
I20260709 13:07:38.009107 23090 raft_consensus.cc:2468] T 638a916bb0394ea2b7207ca1b81443e0 P afa39ced7b2b4a8a85777545956b1d7b [term 1 FOLLOWER]: Leader election vote request: Granting yes vote for candidate bce781cbe0124352a5634b87c4489b33 in term 1.
I20260709 13:07:38.010277 22983 leader_election.cc:304] T 638a916bb0394ea2b7207ca1b81443e0 P bce781cbe0124352a5634b87c4489b33 [CANDIDATE]: Term 1 election: Election decided. Result: candidate won. Election summary: received 2 responses out of 3 voters: 2 yes votes; 0 no votes. yes voters: afa39ced7b2b4a8a85777545956b1d7b, bce781cbe0124352a5634b87c4489b33; no voters: 
I20260709 13:07:37.981786 23206 consensus_queue.cc:260] T 44fb5f3da6234c7e9c1a5a92634fd3dd P ed6131093bcd4808a1491b5e189c9e95 [NON_LEADER]: Queue going to NON_LEADER mode. State: All replicated index: 0, Majority replicated index: 0, Committed index: 0, Last appended: 0.0, Last appended by leader: 0, Current term: 0, Majority size: -1, State: 0, Mode: NON_LEADER, active raft config: opid_index: -1 OBSOLETE_local: false peers { permanent_uuid: "bce781cbe0124352a5634b87c4489b33" member_type: VOTER last_known_addr { host: "127.21.100.65" port: 35989 } } peers { permanent_uuid: "afa39ced7b2b4a8a85777545956b1d7b" member_type: VOTER last_known_addr { host: "127.21.100.66" port: 36287 } } peers { permanent_uuid: "ed6131093bcd4808a1491b5e189c9e95" member_type: VOTER last_known_addr { host: "127.21.100.67" port: 43543 } }
I20260709 13:07:38.011010 23232 raft_consensus.cc:2804] T 638a916bb0394ea2b7207ca1b81443e0 P bce781cbe0124352a5634b87c4489b33 [term 1 FOLLOWER]: Leader election won for term 1
I20260709 13:07:38.011368 23461 raft_consensus.cc:493] T 44fb5f3da6234c7e9c1a5a92634fd3dd P ed6131093bcd4808a1491b5e189c9e95 [term 0 FOLLOWER]: Starting pre-election (no leader contacted us within the election timeout)
I20260709 13:07:38.011459 23232 raft_consensus.cc:697] T 638a916bb0394ea2b7207ca1b81443e0 P bce781cbe0124352a5634b87c4489b33 [term 1 LEADER]: Becoming Leader. State: Replica: bce781cbe0124352a5634b87c4489b33, State: Running, Role: LEADER
I20260709 13:07:38.011947 23461 raft_consensus.cc:515] T 44fb5f3da6234c7e9c1a5a92634fd3dd P ed6131093bcd4808a1491b5e189c9e95 [term 0 FOLLOWER]: Starting pre-election with config: opid_index: -1 OBSOLETE_local: false peers { permanent_uuid: "bce781cbe0124352a5634b87c4489b33" member_type: VOTER last_known_addr { host: "127.21.100.65" port: 35989 } } peers { permanent_uuid: "afa39ced7b2b4a8a85777545956b1d7b" member_type: VOTER last_known_addr { host: "127.21.100.66" port: 36287 } } peers { permanent_uuid: "ed6131093bcd4808a1491b5e189c9e95" member_type: VOTER last_known_addr { host: "127.21.100.67" port: 43543 } }
I20260709 13:07:38.012812 23206 ts_tablet_manager.cc:1434] T 44fb5f3da6234c7e9c1a5a92634fd3dd P ed6131093bcd4808a1491b5e189c9e95: Time spent starting tablet: real 0.035s	user 0.006s	sys 0.000s
I20260709 13:07:38.012643 23232 consensus_queue.cc:237] T 638a916bb0394ea2b7207ca1b81443e0 P bce781cbe0124352a5634b87c4489b33 [LEADER]: Queue going to LEADER mode. State: All replicated index: 0, Majority replicated index: 0, Committed index: 0, Last appended: 0.0, Last appended by leader: 0, Current term: 1, Majority size: 2, State: 0, Mode: LEADER, active raft config: opid_index: -1 OBSOLETE_local: false peers { permanent_uuid: "bce781cbe0124352a5634b87c4489b33" member_type: VOTER last_known_addr { host: "127.21.100.65" port: 35989 } } peers { permanent_uuid: "afa39ced7b2b4a8a85777545956b1d7b" member_type: VOTER last_known_addr { host: "127.21.100.66" port: 36287 } } peers { permanent_uuid: "ed6131093bcd4808a1491b5e189c9e95" member_type: VOTER last_known_addr { host: "127.21.100.67" port: 43543 } }
I20260709 13:07:38.013688 23206 tablet_bootstrap.cc:492] T b0918701c9fa43859ee5349e008bf416 P ed6131093bcd4808a1491b5e189c9e95: Bootstrap starting.
I20260709 13:07:38.019366 23090 tablet_service.cc:1917] Received RequestConsensusVote() RPC: tablet_id: "27a01c19a3b0407ca1201beb37fc8b93" candidate_uuid: "ed6131093bcd4808a1491b5e189c9e95" candidate_term: 1 candidate_status { last_received { term: 0 index: 0 } } ignore_live_leader: false dest_uuid: "afa39ced7b2b4a8a85777545956b1d7b" is_pre_election: true
I20260709 13:07:38.020105 23090 raft_consensus.cc:2393] T 27a01c19a3b0407ca1201beb37fc8b93 P afa39ced7b2b4a8a85777545956b1d7b [term 1 FOLLOWER]: Leader pre-election vote request: Denying vote to candidate ed6131093bcd4808a1491b5e189c9e95 in current term 1: Already voted for candidate bce781cbe0124352a5634b87c4489b33 in this term.
I20260709 13:07:38.020825 23206 tablet_bootstrap.cc:654] T b0918701c9fa43859ee5349e008bf416 P ed6131093bcd4808a1491b5e189c9e95: Neither blocks nor log segments found. Creating new log.
I20260709 13:07:38.022586 23461 leader_election.cc:290] T 44fb5f3da6234c7e9c1a5a92634fd3dd P ed6131093bcd4808a1491b5e189c9e95 [CANDIDATE]: Term 1 pre-election: Requested pre-vote from peers bce781cbe0124352a5634b87c4489b33 (127.21.100.65:35989), afa39ced7b2b4a8a85777545956b1d7b (127.21.100.66:36287)
I20260709 13:07:38.023196 23163 tablet_service.cc:1917] Received RequestConsensusVote() RPC: tablet_id: "638a916bb0394ea2b7207ca1b81443e0" candidate_uuid: "bce781cbe0124352a5634b87c4489b33" candidate_term: 1 candidate_status { last_received { term: 0 index: 0 } } ignore_live_leader: false dest_uuid: "ed6131093bcd4808a1491b5e189c9e95"
I20260709 13:07:38.025769 23016 tablet_service.cc:1917] Received RequestConsensusVote() RPC: tablet_id: "44fb5f3da6234c7e9c1a5a92634fd3dd" candidate_uuid: "ed6131093bcd4808a1491b5e189c9e95" candidate_term: 1 candidate_status { last_received { term: 0 index: 0 } } ignore_live_leader: false dest_uuid: "bce781cbe0124352a5634b87c4489b33" is_pre_election: true
I20260709 13:07:38.025524 23015 tablet_service.cc:1917] Received RequestConsensusVote() RPC: tablet_id: "27a01c19a3b0407ca1201beb37fc8b93" candidate_uuid: "ed6131093bcd4808a1491b5e189c9e95" candidate_term: 1 candidate_status { last_received { term: 0 index: 0 } } ignore_live_leader: false dest_uuid: "bce781cbe0124352a5634b87c4489b33" is_pre_election: true
W20260709 13:07:38.027065 22982 leader_election.cc:343] T 638a916bb0394ea2b7207ca1b81443e0 P bce781cbe0124352a5634b87c4489b33 [CANDIDATE]: Term 1 election: Tablet error from VoteRequest() call to peer ed6131093bcd4808a1491b5e189c9e95 (127.21.100.67:43543): Illegal state: must be running to vote when last-logged opid is not known
I20260709 13:07:38.028148 23436 raft_consensus.cc:515] T b0918701c9fa43859ee5349e008bf416 P afa39ced7b2b4a8a85777545956b1d7b [term 1 FOLLOWER]: Starting leader election with config: opid_index: -1 OBSOLETE_local: false peers { permanent_uuid: "bce781cbe0124352a5634b87c4489b33" member_type: VOTER last_known_addr { host: "127.21.100.65" port: 35989 } } peers { permanent_uuid: "afa39ced7b2b4a8a85777545956b1d7b" member_type: VOTER last_known_addr { host: "127.21.100.66" port: 36287 } } peers { permanent_uuid: "ed6131093bcd4808a1491b5e189c9e95" member_type: VOTER last_known_addr { host: "127.21.100.67" port: 43543 } }
I20260709 13:07:38.031258 23163 tablet_service.cc:1917] Received RequestConsensusVote() RPC: tablet_id: "b0918701c9fa43859ee5349e008bf416" candidate_uuid: "afa39ced7b2b4a8a85777545956b1d7b" candidate_term: 1 candidate_status { last_received { term: 0 index: 0 } } ignore_live_leader: false dest_uuid: "ed6131093bcd4808a1491b5e189c9e95"
I20260709 13:07:38.032089 23090 tablet_service.cc:1917] Received RequestConsensusVote() RPC: tablet_id: "44fb5f3da6234c7e9c1a5a92634fd3dd" candidate_uuid: "ed6131093bcd4808a1491b5e189c9e95" candidate_term: 1 candidate_status { last_received { term: 0 index: 0 } } ignore_live_leader: false dest_uuid: "afa39ced7b2b4a8a85777545956b1d7b" is_pre_election: true
W20260709 13:07:38.032676 23057 leader_election.cc:343] T b0918701c9fa43859ee5349e008bf416 P afa39ced7b2b4a8a85777545956b1d7b [CANDIDATE]: Term 1 election: Tablet error from VoteRequest() call to peer ed6131093bcd4808a1491b5e189c9e95 (127.21.100.67:43543): Illegal state: must be running to vote when last-logged opid is not known
I20260709 13:07:38.031297 23016 tablet_service.cc:1917] Received RequestConsensusVote() RPC: tablet_id: "b0918701c9fa43859ee5349e008bf416" candidate_uuid: "afa39ced7b2b4a8a85777545956b1d7b" candidate_term: 1 candidate_status { last_received { term: 0 index: 0 } } ignore_live_leader: false dest_uuid: "bce781cbe0124352a5634b87c4489b33"
I20260709 13:07:38.033094 23207 tablet_bootstrap.cc:492] T 3e29bee0a24f48c3ac3d4d54924d1a94 P bce781cbe0124352a5634b87c4489b33: No bootstrap required, opened a new log
I20260709 13:07:38.033453 23016 raft_consensus.cc:3060] T b0918701c9fa43859ee5349e008bf416 P bce781cbe0124352a5634b87c4489b33 [term 0 FOLLOWER]: Advancing to term 1
I20260709 13:07:38.033574 23207 ts_tablet_manager.cc:1403] T 3e29bee0a24f48c3ac3d4d54924d1a94 P bce781cbe0124352a5634b87c4489b33: Time spent bootstrapping tablet: real 0.051s	user 0.007s	sys 0.014s
I20260709 13:07:38.033115 23205 tablet_bootstrap.cc:492] T 9cf0d82dc6bb46608a7cea067cbb7c6c P afa39ced7b2b4a8a85777545956b1d7b: No bootstrap required, opened a new log
W20260709 13:07:38.027076 23132 leader_election.cc:343] T 44fb5f3da6234c7e9c1a5a92634fd3dd P ed6131093bcd4808a1491b5e189c9e95 [CANDIDATE]: Term 1 pre-election: Tablet error from VoteRequest() call to peer bce781cbe0124352a5634b87c4489b33 (127.21.100.65:35989): Illegal state: must be running to vote when last-logged opid is not known
I20260709 13:07:38.035055 23205 ts_tablet_manager.cc:1403] T 9cf0d82dc6bb46608a7cea067cbb7c6c P afa39ced7b2b4a8a85777545956b1d7b: Time spent bootstrapping tablet: real 0.064s	user 0.022s	sys 0.020s
I20260709 13:07:38.037166 23207 raft_consensus.cc:359] T 3e29bee0a24f48c3ac3d4d54924d1a94 P bce781cbe0124352a5634b87c4489b33 [term 0 FOLLOWER]: Replica starting. Triggering 0 pending ops. Active config: opid_index: -1 OBSOLETE_local: false peers { permanent_uuid: "bce781cbe0124352a5634b87c4489b33" member_type: VOTER last_known_addr { host: "127.21.100.65" port: 35989 } } peers { permanent_uuid: "afa39ced7b2b4a8a85777545956b1d7b" member_type: VOTER last_known_addr { host: "127.21.100.66" port: 36287 } } peers { permanent_uuid: "ed6131093bcd4808a1491b5e189c9e95" member_type: VOTER last_known_addr { host: "127.21.100.67" port: 43543 } }
I20260709 13:07:38.037784 23207 raft_consensus.cc:385] T 3e29bee0a24f48c3ac3d4d54924d1a94 P bce781cbe0124352a5634b87c4489b33 [term 0 FOLLOWER]: Consensus starting up: Expiring failure detector timer to make a prompt election more likely
I20260709 13:07:38.038151 23207 raft_consensus.cc:740] T 3e29bee0a24f48c3ac3d4d54924d1a94 P bce781cbe0124352a5634b87c4489b33 [term 0 FOLLOWER]: Becoming Follower/Learner. State: Replica: bce781cbe0124352a5634b87c4489b33, State: Initialized, Role: FOLLOWER
I20260709 13:07:38.038156 23205 raft_consensus.cc:359] T 9cf0d82dc6bb46608a7cea067cbb7c6c P afa39ced7b2b4a8a85777545956b1d7b [term 0 FOLLOWER]: Replica starting. Triggering 0 pending ops. Active config: opid_index: -1 OBSOLETE_local: false peers { permanent_uuid: "bce781cbe0124352a5634b87c4489b33" member_type: VOTER last_known_addr { host: "127.21.100.65" port: 35989 } } peers { permanent_uuid: "afa39ced7b2b4a8a85777545956b1d7b" member_type: VOTER last_known_addr { host: "127.21.100.66" port: 36287 } } peers { permanent_uuid: "ed6131093bcd4808a1491b5e189c9e95" member_type: VOTER last_known_addr { host: "127.21.100.67" port: 43543 } }
I20260709 13:07:38.038849 23205 raft_consensus.cc:385] T 9cf0d82dc6bb46608a7cea067cbb7c6c P afa39ced7b2b4a8a85777545956b1d7b [term 0 FOLLOWER]: Consensus starting up: Expiring failure detector timer to make a prompt election more likely
I20260709 13:07:38.039132 23205 raft_consensus.cc:740] T 9cf0d82dc6bb46608a7cea067cbb7c6c P afa39ced7b2b4a8a85777545956b1d7b [term 0 FOLLOWER]: Becoming Follower/Learner. State: Replica: afa39ced7b2b4a8a85777545956b1d7b, State: Initialized, Role: FOLLOWER
I20260709 13:07:38.038971 23207 consensus_queue.cc:260] T 3e29bee0a24f48c3ac3d4d54924d1a94 P bce781cbe0124352a5634b87c4489b33 [NON_LEADER]: Queue going to NON_LEADER mode. State: All replicated index: 0, Majority replicated index: 0, Committed index: 0, Last appended: 0.0, Last appended by leader: 0, Current term: 0, Majority size: -1, State: 0, Mode: NON_LEADER, active raft config: opid_index: -1 OBSOLETE_local: false peers { permanent_uuid: "bce781cbe0124352a5634b87c4489b33" member_type: VOTER last_known_addr { host: "127.21.100.65" port: 35989 } } peers { permanent_uuid: "afa39ced7b2b4a8a85777545956b1d7b" member_type: VOTER last_known_addr { host: "127.21.100.66" port: 36287 } } peers { permanent_uuid: "ed6131093bcd4808a1491b5e189c9e95" member_type: VOTER last_known_addr { host: "127.21.100.67" port: 43543 } }
I20260709 13:07:38.039949 23205 consensus_queue.cc:260] T 9cf0d82dc6bb46608a7cea067cbb7c6c P afa39ced7b2b4a8a85777545956b1d7b [NON_LEADER]: Queue going to NON_LEADER mode. State: All replicated index: 0, Majority replicated index: 0, Committed index: 0, Last appended: 0.0, Last appended by leader: 0, Current term: 0, Majority size: -1, State: 0, Mode: NON_LEADER, active raft config: opid_index: -1 OBSOLETE_local: false peers { permanent_uuid: "bce781cbe0124352a5634b87c4489b33" member_type: VOTER last_known_addr { host: "127.21.100.65" port: 35989 } } peers { permanent_uuid: "afa39ced7b2b4a8a85777545956b1d7b" member_type: VOTER last_known_addr { host: "127.21.100.66" port: 36287 } } peers { permanent_uuid: "ed6131093bcd4808a1491b5e189c9e95" member_type: VOTER last_known_addr { host: "127.21.100.67" port: 43543 } }
I20260709 13:07:38.040875 23207 ts_tablet_manager.cc:1434] T 3e29bee0a24f48c3ac3d4d54924d1a94 P bce781cbe0124352a5634b87c4489b33: Time spent starting tablet: real 0.007s	user 0.005s	sys 0.000s
I20260709 13:07:38.042225 23207 tablet_bootstrap.cc:492] T 87563c3f82ec4ce2aa9c38e29fcc3e7b P bce781cbe0124352a5634b87c4489b33: Bootstrap starting.
I20260709 13:07:38.042445 23205 ts_tablet_manager.cc:1434] T 9cf0d82dc6bb46608a7cea067cbb7c6c P afa39ced7b2b4a8a85777545956b1d7b: Time spent starting tablet: real 0.007s	user 0.006s	sys 0.001s
I20260709 13:07:38.044013 23205 tablet_bootstrap.cc:492] T ca6ab98033204d5ebd34eb5a1779d3f2 P afa39ced7b2b4a8a85777545956b1d7b: Bootstrap starting.
I20260709 13:07:38.043099 22915 catalog_manager.cc:5697] T 638a916bb0394ea2b7207ca1b81443e0 P bce781cbe0124352a5634b87c4489b33 reported cstate change: term changed from 0 to 1, leader changed from <none> to bce781cbe0124352a5634b87c4489b33 (127.21.100.65). New cstate: current_term: 1 leader_uuid: "bce781cbe0124352a5634b87c4489b33" committed_config { opid_index: -1 OBSOLETE_local: false peers { permanent_uuid: "bce781cbe0124352a5634b87c4489b33" member_type: VOTER last_known_addr { host: "127.21.100.65" port: 35989 } health_report { overall_health: HEALTHY } } peers { permanent_uuid: "afa39ced7b2b4a8a85777545956b1d7b" member_type: VOTER last_known_addr { host: "127.21.100.66" port: 36287 } health_report { overall_health: UNKNOWN } } peers { permanent_uuid: "ed6131093bcd4808a1491b5e189c9e95" member_type: VOTER last_known_addr { host: "127.21.100.67" port: 43543 } health_report { overall_health: UNKNOWN } } }
I20260709 13:07:38.037827 23436 leader_election.cc:290] T b0918701c9fa43859ee5349e008bf416 P afa39ced7b2b4a8a85777545956b1d7b [CANDIDATE]: Term 1 election: Requested vote from peers bce781cbe0124352a5634b87c4489b33 (127.21.100.65:35989), ed6131093bcd4808a1491b5e189c9e95 (127.21.100.67:43543)
I20260709 13:07:38.045584 23232 consensus_queue.cc:1048] T d9f2b7b703db437ab3af1ce6d1d195c5 P bce781cbe0124352a5634b87c4489b33 [LEADER]: Connected to new peer: Peer: permanent_uuid: "afa39ced7b2b4a8a85777545956b1d7b" member_type: VOTER last_known_addr { host: "127.21.100.66" port: 36287 }, Status: LMP_MISMATCH, Last received: 0.0, Next index: 1, Last known committed idx: 0, Time since last communication: 0.000s
W20260709 13:07:38.045773 23132 leader_election.cc:343] T 44fb5f3da6234c7e9c1a5a92634fd3dd P ed6131093bcd4808a1491b5e189c9e95 [CANDIDATE]: Term 1 pre-election: Tablet error from VoteRequest() call to peer afa39ced7b2b4a8a85777545956b1d7b (127.21.100.66:36287): Illegal state: must be running to vote when last-logged opid is not known
I20260709 13:07:38.051074 23132 leader_election.cc:304] T 44fb5f3da6234c7e9c1a5a92634fd3dd P ed6131093bcd4808a1491b5e189c9e95 [CANDIDATE]: Term 1 pre-election: Election decided. Result: candidate lost. Election summary: received 3 responses out of 3 voters: 1 yes votes; 2 no votes. yes voters: ed6131093bcd4808a1491b5e189c9e95; no voters: afa39ced7b2b4a8a85777545956b1d7b, bce781cbe0124352a5634b87c4489b33
I20260709 13:07:38.050068 23016 raft_consensus.cc:2468] T b0918701c9fa43859ee5349e008bf416 P bce781cbe0124352a5634b87c4489b33 [term 1 FOLLOWER]: Leader election vote request: Granting yes vote for candidate afa39ced7b2b4a8a85777545956b1d7b in term 1.
I20260709 13:07:38.058061 23206 tablet_bootstrap.cc:492] T b0918701c9fa43859ee5349e008bf416 P ed6131093bcd4808a1491b5e189c9e95: No bootstrap required, opened a new log
I20260709 13:07:38.058851 23206 ts_tablet_manager.cc:1403] T b0918701c9fa43859ee5349e008bf416 P ed6131093bcd4808a1491b5e189c9e95: Time spent bootstrapping tablet: real 0.045s	user 0.013s	sys 0.000s
I20260709 13:07:38.058898 23058 leader_election.cc:304] T b0918701c9fa43859ee5349e008bf416 P afa39ced7b2b4a8a85777545956b1d7b [CANDIDATE]: Term 1 election: Election decided. Result: candidate won. Election summary: received 3 responses out of 3 voters: 2 yes votes; 1 no votes. yes voters: afa39ced7b2b4a8a85777545956b1d7b, bce781cbe0124352a5634b87c4489b33; no voters: ed6131093bcd4808a1491b5e189c9e95
I20260709 13:07:38.059756 23457 raft_consensus.cc:2804] T b0918701c9fa43859ee5349e008bf416 P afa39ced7b2b4a8a85777545956b1d7b [term 1 FOLLOWER]: Leader election won for term 1
I20260709 13:07:38.060205 23457 raft_consensus.cc:697] T b0918701c9fa43859ee5349e008bf416 P afa39ced7b2b4a8a85777545956b1d7b [term 1 LEADER]: Becoming Leader. State: Replica: afa39ced7b2b4a8a85777545956b1d7b, State: Running, Role: LEADER
I20260709 13:07:38.060962 23457 consensus_queue.cc:237] T b0918701c9fa43859ee5349e008bf416 P afa39ced7b2b4a8a85777545956b1d7b [LEADER]: Queue going to LEADER mode. State: All replicated index: 0, Majority replicated index: 0, Committed index: 0, Last appended: 0.0, Last appended by leader: 0, Current term: 1, Majority size: 2, State: 0, Mode: LEADER, active raft config: opid_index: -1 OBSOLETE_local: false peers { permanent_uuid: "bce781cbe0124352a5634b87c4489b33" member_type: VOTER last_known_addr { host: "127.21.100.65" port: 35989 } } peers { permanent_uuid: "afa39ced7b2b4a8a85777545956b1d7b" member_type: VOTER last_known_addr { host: "127.21.100.66" port: 36287 } } peers { permanent_uuid: "ed6131093bcd4808a1491b5e189c9e95" member_type: VOTER last_known_addr { host: "127.21.100.67" port: 43543 } }
I20260709 13:07:38.063633 23205 tablet_bootstrap.cc:654] T ca6ab98033204d5ebd34eb5a1779d3f2 P afa39ced7b2b4a8a85777545956b1d7b: Neither blocks nor log segments found. Creating new log.
I20260709 13:07:38.067467 23206 raft_consensus.cc:359] T b0918701c9fa43859ee5349e008bf416 P ed6131093bcd4808a1491b5e189c9e95 [term 0 FOLLOWER]: Replica starting. Triggering 0 pending ops. Active config: opid_index: -1 OBSOLETE_local: false peers { permanent_uuid: "bce781cbe0124352a5634b87c4489b33" member_type: VOTER last_known_addr { host: "127.21.100.65" port: 35989 } } peers { permanent_uuid: "afa39ced7b2b4a8a85777545956b1d7b" member_type: VOTER last_known_addr { host: "127.21.100.66" port: 36287 } } peers { permanent_uuid: "ed6131093bcd4808a1491b5e189c9e95" member_type: VOTER last_known_addr { host: "127.21.100.67" port: 43543 } }
I20260709 13:07:38.068110 23206 raft_consensus.cc:385] T b0918701c9fa43859ee5349e008bf416 P ed6131093bcd4808a1491b5e189c9e95 [term 0 FOLLOWER]: Consensus starting up: Expiring failure detector timer to make a prompt election more likely
I20260709 13:07:38.068363 23206 raft_consensus.cc:740] T b0918701c9fa43859ee5349e008bf416 P ed6131093bcd4808a1491b5e189c9e95 [term 0 FOLLOWER]: Becoming Follower/Learner. State: Replica: ed6131093bcd4808a1491b5e189c9e95, State: Initialized, Role: FOLLOWER
I20260709 13:07:38.052052 23461 raft_consensus.cc:2749] T 44fb5f3da6234c7e9c1a5a92634fd3dd P ed6131093bcd4808a1491b5e189c9e95 [term 0 FOLLOWER]: Leader pre-election lost for term 1. Reason: could not achieve majority
I20260709 13:07:38.055430 22913 catalog_manager.cc:5697] T ca6ab98033204d5ebd34eb5a1779d3f2 P ed6131093bcd4808a1491b5e189c9e95 reported cstate change: term changed from 0 to 1, leader changed from <none> to ed6131093bcd4808a1491b5e189c9e95 (127.21.100.67). New cstate: current_term: 1 leader_uuid: "ed6131093bcd4808a1491b5e189c9e95" committed_config { opid_index: -1 OBSOLETE_local: false peers { permanent_uuid: "bce781cbe0124352a5634b87c4489b33" member_type: VOTER last_known_addr { host: "127.21.100.65" port: 35989 } health_report { overall_health: UNKNOWN } } peers { permanent_uuid: "afa39ced7b2b4a8a85777545956b1d7b" member_type: VOTER last_known_addr { host: "127.21.100.66" port: 36287 } health_report { overall_health: UNKNOWN } } peers { permanent_uuid: "ed6131093bcd4808a1491b5e189c9e95" member_type: VOTER last_known_addr { host: "127.21.100.67" port: 43543 } health_report { overall_health: HEALTHY } } }
I20260709 13:07:38.070351 23207 tablet_bootstrap.cc:654] T 87563c3f82ec4ce2aa9c38e29fcc3e7b P bce781cbe0124352a5634b87c4489b33: Neither blocks nor log segments found. Creating new log.
I20260709 13:07:38.072818 23206 consensus_queue.cc:260] T b0918701c9fa43859ee5349e008bf416 P ed6131093bcd4808a1491b5e189c9e95 [NON_LEADER]: Queue going to NON_LEADER mode. State: All replicated index: 0, Majority replicated index: 0, Committed index: 0, Last appended: 0.0, Last appended by leader: 0, Current term: 0, Majority size: -1, State: 0, Mode: NON_LEADER, active raft config: opid_index: -1 OBSOLETE_local: false peers { permanent_uuid: "bce781cbe0124352a5634b87c4489b33" member_type: VOTER last_known_addr { host: "127.21.100.65" port: 35989 } } peers { permanent_uuid: "afa39ced7b2b4a8a85777545956b1d7b" member_type: VOTER last_known_addr { host: "127.21.100.66" port: 36287 } } peers { permanent_uuid: "ed6131093bcd4808a1491b5e189c9e95" member_type: VOTER last_known_addr { host: "127.21.100.67" port: 43543 } }
I20260709 13:07:38.075626 23230 raft_consensus.cc:493] T d9f2b7b703db437ab3af1ce6d1d195c5 P ed6131093bcd4808a1491b5e189c9e95 [term 0 FOLLOWER]: Starting pre-election (no leader contacted us within the election timeout)
I20260709 13:07:38.076052 23230 raft_consensus.cc:515] T d9f2b7b703db437ab3af1ce6d1d195c5 P ed6131093bcd4808a1491b5e189c9e95 [term 0 FOLLOWER]: Starting pre-election with config: opid_index: -1 OBSOLETE_local: false peers { permanent_uuid: "bce781cbe0124352a5634b87c4489b33" member_type: VOTER last_known_addr { host: "127.21.100.65" port: 35989 } } peers { permanent_uuid: "afa39ced7b2b4a8a85777545956b1d7b" member_type: VOTER last_known_addr { host: "127.21.100.66" port: 36287 } } peers { permanent_uuid: "ed6131093bcd4808a1491b5e189c9e95" member_type: VOTER last_known_addr { host: "127.21.100.67" port: 43543 } }
I20260709 13:07:38.077105 23206 ts_tablet_manager.cc:1434] T b0918701c9fa43859ee5349e008bf416 P ed6131093bcd4808a1491b5e189c9e95: Time spent starting tablet: real 0.018s	user 0.005s	sys 0.000s
I20260709 13:07:38.077970 23206 tablet_bootstrap.cc:492] T 9cf0d82dc6bb46608a7cea067cbb7c6c P ed6131093bcd4808a1491b5e189c9e95: Bootstrap starting.
I20260709 13:07:38.082204 23230 leader_election.cc:290] T d9f2b7b703db437ab3af1ce6d1d195c5 P ed6131093bcd4808a1491b5e189c9e95 [CANDIDATE]: Term 1 pre-election: Requested pre-vote from peers bce781cbe0124352a5634b87c4489b33 (127.21.100.65:35989), afa39ced7b2b4a8a85777545956b1d7b (127.21.100.66:36287)
I20260709 13:07:38.057231 23132 leader_election.cc:304] T 27a01c19a3b0407ca1201beb37fc8b93 P ed6131093bcd4808a1491b5e189c9e95 [CANDIDATE]: Term 1 pre-election: Election decided. Result: candidate lost. Election summary: received 3 responses out of 3 voters: 1 yes votes; 2 no votes. yes voters: ed6131093bcd4808a1491b5e189c9e95; no voters: afa39ced7b2b4a8a85777545956b1d7b, bce781cbe0124352a5634b87c4489b33
I20260709 13:07:38.089484 23461 raft_consensus.cc:3060] T 27a01c19a3b0407ca1201beb37fc8b93 P ed6131093bcd4808a1491b5e189c9e95 [term 0 FOLLOWER]: Advancing to term 1
I20260709 13:07:38.095865 23206 tablet_bootstrap.cc:654] T 9cf0d82dc6bb46608a7cea067cbb7c6c P ed6131093bcd4808a1491b5e189c9e95: Neither blocks nor log segments found. Creating new log.
I20260709 13:07:38.098500 23205 tablet_bootstrap.cc:492] T ca6ab98033204d5ebd34eb5a1779d3f2 P afa39ced7b2b4a8a85777545956b1d7b: No bootstrap required, opened a new log
I20260709 13:07:38.098960 23205 ts_tablet_manager.cc:1403] T ca6ab98033204d5ebd34eb5a1779d3f2 P afa39ced7b2b4a8a85777545956b1d7b: Time spent bootstrapping tablet: real 0.055s	user 0.018s	sys 0.021s
W20260709 13:07:38.101011 23132 outbound_call.cc:321] RPC callback for RPC call kudu.consensus.ConsensusService.RequestConsensusVote -> {remote=127.21.100.65:35989, user_credentials={real_user=slave}} blocked reactor thread for 43859.2us
I20260709 13:07:38.101969 23205 raft_consensus.cc:359] T ca6ab98033204d5ebd34eb5a1779d3f2 P afa39ced7b2b4a8a85777545956b1d7b [term 0 FOLLOWER]: Replica starting. Triggering 0 pending ops. Active config: opid_index: -1 OBSOLETE_local: false peers { permanent_uuid: "bce781cbe0124352a5634b87c4489b33" member_type: VOTER last_known_addr { host: "127.21.100.65" port: 35989 } } peers { permanent_uuid: "afa39ced7b2b4a8a85777545956b1d7b" member_type: VOTER last_known_addr { host: "127.21.100.66" port: 36287 } } peers { permanent_uuid: "ed6131093bcd4808a1491b5e189c9e95" member_type: VOTER last_known_addr { host: "127.21.100.67" port: 43543 } }
I20260709 13:07:38.102501 23205 raft_consensus.cc:385] T ca6ab98033204d5ebd34eb5a1779d3f2 P afa39ced7b2b4a8a85777545956b1d7b [term 0 FOLLOWER]: Consensus starting up: Expiring failure detector timer to make a prompt election more likely
I20260709 13:07:38.102712 23205 raft_consensus.cc:740] T ca6ab98033204d5ebd34eb5a1779d3f2 P afa39ced7b2b4a8a85777545956b1d7b [term 0 FOLLOWER]: Becoming Follower/Learner. State: Replica: afa39ced7b2b4a8a85777545956b1d7b, State: Initialized, Role: FOLLOWER
I20260709 13:07:38.103240 23205 consensus_queue.cc:260] T ca6ab98033204d5ebd34eb5a1779d3f2 P afa39ced7b2b4a8a85777545956b1d7b [NON_LEADER]: Queue going to NON_LEADER mode. State: All replicated index: 0, Majority replicated index: 0, Committed index: 0, Last appended: 0.0, Last appended by leader: 0, Current term: 0, Majority size: -1, State: 0, Mode: NON_LEADER, active raft config: opid_index: -1 OBSOLETE_local: false peers { permanent_uuid: "bce781cbe0124352a5634b87c4489b33" member_type: VOTER last_known_addr { host: "127.21.100.65" port: 35989 } } peers { permanent_uuid: "afa39ced7b2b4a8a85777545956b1d7b" member_type: VOTER last_known_addr { host: "127.21.100.66" port: 36287 } } peers { permanent_uuid: "ed6131093bcd4808a1491b5e189c9e95" member_type: VOTER last_known_addr { host: "127.21.100.67" port: 43543 } }
I20260709 13:07:38.105047 23205 ts_tablet_manager.cc:1434] T ca6ab98033204d5ebd34eb5a1779d3f2 P afa39ced7b2b4a8a85777545956b1d7b: Time spent starting tablet: real 0.005s	user 0.002s	sys 0.000s
I20260709 13:07:38.105723 23205 tablet_bootstrap.cc:492] T 3e29bee0a24f48c3ac3d4d54924d1a94 P afa39ced7b2b4a8a85777545956b1d7b: Bootstrap starting.
I20260709 13:07:38.108505 23206 tablet_bootstrap.cc:492] T 9cf0d82dc6bb46608a7cea067cbb7c6c P ed6131093bcd4808a1491b5e189c9e95: No bootstrap required, opened a new log
I20260709 13:07:38.108923 23206 ts_tablet_manager.cc:1403] T 9cf0d82dc6bb46608a7cea067cbb7c6c P ed6131093bcd4808a1491b5e189c9e95: Time spent bootstrapping tablet: real 0.031s	user 0.009s	sys 0.000s
I20260709 13:07:38.110345 23205 tablet_bootstrap.cc:654] T 3e29bee0a24f48c3ac3d4d54924d1a94 P afa39ced7b2b4a8a85777545956b1d7b: Neither blocks nor log segments found. Creating new log.
I20260709 13:07:38.116055 23461 raft_consensus.cc:2749] T 27a01c19a3b0407ca1201beb37fc8b93 P ed6131093bcd4808a1491b5e189c9e95 [term 1 FOLLOWER]: Leader pre-election lost for term 1. Reason: could not achieve majority
I20260709 13:07:38.120677 23206 raft_consensus.cc:359] T 9cf0d82dc6bb46608a7cea067cbb7c6c P ed6131093bcd4808a1491b5e189c9e95 [term 0 FOLLOWER]: Replica starting. Triggering 0 pending ops. Active config: opid_index: -1 OBSOLETE_local: false peers { permanent_uuid: "bce781cbe0124352a5634b87c4489b33" member_type: VOTER last_known_addr { host: "127.21.100.65" port: 35989 } } peers { permanent_uuid: "afa39ced7b2b4a8a85777545956b1d7b" member_type: VOTER last_known_addr { host: "127.21.100.66" port: 36287 } } peers { permanent_uuid: "ed6131093bcd4808a1491b5e189c9e95" member_type: VOTER last_known_addr { host: "127.21.100.67" port: 43543 } }
I20260709 13:07:38.121330 23206 raft_consensus.cc:385] T 9cf0d82dc6bb46608a7cea067cbb7c6c P ed6131093bcd4808a1491b5e189c9e95 [term 0 FOLLOWER]: Consensus starting up: Expiring failure detector timer to make a prompt election more likely
I20260709 13:07:38.121587 23206 raft_consensus.cc:740] T 9cf0d82dc6bb46608a7cea067cbb7c6c P ed6131093bcd4808a1491b5e189c9e95 [term 0 FOLLOWER]: Becoming Follower/Learner. State: Replica: ed6131093bcd4808a1491b5e189c9e95, State: Initialized, Role: FOLLOWER
