I20260709 13:07:33.620391 23205 consensus_queue.cc:260] T 208a9113b9294b68ae10df85e851f902 P afa39ced7b2b4a8a85777545956b1d7b [NON_LEADER]: Queue going to NON_LEADER mode. State: All replicated index: 0, Majority replicated index: 0, Committed index: 0, Last appended: 0.0, Last appended by leader: 0, Current term: 0, Majority size: -1, State: 0, Mode: NON_LEADER, active raft config: opid_index: -1 OBSOLETE_local: false peers { permanent_uuid: "bce781cbe0124352a5634b87c4489b33" member_type: VOTER last_known_addr { host: "127.21.100.65" port: 35989 } } peers { permanent_uuid: "afa39ced7b2b4a8a85777545956b1d7b" member_type: VOTER last_known_addr { host: "127.21.100.66" port: 36287 } } peers { permanent_uuid: "ed6131093bcd4808a1491b5e189c9e95" member_type: VOTER last_known_addr { host: "127.21.100.67" port: 43543 } }
I20260709 13:07:33.621584 23207 raft_consensus.cc:359] T b95d19bbfd38494f84781cb7c25c4ecd P bce781cbe0124352a5634b87c4489b33 [term 0 FOLLOWER]: Replica starting. Triggering 0 pending ops. Active config: opid_index: -1 OBSOLETE_local: false peers { permanent_uuid: "bce781cbe0124352a5634b87c4489b33" member_type: VOTER last_known_addr { host: "127.21.100.65" port: 35989 } } peers { permanent_uuid: "afa39ced7b2b4a8a85777545956b1d7b" member_type: VOTER last_known_addr { host: "127.21.100.66" port: 36287 } } peers { permanent_uuid: "ed6131093bcd4808a1491b5e189c9e95" member_type: VOTER last_known_addr { host: "127.21.100.67" port: 43543 } }
I20260709 13:07:33.622283 23205 ts_tablet_manager.cc:1434] T 208a9113b9294b68ae10df85e851f902 P afa39ced7b2b4a8a85777545956b1d7b: Time spent starting tablet: real 0.006s	user 0.007s	sys 0.001s
I20260709 13:07:33.622282 23207 raft_consensus.cc:385] T b95d19bbfd38494f84781cb7c25c4ecd P bce781cbe0124352a5634b87c4489b33 [term 0 FOLLOWER]: Consensus starting up: Expiring failure detector timer to make a prompt election more likely
I20260709 13:07:33.622294 23206 raft_consensus.cc:359] T 2f200942c5b44386ad28e9433c398528 P ed6131093bcd4808a1491b5e189c9e95 [term 0 FOLLOWER]: Replica starting. Triggering 0 pending ops. Active config: opid_index: -1 OBSOLETE_local: false peers { permanent_uuid: "ed6131093bcd4808a1491b5e189c9e95" member_type: VOTER last_known_addr { host: "127.21.100.67" port: 43543 } } peers { permanent_uuid: "afa39ced7b2b4a8a85777545956b1d7b" member_type: VOTER last_known_addr { host: "127.21.100.66" port: 36287 } } peers { permanent_uuid: "bce781cbe0124352a5634b87c4489b33" member_type: VOTER last_known_addr { host: "127.21.100.65" port: 35989 } }
I20260709 13:07:33.623188 23206 raft_consensus.cc:385] T 2f200942c5b44386ad28e9433c398528 P ed6131093bcd4808a1491b5e189c9e95 [term 0 FOLLOWER]: Consensus starting up: Expiring failure detector timer to make a prompt election more likely
I20260709 13:07:33.623404 23206 raft_consensus.cc:740] T 2f200942c5b44386ad28e9433c398528 P ed6131093bcd4808a1491b5e189c9e95 [term 0 FOLLOWER]: Becoming Follower/Learner. State: Replica: ed6131093bcd4808a1491b5e189c9e95, State: Initialized, Role: FOLLOWER
I20260709 13:07:33.623711 23205 tablet_bootstrap.cc:492] T 47d8821e329f40c78f49e35f2ead27ce P afa39ced7b2b4a8a85777545956b1d7b: Bootstrap starting.
I20260709 13:07:33.623893 23206 consensus_queue.cc:260] T 2f200942c5b44386ad28e9433c398528 P ed6131093bcd4808a1491b5e189c9e95 [NON_LEADER]: Queue going to NON_LEADER mode. State: All replicated index: 0, Majority replicated index: 0, Committed index: 0, Last appended: 0.0, Last appended by leader: 0, Current term: 0, Majority size: -1, State: 0, Mode: NON_LEADER, active raft config: opid_index: -1 OBSOLETE_local: false peers { permanent_uuid: "ed6131093bcd4808a1491b5e189c9e95" member_type: VOTER last_known_addr { host: "127.21.100.67" port: 43543 } } peers { permanent_uuid: "afa39ced7b2b4a8a85777545956b1d7b" member_type: VOTER last_known_addr { host: "127.21.100.66" port: 36287 } } peers { permanent_uuid: "bce781cbe0124352a5634b87c4489b33" member_type: VOTER last_known_addr { host: "127.21.100.65" port: 35989 } }
I20260709 13:07:33.625406 23206 ts_tablet_manager.cc:1434] T 2f200942c5b44386ad28e9433c398528 P ed6131093bcd4808a1491b5e189c9e95: Time spent starting tablet: real 0.005s	user 0.003s	sys 0.000s
I20260709 13:07:33.622850 23207 raft_consensus.cc:740] T b95d19bbfd38494f84781cb7c25c4ecd P bce781cbe0124352a5634b87c4489b33 [term 0 FOLLOWER]: Becoming Follower/Learner. State: Replica: bce781cbe0124352a5634b87c4489b33, State: Initialized, Role: FOLLOWER
I20260709 13:07:33.622090 22912 catalog_manager.cc:5697] T 052809baebe440e8a3b88548cd470b51 P afa39ced7b2b4a8a85777545956b1d7b reported cstate change: term changed from 0 to 1, leader changed from <none> to afa39ced7b2b4a8a85777545956b1d7b (127.21.100.66). New cstate: current_term: 1 leader_uuid: "afa39ced7b2b4a8a85777545956b1d7b" committed_config { opid_index: -1 OBSOLETE_local: false peers { permanent_uuid: "bce781cbe0124352a5634b87c4489b33" member_type: VOTER last_known_addr { host: "127.21.100.65" port: 35989 } health_report { overall_health: UNKNOWN } } peers { permanent_uuid: "afa39ced7b2b4a8a85777545956b1d7b" member_type: VOTER last_known_addr { host: "127.21.100.66" port: 36287 } health_report { overall_health: HEALTHY } } peers { permanent_uuid: "ed6131093bcd4808a1491b5e189c9e95" member_type: VOTER last_known_addr { host: "127.21.100.67" port: 43543 } health_report { overall_health: UNKNOWN } } }
I20260709 13:07:33.626171 23207 consensus_queue.cc:260] T b95d19bbfd38494f84781cb7c25c4ecd P bce781cbe0124352a5634b87c4489b33 [NON_LEADER]: Queue going to NON_LEADER mode. State: All replicated index: 0, Majority replicated index: 0, Committed index: 0, Last appended: 0.0, Last appended by leader: 0, Current term: 0, Majority size: -1, State: 0, Mode: NON_LEADER, active raft config: opid_index: -1 OBSOLETE_local: false peers { permanent_uuid: "bce781cbe0124352a5634b87c4489b33" member_type: VOTER last_known_addr { host: "127.21.100.65" port: 35989 } } peers { permanent_uuid: "afa39ced7b2b4a8a85777545956b1d7b" member_type: VOTER last_known_addr { host: "127.21.100.66" port: 36287 } } peers { permanent_uuid: "ed6131093bcd4808a1491b5e189c9e95" member_type: VOTER last_known_addr { host: "127.21.100.67" port: 43543 } }
I20260709 13:07:33.628262 23207 ts_tablet_manager.cc:1434] T b95d19bbfd38494f84781cb7c25c4ecd P bce781cbe0124352a5634b87c4489b33: Time spent starting tablet: real 0.009s	user 0.005s	sys 0.000s
I20260709 13:07:33.628398 23205 tablet_bootstrap.cc:654] T 47d8821e329f40c78f49e35f2ead27ce P afa39ced7b2b4a8a85777545956b1d7b: Neither blocks nor log segments found. Creating new log.
I20260709 13:07:33.629166 23207 tablet_bootstrap.cc:492] T 80889e7e067f45c0bfd24e882bef22c0 P bce781cbe0124352a5634b87c4489b33: Bootstrap starting.
I20260709 13:07:33.635201 23207 tablet_bootstrap.cc:654] T 80889e7e067f45c0bfd24e882bef22c0 P bce781cbe0124352a5634b87c4489b33: Neither blocks nor log segments found. Creating new log.
I20260709 13:07:33.642524 23206 tablet_bootstrap.cc:492] T 26e5fb74f14148a286ad0744bcb1386b P ed6131093bcd4808a1491b5e189c9e95: Bootstrap starting.
I20260709 13:07:33.646104 23205 tablet_bootstrap.cc:492] T 47d8821e329f40c78f49e35f2ead27ce P afa39ced7b2b4a8a85777545956b1d7b: No bootstrap required, opened a new log
I20260709 13:07:33.646435 23205 ts_tablet_manager.cc:1403] T 47d8821e329f40c78f49e35f2ead27ce P afa39ced7b2b4a8a85777545956b1d7b: Time spent bootstrapping tablet: real 0.023s	user 0.010s	sys 0.012s
I20260709 13:07:33.648219 23205 raft_consensus.cc:359] T 47d8821e329f40c78f49e35f2ead27ce P afa39ced7b2b4a8a85777545956b1d7b [term 0 FOLLOWER]: Replica starting. Triggering 0 pending ops. Active config: opid_index: -1 OBSOLETE_local: false peers { permanent_uuid: "bce781cbe0124352a5634b87c4489b33" member_type: VOTER last_known_addr { host: "127.21.100.65" port: 35989 } } peers { permanent_uuid: "afa39ced7b2b4a8a85777545956b1d7b" member_type: VOTER last_known_addr { host: "127.21.100.66" port: 36287 } } peers { permanent_uuid: "ed6131093bcd4808a1491b5e189c9e95" member_type: VOTER last_known_addr { host: "127.21.100.67" port: 43543 } }
I20260709 13:07:33.648900 23205 raft_consensus.cc:385] T 47d8821e329f40c78f49e35f2ead27ce P afa39ced7b2b4a8a85777545956b1d7b [term 0 FOLLOWER]: Consensus starting up: Expiring failure detector timer to make a prompt election more likely
I20260709 13:07:33.649168 23205 raft_consensus.cc:740] T 47d8821e329f40c78f49e35f2ead27ce P afa39ced7b2b4a8a85777545956b1d7b [term 0 FOLLOWER]: Becoming Follower/Learner. State: Replica: afa39ced7b2b4a8a85777545956b1d7b, State: Initialized, Role: FOLLOWER
I20260709 13:07:33.649886 23205 consensus_queue.cc:260] T 47d8821e329f40c78f49e35f2ead27ce P afa39ced7b2b4a8a85777545956b1d7b [NON_LEADER]: Queue going to NON_LEADER mode. State: All replicated index: 0, Majority replicated index: 0, Committed index: 0, Last appended: 0.0, Last appended by leader: 0, Current term: 0, Majority size: -1, State: 0, Mode: NON_LEADER, active raft config: opid_index: -1 OBSOLETE_local: false peers { permanent_uuid: "bce781cbe0124352a5634b87c4489b33" member_type: VOTER last_known_addr { host: "127.21.100.65" port: 35989 } } peers { permanent_uuid: "afa39ced7b2b4a8a85777545956b1d7b" member_type: VOTER last_known_addr { host: "127.21.100.66" port: 36287 } } peers { permanent_uuid: "ed6131093bcd4808a1491b5e189c9e95" member_type: VOTER last_known_addr { host: "127.21.100.67" port: 43543 } }
I20260709 13:07:33.651192 23207 tablet_bootstrap.cc:492] T 80889e7e067f45c0bfd24e882bef22c0 P bce781cbe0124352a5634b87c4489b33: No bootstrap required, opened a new log
I20260709 13:07:33.651508 23205 ts_tablet_manager.cc:1434] T 47d8821e329f40c78f49e35f2ead27ce P afa39ced7b2b4a8a85777545956b1d7b: Time spent starting tablet: real 0.005s	user 0.004s	sys 0.000s
I20260709 13:07:33.651631 23207 ts_tablet_manager.cc:1403] T 80889e7e067f45c0bfd24e882bef22c0 P bce781cbe0124352a5634b87c4489b33: Time spent bootstrapping tablet: real 0.023s	user 0.015s	sys 0.007s
I20260709 13:07:33.652012 23206 tablet_bootstrap.cc:654] T 26e5fb74f14148a286ad0744bcb1386b P ed6131093bcd4808a1491b5e189c9e95: Neither blocks nor log segments found. Creating new log.
I20260709 13:07:33.652451 23205 tablet_bootstrap.cc:492] T 92f8cb467d184420a93b843580f953d0 P afa39ced7b2b4a8a85777545956b1d7b: Bootstrap starting.
I20260709 13:07:33.654284 23207 raft_consensus.cc:359] T 80889e7e067f45c0bfd24e882bef22c0 P bce781cbe0124352a5634b87c4489b33 [term 0 FOLLOWER]: Replica starting. Triggering 0 pending ops. Active config: opid_index: -1 OBSOLETE_local: false peers { permanent_uuid: "bce781cbe0124352a5634b87c4489b33" member_type: VOTER last_known_addr { host: "127.21.100.65" port: 35989 } } peers { permanent_uuid: "afa39ced7b2b4a8a85777545956b1d7b" member_type: VOTER last_known_addr { host: "127.21.100.66" port: 36287 } } peers { permanent_uuid: "ed6131093bcd4808a1491b5e189c9e95" member_type: VOTER last_known_addr { host: "127.21.100.67" port: 43543 } }
I20260709 13:07:33.655006 23207 raft_consensus.cc:385] T 80889e7e067f45c0bfd24e882bef22c0 P bce781cbe0124352a5634b87c4489b33 [term 0 FOLLOWER]: Consensus starting up: Expiring failure detector timer to make a prompt election more likely
I20260709 13:07:33.655320 23207 raft_consensus.cc:740] T 80889e7e067f45c0bfd24e882bef22c0 P bce781cbe0124352a5634b87c4489b33 [term 0 FOLLOWER]: Becoming Follower/Learner. State: Replica: bce781cbe0124352a5634b87c4489b33, State: Initialized, Role: FOLLOWER
I20260709 13:07:33.656109 23207 consensus_queue.cc:260] T 80889e7e067f45c0bfd24e882bef22c0 P bce781cbe0124352a5634b87c4489b33 [NON_LEADER]: Queue going to NON_LEADER mode. State: All replicated index: 0, Majority replicated index: 0, Committed index: 0, Last appended: 0.0, Last appended by leader: 0, Current term: 0, Majority size: -1, State: 0, Mode: NON_LEADER, active raft config: opid_index: -1 OBSOLETE_local: false peers { permanent_uuid: "bce781cbe0124352a5634b87c4489b33" member_type: VOTER last_known_addr { host: "127.21.100.65" port: 35989 } } peers { permanent_uuid: "afa39ced7b2b4a8a85777545956b1d7b" member_type: VOTER last_known_addr { host: "127.21.100.66" port: 36287 } } peers { permanent_uuid: "ed6131093bcd4808a1491b5e189c9e95" member_type: VOTER last_known_addr { host: "127.21.100.67" port: 43543 } }
I20260709 13:07:33.658245 23207 ts_tablet_manager.cc:1434] T 80889e7e067f45c0bfd24e882bef22c0 P bce781cbe0124352a5634b87c4489b33: Time spent starting tablet: real 0.006s	user 0.006s	sys 0.000s
I20260709 13:07:33.660207 23207 tablet_bootstrap.cc:492] T ade9d1eb94a94b8a915a08b8cae93d03 P bce781cbe0124352a5634b87c4489b33: Bootstrap starting.
I20260709 13:07:33.661773 23205 tablet_bootstrap.cc:654] T 92f8cb467d184420a93b843580f953d0 P afa39ced7b2b4a8a85777545956b1d7b: Neither blocks nor log segments found. Creating new log.
I20260709 13:07:33.666755 23207 tablet_bootstrap.cc:654] T ade9d1eb94a94b8a915a08b8cae93d03 P bce781cbe0124352a5634b87c4489b33: Neither blocks nor log segments found. Creating new log.
I20260709 13:07:33.667155 23206 tablet_bootstrap.cc:492] T 26e5fb74f14148a286ad0744bcb1386b P ed6131093bcd4808a1491b5e189c9e95: No bootstrap required, opened a new log
I20260709 13:07:33.667560 23206 ts_tablet_manager.cc:1403] T 26e5fb74f14148a286ad0744bcb1386b P ed6131093bcd4808a1491b5e189c9e95: Time spent bootstrapping tablet: real 0.025s	user 0.011s	sys 0.008s
I20260709 13:07:33.670030 23206 raft_consensus.cc:359] T 26e5fb74f14148a286ad0744bcb1386b P ed6131093bcd4808a1491b5e189c9e95 [term 0 FOLLOWER]: Replica starting. Triggering 0 pending ops. Active config: opid_index: -1 OBSOLETE_local: false peers { permanent_uuid: "bce781cbe0124352a5634b87c4489b33" member_type: VOTER last_known_addr { host: "127.21.100.65" port: 35989 } } peers { permanent_uuid: "afa39ced7b2b4a8a85777545956b1d7b" member_type: VOTER last_known_addr { host: "127.21.100.66" port: 36287 } } peers { permanent_uuid: "ed6131093bcd4808a1491b5e189c9e95" member_type: VOTER last_known_addr { host: "127.21.100.67" port: 43543 } }
I20260709 13:07:33.670688 23206 raft_consensus.cc:385] T 26e5fb74f14148a286ad0744bcb1386b P ed6131093bcd4808a1491b5e189c9e95 [term 0 FOLLOWER]: Consensus starting up: Expiring failure detector timer to make a prompt election more likely
I20260709 13:07:33.670949 23206 raft_consensus.cc:740] T 26e5fb74f14148a286ad0744bcb1386b P ed6131093bcd4808a1491b5e189c9e95 [term 0 FOLLOWER]: Becoming Follower/Learner. State: Replica: ed6131093bcd4808a1491b5e189c9e95, State: Initialized, Role: FOLLOWER
I20260709 13:07:33.671684 23206 consensus_queue.cc:260] T 26e5fb74f14148a286ad0744bcb1386b P ed6131093bcd4808a1491b5e189c9e95 [NON_LEADER]: Queue going to NON_LEADER mode. State: All replicated index: 0, Majority replicated index: 0, Committed index: 0, Last appended: 0.0, Last appended by leader: 0, Current term: 0, Majority size: -1, State: 0, Mode: NON_LEADER, active raft config: opid_index: -1 OBSOLETE_local: false peers { permanent_uuid: "bce781cbe0124352a5634b87c4489b33" member_type: VOTER last_known_addr { host: "127.21.100.65" port: 35989 } } peers { permanent_uuid: "afa39ced7b2b4a8a85777545956b1d7b" member_type: VOTER last_known_addr { host: "127.21.100.66" port: 36287 } } peers { permanent_uuid: "ed6131093bcd4808a1491b5e189c9e95" member_type: VOTER last_known_addr { host: "127.21.100.67" port: 43543 } }
I20260709 13:07:33.673883 23205 tablet_bootstrap.cc:492] T 92f8cb467d184420a93b843580f953d0 P afa39ced7b2b4a8a85777545956b1d7b: No bootstrap required, opened a new log
I20260709 13:07:33.674350 23205 ts_tablet_manager.cc:1403] T 92f8cb467d184420a93b843580f953d0 P afa39ced7b2b4a8a85777545956b1d7b: Time spent bootstrapping tablet: real 0.022s	user 0.015s	sys 0.001s
I20260709 13:07:33.676321 23206 ts_tablet_manager.cc:1434] T 26e5fb74f14148a286ad0744bcb1386b P ed6131093bcd4808a1491b5e189c9e95: Time spent starting tablet: real 0.008s	user 0.006s	sys 0.000s
I20260709 13:07:33.676447 23205 raft_consensus.cc:359] T 92f8cb467d184420a93b843580f953d0 P afa39ced7b2b4a8a85777545956b1d7b [term 0 FOLLOWER]: Replica starting. Triggering 0 pending ops. Active config: opid_index: -1 OBSOLETE_local: false peers { permanent_uuid: "bce781cbe0124352a5634b87c4489b33" member_type: VOTER last_known_addr { host: "127.21.100.65" port: 35989 } } peers { permanent_uuid: "afa39ced7b2b4a8a85777545956b1d7b" member_type: VOTER last_known_addr { host: "127.21.100.66" port: 36287 } } peers { permanent_uuid: "ed6131093bcd4808a1491b5e189c9e95" member_type: VOTER last_known_addr { host: "127.21.100.67" port: 43543 } }
I20260709 13:07:33.677106 23205 raft_consensus.cc:385] T 92f8cb467d184420a93b843580f953d0 P afa39ced7b2b4a8a85777545956b1d7b [term 0 FOLLOWER]: Consensus starting up: Expiring failure detector timer to make a prompt election more likely
I20260709 13:07:33.677368 23205 raft_consensus.cc:740] T 92f8cb467d184420a93b843580f953d0 P afa39ced7b2b4a8a85777545956b1d7b [term 0 FOLLOWER]: Becoming Follower/Learner. State: Replica: afa39ced7b2b4a8a85777545956b1d7b, State: Initialized, Role: FOLLOWER
I20260709 13:07:33.678169 23211 raft_consensus.cc:493] T 2f200942c5b44386ad28e9433c398528 P ed6131093bcd4808a1491b5e189c9e95 [term 0 FOLLOWER]: Starting pre-election (no leader contacted us within the election timeout)
I20260709 13:07:33.678095 23205 consensus_queue.cc:260] T 92f8cb467d184420a93b843580f953d0 P afa39ced7b2b4a8a85777545956b1d7b [NON_LEADER]: Queue going to NON_LEADER mode. State: All replicated index: 0, Majority replicated index: 0, Committed index: 0, Last appended: 0.0, Last appended by leader: 0, Current term: 0, Majority size: -1, State: 0, Mode: NON_LEADER, active raft config: opid_index: -1 OBSOLETE_local: false peers { permanent_uuid: "bce781cbe0124352a5634b87c4489b33" member_type: VOTER last_known_addr { host: "127.21.100.65" port: 35989 } } peers { permanent_uuid: "afa39ced7b2b4a8a85777545956b1d7b" member_type: VOTER last_known_addr { host: "127.21.100.66" port: 36287 } } peers { permanent_uuid: "ed6131093bcd4808a1491b5e189c9e95" member_type: VOTER last_known_addr { host: "127.21.100.67" port: 43543 } }
I20260709 13:07:33.678886 23207 tablet_bootstrap.cc:492] T ade9d1eb94a94b8a915a08b8cae93d03 P bce781cbe0124352a5634b87c4489b33: No bootstrap required, opened a new log
I20260709 13:07:33.678618 23211 raft_consensus.cc:515] T 2f200942c5b44386ad28e9433c398528 P ed6131093bcd4808a1491b5e189c9e95 [term 0 FOLLOWER]: Starting pre-election with config: opid_index: -1 OBSOLETE_local: false peers { permanent_uuid: "ed6131093bcd4808a1491b5e189c9e95" member_type: VOTER last_known_addr { host: "127.21.100.67" port: 43543 } } peers { permanent_uuid: "afa39ced7b2b4a8a85777545956b1d7b" member_type: VOTER last_known_addr { host: "127.21.100.66" port: 36287 } } peers { permanent_uuid: "bce781cbe0124352a5634b87c4489b33" member_type: VOTER last_known_addr { host: "127.21.100.65" port: 35989 } }
I20260709 13:07:33.679385 23207 ts_tablet_manager.cc:1403] T ade9d1eb94a94b8a915a08b8cae93d03 P bce781cbe0124352a5634b87c4489b33: Time spent bootstrapping tablet: real 0.019s	user 0.016s	sys 0.001s
I20260709 13:07:33.680555 23211 leader_election.cc:290] T 2f200942c5b44386ad28e9433c398528 P ed6131093bcd4808a1491b5e189c9e95 [CANDIDATE]: Term 1 pre-election: Requested pre-vote from peers afa39ced7b2b4a8a85777545956b1d7b (127.21.100.66:36287), bce781cbe0124352a5634b87c4489b33 (127.21.100.65:35989)
I20260709 13:07:33.681483 23017 tablet_service.cc:1917] Received RequestConsensusVote() RPC: tablet_id: "2f200942c5b44386ad28e9433c398528" candidate_uuid: "ed6131093bcd4808a1491b5e189c9e95" candidate_term: 1 candidate_status { last_received { term: 0 index: 0 } } ignore_live_leader: false dest_uuid: "bce781cbe0124352a5634b87c4489b33" is_pre_election: true
I20260709 13:07:33.681843 23092 tablet_service.cc:1917] Received RequestConsensusVote() RPC: tablet_id: "2f200942c5b44386ad28e9433c398528" candidate_uuid: "ed6131093bcd4808a1491b5e189c9e95" candidate_term: 1 candidate_status { last_received { term: 0 index: 0 } } ignore_live_leader: false dest_uuid: "afa39ced7b2b4a8a85777545956b1d7b" is_pre_election: true
I20260709 13:07:33.682180 23205 ts_tablet_manager.cc:1434] T 92f8cb467d184420a93b843580f953d0 P afa39ced7b2b4a8a85777545956b1d7b: Time spent starting tablet: real 0.008s	user 0.006s	sys 0.000s
I20260709 13:07:33.682453 23092 raft_consensus.cc:2468] T 2f200942c5b44386ad28e9433c398528 P afa39ced7b2b4a8a85777545956b1d7b [term 0 FOLLOWER]: Leader pre-election vote request: Granting yes vote for candidate ed6131093bcd4808a1491b5e189c9e95 in term 0.
I20260709 13:07:33.683004 23205 tablet_bootstrap.cc:492] T 3f200c21cae4412692804ff32734e194 P afa39ced7b2b4a8a85777545956b1d7b: Bootstrap starting.
W20260709 13:07:33.682897 23132 leader_election.cc:343] T 2f200942c5b44386ad28e9433c398528 P ed6131093bcd4808a1491b5e189c9e95 [CANDIDATE]: Term 1 pre-election: Tablet error from VoteRequest() call to peer bce781cbe0124352a5634b87c4489b33 (127.21.100.65:35989): Illegal state: must be running to vote when last-logged opid is not known
I20260709 13:07:33.683736 23206 tablet_bootstrap.cc:492] T 80889e7e067f45c0bfd24e882bef22c0 P ed6131093bcd4808a1491b5e189c9e95: Bootstrap starting.
I20260709 13:07:33.683992 23132 leader_election.cc:304] T 2f200942c5b44386ad28e9433c398528 P ed6131093bcd4808a1491b5e189c9e95 [CANDIDATE]: Term 1 pre-election: Election decided. Result: candidate won. Election summary: received 3 responses out of 3 voters: 2 yes votes; 1 no votes. yes voters: afa39ced7b2b4a8a85777545956b1d7b, ed6131093bcd4808a1491b5e189c9e95; no voters: bce781cbe0124352a5634b87c4489b33
I20260709 13:07:33.685000 23211 raft_consensus.cc:2804] T 2f200942c5b44386ad28e9433c398528 P ed6131093bcd4808a1491b5e189c9e95 [term 0 FOLLOWER]: Leader pre-election won for term 1
I20260709 13:07:33.685393 23211 raft_consensus.cc:493] T 2f200942c5b44386ad28e9433c398528 P ed6131093bcd4808a1491b5e189c9e95 [term 0 FOLLOWER]: Starting leader election (no leader contacted us within the election timeout)
I20260709 13:07:33.685810 23211 raft_consensus.cc:3060] T 2f200942c5b44386ad28e9433c398528 P ed6131093bcd4808a1491b5e189c9e95 [term 0 FOLLOWER]: Advancing to term 1
I20260709 13:07:33.688777 23205 tablet_bootstrap.cc:654] T 3f200c21cae4412692804ff32734e194 P afa39ced7b2b4a8a85777545956b1d7b: Neither blocks nor log segments found. Creating new log.
I20260709 13:07:33.689710 23206 tablet_bootstrap.cc:654] T 80889e7e067f45c0bfd24e882bef22c0 P ed6131093bcd4808a1491b5e189c9e95: Neither blocks nor log segments found. Creating new log.
I20260709 13:07:33.692556 23211 raft_consensus.cc:515] T 2f200942c5b44386ad28e9433c398528 P ed6131093bcd4808a1491b5e189c9e95 [term 1 FOLLOWER]: Starting leader election with config: opid_index: -1 OBSOLETE_local: false peers { permanent_uuid: "ed6131093bcd4808a1491b5e189c9e95" member_type: VOTER last_known_addr { host: "127.21.100.67" port: 43543 } } peers { permanent_uuid: "afa39ced7b2b4a8a85777545956b1d7b" member_type: VOTER last_known_addr { host: "127.21.100.66" port: 36287 } } peers { permanent_uuid: "bce781cbe0124352a5634b87c4489b33" member_type: VOTER last_known_addr { host: "127.21.100.65" port: 35989 } }
I20260709 13:07:33.697129 23092 tablet_service.cc:1917] Received RequestConsensusVote() RPC: tablet_id: "2f200942c5b44386ad28e9433c398528" candidate_uuid: "ed6131093bcd4808a1491b5e189c9e95" candidate_term: 1 candidate_status { last_received { term: 0 index: 0 } } ignore_live_leader: false dest_uuid: "afa39ced7b2b4a8a85777545956b1d7b"
I20260709 13:07:33.697376 23206 tablet_bootstrap.cc:492] T 80889e7e067f45c0bfd24e882bef22c0 P ed6131093bcd4808a1491b5e189c9e95: No bootstrap required, opened a new log
I20260709 13:07:33.697654 23092 raft_consensus.cc:3060] T 2f200942c5b44386ad28e9433c398528 P afa39ced7b2b4a8a85777545956b1d7b [term 0 FOLLOWER]: Advancing to term 1
I20260709 13:07:33.697762 23206 ts_tablet_manager.cc:1403] T 80889e7e067f45c0bfd24e882bef22c0 P ed6131093bcd4808a1491b5e189c9e95: Time spent bootstrapping tablet: real 0.014s	user 0.011s	sys 0.000s
I20260709 13:07:33.700352 23206 raft_consensus.cc:359] T 80889e7e067f45c0bfd24e882bef22c0 P ed6131093bcd4808a1491b5e189c9e95 [term 0 FOLLOWER]: Replica starting. Triggering 0 pending ops. Active config: opid_index: -1 OBSOLETE_local: false peers { permanent_uuid: "bce781cbe0124352a5634b87c4489b33" member_type: VOTER last_known_addr { host: "127.21.100.65" port: 35989 } } peers { permanent_uuid: "afa39ced7b2b4a8a85777545956b1d7b" member_type: VOTER last_known_addr { host: "127.21.100.66" port: 36287 } } peers { permanent_uuid: "ed6131093bcd4808a1491b5e189c9e95" member_type: VOTER last_known_addr { host: "127.21.100.67" port: 43543 } }
I20260709 13:07:33.700943 23206 raft_consensus.cc:385] T 80889e7e067f45c0bfd24e882bef22c0 P ed6131093bcd4808a1491b5e189c9e95 [term 0 FOLLOWER]: Consensus starting up: Expiring failure detector timer to make a prompt election more likely
I20260709 13:07:33.701192 23206 raft_consensus.cc:740] T 80889e7e067f45c0bfd24e882bef22c0 P ed6131093bcd4808a1491b5e189c9e95 [term 0 FOLLOWER]: Becoming Follower/Learner. State: Replica: ed6131093bcd4808a1491b5e189c9e95, State: Initialized, Role: FOLLOWER
I20260709 13:07:33.694512 23207 raft_consensus.cc:359] T ade9d1eb94a94b8a915a08b8cae93d03 P bce781cbe0124352a5634b87c4489b33 [term 0 FOLLOWER]: Replica starting. Triggering 0 pending ops. Active config: opid_index: -1 OBSOLETE_local: false peers { permanent_uuid: "bce781cbe0124352a5634b87c4489b33" member_type: VOTER last_known_addr { host: "127.21.100.65" port: 35989 } } peers { permanent_uuid: "afa39ced7b2b4a8a85777545956b1d7b" member_type: VOTER last_known_addr { host: "127.21.100.66" port: 36287 } } peers { permanent_uuid: "ed6131093bcd4808a1491b5e189c9e95" member_type: VOTER last_known_addr { host: "127.21.100.67" port: 43543 } }
I20260709 13:07:33.701894 23207 raft_consensus.cc:385] T ade9d1eb94a94b8a915a08b8cae93d03 P bce781cbe0124352a5634b87c4489b33 [term 0 FOLLOWER]: Consensus starting up: Expiring failure detector timer to make a prompt election more likely
I20260709 13:07:33.701812 23206 consensus_queue.cc:260] T 80889e7e067f45c0bfd24e882bef22c0 P ed6131093bcd4808a1491b5e189c9e95 [NON_LEADER]: Queue going to NON_LEADER mode. State: All replicated index: 0, Majority replicated index: 0, Committed index: 0, Last appended: 0.0, Last appended by leader: 0, Current term: 0, Majority size: -1, State: 0, Mode: NON_LEADER, active raft config: opid_index: -1 OBSOLETE_local: false peers { permanent_uuid: "bce781cbe0124352a5634b87c4489b33" member_type: VOTER last_known_addr { host: "127.21.100.65" port: 35989 } } peers { permanent_uuid: "afa39ced7b2b4a8a85777545956b1d7b" member_type: VOTER last_known_addr { host: "127.21.100.66" port: 36287 } } peers { permanent_uuid: "ed6131093bcd4808a1491b5e189c9e95" member_type: VOTER last_known_addr { host: "127.21.100.67" port: 43543 } }
I20260709 13:07:33.702346 23207 raft_consensus.cc:740] T ade9d1eb94a94b8a915a08b8cae93d03 P bce781cbe0124352a5634b87c4489b33 [term 0 FOLLOWER]: Becoming Follower/Learner. State: Replica: bce781cbe0124352a5634b87c4489b33, State: Initialized, Role: FOLLOWER
I20260709 13:07:33.703004 23207 consensus_queue.cc:260] T ade9d1eb94a94b8a915a08b8cae93d03 P bce781cbe0124352a5634b87c4489b33 [NON_LEADER]: Queue going to NON_LEADER mode. State: All replicated index: 0, Majority replicated index: 0, Committed index: 0, Last appended: 0.0, Last appended by leader: 0, Current term: 0, Majority size: -1, State: 0, Mode: NON_LEADER, active raft config: opid_index: -1 OBSOLETE_local: false peers { permanent_uuid: "bce781cbe0124352a5634b87c4489b33" member_type: VOTER last_known_addr { host: "127.21.100.65" port: 35989 } } peers { permanent_uuid: "afa39ced7b2b4a8a85777545956b1d7b" member_type: VOTER last_known_addr { host: "127.21.100.66" port: 36287 } } peers { permanent_uuid: "ed6131093bcd4808a1491b5e189c9e95" member_type: VOTER last_known_addr { host: "127.21.100.67" port: 43543 } }
I20260709 13:07:33.704003 23211 leader_election.cc:290] T 2f200942c5b44386ad28e9433c398528 P ed6131093bcd4808a1491b5e189c9e95 [CANDIDATE]: Term 1 election: Requested vote from peers afa39ced7b2b4a8a85777545956b1d7b (127.21.100.66:36287), bce781cbe0124352a5634b87c4489b33 (127.21.100.65:35989)
I20260709 13:07:33.704753 23205 tablet_bootstrap.cc:492] T 3f200c21cae4412692804ff32734e194 P afa39ced7b2b4a8a85777545956b1d7b: No bootstrap required, opened a new log
I20260709 13:07:33.705140 23205 ts_tablet_manager.cc:1403] T 3f200c21cae4412692804ff32734e194 P afa39ced7b2b4a8a85777545956b1d7b: Time spent bootstrapping tablet: real 0.022s	user 0.014s	sys 0.003s
I20260709 13:07:33.705045 23017 tablet_service.cc:1917] Received RequestConsensusVote() RPC: tablet_id: "2f200942c5b44386ad28e9433c398528" candidate_uuid: "ed6131093bcd4808a1491b5e189c9e95" candidate_term: 1 candidate_status { last_received { term: 0 index: 0 } } ignore_live_leader: false dest_uuid: "bce781cbe0124352a5634b87c4489b33"
W20260709 13:07:33.706503 23132 leader_election.cc:343] T 2f200942c5b44386ad28e9433c398528 P ed6131093bcd4808a1491b5e189c9e95 [CANDIDATE]: Term 1 election: Tablet error from VoteRequest() call to peer bce781cbe0124352a5634b87c4489b33 (127.21.100.65:35989): Illegal state: must be running to vote when last-logged opid is not known
I20260709 13:07:33.707441 23206 ts_tablet_manager.cc:1434] T 80889e7e067f45c0bfd24e882bef22c0 P ed6131093bcd4808a1491b5e189c9e95: Time spent starting tablet: real 0.009s	user 0.005s	sys 0.000s
I20260709 13:07:33.707669 23205 raft_consensus.cc:359] T 3f200c21cae4412692804ff32734e194 P afa39ced7b2b4a8a85777545956b1d7b [term 0 FOLLOWER]: Replica starting. Triggering 0 pending ops. Active config: opid_index: -1 OBSOLETE_local: false peers { permanent_uuid: "bce781cbe0124352a5634b87c4489b33" member_type: VOTER last_known_addr { host: "127.21.100.65" port: 35989 } } peers { permanent_uuid: "afa39ced7b2b4a8a85777545956b1d7b" member_type: VOTER last_known_addr { host: "127.21.100.66" port: 36287 } } peers { permanent_uuid: "ed6131093bcd4808a1491b5e189c9e95" member_type: VOTER last_known_addr { host: "127.21.100.67" port: 43543 } }
I20260709 13:07:33.708292 23205 raft_consensus.cc:385] T 3f200c21cae4412692804ff32734e194 P afa39ced7b2b4a8a85777545956b1d7b [term 0 FOLLOWER]: Consensus starting up: Expiring failure detector timer to make a prompt election more likely
I20260709 13:07:33.708261 23206 tablet_bootstrap.cc:492] T ade9d1eb94a94b8a915a08b8cae93d03 P ed6131093bcd4808a1491b5e189c9e95: Bootstrap starting.
I20260709 13:07:33.708650 23205 raft_consensus.cc:740] T 3f200c21cae4412692804ff32734e194 P afa39ced7b2b4a8a85777545956b1d7b [term 0 FOLLOWER]: Becoming Follower/Learner. State: Replica: afa39ced7b2b4a8a85777545956b1d7b, State: Initialized, Role: FOLLOWER
I20260709 13:07:33.709017 23092 raft_consensus.cc:2468] T 2f200942c5b44386ad28e9433c398528 P afa39ced7b2b4a8a85777545956b1d7b [term 1 FOLLOWER]: Leader election vote request: Granting yes vote for candidate ed6131093bcd4808a1491b5e189c9e95 in term 1.
I20260709 13:07:33.709399 23205 consensus_queue.cc:260] T 3f200c21cae4412692804ff32734e194 P afa39ced7b2b4a8a85777545956b1d7b [NON_LEADER]: Queue going to NON_LEADER mode. State: All replicated index: 0, Majority replicated index: 0, Committed index: 0, Last appended: 0.0, Last appended by leader: 0, Current term: 0, Majority size: -1, State: 0, Mode: NON_LEADER, active raft config: opid_index: -1 OBSOLETE_local: false peers { permanent_uuid: "bce781cbe0124352a5634b87c4489b33" member_type: VOTER last_known_addr { host: "127.21.100.65" port: 35989 } } peers { permanent_uuid: "afa39ced7b2b4a8a85777545956b1d7b" member_type: VOTER last_known_addr { host: "127.21.100.66" port: 36287 } } peers { permanent_uuid: "ed6131093bcd4808a1491b5e189c9e95" member_type: VOTER last_known_addr { host: "127.21.100.67" port: 43543 } }
I20260709 13:07:33.711090 23207 ts_tablet_manager.cc:1434] T ade9d1eb94a94b8a915a08b8cae93d03 P bce781cbe0124352a5634b87c4489b33: Time spent starting tablet: real 0.031s	user 0.005s	sys 0.000s
I20260709 13:07:33.711161 23132 leader_election.cc:304] T 2f200942c5b44386ad28e9433c398528 P ed6131093bcd4808a1491b5e189c9e95 [CANDIDATE]: Term 1 election: Election decided. Result: candidate won. Election summary: received 3 responses out of 3 voters: 2 yes votes; 1 no votes. yes voters: afa39ced7b2b4a8a85777545956b1d7b, ed6131093bcd4808a1491b5e189c9e95; no voters: bce781cbe0124352a5634b87c4489b33
I20260709 13:07:33.712033 23207 tablet_bootstrap.cc:492] T 26e5fb74f14148a286ad0744bcb1386b P bce781cbe0124352a5634b87c4489b33: Bootstrap starting.
I20260709 13:07:33.714458 23206 tablet_bootstrap.cc:654] T ade9d1eb94a94b8a915a08b8cae93d03 P ed6131093bcd4808a1491b5e189c9e95: Neither blocks nor log segments found. Creating new log.
I20260709 13:07:33.714921 23205 ts_tablet_manager.cc:1434] T 3f200c21cae4412692804ff32734e194 P afa39ced7b2b4a8a85777545956b1d7b: Time spent starting tablet: real 0.009s	user 0.005s	sys 0.000s
I20260709 13:07:33.716176 23205 tablet_bootstrap.cc:492] T bdedd3d8456b4d05946534730b61bf2c P afa39ced7b2b4a8a85777545956b1d7b: Bootstrap starting.
I20260709 13:07:33.720638 23230 raft_consensus.cc:2804] T 2f200942c5b44386ad28e9433c398528 P ed6131093bcd4808a1491b5e189c9e95 [term 1 FOLLOWER]: Leader election won for term 1
I20260709 13:07:33.720897 23211 raft_consensus.cc:493] T 3f200c21cae4412692804ff32734e194 P ed6131093bcd4808a1491b5e189c9e95 [term 0 FOLLOWER]: Starting pre-election (no leader contacted us within the election timeout)
I20260709 13:07:33.721136 23230 raft_consensus.cc:697] T 2f200942c5b44386ad28e9433c398528 P ed6131093bcd4808a1491b5e189c9e95 [term 1 LEADER]: Becoming Leader. State: Replica: ed6131093bcd4808a1491b5e189c9e95, State: Running, Role: LEADER
I20260709 13:07:33.721629 23205 tablet_bootstrap.cc:654] T bdedd3d8456b4d05946534730b61bf2c P afa39ced7b2b4a8a85777545956b1d7b: Neither blocks nor log segments found. Creating new log.
I20260709 13:07:33.721977 23230 consensus_queue.cc:237] T 2f200942c5b44386ad28e9433c398528 P ed6131093bcd4808a1491b5e189c9e95 [LEADER]: Queue going to LEADER mode. State: All replicated index: 0, Majority replicated index: 0, Committed index: 0, Last appended: 0.0, Last appended by leader: 0, Current term: 1, Majority size: 2, State: 0, Mode: LEADER, active raft config: opid_index: -1 OBSOLETE_local: false peers { permanent_uuid: "ed6131093bcd4808a1491b5e189c9e95" member_type: VOTER last_known_addr { host: "127.21.100.67" port: 43543 } } peers { permanent_uuid: "afa39ced7b2b4a8a85777545956b1d7b" member_type: VOTER last_known_addr { host: "127.21.100.66" port: 36287 } } peers { permanent_uuid: "bce781cbe0124352a5634b87c4489b33" member_type: VOTER last_known_addr { host: "127.21.100.65" port: 35989 } }
I20260709 13:07:33.725142 23207 tablet_bootstrap.cc:654] T 26e5fb74f14148a286ad0744bcb1386b P bce781cbe0124352a5634b87c4489b33: Neither blocks nor log segments found. Creating new log.
I20260709 13:07:33.727977 23211 raft_consensus.cc:515] T 3f200c21cae4412692804ff32734e194 P ed6131093bcd4808a1491b5e189c9e95 [term 0 FOLLOWER]: Starting pre-election with config: opid_index: -1 OBSOLETE_local: false peers { permanent_uuid: "bce781cbe0124352a5634b87c4489b33" member_type: VOTER last_known_addr { host: "127.21.100.65" port: 35989 } } peers { permanent_uuid: "afa39ced7b2b4a8a85777545956b1d7b" member_type: VOTER last_known_addr { host: "127.21.100.66" port: 36287 } } peers { permanent_uuid: "ed6131093bcd4808a1491b5e189c9e95" member_type: VOTER last_known_addr { host: "127.21.100.67" port: 43543 } }
I20260709 13:07:33.730890 23017 tablet_service.cc:1917] Received RequestConsensusVote() RPC: tablet_id: "3f200c21cae4412692804ff32734e194" candidate_uuid: "ed6131093bcd4808a1491b5e189c9e95" candidate_term: 1 candidate_status { last_received { term: 0 index: 0 } } ignore_live_leader: false dest_uuid: "bce781cbe0124352a5634b87c4489b33" is_pre_election: true
I20260709 13:07:33.731526 23017 raft_consensus.cc:2468] T 3f200c21cae4412692804ff32734e194 P bce781cbe0124352a5634b87c4489b33 [term 0 FOLLOWER]: Leader pre-election vote request: Granting yes vote for candidate ed6131093bcd4808a1491b5e189c9e95 in term 0.
I20260709 13:07:33.732944 23132 leader_election.cc:304] T 3f200c21cae4412692804ff32734e194 P ed6131093bcd4808a1491b5e189c9e95 [CANDIDATE]: Term 1 pre-election: Election decided. Result: candidate won. Election summary: received 2 responses out of 3 voters: 2 yes votes; 0 no votes. yes voters: bce781cbe0124352a5634b87c4489b33, ed6131093bcd4808a1491b5e189c9e95; no voters: 
I20260709 13:07:33.735289 23211 leader_election.cc:290] T 3f200c21cae4412692804ff32734e194 P ed6131093bcd4808a1491b5e189c9e95 [CANDIDATE]: Term 1 pre-election: Requested pre-vote from peers bce781cbe0124352a5634b87c4489b33 (127.21.100.65:35989), afa39ced7b2b4a8a85777545956b1d7b (127.21.100.66:36287)
I20260709 13:07:33.736101 23092 tablet_service.cc:1917] Received RequestConsensusVote() RPC: tablet_id: "3f200c21cae4412692804ff32734e194" candidate_uuid: "ed6131093bcd4808a1491b5e189c9e95" candidate_term: 1 candidate_status { last_received { term: 0 index: 0 } } ignore_live_leader: false dest_uuid: "afa39ced7b2b4a8a85777545956b1d7b" is_pre_election: true
I20260709 13:07:33.733812 23231 raft_consensus.cc:2804] T 3f200c21cae4412692804ff32734e194 P ed6131093bcd4808a1491b5e189c9e95 [term 0 FOLLOWER]: Leader pre-election won for term 1
I20260709 13:07:33.736817 23092 raft_consensus.cc:2468] T 3f200c21cae4412692804ff32734e194 P afa39ced7b2b4a8a85777545956b1d7b [term 0 FOLLOWER]: Leader pre-election vote request: Granting yes vote for candidate ed6131093bcd4808a1491b5e189c9e95 in term 0.
I20260709 13:07:33.737226 23231 raft_consensus.cc:493] T 3f200c21cae4412692804ff32734e194 P ed6131093bcd4808a1491b5e189c9e95 [term 0 FOLLOWER]: Starting leader election (no leader contacted us within the election timeout)
I20260709 13:07:33.737576 23231 raft_consensus.cc:3060] T 3f200c21cae4412692804ff32734e194 P ed6131093bcd4808a1491b5e189c9e95 [term 0 FOLLOWER]: Advancing to term 1
I20260709 13:07:33.740304 23232 raft_consensus.cc:493] T b95d19bbfd38494f84781cb7c25c4ecd P bce781cbe0124352a5634b87c4489b33 [term 0 FOLLOWER]: Starting pre-election (no leader contacted us within the election timeout)
I20260709 13:07:33.740738 23232 raft_consensus.cc:515] T b95d19bbfd38494f84781cb7c25c4ecd P bce781cbe0124352a5634b87c4489b33 [term 0 FOLLOWER]: Starting pre-election with config: opid_index: -1 OBSOLETE_local: false peers { permanent_uuid: "bce781cbe0124352a5634b87c4489b33" member_type: VOTER last_known_addr { host: "127.21.100.65" port: 35989 } } peers { permanent_uuid: "afa39ced7b2b4a8a85777545956b1d7b" member_type: VOTER last_known_addr { host: "127.21.100.66" port: 36287 } } peers { permanent_uuid: "ed6131093bcd4808a1491b5e189c9e95" member_type: VOTER last_known_addr { host: "127.21.100.67" port: 43543 } }
I20260709 13:07:33.742633 23232 leader_election.cc:290] T b95d19bbfd38494f84781cb7c25c4ecd P bce781cbe0124352a5634b87c4489b33 [CANDIDATE]: Term 1 pre-election: Requested pre-vote from peers afa39ced7b2b4a8a85777545956b1d7b (127.21.100.66:36287), ed6131093bcd4808a1491b5e189c9e95 (127.21.100.67:43543)
I20260709 13:07:33.744958 23165 tablet_service.cc:1917] Received RequestConsensusVote() RPC: tablet_id: "b95d19bbfd38494f84781cb7c25c4ecd" candidate_uuid: "bce781cbe0124352a5634b87c4489b33" candidate_term: 1 candidate_status { last_received { term: 0 index: 0 } } ignore_live_leader: false dest_uuid: "ed6131093bcd4808a1491b5e189c9e95" is_pre_election: true
I20260709 13:07:33.745532 23165 raft_consensus.cc:2468] T b95d19bbfd38494f84781cb7c25c4ecd P ed6131093bcd4808a1491b5e189c9e95 [term 0 FOLLOWER]: Leader pre-election vote request: Granting yes vote for candidate bce781cbe0124352a5634b87c4489b33 in term 0.
I20260709 13:07:33.746707 22982 leader_election.cc:304] T b95d19bbfd38494f84781cb7c25c4ecd P bce781cbe0124352a5634b87c4489b33 [CANDIDATE]: Term 1 pre-election: Election decided. Result: candidate won. Election summary: received 2 responses out of 3 voters: 2 yes votes; 0 no votes. yes voters: bce781cbe0124352a5634b87c4489b33, ed6131093bcd4808a1491b5e189c9e95; no voters: 
I20260709 13:07:33.747489 23232 raft_consensus.cc:2804] T b95d19bbfd38494f84781cb7c25c4ecd P bce781cbe0124352a5634b87c4489b33 [term 0 FOLLOWER]: Leader pre-election won for term 1
I20260709 13:07:33.748029 23232 raft_consensus.cc:493] T b95d19bbfd38494f84781cb7c25c4ecd P bce781cbe0124352a5634b87c4489b33 [term 0 FOLLOWER]: Starting leader election (no leader contacted us within the election timeout)
I20260709 13:07:33.748406 23232 raft_consensus.cc:3060] T b95d19bbfd38494f84781cb7c25c4ecd P bce781cbe0124352a5634b87c4489b33 [term 0 FOLLOWER]: Advancing to term 1
I20260709 13:07:33.748458 23234 consensus_queue.cc:1048] T f6f69770a2444ea198a95c23b23741bf P bce781cbe0124352a5634b87c4489b33 [LEADER]: Connected to new peer: Peer: permanent_uuid: "ed6131093bcd4808a1491b5e189c9e95" member_type: VOTER last_known_addr { host: "127.21.100.67" port: 43543 }, Status: LMP_MISMATCH, Last received: 0.0, Next index: 1, Last known committed idx: 0, Time since last communication: 0.000s
I20260709 13:07:33.744230 23231 raft_consensus.cc:515] T 3f200c21cae4412692804ff32734e194 P ed6131093bcd4808a1491b5e189c9e95 [term 1 FOLLOWER]: Starting leader election with config: opid_index: -1 OBSOLETE_local: false peers { permanent_uuid: "bce781cbe0124352a5634b87c4489b33" member_type: VOTER last_known_addr { host: "127.21.100.65" port: 35989 } } peers { permanent_uuid: "afa39ced7b2b4a8a85777545956b1d7b" member_type: VOTER last_known_addr { host: "127.21.100.66" port: 36287 } } peers { permanent_uuid: "ed6131093bcd4808a1491b5e189c9e95" member_type: VOTER last_known_addr { host: "127.21.100.67" port: 43543 } }
I20260709 13:07:33.754472 23017 tablet_service.cc:1917] Received RequestConsensusVote() RPC: tablet_id: "3f200c21cae4412692804ff32734e194" candidate_uuid: "ed6131093bcd4808a1491b5e189c9e95" candidate_term: 1 candidate_status { last_received { term: 0 index: 0 } } ignore_live_leader: false dest_uuid: "bce781cbe0124352a5634b87c4489b33"
I20260709 13:07:33.754992 23017 raft_consensus.cc:3060] T 3f200c21cae4412692804ff32734e194 P bce781cbe0124352a5634b87c4489b33 [term 0 FOLLOWER]: Advancing to term 1
I20260709 13:07:33.755170 23092 tablet_service.cc:1917] Received RequestConsensusVote() RPC: tablet_id: "b95d19bbfd38494f84781cb7c25c4ecd" candidate_uuid: "bce781cbe0124352a5634b87c4489b33" candidate_term: 1 candidate_status { last_received { term: 0 index: 0 } } ignore_live_leader: false dest_uuid: "afa39ced7b2b4a8a85777545956b1d7b" is_pre_election: true
W20260709 13:07:33.756445 22983 leader_election.cc:343] T b95d19bbfd38494f84781cb7c25c4ecd P bce781cbe0124352a5634b87c4489b33 [CANDIDATE]: Term 1 pre-election: Tablet error from VoteRequest() call to peer afa39ced7b2b4a8a85777545956b1d7b (127.21.100.66:36287): Illegal state: must be running to vote when last-logged opid is not known
I20260709 13:07:33.757660 23232 raft_consensus.cc:515] T b95d19bbfd38494f84781cb7c25c4ecd P bce781cbe0124352a5634b87c4489b33 [term 1 FOLLOWER]: Starting leader election with config: opid_index: -1 OBSOLETE_local: false peers { permanent_uuid: "bce781cbe0124352a5634b87c4489b33" member_type: VOTER last_known_addr { host: "127.21.100.65" port: 35989 } } peers { permanent_uuid: "afa39ced7b2b4a8a85777545956b1d7b" member_type: VOTER last_known_addr { host: "127.21.100.66" port: 36287 } } peers { permanent_uuid: "ed6131093bcd4808a1491b5e189c9e95" member_type: VOTER last_known_addr { host: "127.21.100.67" port: 43543 } }
I20260709 13:07:33.760191 23092 tablet_service.cc:1917] Received RequestConsensusVote() RPC: tablet_id: "b95d19bbfd38494f84781cb7c25c4ecd" candidate_uuid: "bce781cbe0124352a5634b87c4489b33" candidate_term: 1 candidate_status { last_received { term: 0 index: 0 } } ignore_live_leader: false dest_uuid: "afa39ced7b2b4a8a85777545956b1d7b"
I20260709 13:07:33.761183 23017 raft_consensus.cc:2468] T 3f200c21cae4412692804ff32734e194 P bce781cbe0124352a5634b87c4489b33 [term 1 FOLLOWER]: Leader election vote request: Granting yes vote for candidate ed6131093bcd4808a1491b5e189c9e95 in term 1.
W20260709 13:07:33.761353 22983 leader_election.cc:343] T b95d19bbfd38494f84781cb7c25c4ecd P bce781cbe0124352a5634b87c4489b33 [CANDIDATE]: Term 1 election: Tablet error from VoteRequest() call to peer afa39ced7b2b4a8a85777545956b1d7b (127.21.100.66:36287): Illegal state: must be running to vote when last-logged opid is not known
I20260709 13:07:33.762256 23132 leader_election.cc:304] T 3f200c21cae4412692804ff32734e194 P ed6131093bcd4808a1491b5e189c9e95 [CANDIDATE]: Term 1 election: Election decided. Result: candidate won. Election summary: received 2 responses out of 3 voters: 2 yes votes; 0 no votes. yes voters: bce781cbe0124352a5634b87c4489b33, ed6131093bcd4808a1491b5e189c9e95; no voters: 
I20260709 13:07:33.762403 23232 leader_election.cc:290] T b95d19bbfd38494f84781cb7c25c4ecd P bce781cbe0124352a5634b87c4489b33 [CANDIDATE]: Term 1 election: Requested vote from peers afa39ced7b2b4a8a85777545956b1d7b (127.21.100.66:36287), ed6131093bcd4808a1491b5e189c9e95 (127.21.100.67:43543)
I20260709 13:07:33.763012 23211 raft_consensus.cc:2804] T 3f200c21cae4412692804ff32734e194 P ed6131093bcd4808a1491b5e189c9e95 [term 1 FOLLOWER]: Leader election won for term 1
I20260709 13:07:33.763844 23166 tablet_service.cc:1917] Received RequestConsensusVote() RPC: tablet_id: "b95d19bbfd38494f84781cb7c25c4ecd" candidate_uuid: "bce781cbe0124352a5634b87c4489b33" candidate_term: 1 candidate_status { last_received { term: 0 index: 0 } } ignore_live_leader: false dest_uuid: "ed6131093bcd4808a1491b5e189c9e95"
I20260709 13:07:33.764324 23166 raft_consensus.cc:3060] T b95d19bbfd38494f84781cb7c25c4ecd P ed6131093bcd4808a1491b5e189c9e95 [term 0 FOLLOWER]: Advancing to term 1
I20260709 13:07:33.764441 23211 raft_consensus.cc:697] T 3f200c21cae4412692804ff32734e194 P ed6131093bcd4808a1491b5e189c9e95 [term 1 LEADER]: Becoming Leader. State: Replica: ed6131093bcd4808a1491b5e189c9e95, State: Running, Role: LEADER
I20260709 13:07:33.765424 23211 consensus_queue.cc:237] T 3f200c21cae4412692804ff32734e194 P ed6131093bcd4808a1491b5e189c9e95 [LEADER]: Queue going to LEADER mode. State: All replicated index: 0, Majority replicated index: 0, Committed index: 0, Last appended: 0.0, Last appended by leader: 0, Current term: 1, Majority size: 2, State: 0, Mode: LEADER, active raft config: opid_index: -1 OBSOLETE_local: false peers { permanent_uuid: "bce781cbe0124352a5634b87c4489b33" member_type: VOTER last_known_addr { host: "127.21.100.65" port: 35989 } } peers { permanent_uuid: "afa39ced7b2b4a8a85777545956b1d7b" member_type: VOTER last_known_addr { host: "127.21.100.66" port: 36287 } } peers { permanent_uuid: "ed6131093bcd4808a1491b5e189c9e95" member_type: VOTER last_known_addr { host: "127.21.100.67" port: 43543 } }
I20260709 13:07:33.768451 23092 tablet_service.cc:1917] Received RequestConsensusVote() RPC: tablet_id: "3f200c21cae4412692804ff32734e194" candidate_uuid: "ed6131093bcd4808a1491b5e189c9e95" candidate_term: 1 candidate_status { last_received { term: 0 index: 0 } } ignore_live_leader: false dest_uuid: "afa39ced7b2b4a8a85777545956b1d7b"
I20260709 13:07:33.768975 23092 raft_consensus.cc:3060] T 3f200c21cae4412692804ff32734e194 P afa39ced7b2b4a8a85777545956b1d7b [term 0 FOLLOWER]: Advancing to term 1
I20260709 13:07:33.770596 23166 raft_consensus.cc:2468] T b95d19bbfd38494f84781cb7c25c4ecd P ed6131093bcd4808a1491b5e189c9e95 [term 1 FOLLOWER]: Leader election vote request: Granting yes vote for candidate bce781cbe0124352a5634b87c4489b33 in term 1.
I20260709 13:07:33.771785 22982 leader_election.cc:304] T b95d19bbfd38494f84781cb7c25c4ecd P bce781cbe0124352a5634b87c4489b33 [CANDIDATE]: Term 1 election: Election decided. Result: candidate won. Election summary: received 3 responses out of 3 voters: 2 yes votes; 1 no votes. yes voters: bce781cbe0124352a5634b87c4489b33, ed6131093bcd4808a1491b5e189c9e95; no voters: afa39ced7b2b4a8a85777545956b1d7b
I20260709 13:07:33.772782 23232 raft_consensus.cc:2804] T b95d19bbfd38494f84781cb7c25c4ecd P bce781cbe0124352a5634b87c4489b33 [term 1 FOLLOWER]: Leader election won for term 1
I20260709 13:07:33.773211 23232 raft_consensus.cc:697] T b95d19bbfd38494f84781cb7c25c4ecd P bce781cbe0124352a5634b87c4489b33 [term 1 LEADER]: Becoming Leader. State: Replica: bce781cbe0124352a5634b87c4489b33, State: Running, Role: LEADER
I20260709 13:07:33.773762 23245 raft_consensus.cc:493] T 47d8821e329f40c78f49e35f2ead27ce P afa39ced7b2b4a8a85777545956b1d7b [term 0 FOLLOWER]: Starting pre-election (no leader contacted us within the election timeout)
I20260709 13:07:33.773916 23232 consensus_queue.cc:237] T b95d19bbfd38494f84781cb7c25c4ecd P bce781cbe0124352a5634b87c4489b33 [LEADER]: Queue going to LEADER mode. State: All replicated index: 0, Majority replicated index: 0, Committed index: 0, Last appended: 0.0, Last appended by leader: 0, Current term: 1, Majority size: 2, State: 0, Mode: LEADER, active raft config: opid_index: -1 OBSOLETE_local: false peers { permanent_uuid: "bce781cbe0124352a5634b87c4489b33" member_type: VOTER last_known_addr { host: "127.21.100.65" port: 35989 } } peers { permanent_uuid: "afa39ced7b2b4a8a85777545956b1d7b" member_type: VOTER last_known_addr { host: "127.21.100.66" port: 36287 } } peers { permanent_uuid: "ed6131093bcd4808a1491b5e189c9e95" member_type: VOTER last_known_addr { host: "127.21.100.67" port: 43543 } }
I20260709 13:07:33.774283 23245 raft_consensus.cc:515] T 47d8821e329f40c78f49e35f2ead27ce P afa39ced7b2b4a8a85777545956b1d7b [term 0 FOLLOWER]: Starting pre-election with config: opid_index: -1 OBSOLETE_local: false peers { permanent_uuid: "bce781cbe0124352a5634b87c4489b33" member_type: VOTER last_known_addr { host: "127.21.100.65" port: 35989 } } peers { permanent_uuid: "afa39ced7b2b4a8a85777545956b1d7b" member_type: VOTER last_known_addr { host: "127.21.100.66" port: 36287 } } peers { permanent_uuid: "ed6131093bcd4808a1491b5e189c9e95" member_type: VOTER last_known_addr { host: "127.21.100.67" port: 43543 } }
