I20260709 13:07:39.404619 21628 tablet_service.cc:1917] Received RequestConsensusVote() RPC: tablet_id: "c272e4b2dabd47d68da930be2709eed4" candidate_uuid: "be08e14415eb44eebfa8a3efde128383" candidate_term: 2 candidate_status { last_received { term: 0 index: 0 } } ignore_live_leader: false dest_uuid: "faf8830a0f5f450a85faf2fa4256a869"
I20260709 13:07:39.396386 21706 raft_consensus.cc:2468] T c272e4b2dabd47d68da930be2709eed4 P 0abdb85306fc48fc8a63ad26c37182a4 [term 2 FOLLOWER]: Leader election vote request: Granting yes vote for candidate be08e14415eb44eebfa8a3efde128383 in term 2.
I20260709 13:07:39.397902 21527 catalog_manager.cc:5697] T 96ef462a8a1f4465a29e1c59a3ca9107 P faf8830a0f5f450a85faf2fa4256a869 reported cstate change: term changed from 0 to 1, leader changed from <none> to faf8830a0f5f450a85faf2fa4256a869 (127.20.5.1). New cstate: current_term: 1 leader_uuid: "faf8830a0f5f450a85faf2fa4256a869" committed_config { opid_index: -1 OBSOLETE_local: false peers { permanent_uuid: "faf8830a0f5f450a85faf2fa4256a869" member_type: VOTER last_known_addr { host: "127.20.5.1" port: 39251 } health_report { overall_health: HEALTHY } } peers { permanent_uuid: "0abdb85306fc48fc8a63ad26c37182a4" member_type: VOTER last_known_addr { host: "127.20.5.2" port: 40989 } health_report { overall_health: UNKNOWN } } peers { permanent_uuid: "be08e14415eb44eebfa8a3efde128383" member_type: VOTER last_known_addr { host: "127.20.5.3" port: 34613 } health_report { overall_health: UNKNOWN } } }
I20260709 13:07:39.409883 21628 raft_consensus.cc:3060] T c272e4b2dabd47d68da930be2709eed4 P faf8830a0f5f450a85faf2fa4256a869 [term 1 FOLLOWER]: Advancing to term 2
I20260709 13:07:39.413734 21746 leader_election.cc:304] T c272e4b2dabd47d68da930be2709eed4 P be08e14415eb44eebfa8a3efde128383 [CANDIDATE]: Term 2 election: Election decided. Result: candidate won. Election summary: received 2 responses out of 3 voters: 2 yes votes; 0 no votes. yes voters: 0abdb85306fc48fc8a63ad26c37182a4, be08e14415eb44eebfa8a3efde128383; no voters: 
I20260709 13:07:39.414563 22025 raft_consensus.cc:2804] T c272e4b2dabd47d68da930be2709eed4 P be08e14415eb44eebfa8a3efde128383 [term 2 FOLLOWER]: Leader election won for term 2
I20260709 13:07:39.415064 22025 raft_consensus.cc:697] T c272e4b2dabd47d68da930be2709eed4 P be08e14415eb44eebfa8a3efde128383 [term 2 LEADER]: Becoming Leader. State: Replica: be08e14415eb44eebfa8a3efde128383, State: Running, Role: LEADER
I20260709 13:07:39.416002 22025 consensus_queue.cc:237] T c272e4b2dabd47d68da930be2709eed4 P be08e14415eb44eebfa8a3efde128383 [LEADER]: Queue going to LEADER mode. State: All replicated index: 0, Majority replicated index: 0, Committed index: 0, Last appended: 0.0, Last appended by leader: 0, Current term: 2, Majority size: 2, State: 0, Mode: LEADER, active raft config: opid_index: -1 OBSOLETE_local: false peers { permanent_uuid: "faf8830a0f5f450a85faf2fa4256a869" member_type: VOTER last_known_addr { host: "127.20.5.1" port: 39251 } } peers { permanent_uuid: "0abdb85306fc48fc8a63ad26c37182a4" member_type: VOTER last_known_addr { host: "127.20.5.2" port: 40989 } } peers { permanent_uuid: "be08e14415eb44eebfa8a3efde128383" member_type: VOTER last_known_addr { host: "127.20.5.3" port: 34613 } }
I20260709 13:07:39.397965 22028 leader_election.cc:290] T 6c0a1aa666ea47e7b8844706deca0f12 P be08e14415eb44eebfa8a3efde128383 [CANDIDATE]: Term 1 election: Requested vote from peers faf8830a0f5f450a85faf2fa4256a869 (127.20.5.1:39251), 0abdb85306fc48fc8a63ad26c37182a4 (127.20.5.2:40989)
I20260709 13:07:39.428400 21820 raft_consensus.cc:359] T ffe4f960f1de40bf82a4bb6c8ff7b4c0 P 0abdb85306fc48fc8a63ad26c37182a4 [term 0 FOLLOWER]: Replica starting. Triggering 0 pending ops. Active config: opid_index: -1 OBSOLETE_local: false peers { permanent_uuid: "faf8830a0f5f450a85faf2fa4256a869" member_type: VOTER last_known_addr { host: "127.20.5.1" port: 39251 } } peers { permanent_uuid: "0abdb85306fc48fc8a63ad26c37182a4" member_type: VOTER last_known_addr { host: "127.20.5.2" port: 40989 } } peers { permanent_uuid: "be08e14415eb44eebfa8a3efde128383" member_type: VOTER last_known_addr { host: "127.20.5.3" port: 34613 } }
I20260709 13:07:39.429160 21820 raft_consensus.cc:385] T ffe4f960f1de40bf82a4bb6c8ff7b4c0 P 0abdb85306fc48fc8a63ad26c37182a4 [term 0 FOLLOWER]: Consensus starting up: Expiring failure detector timer to make a prompt election more likely
I20260709 13:07:39.429420 21820 raft_consensus.cc:740] T ffe4f960f1de40bf82a4bb6c8ff7b4c0 P 0abdb85306fc48fc8a63ad26c37182a4 [term 0 FOLLOWER]: Becoming Follower/Learner. State: Replica: 0abdb85306fc48fc8a63ad26c37182a4, State: Initialized, Role: FOLLOWER
I20260709 13:07:39.431296 22027 raft_consensus.cc:515] T 005b21eb61444317b30e32d74d4d5773 P be08e14415eb44eebfa8a3efde128383 [term 1 FOLLOWER]: Starting leader election with config: opid_index: -1 OBSOLETE_local: false peers { permanent_uuid: "faf8830a0f5f450a85faf2fa4256a869" member_type: VOTER last_known_addr { host: "127.20.5.1" port: 39251 } } peers { permanent_uuid: "0abdb85306fc48fc8a63ad26c37182a4" member_type: VOTER last_known_addr { host: "127.20.5.2" port: 40989 } } peers { permanent_uuid: "be08e14415eb44eebfa8a3efde128383" member_type: VOTER last_known_addr { host: "127.20.5.3" port: 34613 } }
I20260709 13:07:39.432281 21628 raft_consensus.cc:2468] T c272e4b2dabd47d68da930be2709eed4 P faf8830a0f5f450a85faf2fa4256a869 [term 2 FOLLOWER]: Leader election vote request: Granting yes vote for candidate be08e14415eb44eebfa8a3efde128383 in term 2.
I20260709 13:07:39.425977 21629 raft_consensus.cc:2468] T 6c0a1aa666ea47e7b8844706deca0f12 P faf8830a0f5f450a85faf2fa4256a869 [term 1 FOLLOWER]: Leader election vote request: Granting yes vote for candidate be08e14415eb44eebfa8a3efde128383 in term 1.
I20260709 13:07:39.434185 21820 consensus_queue.cc:260] T ffe4f960f1de40bf82a4bb6c8ff7b4c0 P 0abdb85306fc48fc8a63ad26c37182a4 [NON_LEADER]: Queue going to NON_LEADER mode. State: All replicated index: 0, Majority replicated index: 0, Committed index: 0, Last appended: 0.0, Last appended by leader: 0, Current term: 0, Majority size: -1, State: 0, Mode: NON_LEADER, active raft config: opid_index: -1 OBSOLETE_local: false peers { permanent_uuid: "faf8830a0f5f450a85faf2fa4256a869" member_type: VOTER last_known_addr { host: "127.20.5.1" port: 39251 } } peers { permanent_uuid: "0abdb85306fc48fc8a63ad26c37182a4" member_type: VOTER last_known_addr { host: "127.20.5.2" port: 40989 } } peers { permanent_uuid: "be08e14415eb44eebfa8a3efde128383" member_type: VOTER last_known_addr { host: "127.20.5.3" port: 34613 } }
I20260709 13:07:39.440065 21705 raft_consensus.cc:2468] T 6c0a1aa666ea47e7b8844706deca0f12 P 0abdb85306fc48fc8a63ad26c37182a4 [term 1 FOLLOWER]: Leader election vote request: Granting yes vote for candidate be08e14415eb44eebfa8a3efde128383 in term 1.
I20260709 13:07:39.442448 21820 ts_tablet_manager.cc:1434] T ffe4f960f1de40bf82a4bb6c8ff7b4c0 P 0abdb85306fc48fc8a63ad26c37182a4: Time spent starting tablet: real 0.062s	user 0.006s	sys 0.001s
I20260709 13:07:39.444289 22027 leader_election.cc:290] T 005b21eb61444317b30e32d74d4d5773 P be08e14415eb44eebfa8a3efde128383 [CANDIDATE]: Term 1 election: Requested vote from peers faf8830a0f5f450a85faf2fa4256a869 (127.20.5.1:39251), 0abdb85306fc48fc8a63ad26c37182a4 (127.20.5.2:40989)
I20260709 13:07:39.446233 21745 leader_election.cc:304] T 6c0a1aa666ea47e7b8844706deca0f12 P be08e14415eb44eebfa8a3efde128383 [CANDIDATE]: Term 1 election: Election decided. Result: candidate won. Election summary: received 2 responses out of 3 voters: 2 yes votes; 0 no votes. yes voters: be08e14415eb44eebfa8a3efde128383, faf8830a0f5f450a85faf2fa4256a869; no voters: 
I20260709 13:07:39.443703 21526 catalog_manager.cc:5697] T 8b8a43937c8447b989051aa035dc3942 P be08e14415eb44eebfa8a3efde128383 reported cstate change: term changed from 0 to 2, leader changed from <none> to be08e14415eb44eebfa8a3efde128383 (127.20.5.3). New cstate: current_term: 2 leader_uuid: "be08e14415eb44eebfa8a3efde128383" committed_config { opid_index: -1 OBSOLETE_local: false peers { permanent_uuid: "faf8830a0f5f450a85faf2fa4256a869" member_type: VOTER last_known_addr { host: "127.20.5.1" port: 39251 } health_report { overall_health: UNKNOWN } } peers { permanent_uuid: "0abdb85306fc48fc8a63ad26c37182a4" member_type: VOTER last_known_addr { host: "127.20.5.2" port: 40989 } health_report { overall_health: UNKNOWN } } peers { permanent_uuid: "be08e14415eb44eebfa8a3efde128383" member_type: VOTER last_known_addr { host: "127.20.5.3" port: 34613 } health_report { overall_health: HEALTHY } } }
I20260709 13:07:39.447948 21822 tablet_bootstrap.cc:654] T c6bb161aa3df4b71a53283bdf8d51ded P be08e14415eb44eebfa8a3efde128383: Neither blocks nor log segments found. Creating new log.
I20260709 13:07:39.453279 21706 tablet_service.cc:1917] Received RequestConsensusVote() RPC: tablet_id: "005b21eb61444317b30e32d74d4d5773" candidate_uuid: "be08e14415eb44eebfa8a3efde128383" candidate_term: 1 candidate_status { last_received { term: 0 index: 0 } } ignore_live_leader: false dest_uuid: "0abdb85306fc48fc8a63ad26c37182a4"
I20260709 13:07:39.448328 21629 tablet_service.cc:1917] Received RequestConsensusVote() RPC: tablet_id: "005b21eb61444317b30e32d74d4d5773" candidate_uuid: "be08e14415eb44eebfa8a3efde128383" candidate_term: 1 candidate_status { last_received { term: 0 index: 0 } } ignore_live_leader: false dest_uuid: "faf8830a0f5f450a85faf2fa4256a869"
W20260709 13:07:39.454680 21746 leader_election.cc:343] T 005b21eb61444317b30e32d74d4d5773 P be08e14415eb44eebfa8a3efde128383 [CANDIDATE]: Term 1 election: Tablet error from VoteRequest() call to peer 0abdb85306fc48fc8a63ad26c37182a4 (127.20.5.2:40989): Illegal state: must be running to vote when last-logged opid is not known
I20260709 13:07:39.454885 21629 raft_consensus.cc:3060] T 005b21eb61444317b30e32d74d4d5773 P faf8830a0f5f450a85faf2fa4256a869 [term 0 FOLLOWER]: Advancing to term 1
I20260709 13:07:39.457890 21820 tablet_bootstrap.cc:492] T c6bb161aa3df4b71a53283bdf8d51ded P 0abdb85306fc48fc8a63ad26c37182a4: Bootstrap starting.
I20260709 13:07:39.448519 22027 raft_consensus.cc:2804] T 6c0a1aa666ea47e7b8844706deca0f12 P be08e14415eb44eebfa8a3efde128383 [term 1 FOLLOWER]: Leader election won for term 1
I20260709 13:07:39.465342 22027 raft_consensus.cc:697] T 6c0a1aa666ea47e7b8844706deca0f12 P be08e14415eb44eebfa8a3efde128383 [term 1 LEADER]: Becoming Leader. State: Replica: be08e14415eb44eebfa8a3efde128383, State: Running, Role: LEADER
I20260709 13:07:39.467422 22027 consensus_queue.cc:237] T 6c0a1aa666ea47e7b8844706deca0f12 P be08e14415eb44eebfa8a3efde128383 [LEADER]: Queue going to LEADER mode. State: All replicated index: 0, Majority replicated index: 0, Committed index: 0, Last appended: 0.0, Last appended by leader: 0, Current term: 1, Majority size: 2, State: 0, Mode: LEADER, active raft config: opid_index: -1 OBSOLETE_local: false peers { permanent_uuid: "faf8830a0f5f450a85faf2fa4256a869" member_type: VOTER last_known_addr { host: "127.20.5.1" port: 39251 } } peers { permanent_uuid: "0abdb85306fc48fc8a63ad26c37182a4" member_type: VOTER last_known_addr { host: "127.20.5.2" port: 40989 } } peers { permanent_uuid: "be08e14415eb44eebfa8a3efde128383" member_type: VOTER last_known_addr { host: "127.20.5.3" port: 34613 } }
I20260709 13:07:39.473435 21629 raft_consensus.cc:2468] T 005b21eb61444317b30e32d74d4d5773 P faf8830a0f5f450a85faf2fa4256a869 [term 1 FOLLOWER]: Leader election vote request: Granting yes vote for candidate be08e14415eb44eebfa8a3efde128383 in term 1.
I20260709 13:07:39.474960 21745 leader_election.cc:304] T 005b21eb61444317b30e32d74d4d5773 P be08e14415eb44eebfa8a3efde128383 [CANDIDATE]: Term 1 election: Election decided. Result: candidate won. Election summary: received 3 responses out of 3 voters: 2 yes votes; 1 no votes. yes voters: be08e14415eb44eebfa8a3efde128383, faf8830a0f5f450a85faf2fa4256a869; no voters: 0abdb85306fc48fc8a63ad26c37182a4
I20260709 13:07:39.476436 22025 raft_consensus.cc:2804] T 005b21eb61444317b30e32d74d4d5773 P be08e14415eb44eebfa8a3efde128383 [term 1 FOLLOWER]: Leader election won for term 1
I20260709 13:07:39.477211 22025 raft_consensus.cc:697] T 005b21eb61444317b30e32d74d4d5773 P be08e14415eb44eebfa8a3efde128383 [term 1 LEADER]: Becoming Leader. State: Replica: be08e14415eb44eebfa8a3efde128383, State: Running, Role: LEADER
I20260709 13:07:39.478020 22025 consensus_queue.cc:237] T 005b21eb61444317b30e32d74d4d5773 P be08e14415eb44eebfa8a3efde128383 [LEADER]: Queue going to LEADER mode. State: All replicated index: 0, Majority replicated index: 0, Committed index: 0, Last appended: 0.0, Last appended by leader: 0, Current term: 1, Majority size: 2, State: 0, Mode: LEADER, active raft config: opid_index: -1 OBSOLETE_local: false peers { permanent_uuid: "faf8830a0f5f450a85faf2fa4256a869" member_type: VOTER last_known_addr { host: "127.20.5.1" port: 39251 } } peers { permanent_uuid: "0abdb85306fc48fc8a63ad26c37182a4" member_type: VOTER last_known_addr { host: "127.20.5.2" port: 40989 } } peers { permanent_uuid: "be08e14415eb44eebfa8a3efde128383" member_type: VOTER last_known_addr { host: "127.20.5.3" port: 34613 } }
I20260709 13:07:39.487295 22001 raft_consensus.cc:493] T e8eb662d27814ae4945f4aad33580b1e P faf8830a0f5f450a85faf2fa4256a869 [term 0 FOLLOWER]: Starting pre-election (no leader contacted us within the election timeout)
I20260709 13:07:39.488019 22001 raft_consensus.cc:515] T e8eb662d27814ae4945f4aad33580b1e P faf8830a0f5f450a85faf2fa4256a869 [term 0 FOLLOWER]: Starting pre-election with config: opid_index: -1 OBSOLETE_local: false peers { permanent_uuid: "faf8830a0f5f450a85faf2fa4256a869" member_type: VOTER last_known_addr { host: "127.20.5.1" port: 39251 } } peers { permanent_uuid: "0abdb85306fc48fc8a63ad26c37182a4" member_type: VOTER last_known_addr { host: "127.20.5.2" port: 40989 } } peers { permanent_uuid: "be08e14415eb44eebfa8a3efde128383" member_type: VOTER last_known_addr { host: "127.20.5.3" port: 34613 } }
I20260709 13:07:39.489418 21823 tablet_bootstrap.cc:492] T ffe4f960f1de40bf82a4bb6c8ff7b4c0 P faf8830a0f5f450a85faf2fa4256a869: No bootstrap required, opened a new log
I20260709 13:07:39.490130 21823 ts_tablet_manager.cc:1403] T ffe4f960f1de40bf82a4bb6c8ff7b4c0 P faf8830a0f5f450a85faf2fa4256a869: Time spent bootstrapping tablet: real 0.173s	user 0.009s	sys 0.006s
I20260709 13:07:39.491154 21820 tablet_bootstrap.cc:654] T c6bb161aa3df4b71a53283bdf8d51ded P 0abdb85306fc48fc8a63ad26c37182a4: Neither blocks nor log segments found. Creating new log.
I20260709 13:07:39.493372 21705 tablet_service.cc:1917] Received RequestConsensusVote() RPC: tablet_id: "e8eb662d27814ae4945f4aad33580b1e" candidate_uuid: "faf8830a0f5f450a85faf2fa4256a869" candidate_term: 1 candidate_status { last_received { term: 0 index: 0 } } ignore_live_leader: false dest_uuid: "0abdb85306fc48fc8a63ad26c37182a4" is_pre_election: true
I20260709 13:07:39.494359 22001 leader_election.cc:290] T e8eb662d27814ae4945f4aad33580b1e P faf8830a0f5f450a85faf2fa4256a869 [CANDIDATE]: Term 1 pre-election: Requested pre-vote from peers 0abdb85306fc48fc8a63ad26c37182a4 (127.20.5.2:40989), be08e14415eb44eebfa8a3efde128383 (127.20.5.3:34613)
W20260709 13:07:39.494818 21597 leader_election.cc:343] T e8eb662d27814ae4945f4aad33580b1e P faf8830a0f5f450a85faf2fa4256a869 [CANDIDATE]: Term 1 pre-election: Tablet error from VoteRequest() call to peer 0abdb85306fc48fc8a63ad26c37182a4 (127.20.5.2:40989): Illegal state: must be running to vote when last-logged opid is not known
I20260709 13:07:39.494640 21779 tablet_service.cc:1917] Received RequestConsensusVote() RPC: tablet_id: "e8eb662d27814ae4945f4aad33580b1e" candidate_uuid: "faf8830a0f5f450a85faf2fa4256a869" candidate_term: 1 candidate_status { last_received { term: 0 index: 0 } } ignore_live_leader: false dest_uuid: "be08e14415eb44eebfa8a3efde128383" is_pre_election: true
I20260709 13:07:39.496013 21822 tablet_bootstrap.cc:492] T c6bb161aa3df4b71a53283bdf8d51ded P be08e14415eb44eebfa8a3efde128383: No bootstrap required, opened a new log
I20260709 13:07:39.496573 21822 ts_tablet_manager.cc:1403] T c6bb161aa3df4b71a53283bdf8d51ded P be08e14415eb44eebfa8a3efde128383: Time spent bootstrapping tablet: real 0.125s	user 0.014s	sys 0.006s
W20260709 13:07:39.497678 21594 leader_election.cc:343] T e8eb662d27814ae4945f4aad33580b1e P faf8830a0f5f450a85faf2fa4256a869 [CANDIDATE]: Term 1 pre-election: Tablet error from VoteRequest() call to peer be08e14415eb44eebfa8a3efde128383 (127.20.5.3:34613): Illegal state: must be running to vote when last-logged opid is not known
I20260709 13:07:39.497730 21823 raft_consensus.cc:359] T ffe4f960f1de40bf82a4bb6c8ff7b4c0 P faf8830a0f5f450a85faf2fa4256a869 [term 0 FOLLOWER]: Replica starting. Triggering 0 pending ops. Active config: opid_index: -1 OBSOLETE_local: false peers { permanent_uuid: "faf8830a0f5f450a85faf2fa4256a869" member_type: VOTER last_known_addr { host: "127.20.5.1" port: 39251 } } peers { permanent_uuid: "0abdb85306fc48fc8a63ad26c37182a4" member_type: VOTER last_known_addr { host: "127.20.5.2" port: 40989 } } peers { permanent_uuid: "be08e14415eb44eebfa8a3efde128383" member_type: VOTER last_known_addr { host: "127.20.5.3" port: 34613 } }
I20260709 13:07:39.498705 21823 raft_consensus.cc:385] T ffe4f960f1de40bf82a4bb6c8ff7b4c0 P faf8830a0f5f450a85faf2fa4256a869 [term 0 FOLLOWER]: Consensus starting up: Expiring failure detector timer to make a prompt election more likely
I20260709 13:07:39.498544 21594 leader_election.cc:304] T e8eb662d27814ae4945f4aad33580b1e P faf8830a0f5f450a85faf2fa4256a869 [CANDIDATE]: Term 1 pre-election: Election decided. Result: candidate lost. Election summary: received 3 responses out of 3 voters: 1 yes votes; 2 no votes. yes voters: faf8830a0f5f450a85faf2fa4256a869; no voters: 0abdb85306fc48fc8a63ad26c37182a4, be08e14415eb44eebfa8a3efde128383
I20260709 13:07:39.499050 21823 raft_consensus.cc:740] T ffe4f960f1de40bf82a4bb6c8ff7b4c0 P faf8830a0f5f450a85faf2fa4256a869 [term 0 FOLLOWER]: Becoming Follower/Learner. State: Replica: faf8830a0f5f450a85faf2fa4256a869, State: Initialized, Role: FOLLOWER
I20260709 13:07:39.499818 21823 consensus_queue.cc:260] T ffe4f960f1de40bf82a4bb6c8ff7b4c0 P faf8830a0f5f450a85faf2fa4256a869 [NON_LEADER]: Queue going to NON_LEADER mode. State: All replicated index: 0, Majority replicated index: 0, Committed index: 0, Last appended: 0.0, Last appended by leader: 0, Current term: 0, Majority size: -1, State: 0, Mode: NON_LEADER, active raft config: opid_index: -1 OBSOLETE_local: false peers { permanent_uuid: "faf8830a0f5f450a85faf2fa4256a869" member_type: VOTER last_known_addr { host: "127.20.5.1" port: 39251 } } peers { permanent_uuid: "0abdb85306fc48fc8a63ad26c37182a4" member_type: VOTER last_known_addr { host: "127.20.5.2" port: 40989 } } peers { permanent_uuid: "be08e14415eb44eebfa8a3efde128383" member_type: VOTER last_known_addr { host: "127.20.5.3" port: 34613 } }
I20260709 13:07:39.500108 22001 raft_consensus.cc:2749] T e8eb662d27814ae4945f4aad33580b1e P faf8830a0f5f450a85faf2fa4256a869 [term 0 FOLLOWER]: Leader pre-election lost for term 1. Reason: could not achieve majority
I20260709 13:07:39.506832 21823 ts_tablet_manager.cc:1434] T ffe4f960f1de40bf82a4bb6c8ff7b4c0 P faf8830a0f5f450a85faf2fa4256a869: Time spent starting tablet: real 0.016s	user 0.007s	sys 0.001s
I20260709 13:07:39.515573 21822 raft_consensus.cc:359] T c6bb161aa3df4b71a53283bdf8d51ded P be08e14415eb44eebfa8a3efde128383 [term 0 FOLLOWER]: Replica starting. Triggering 0 pending ops. Active config: opid_index: -1 OBSOLETE_local: false peers { permanent_uuid: "faf8830a0f5f450a85faf2fa4256a869" member_type: VOTER last_known_addr { host: "127.20.5.1" port: 39251 } } peers { permanent_uuid: "0abdb85306fc48fc8a63ad26c37182a4" member_type: VOTER last_known_addr { host: "127.20.5.2" port: 40989 } } peers { permanent_uuid: "be08e14415eb44eebfa8a3efde128383" member_type: VOTER last_known_addr { host: "127.20.5.3" port: 34613 } }
I20260709 13:07:39.533777 21823 tablet_bootstrap.cc:492] T c6bb161aa3df4b71a53283bdf8d51ded P faf8830a0f5f450a85faf2fa4256a869: Bootstrap starting.
I20260709 13:07:39.535633 21820 tablet_bootstrap.cc:492] T c6bb161aa3df4b71a53283bdf8d51ded P 0abdb85306fc48fc8a63ad26c37182a4: No bootstrap required, opened a new log
I20260709 13:07:39.536145 21820 ts_tablet_manager.cc:1403] T c6bb161aa3df4b71a53283bdf8d51ded P 0abdb85306fc48fc8a63ad26c37182a4: Time spent bootstrapping tablet: real 0.079s	user 0.012s	sys 0.001s
I20260709 13:07:39.533828 21822 raft_consensus.cc:385] T c6bb161aa3df4b71a53283bdf8d51ded P be08e14415eb44eebfa8a3efde128383 [term 0 FOLLOWER]: Consensus starting up: Expiring failure detector timer to make a prompt election more likely
I20260709 13:07:39.536706 21822 raft_consensus.cc:740] T c6bb161aa3df4b71a53283bdf8d51ded P be08e14415eb44eebfa8a3efde128383 [term 0 FOLLOWER]: Becoming Follower/Learner. State: Replica: be08e14415eb44eebfa8a3efde128383, State: Initialized, Role: FOLLOWER
I20260709 13:07:39.537545 21822 consensus_queue.cc:260] T c6bb161aa3df4b71a53283bdf8d51ded P be08e14415eb44eebfa8a3efde128383 [NON_LEADER]: Queue going to NON_LEADER mode. State: All replicated index: 0, Majority replicated index: 0, Committed index: 0, Last appended: 0.0, Last appended by leader: 0, Current term: 0, Majority size: -1, State: 0, Mode: NON_LEADER, active raft config: opid_index: -1 OBSOLETE_local: false peers { permanent_uuid: "faf8830a0f5f450a85faf2fa4256a869" member_type: VOTER last_known_addr { host: "127.20.5.1" port: 39251 } } peers { permanent_uuid: "0abdb85306fc48fc8a63ad26c37182a4" member_type: VOTER last_known_addr { host: "127.20.5.2" port: 40989 } } peers { permanent_uuid: "be08e14415eb44eebfa8a3efde128383" member_type: VOTER last_known_addr { host: "127.20.5.3" port: 34613 } }
I20260709 13:07:39.539513 21820 raft_consensus.cc:359] T c6bb161aa3df4b71a53283bdf8d51ded P 0abdb85306fc48fc8a63ad26c37182a4 [term 0 FOLLOWER]: Replica starting. Triggering 0 pending ops. Active config: opid_index: -1 OBSOLETE_local: false peers { permanent_uuid: "faf8830a0f5f450a85faf2fa4256a869" member_type: VOTER last_known_addr { host: "127.20.5.1" port: 39251 } } peers { permanent_uuid: "0abdb85306fc48fc8a63ad26c37182a4" member_type: VOTER last_known_addr { host: "127.20.5.2" port: 40989 } } peers { permanent_uuid: "be08e14415eb44eebfa8a3efde128383" member_type: VOTER last_known_addr { host: "127.20.5.3" port: 34613 } }
I20260709 13:07:39.540284 21820 raft_consensus.cc:385] T c6bb161aa3df4b71a53283bdf8d51ded P 0abdb85306fc48fc8a63ad26c37182a4 [term 0 FOLLOWER]: Consensus starting up: Expiring failure detector timer to make a prompt election more likely
I20260709 13:07:39.544781 21820 raft_consensus.cc:740] T c6bb161aa3df4b71a53283bdf8d51ded P 0abdb85306fc48fc8a63ad26c37182a4 [term 0 FOLLOWER]: Becoming Follower/Learner. State: Replica: 0abdb85306fc48fc8a63ad26c37182a4, State: Initialized, Role: FOLLOWER
I20260709 13:07:39.543969 21878 raft_consensus.cc:493] T ffe4f960f1de40bf82a4bb6c8ff7b4c0 P 0abdb85306fc48fc8a63ad26c37182a4 [term 0 FOLLOWER]: Starting pre-election (no leader contacted us within the election timeout)
I20260709 13:07:39.545677 21878 raft_consensus.cc:515] T ffe4f960f1de40bf82a4bb6c8ff7b4c0 P 0abdb85306fc48fc8a63ad26c37182a4 [term 0 FOLLOWER]: Starting pre-election with config: opid_index: -1 OBSOLETE_local: false peers { permanent_uuid: "faf8830a0f5f450a85faf2fa4256a869" member_type: VOTER last_known_addr { host: "127.20.5.1" port: 39251 } } peers { permanent_uuid: "0abdb85306fc48fc8a63ad26c37182a4" member_type: VOTER last_known_addr { host: "127.20.5.2" port: 40989 } } peers { permanent_uuid: "be08e14415eb44eebfa8a3efde128383" member_type: VOTER last_known_addr { host: "127.20.5.3" port: 34613 } }
I20260709 13:07:39.545915 21820 consensus_queue.cc:260] T c6bb161aa3df4b71a53283bdf8d51ded P 0abdb85306fc48fc8a63ad26c37182a4 [NON_LEADER]: Queue going to NON_LEADER mode. State: All replicated index: 0, Majority replicated index: 0, Committed index: 0, Last appended: 0.0, Last appended by leader: 0, Current term: 0, Majority size: -1, State: 0, Mode: NON_LEADER, active raft config: opid_index: -1 OBSOLETE_local: false peers { permanent_uuid: "faf8830a0f5f450a85faf2fa4256a869" member_type: VOTER last_known_addr { host: "127.20.5.1" port: 39251 } } peers { permanent_uuid: "0abdb85306fc48fc8a63ad26c37182a4" member_type: VOTER last_known_addr { host: "127.20.5.2" port: 40989 } } peers { permanent_uuid: "be08e14415eb44eebfa8a3efde128383" member_type: VOTER last_known_addr { host: "127.20.5.3" port: 34613 } }
I20260709 13:07:39.547026 21823 tablet_bootstrap.cc:654] T c6bb161aa3df4b71a53283bdf8d51ded P faf8830a0f5f450a85faf2fa4256a869: Neither blocks nor log segments found. Creating new log.
I20260709 13:07:39.547945 21878 leader_election.cc:290] T ffe4f960f1de40bf82a4bb6c8ff7b4c0 P 0abdb85306fc48fc8a63ad26c37182a4 [CANDIDATE]: Term 1 pre-election: Requested pre-vote from peers faf8830a0f5f450a85faf2fa4256a869 (127.20.5.1:39251), be08e14415eb44eebfa8a3efde128383 (127.20.5.3:34613)
I20260709 13:07:39.542841 21526 catalog_manager.cc:5697] T c272e4b2dabd47d68da930be2709eed4 P be08e14415eb44eebfa8a3efde128383 reported cstate change: term changed from 0 to 2, leader changed from <none> to be08e14415eb44eebfa8a3efde128383 (127.20.5.3). New cstate: current_term: 2 leader_uuid: "be08e14415eb44eebfa8a3efde128383" committed_config { opid_index: -1 OBSOLETE_local: false peers { permanent_uuid: "faf8830a0f5f450a85faf2fa4256a869" member_type: VOTER last_known_addr { host: "127.20.5.1" port: 39251 } health_report { overall_health: UNKNOWN } } peers { permanent_uuid: "0abdb85306fc48fc8a63ad26c37182a4" member_type: VOTER last_known_addr { host: "127.20.5.2" port: 40989 } health_report { overall_health: UNKNOWN } } peers { permanent_uuid: "be08e14415eb44eebfa8a3efde128383" member_type: VOTER last_known_addr { host: "127.20.5.3" port: 34613 } health_report { overall_health: HEALTHY } } }
I20260709 13:07:39.540141 21822 ts_tablet_manager.cc:1434] T c6bb161aa3df4b71a53283bdf8d51ded P be08e14415eb44eebfa8a3efde128383: Time spent starting tablet: real 0.043s	user 0.009s	sys 0.002s
I20260709 13:07:39.553088 21628 tablet_service.cc:1917] Received RequestConsensusVote() RPC: tablet_id: "ffe4f960f1de40bf82a4bb6c8ff7b4c0" candidate_uuid: "0abdb85306fc48fc8a63ad26c37182a4" candidate_term: 1 candidate_status { last_received { term: 0 index: 0 } } ignore_live_leader: false dest_uuid: "faf8830a0f5f450a85faf2fa4256a869" is_pre_election: true
I20260709 13:07:39.549297 21779 tablet_service.cc:1917] Received RequestConsensusVote() RPC: tablet_id: "ffe4f960f1de40bf82a4bb6c8ff7b4c0" candidate_uuid: "0abdb85306fc48fc8a63ad26c37182a4" candidate_term: 1 candidate_status { last_received { term: 0 index: 0 } } ignore_live_leader: false dest_uuid: "be08e14415eb44eebfa8a3efde128383" is_pre_election: true
I20260709 13:07:39.555320 21628 raft_consensus.cc:2468] T ffe4f960f1de40bf82a4bb6c8ff7b4c0 P faf8830a0f5f450a85faf2fa4256a869 [term 0 FOLLOWER]: Leader pre-election vote request: Granting yes vote for candidate 0abdb85306fc48fc8a63ad26c37182a4 in term 0.
I20260709 13:07:39.555765 21779 raft_consensus.cc:2468] T ffe4f960f1de40bf82a4bb6c8ff7b4c0 P be08e14415eb44eebfa8a3efde128383 [term 0 FOLLOWER]: Leader pre-election vote request: Granting yes vote for candidate 0abdb85306fc48fc8a63ad26c37182a4 in term 0.
I20260709 13:07:39.558645 21671 leader_election.cc:304] T ffe4f960f1de40bf82a4bb6c8ff7b4c0 P 0abdb85306fc48fc8a63ad26c37182a4 [CANDIDATE]: Term 1 pre-election: Election decided. Result: candidate won. Election summary: received 2 responses out of 3 voters: 2 yes votes; 0 no votes. yes voters: 0abdb85306fc48fc8a63ad26c37182a4, faf8830a0f5f450a85faf2fa4256a869; no voters: 
I20260709 13:07:39.560060 21878 raft_consensus.cc:2804] T ffe4f960f1de40bf82a4bb6c8ff7b4c0 P 0abdb85306fc48fc8a63ad26c37182a4 [term 0 FOLLOWER]: Leader pre-election won for term 1
I20260709 13:07:39.554833 21820 ts_tablet_manager.cc:1434] T c6bb161aa3df4b71a53283bdf8d51ded P 0abdb85306fc48fc8a63ad26c37182a4: Time spent starting tablet: real 0.018s	user 0.009s	sys 0.000s
I20260709 13:07:39.560830 21878 raft_consensus.cc:493] T ffe4f960f1de40bf82a4bb6c8ff7b4c0 P 0abdb85306fc48fc8a63ad26c37182a4 [term 0 FOLLOWER]: Starting leader election (no leader contacted us within the election timeout)
I20260709 13:07:39.561785 21878 raft_consensus.cc:3060] T ffe4f960f1de40bf82a4bb6c8ff7b4c0 P 0abdb85306fc48fc8a63ad26c37182a4 [term 0 FOLLOWER]: Advancing to term 1
I20260709 13:07:39.562270 21820 tablet_bootstrap.cc:492] T 730ab0e9ead14391ab6db7ba5dc76d80 P 0abdb85306fc48fc8a63ad26c37182a4: Bootstrap starting.
I20260709 13:07:39.555928 21822 tablet_bootstrap.cc:492] T 84f8b730cc9342309114abf3429356e5 P be08e14415eb44eebfa8a3efde128383: Bootstrap starting.
I20260709 13:07:39.554821 21526 catalog_manager.cc:5697] T 6c0a1aa666ea47e7b8844706deca0f12 P be08e14415eb44eebfa8a3efde128383 reported cstate change: term changed from 0 to 1, leader changed from <none> to be08e14415eb44eebfa8a3efde128383 (127.20.5.3). New cstate: current_term: 1 leader_uuid: "be08e14415eb44eebfa8a3efde128383" committed_config { opid_index: -1 OBSOLETE_local: false peers { permanent_uuid: "faf8830a0f5f450a85faf2fa4256a869" member_type: VOTER last_known_addr { host: "127.20.5.1" port: 39251 } health_report { overall_health: UNKNOWN } } peers { permanent_uuid: "0abdb85306fc48fc8a63ad26c37182a4" member_type: VOTER last_known_addr { host: "127.20.5.2" port: 40989 } health_report { overall_health: UNKNOWN } } peers { permanent_uuid: "be08e14415eb44eebfa8a3efde128383" member_type: VOTER last_known_addr { host: "127.20.5.3" port: 34613 } health_report { overall_health: HEALTHY } } }
I20260709 13:07:39.571931 21526 catalog_manager.cc:5697] T 005b21eb61444317b30e32d74d4d5773 P be08e14415eb44eebfa8a3efde128383 reported cstate change: term changed from 0 to 1, leader changed from <none> to be08e14415eb44eebfa8a3efde128383 (127.20.5.3). New cstate: current_term: 1 leader_uuid: "be08e14415eb44eebfa8a3efde128383" committed_config { opid_index: -1 OBSOLETE_local: false peers { permanent_uuid: "faf8830a0f5f450a85faf2fa4256a869" member_type: VOTER last_known_addr { host: "127.20.5.1" port: 39251 } health_report { overall_health: UNKNOWN } } peers { permanent_uuid: "0abdb85306fc48fc8a63ad26c37182a4" member_type: VOTER last_known_addr { host: "127.20.5.2" port: 40989 } health_report { overall_health: UNKNOWN } } peers { permanent_uuid: "be08e14415eb44eebfa8a3efde128383" member_type: VOTER last_known_addr { host: "127.20.5.3" port: 34613 } health_report { overall_health: HEALTHY } } }
I20260709 13:07:39.578850 21823 tablet_bootstrap.cc:492] T c6bb161aa3df4b71a53283bdf8d51ded P faf8830a0f5f450a85faf2fa4256a869: No bootstrap required, opened a new log
I20260709 13:07:39.579404 21823 ts_tablet_manager.cc:1403] T c6bb161aa3df4b71a53283bdf8d51ded P faf8830a0f5f450a85faf2fa4256a869: Time spent bootstrapping tablet: real 0.046s	user 0.009s	sys 0.006s
I20260709 13:07:39.577148 21878 raft_consensus.cc:515] T ffe4f960f1de40bf82a4bb6c8ff7b4c0 P 0abdb85306fc48fc8a63ad26c37182a4 [term 1 FOLLOWER]: Starting leader election with config: opid_index: -1 OBSOLETE_local: false peers { permanent_uuid: "faf8830a0f5f450a85faf2fa4256a869" member_type: VOTER last_known_addr { host: "127.20.5.1" port: 39251 } } peers { permanent_uuid: "0abdb85306fc48fc8a63ad26c37182a4" member_type: VOTER last_known_addr { host: "127.20.5.2" port: 40989 } } peers { permanent_uuid: "be08e14415eb44eebfa8a3efde128383" member_type: VOTER last_known_addr { host: "127.20.5.3" port: 34613 } }
I20260709 13:07:39.581633 21822 tablet_bootstrap.cc:654] T 84f8b730cc9342309114abf3429356e5 P be08e14415eb44eebfa8a3efde128383: Neither blocks nor log segments found. Creating new log.
I20260709 13:07:39.589223 21820 tablet_bootstrap.cc:654] T 730ab0e9ead14391ab6db7ba5dc76d80 P 0abdb85306fc48fc8a63ad26c37182a4: Neither blocks nor log segments found. Creating new log.
I20260709 13:07:39.592339 21878 leader_election.cc:290] T ffe4f960f1de40bf82a4bb6c8ff7b4c0 P 0abdb85306fc48fc8a63ad26c37182a4 [CANDIDATE]: Term 1 election: Requested vote from peers faf8830a0f5f450a85faf2fa4256a869 (127.20.5.1:39251), be08e14415eb44eebfa8a3efde128383 (127.20.5.3:34613)
I20260709 13:07:39.593585 21779 tablet_service.cc:1917] Received RequestConsensusVote() RPC: tablet_id: "ffe4f960f1de40bf82a4bb6c8ff7b4c0" candidate_uuid: "0abdb85306fc48fc8a63ad26c37182a4" candidate_term: 1 candidate_status { last_received { term: 0 index: 0 } } ignore_live_leader: false dest_uuid: "be08e14415eb44eebfa8a3efde128383"
I20260709 13:07:39.591811 21823 raft_consensus.cc:359] T c6bb161aa3df4b71a53283bdf8d51ded P faf8830a0f5f450a85faf2fa4256a869 [term 0 FOLLOWER]: Replica starting. Triggering 0 pending ops. Active config: opid_index: -1 OBSOLETE_local: false peers { permanent_uuid: "faf8830a0f5f450a85faf2fa4256a869" member_type: VOTER last_known_addr { host: "127.20.5.1" port: 39251 } } peers { permanent_uuid: "0abdb85306fc48fc8a63ad26c37182a4" member_type: VOTER last_known_addr { host: "127.20.5.2" port: 40989 } } peers { permanent_uuid: "be08e14415eb44eebfa8a3efde128383" member_type: VOTER last_known_addr { host: "127.20.5.3" port: 34613 } }
I20260709 13:07:39.594264 21779 raft_consensus.cc:3060] T ffe4f960f1de40bf82a4bb6c8ff7b4c0 P be08e14415eb44eebfa8a3efde128383 [term 0 FOLLOWER]: Advancing to term 1
I20260709 13:07:39.594331 21823 raft_consensus.cc:385] T c6bb161aa3df4b71a53283bdf8d51ded P faf8830a0f5f450a85faf2fa4256a869 [term 0 FOLLOWER]: Consensus starting up: Expiring failure detector timer to make a prompt election more likely
I20260709 13:07:39.594897 21823 raft_consensus.cc:740] T c6bb161aa3df4b71a53283bdf8d51ded P faf8830a0f5f450a85faf2fa4256a869 [term 0 FOLLOWER]: Becoming Follower/Learner. State: Replica: faf8830a0f5f450a85faf2fa4256a869, State: Initialized, Role: FOLLOWER
I20260709 13:07:39.589395 21628 tablet_service.cc:1917] Received RequestConsensusVote() RPC: tablet_id: "ffe4f960f1de40bf82a4bb6c8ff7b4c0" candidate_uuid: "0abdb85306fc48fc8a63ad26c37182a4" candidate_term: 1 candidate_status { last_received { term: 0 index: 0 } } ignore_live_leader: false dest_uuid: "faf8830a0f5f450a85faf2fa4256a869"
I20260709 13:07:39.597289 21628 raft_consensus.cc:3060] T ffe4f960f1de40bf82a4bb6c8ff7b4c0 P faf8830a0f5f450a85faf2fa4256a869 [term 0 FOLLOWER]: Advancing to term 1
I20260709 13:07:39.597229 21823 consensus_queue.cc:260] T c6bb161aa3df4b71a53283bdf8d51ded P faf8830a0f5f450a85faf2fa4256a869 [NON_LEADER]: Queue going to NON_LEADER mode. State: All replicated index: 0, Majority replicated index: 0, Committed index: 0, Last appended: 0.0, Last appended by leader: 0, Current term: 0, Majority size: -1, State: 0, Mode: NON_LEADER, active raft config: opid_index: -1 OBSOLETE_local: false peers { permanent_uuid: "faf8830a0f5f450a85faf2fa4256a869" member_type: VOTER last_known_addr { host: "127.20.5.1" port: 39251 } } peers { permanent_uuid: "0abdb85306fc48fc8a63ad26c37182a4" member_type: VOTER last_known_addr { host: "127.20.5.2" port: 40989 } } peers { permanent_uuid: "be08e14415eb44eebfa8a3efde128383" member_type: VOTER last_known_addr { host: "127.20.5.3" port: 34613 } }
I20260709 13:07:39.600168 21823 ts_tablet_manager.cc:1434] T c6bb161aa3df4b71a53283bdf8d51ded P faf8830a0f5f450a85faf2fa4256a869: Time spent starting tablet: real 0.020s	user 0.005s	sys 0.001s
I20260709 13:07:39.601444 21823 tablet_bootstrap.cc:492] T 0403cb519ee346a7b4ccb9402c15927b P faf8830a0f5f450a85faf2fa4256a869: Bootstrap starting.
I20260709 13:07:39.602994 21822 tablet_bootstrap.cc:492] T 84f8b730cc9342309114abf3429356e5 P be08e14415eb44eebfa8a3efde128383: No bootstrap required, opened a new log
I20260709 13:07:39.603464 21822 ts_tablet_manager.cc:1403] T 84f8b730cc9342309114abf3429356e5 P be08e14415eb44eebfa8a3efde128383: Time spent bootstrapping tablet: real 0.048s	user 0.011s	sys 0.002s
I20260709 13:07:39.606106 21822 raft_consensus.cc:359] T 84f8b730cc9342309114abf3429356e5 P be08e14415eb44eebfa8a3efde128383 [term 0 FOLLOWER]: Replica starting. Triggering 0 pending ops. Active config: opid_index: -1 OBSOLETE_local: false peers { permanent_uuid: "faf8830a0f5f450a85faf2fa4256a869" member_type: VOTER last_known_addr { host: "127.20.5.1" port: 39251 } } peers { permanent_uuid: "0abdb85306fc48fc8a63ad26c37182a4" member_type: VOTER last_known_addr { host: "127.20.5.2" port: 40989 } } peers { permanent_uuid: "be08e14415eb44eebfa8a3efde128383" member_type: VOTER last_known_addr { host: "127.20.5.3" port: 34613 } }
I20260709 13:07:39.606801 21822 raft_consensus.cc:385] T 84f8b730cc9342309114abf3429356e5 P be08e14415eb44eebfa8a3efde128383 [term 0 FOLLOWER]: Consensus starting up: Expiring failure detector timer to make a prompt election more likely
I20260709 13:07:39.607076 21822 raft_consensus.cc:740] T 84f8b730cc9342309114abf3429356e5 P be08e14415eb44eebfa8a3efde128383 [term 0 FOLLOWER]: Becoming Follower/Learner. State: Replica: be08e14415eb44eebfa8a3efde128383, State: Initialized, Role: FOLLOWER
I20260709 13:07:39.607741 21822 consensus_queue.cc:260] T 84f8b730cc9342309114abf3429356e5 P be08e14415eb44eebfa8a3efde128383 [NON_LEADER]: Queue going to NON_LEADER mode. State: All replicated index: 0, Majority replicated index: 0, Committed index: 0, Last appended: 0.0, Last appended by leader: 0, Current term: 0, Majority size: -1, State: 0, Mode: NON_LEADER, active raft config: opid_index: -1 OBSOLETE_local: false peers { permanent_uuid: "faf8830a0f5f450a85faf2fa4256a869" member_type: VOTER last_known_addr { host: "127.20.5.1" port: 39251 } } peers { permanent_uuid: "0abdb85306fc48fc8a63ad26c37182a4" member_type: VOTER last_known_addr { host: "127.20.5.2" port: 40989 } } peers { permanent_uuid: "be08e14415eb44eebfa8a3efde128383" member_type: VOTER last_known_addr { host: "127.20.5.3" port: 34613 } }
I20260709 13:07:39.610189 21823 tablet_bootstrap.cc:654] T 0403cb519ee346a7b4ccb9402c15927b P faf8830a0f5f450a85faf2fa4256a869: Neither blocks nor log segments found. Creating new log.
I20260709 13:07:39.618791 22027 raft_consensus.cc:493] T 96ef462a8a1f4465a29e1c59a3ca9107 P be08e14415eb44eebfa8a3efde128383 [term 0 FOLLOWER]: Starting pre-election (no leader contacted us within the election timeout)
I20260709 13:07:39.619572 22027 raft_consensus.cc:515] T 96ef462a8a1f4465a29e1c59a3ca9107 P be08e14415eb44eebfa8a3efde128383 [term 0 FOLLOWER]: Starting pre-election with config: opid_index: -1 OBSOLETE_local: false peers { permanent_uuid: "faf8830a0f5f450a85faf2fa4256a869" member_type: VOTER last_known_addr { host: "127.20.5.1" port: 39251 } } peers { permanent_uuid: "0abdb85306fc48fc8a63ad26c37182a4" member_type: VOTER last_known_addr { host: "127.20.5.2" port: 40989 } } peers { permanent_uuid: "be08e14415eb44eebfa8a3efde128383" member_type: VOTER last_known_addr { host: "127.20.5.3" port: 34613 } }
I20260709 13:07:39.626686 21822 ts_tablet_manager.cc:1434] T 84f8b730cc9342309114abf3429356e5 P be08e14415eb44eebfa8a3efde128383: Time spent starting tablet: real 0.023s	user 0.006s	sys 0.001s
I20260709 13:07:39.636744 21822 tablet_bootstrap.cc:492] T 730ab0e9ead14391ab6db7ba5dc76d80 P be08e14415eb44eebfa8a3efde128383: Bootstrap starting.
I20260709 13:07:39.643110 21822 tablet_bootstrap.cc:654] T 730ab0e9ead14391ab6db7ba5dc76d80 P be08e14415eb44eebfa8a3efde128383: Neither blocks nor log segments found. Creating new log.
I20260709 13:07:39.643957 21705 tablet_service.cc:1917] Received RequestConsensusVote() RPC: tablet_id: "96ef462a8a1f4465a29e1c59a3ca9107" candidate_uuid: "be08e14415eb44eebfa8a3efde128383" candidate_term: 1 candidate_status { last_received { term: 0 index: 0 } } ignore_live_leader: false dest_uuid: "0abdb85306fc48fc8a63ad26c37182a4" is_pre_election: true
I20260709 13:07:39.645170 21705 raft_consensus.cc:2393] T 96ef462a8a1f4465a29e1c59a3ca9107 P 0abdb85306fc48fc8a63ad26c37182a4 [term 1 FOLLOWER]: Leader pre-election vote request: Denying vote to candidate be08e14415eb44eebfa8a3efde128383 in current term 1: Already voted for candidate faf8830a0f5f450a85faf2fa4256a869 in this term.
I20260709 13:07:39.646641 21629 tablet_service.cc:1917] Received RequestConsensusVote() RPC: tablet_id: "96ef462a8a1f4465a29e1c59a3ca9107" candidate_uuid: "be08e14415eb44eebfa8a3efde128383" candidate_term: 1 candidate_status { last_received { term: 0 index: 0 } } ignore_live_leader: false dest_uuid: "faf8830a0f5f450a85faf2fa4256a869" is_pre_election: true
I20260709 13:07:39.648350 21745 leader_election.cc:304] T 96ef462a8a1f4465a29e1c59a3ca9107 P be08e14415eb44eebfa8a3efde128383 [CANDIDATE]: Term 1 pre-election: Election decided. Result: candidate lost. Election summary: received 3 responses out of 3 voters: 1 yes votes; 2 no votes. yes voters: be08e14415eb44eebfa8a3efde128383; no voters: 0abdb85306fc48fc8a63ad26c37182a4, faf8830a0f5f450a85faf2fa4256a869
I20260709 13:07:39.649248 22025 raft_consensus.cc:3060] T 96ef462a8a1f4465a29e1c59a3ca9107 P be08e14415eb44eebfa8a3efde128383 [term 0 FOLLOWER]: Advancing to term 1
I20260709 13:07:39.651399 21823 tablet_bootstrap.cc:492] T 0403cb519ee346a7b4ccb9402c15927b P faf8830a0f5f450a85faf2fa4256a869: No bootstrap required, opened a new log
I20260709 13:07:39.651989 21823 ts_tablet_manager.cc:1403] T 0403cb519ee346a7b4ccb9402c15927b P faf8830a0f5f450a85faf2fa4256a869: Time spent bootstrapping tablet: real 0.051s	user 0.012s	sys 0.029s
I20260709 13:07:39.640558 22027 leader_election.cc:290] T 96ef462a8a1f4465a29e1c59a3ca9107 P be08e14415eb44eebfa8a3efde128383 [CANDIDATE]: Term 1 pre-election: Requested pre-vote from peers faf8830a0f5f450a85faf2fa4256a869 (127.20.5.1:39251), 0abdb85306fc48fc8a63ad26c37182a4 (127.20.5.2:40989)
I20260709 13:07:39.670688 21779 raft_consensus.cc:2468] T ffe4f960f1de40bf82a4bb6c8ff7b4c0 P be08e14415eb44eebfa8a3efde128383 [term 1 FOLLOWER]: Leader election vote request: Granting yes vote for candidate 0abdb85306fc48fc8a63ad26c37182a4 in term 1.
I20260709 13:07:39.670701 21823 raft_consensus.cc:359] T 0403cb519ee346a7b4ccb9402c15927b P faf8830a0f5f450a85faf2fa4256a869 [term 0 FOLLOWER]: Replica starting. Triggering 0 pending ops. Active config: opid_index: -1 OBSOLETE_local: false peers { permanent_uuid: "faf8830a0f5f450a85faf2fa4256a869" member_type: VOTER last_known_addr { host: "127.20.5.1" port: 39251 } } peers { permanent_uuid: "0abdb85306fc48fc8a63ad26c37182a4" member_type: VOTER last_known_addr { host: "127.20.5.2" port: 40989 } } peers { permanent_uuid: "be08e14415eb44eebfa8a3efde128383" member_type: VOTER last_known_addr { host: "127.20.5.3" port: 34613 } }
I20260709 13:07:39.672312 21669 leader_election.cc:304] T ffe4f960f1de40bf82a4bb6c8ff7b4c0 P 0abdb85306fc48fc8a63ad26c37182a4 [CANDIDATE]: Term 1 election: Election decided. Result: candidate won. Election summary: received 2 responses out of 3 voters: 2 yes votes; 0 no votes. yes voters: 0abdb85306fc48fc8a63ad26c37182a4, be08e14415eb44eebfa8a3efde128383; no voters: 
I20260709 13:07:39.672610 21823 raft_consensus.cc:385] T 0403cb519ee346a7b4ccb9402c15927b P faf8830a0f5f450a85faf2fa4256a869 [term 0 FOLLOWER]: Consensus starting up: Expiring failure detector timer to make a prompt election more likely
I20260709 13:07:39.673056 21823 raft_consensus.cc:740] T 0403cb519ee346a7b4ccb9402c15927b P faf8830a0f5f450a85faf2fa4256a869 [term 0 FOLLOWER]: Becoming Follower/Learner. State: Replica: faf8830a0f5f450a85faf2fa4256a869, State: Initialized, Role: FOLLOWER
I20260709 13:07:39.673358 21878 raft_consensus.cc:2804] T ffe4f960f1de40bf82a4bb6c8ff7b4c0 P 0abdb85306fc48fc8a63ad26c37182a4 [term 1 FOLLOWER]: Leader election won for term 1
I20260709 13:07:39.673859 21878 raft_consensus.cc:697] T ffe4f960f1de40bf82a4bb6c8ff7b4c0 P 0abdb85306fc48fc8a63ad26c37182a4 [term 1 LEADER]: Becoming Leader. State: Replica: 0abdb85306fc48fc8a63ad26c37182a4, State: Running, Role: LEADER
I20260709 13:07:39.674024 21823 consensus_queue.cc:260] T 0403cb519ee346a7b4ccb9402c15927b P faf8830a0f5f450a85faf2fa4256a869 [NON_LEADER]: Queue going to NON_LEADER mode. State: All replicated index: 0, Majority replicated index: 0, Committed index: 0, Last appended: 0.0, Last appended by leader: 0, Current term: 0, Majority size: -1, State: 0, Mode: NON_LEADER, active raft config: opid_index: -1 OBSOLETE_local: false peers { permanent_uuid: "faf8830a0f5f450a85faf2fa4256a869" member_type: VOTER last_known_addr { host: "127.20.5.1" port: 39251 } } peers { permanent_uuid: "0abdb85306fc48fc8a63ad26c37182a4" member_type: VOTER last_known_addr { host: "127.20.5.2" port: 40989 } } peers { permanent_uuid: "be08e14415eb44eebfa8a3efde128383" member_type: VOTER last_known_addr { host: "127.20.5.3" port: 34613 } }
I20260709 13:07:39.674710 21878 consensus_queue.cc:237] T ffe4f960f1de40bf82a4bb6c8ff7b4c0 P 0abdb85306fc48fc8a63ad26c37182a4 [LEADER]: Queue going to LEADER mode. State: All replicated index: 0, Majority replicated index: 0, Committed index: 0, Last appended: 0.0, Last appended by leader: 0, Current term: 1, Majority size: 2, State: 0, Mode: LEADER, active raft config: opid_index: -1 OBSOLETE_local: false peers { permanent_uuid: "faf8830a0f5f450a85faf2fa4256a869" member_type: VOTER last_known_addr { host: "127.20.5.1" port: 39251 } } peers { permanent_uuid: "0abdb85306fc48fc8a63ad26c37182a4" member_type: VOTER last_known_addr { host: "127.20.5.2" port: 40989 } } peers { permanent_uuid: "be08e14415eb44eebfa8a3efde128383" member_type: VOTER last_known_addr { host: "127.20.5.3" port: 34613 } }
I20260709 13:07:39.676429 21823 ts_tablet_manager.cc:1434] T 0403cb519ee346a7b4ccb9402c15927b P faf8830a0f5f450a85faf2fa4256a869: Time spent starting tablet: real 0.024s	user 0.006s	sys 0.000s
I20260709 13:07:39.677541 21823 tablet_bootstrap.cc:492] T 9a5882dbe9da4175909690835e0d879c P faf8830a0f5f450a85faf2fa4256a869: Bootstrap starting.
I20260709 13:07:39.679656 21628 raft_consensus.cc:2468] T ffe4f960f1de40bf82a4bb6c8ff7b4c0 P faf8830a0f5f450a85faf2fa4256a869 [term 1 FOLLOWER]: Leader election vote request: Granting yes vote for candidate 0abdb85306fc48fc8a63ad26c37182a4 in term 1.
I20260709 13:07:39.683744 21822 tablet_bootstrap.cc:492] T 730ab0e9ead14391ab6db7ba5dc76d80 P be08e14415eb44eebfa8a3efde128383: No bootstrap required, opened a new log
I20260709 13:07:39.688441 21822 ts_tablet_manager.cc:1403] T 730ab0e9ead14391ab6db7ba5dc76d80 P be08e14415eb44eebfa8a3efde128383: Time spent bootstrapping tablet: real 0.052s	user 0.014s	sys 0.008s
I20260709 13:07:39.691538 21822 raft_consensus.cc:359] T 730ab0e9ead14391ab6db7ba5dc76d80 P be08e14415eb44eebfa8a3efde128383 [term 0 FOLLOWER]: Replica starting. Triggering 0 pending ops. Active config: opid_index: -1 OBSOLETE_local: false peers { permanent_uuid: "faf8830a0f5f450a85faf2fa4256a869" member_type: VOTER last_known_addr { host: "127.20.5.1" port: 39251 } } peers { permanent_uuid: "0abdb85306fc48fc8a63ad26c37182a4" member_type: VOTER last_known_addr { host: "127.20.5.2" port: 40989 } } peers { permanent_uuid: "be08e14415eb44eebfa8a3efde128383" member_type: VOTER last_known_addr { host: "127.20.5.3" port: 34613 } }
I20260709 13:07:39.692356 21822 raft_consensus.cc:385] T 730ab0e9ead14391ab6db7ba5dc76d80 P be08e14415eb44eebfa8a3efde128383 [term 0 FOLLOWER]: Consensus starting up: Expiring failure detector timer to make a prompt election more likely
I20260709 13:07:39.692720 21822 raft_consensus.cc:740] T 730ab0e9ead14391ab6db7ba5dc76d80 P be08e14415eb44eebfa8a3efde128383 [term 0 FOLLOWER]: Becoming Follower/Learner. State: Replica: be08e14415eb44eebfa8a3efde128383, State: Initialized, Role: FOLLOWER
I20260709 13:07:39.693825 21822 consensus_queue.cc:260] T 730ab0e9ead14391ab6db7ba5dc76d80 P be08e14415eb44eebfa8a3efde128383 [NON_LEADER]: Queue going to NON_LEADER mode. State: All replicated index: 0, Majority replicated index: 0, Committed index: 0, Last appended: 0.0, Last appended by leader: 0, Current term: 0, Majority size: -1, State: 0, Mode: NON_LEADER, active raft config: opid_index: -1 OBSOLETE_local: false peers { permanent_uuid: "faf8830a0f5f450a85faf2fa4256a869" member_type: VOTER last_known_addr { host: "127.20.5.1" port: 39251 } } peers { permanent_uuid: "0abdb85306fc48fc8a63ad26c37182a4" member_type: VOTER last_known_addr { host: "127.20.5.2" port: 40989 } } peers { permanent_uuid: "be08e14415eb44eebfa8a3efde128383" member_type: VOTER last_known_addr { host: "127.20.5.3" port: 34613 } }
I20260709 13:07:39.696499 21822 ts_tablet_manager.cc:1434] T 730ab0e9ead14391ab6db7ba5dc76d80 P be08e14415eb44eebfa8a3efde128383: Time spent starting tablet: real 0.008s	user 0.006s	sys 0.000s
I20260709 13:07:39.698714 21822 tablet_bootstrap.cc:492] T 8213f4d63a03497eb63779a7c4531d39 P be08e14415eb44eebfa8a3efde128383: Bootstrap starting.
I20260709 13:07:39.702934 22027 raft_consensus.cc:493] T 84f8b730cc9342309114abf3429356e5 P be08e14415eb44eebfa8a3efde128383 [term 0 FOLLOWER]: Starting pre-election (no leader contacted us within the election timeout)
I20260709 13:07:39.703503 22027 raft_consensus.cc:515] T 84f8b730cc9342309114abf3429356e5 P be08e14415eb44eebfa8a3efde128383 [term 0 FOLLOWER]: Starting pre-election with config: opid_index: -1 OBSOLETE_local: false peers { permanent_uuid: "faf8830a0f5f450a85faf2fa4256a869" member_type: VOTER last_known_addr { host: "127.20.5.1" port: 39251 } } peers { permanent_uuid: "0abdb85306fc48fc8a63ad26c37182a4" member_type: VOTER last_known_addr { host: "127.20.5.2" port: 40989 } } peers { permanent_uuid: "be08e14415eb44eebfa8a3efde128383" member_type: VOTER last_known_addr { host: "127.20.5.3" port: 34613 } }
I20260709 13:07:39.705305 21822 tablet_bootstrap.cc:654] T 8213f4d63a03497eb63779a7c4531d39 P be08e14415eb44eebfa8a3efde128383: Neither blocks nor log segments found. Creating new log.
