I20260709 13:07:03.005995 20969 raft_consensus.cc:740] T 1c903c9524124e92bf9904d93c83a581 P 27012f69cd1c41f1900022cdf9843d3b [term 0 FOLLOWER]: Becoming Follower/Learner. State: Replica: 27012f69cd1c41f1900022cdf9843d3b, State: Initialized, Role: FOLLOWER
I20260709 13:07:03.006904 20969 consensus_queue.cc:260] T 1c903c9524124e92bf9904d93c83a581 P 27012f69cd1c41f1900022cdf9843d3b [NON_LEADER]: Queue going to NON_LEADER mode. State: All replicated index: 0, Majority replicated index: 0, Committed index: 0, Last appended: 0.0, Last appended by leader: 0, Current term: 0, Majority size: -1, State: 0, Mode: NON_LEADER, active raft config: opid_index: -1 OBSOLETE_local: false peers { permanent_uuid: "4ae7be6f1f9f42699d94c3df434e0428" member_type: VOTER last_known_addr { host: "127.20.40.1" port: 38797 } } peers { permanent_uuid: "27012f69cd1c41f1900022cdf9843d3b" member_type: VOTER last_known_addr { host: "127.20.40.2" port: 32867 } } peers { permanent_uuid: "63439ba2d4f540329fe3cfe3cdcf53ab" member_type: VOTER last_known_addr { host: "127.20.40.3" port: 39209 } }
I20260709 13:07:03.011475 20967 tablet_bootstrap.cc:654] T 1c903c9524124e92bf9904d93c83a581 P 63439ba2d4f540329fe3cfe3cdcf53ab: Neither blocks nor log segments found. Creating new log.
I20260709 13:07:03.016137 20800 heartbeater.cc:499] Master 127.20.40.62:46749 was elected leader, sending a full tablet report...
I20260709 13:07:03.017226 20875 heartbeater.cc:499] Master 127.20.40.62:46749 was elected leader, sending a full tablet report...
I20260709 13:07:03.022684 20969 ts_tablet_manager.cc:1434] T 1c903c9524124e92bf9904d93c83a581 P 27012f69cd1c41f1900022cdf9843d3b: Time spent starting tablet: real 0.021s	user 0.005s	sys 0.003s
I20260709 13:07:03.024247 20969 tablet_bootstrap.cc:492] T 66af6be5c900401dace8dfefb501fefc P 27012f69cd1c41f1900022cdf9843d3b: Bootstrap starting.
I20260709 13:07:03.030799 20968 ts_tablet_manager.cc:1434] T aef02495bba0445fa3bdd7cd7a6e5982 P 4ae7be6f1f9f42699d94c3df434e0428: Time spent starting tablet: real 0.081s	user 0.009s	sys 0.000s
I20260709 13:07:03.031244 20967 tablet_bootstrap.cc:492] T 1c903c9524124e92bf9904d93c83a581 P 63439ba2d4f540329fe3cfe3cdcf53ab: No bootstrap required, opened a new log
I20260709 13:07:03.031677 20969 tablet_bootstrap.cc:654] T 66af6be5c900401dace8dfefb501fefc P 27012f69cd1c41f1900022cdf9843d3b: Neither blocks nor log segments found. Creating new log.
I20260709 13:07:03.031769 20967 ts_tablet_manager.cc:1403] T 1c903c9524124e92bf9904d93c83a581 P 63439ba2d4f540329fe3cfe3cdcf53ab: Time spent bootstrapping tablet: real 0.037s	user 0.009s	sys 0.006s
I20260709 13:07:03.031888 20968 tablet_bootstrap.cc:492] T 1c903c9524124e92bf9904d93c83a581 P 4ae7be6f1f9f42699d94c3df434e0428: Bootstrap starting.
I20260709 13:07:03.035508 20967 raft_consensus.cc:359] T 1c903c9524124e92bf9904d93c83a581 P 63439ba2d4f540329fe3cfe3cdcf53ab [term 0 FOLLOWER]: Replica starting. Triggering 0 pending ops. Active config: opid_index: -1 OBSOLETE_local: false peers { permanent_uuid: "4ae7be6f1f9f42699d94c3df434e0428" member_type: VOTER last_known_addr { host: "127.20.40.1" port: 38797 } } peers { permanent_uuid: "27012f69cd1c41f1900022cdf9843d3b" member_type: VOTER last_known_addr { host: "127.20.40.2" port: 32867 } } peers { permanent_uuid: "63439ba2d4f540329fe3cfe3cdcf53ab" member_type: VOTER last_known_addr { host: "127.20.40.3" port: 39209 } }
I20260709 13:07:03.036376 20967 raft_consensus.cc:385] T 1c903c9524124e92bf9904d93c83a581 P 63439ba2d4f540329fe3cfe3cdcf53ab [term 0 FOLLOWER]: Consensus starting up: Expiring failure detector timer to make a prompt election more likely
I20260709 13:07:03.037242 20967 raft_consensus.cc:740] T 1c903c9524124e92bf9904d93c83a581 P 63439ba2d4f540329fe3cfe3cdcf53ab [term 0 FOLLOWER]: Becoming Follower/Learner. State: Replica: 63439ba2d4f540329fe3cfe3cdcf53ab, State: Initialized, Role: FOLLOWER
I20260709 13:07:03.038380 20967 consensus_queue.cc:260] T 1c903c9524124e92bf9904d93c83a581 P 63439ba2d4f540329fe3cfe3cdcf53ab [NON_LEADER]: Queue going to NON_LEADER mode. State: All replicated index: 0, Majority replicated index: 0, Committed index: 0, Last appended: 0.0, Last appended by leader: 0, Current term: 0, Majority size: -1, State: 0, Mode: NON_LEADER, active raft config: opid_index: -1 OBSOLETE_local: false peers { permanent_uuid: "4ae7be6f1f9f42699d94c3df434e0428" member_type: VOTER last_known_addr { host: "127.20.40.1" port: 38797 } } peers { permanent_uuid: "27012f69cd1c41f1900022cdf9843d3b" member_type: VOTER last_known_addr { host: "127.20.40.2" port: 32867 } } peers { permanent_uuid: "63439ba2d4f540329fe3cfe3cdcf53ab" member_type: VOTER last_known_addr { host: "127.20.40.3" port: 39209 } }
I20260709 13:07:03.041028 20967 ts_tablet_manager.cc:1434] T 1c903c9524124e92bf9904d93c83a581 P 63439ba2d4f540329fe3cfe3cdcf53ab: Time spent starting tablet: real 0.009s	user 0.006s	sys 0.002s
I20260709 13:07:03.042102 20967 tablet_bootstrap.cc:492] T aef02495bba0445fa3bdd7cd7a6e5982 P 63439ba2d4f540329fe3cfe3cdcf53ab: Bootstrap starting.
I20260709 13:07:03.046339 20968 tablet_bootstrap.cc:654] T 1c903c9524124e92bf9904d93c83a581 P 4ae7be6f1f9f42699d94c3df434e0428: Neither blocks nor log segments found. Creating new log.
W20260709 13:07:03.049124 20876 tablet.cc:2406] T 1c903c9524124e92bf9904d93c83a581 P 27012f69cd1c41f1900022cdf9843d3b: Can't schedule compaction. Clean time has not been advanced past its initial value.
I20260709 13:07:03.051635 20967 tablet_bootstrap.cc:654] T aef02495bba0445fa3bdd7cd7a6e5982 P 63439ba2d4f540329fe3cfe3cdcf53ab: Neither blocks nor log segments found. Creating new log.
I20260709 13:07:03.062600 20967 tablet_bootstrap.cc:492] T aef02495bba0445fa3bdd7cd7a6e5982 P 63439ba2d4f540329fe3cfe3cdcf53ab: No bootstrap required, opened a new log
I20260709 13:07:03.063102 20967 ts_tablet_manager.cc:1403] T aef02495bba0445fa3bdd7cd7a6e5982 P 63439ba2d4f540329fe3cfe3cdcf53ab: Time spent bootstrapping tablet: real 0.021s	user 0.009s	sys 0.007s
I20260709 13:07:03.064248 20968 tablet_bootstrap.cc:492] T 1c903c9524124e92bf9904d93c83a581 P 4ae7be6f1f9f42699d94c3df434e0428: No bootstrap required, opened a new log
I20260709 13:07:03.064756 20968 ts_tablet_manager.cc:1403] T 1c903c9524124e92bf9904d93c83a581 P 4ae7be6f1f9f42699d94c3df434e0428: Time spent bootstrapping tablet: real 0.033s	user 0.019s	sys 0.000s
I20260709 13:07:03.066210 20967 raft_consensus.cc:359] T aef02495bba0445fa3bdd7cd7a6e5982 P 63439ba2d4f540329fe3cfe3cdcf53ab [term 0 FOLLOWER]: Replica starting. Triggering 0 pending ops. Active config: opid_index: -1 OBSOLETE_local: false peers { permanent_uuid: "63439ba2d4f540329fe3cfe3cdcf53ab" member_type: VOTER last_known_addr { host: "127.20.40.3" port: 39209 } } peers { permanent_uuid: "27012f69cd1c41f1900022cdf9843d3b" member_type: VOTER last_known_addr { host: "127.20.40.2" port: 32867 } } peers { permanent_uuid: "4ae7be6f1f9f42699d94c3df434e0428" member_type: VOTER last_known_addr { host: "127.20.40.1" port: 38797 } }
I20260709 13:07:03.066967 20967 raft_consensus.cc:385] T aef02495bba0445fa3bdd7cd7a6e5982 P 63439ba2d4f540329fe3cfe3cdcf53ab [term 0 FOLLOWER]: Consensus starting up: Expiring failure detector timer to make a prompt election more likely
I20260709 13:07:03.067282 20967 raft_consensus.cc:740] T aef02495bba0445fa3bdd7cd7a6e5982 P 63439ba2d4f540329fe3cfe3cdcf53ab [term 0 FOLLOWER]: Becoming Follower/Learner. State: Replica: 63439ba2d4f540329fe3cfe3cdcf53ab, State: Initialized, Role: FOLLOWER
I20260709 13:07:03.067644 20968 raft_consensus.cc:359] T 1c903c9524124e92bf9904d93c83a581 P 4ae7be6f1f9f42699d94c3df434e0428 [term 0 FOLLOWER]: Replica starting. Triggering 0 pending ops. Active config: opid_index: -1 OBSOLETE_local: false peers { permanent_uuid: "4ae7be6f1f9f42699d94c3df434e0428" member_type: VOTER last_known_addr { host: "127.20.40.1" port: 38797 } } peers { permanent_uuid: "27012f69cd1c41f1900022cdf9843d3b" member_type: VOTER last_known_addr { host: "127.20.40.2" port: 32867 } } peers { permanent_uuid: "63439ba2d4f540329fe3cfe3cdcf53ab" member_type: VOTER last_known_addr { host: "127.20.40.3" port: 39209 } }
I20260709 13:07:03.068127 20967 consensus_queue.cc:260] T aef02495bba0445fa3bdd7cd7a6e5982 P 63439ba2d4f540329fe3cfe3cdcf53ab [NON_LEADER]: Queue going to NON_LEADER mode. State: All replicated index: 0, Majority replicated index: 0, Committed index: 0, Last appended: 0.0, Last appended by leader: 0, Current term: 0, Majority size: -1, State: 0, Mode: NON_LEADER, active raft config: opid_index: -1 OBSOLETE_local: false peers { permanent_uuid: "63439ba2d4f540329fe3cfe3cdcf53ab" member_type: VOTER last_known_addr { host: "127.20.40.3" port: 39209 } } peers { permanent_uuid: "27012f69cd1c41f1900022cdf9843d3b" member_type: VOTER last_known_addr { host: "127.20.40.2" port: 32867 } } peers { permanent_uuid: "4ae7be6f1f9f42699d94c3df434e0428" member_type: VOTER last_known_addr { host: "127.20.40.1" port: 38797 } }
I20260709 13:07:03.068701 20968 raft_consensus.cc:385] T 1c903c9524124e92bf9904d93c83a581 P 4ae7be6f1f9f42699d94c3df434e0428 [term 0 FOLLOWER]: Consensus starting up: Expiring failure detector timer to make a prompt election more likely
I20260709 13:07:03.069020 20968 raft_consensus.cc:740] T 1c903c9524124e92bf9904d93c83a581 P 4ae7be6f1f9f42699d94c3df434e0428 [term 0 FOLLOWER]: Becoming Follower/Learner. State: Replica: 4ae7be6f1f9f42699d94c3df434e0428, State: Initialized, Role: FOLLOWER
I20260709 13:07:03.069928 20968 consensus_queue.cc:260] T 1c903c9524124e92bf9904d93c83a581 P 4ae7be6f1f9f42699d94c3df434e0428 [NON_LEADER]: Queue going to NON_LEADER mode. State: All replicated index: 0, Majority replicated index: 0, Committed index: 0, Last appended: 0.0, Last appended by leader: 0, Current term: 0, Majority size: -1, State: 0, Mode: NON_LEADER, active raft config: opid_index: -1 OBSOLETE_local: false peers { permanent_uuid: "4ae7be6f1f9f42699d94c3df434e0428" member_type: VOTER last_known_addr { host: "127.20.40.1" port: 38797 } } peers { permanent_uuid: "27012f69cd1c41f1900022cdf9843d3b" member_type: VOTER last_known_addr { host: "127.20.40.2" port: 32867 } } peers { permanent_uuid: "63439ba2d4f540329fe3cfe3cdcf53ab" member_type: VOTER last_known_addr { host: "127.20.40.3" port: 39209 } }
I20260709 13:07:03.070422 20967 ts_tablet_manager.cc:1434] T aef02495bba0445fa3bdd7cd7a6e5982 P 63439ba2d4f540329fe3cfe3cdcf53ab: Time spent starting tablet: real 0.007s	user 0.008s	sys 0.000s
I20260709 13:07:03.071520 20967 tablet_bootstrap.cc:492] T 51c5fcfb4ee74084ab476ebda66e1fe4 P 63439ba2d4f540329fe3cfe3cdcf53ab: Bootstrap starting.
I20260709 13:07:03.072058 20973 raft_consensus.cc:493] T 66af6be5c900401dace8dfefb501fefc P 63439ba2d4f540329fe3cfe3cdcf53ab [term 0 FOLLOWER]: Starting pre-election (no leader contacted us within the election timeout)
I20260709 13:07:03.072327 20968 ts_tablet_manager.cc:1434] T 1c903c9524124e92bf9904d93c83a581 P 4ae7be6f1f9f42699d94c3df434e0428: Time spent starting tablet: real 0.007s	user 0.008s	sys 0.000s
I20260709 13:07:03.073352 20968 tablet_bootstrap.cc:492] T 51c5fcfb4ee74084ab476ebda66e1fe4 P 4ae7be6f1f9f42699d94c3df434e0428: Bootstrap starting.
I20260709 13:07:03.072744 20973 raft_consensus.cc:515] T 66af6be5c900401dace8dfefb501fefc P 63439ba2d4f540329fe3cfe3cdcf53ab [term 0 FOLLOWER]: Starting pre-election with config: opid_index: -1 OBSOLETE_local: false peers { permanent_uuid: "4ae7be6f1f9f42699d94c3df434e0428" member_type: VOTER last_known_addr { host: "127.20.40.1" port: 38797 } } peers { permanent_uuid: "27012f69cd1c41f1900022cdf9843d3b" member_type: VOTER last_known_addr { host: "127.20.40.2" port: 32867 } } peers { permanent_uuid: "63439ba2d4f540329fe3cfe3cdcf53ab" member_type: VOTER last_known_addr { host: "127.20.40.3" port: 39209 } }
I20260709 13:07:03.078195 20967 tablet_bootstrap.cc:654] T 51c5fcfb4ee74084ab476ebda66e1fe4 P 63439ba2d4f540329fe3cfe3cdcf53ab: Neither blocks nor log segments found. Creating new log.
I20260709 13:07:03.081313 20973 leader_election.cc:290] T 66af6be5c900401dace8dfefb501fefc P 63439ba2d4f540329fe3cfe3cdcf53ab [CANDIDATE]: Term 1 pre-election: Requested pre-vote from peers 4ae7be6f1f9f42699d94c3df434e0428 (127.20.40.1:38797), 27012f69cd1c41f1900022cdf9843d3b (127.20.40.2:32867)
I20260709 13:07:03.091988 20968 tablet_bootstrap.cc:654] T 51c5fcfb4ee74084ab476ebda66e1fe4 P 4ae7be6f1f9f42699d94c3df434e0428: Neither blocks nor log segments found. Creating new log.
I20260709 13:07:03.101536 20975 raft_consensus.cc:493] T 1c903c9524124e92bf9904d93c83a581 P 27012f69cd1c41f1900022cdf9843d3b [term 0 FOLLOWER]: Starting pre-election (no leader contacted us within the election timeout)
I20260709 13:07:03.102145 20975 raft_consensus.cc:515] T 1c903c9524124e92bf9904d93c83a581 P 27012f69cd1c41f1900022cdf9843d3b [term 0 FOLLOWER]: Starting pre-election with config: opid_index: -1 OBSOLETE_local: false peers { permanent_uuid: "4ae7be6f1f9f42699d94c3df434e0428" member_type: VOTER last_known_addr { host: "127.20.40.1" port: 38797 } } peers { permanent_uuid: "27012f69cd1c41f1900022cdf9843d3b" member_type: VOTER last_known_addr { host: "127.20.40.2" port: 32867 } } peers { permanent_uuid: "63439ba2d4f540329fe3cfe3cdcf53ab" member_type: VOTER last_known_addr { host: "127.20.40.3" port: 39209 } }
I20260709 13:07:03.112671 20968 tablet_bootstrap.cc:492] T 51c5fcfb4ee74084ab476ebda66e1fe4 P 4ae7be6f1f9f42699d94c3df434e0428: No bootstrap required, opened a new log
I20260709 13:07:03.114043 20968 ts_tablet_manager.cc:1403] T 51c5fcfb4ee74084ab476ebda66e1fe4 P 4ae7be6f1f9f42699d94c3df434e0428: Time spent bootstrapping tablet: real 0.041s	user 0.012s	sys 0.006s
I20260709 13:07:03.116101 20975 leader_election.cc:290] T 1c903c9524124e92bf9904d93c83a581 P 27012f69cd1c41f1900022cdf9843d3b [CANDIDATE]: Term 1 pre-election: Requested pre-vote from peers 4ae7be6f1f9f42699d94c3df434e0428 (127.20.40.1:38797), 63439ba2d4f540329fe3cfe3cdcf53ab (127.20.40.3:39209)
I20260709 13:07:03.117503 20968 raft_consensus.cc:359] T 51c5fcfb4ee74084ab476ebda66e1fe4 P 4ae7be6f1f9f42699d94c3df434e0428 [term 0 FOLLOWER]: Replica starting. Triggering 0 pending ops. Active config: opid_index: -1 OBSOLETE_local: false peers { permanent_uuid: "4ae7be6f1f9f42699d94c3df434e0428" member_type: VOTER last_known_addr { host: "127.20.40.1" port: 38797 } } peers { permanent_uuid: "27012f69cd1c41f1900022cdf9843d3b" member_type: VOTER last_known_addr { host: "127.20.40.2" port: 32867 } } peers { permanent_uuid: "63439ba2d4f540329fe3cfe3cdcf53ab" member_type: VOTER last_known_addr { host: "127.20.40.3" port: 39209 } }
I20260709 13:07:03.118350 20968 raft_consensus.cc:385] T 51c5fcfb4ee74084ab476ebda66e1fe4 P 4ae7be6f1f9f42699d94c3df434e0428 [term 0 FOLLOWER]: Consensus starting up: Expiring failure detector timer to make a prompt election more likely
I20260709 13:07:03.118695 20968 raft_consensus.cc:740] T 51c5fcfb4ee74084ab476ebda66e1fe4 P 4ae7be6f1f9f42699d94c3df434e0428 [term 0 FOLLOWER]: Becoming Follower/Learner. State: Replica: 4ae7be6f1f9f42699d94c3df434e0428, State: Initialized, Role: FOLLOWER
I20260709 13:07:03.119544 20968 consensus_queue.cc:260] T 51c5fcfb4ee74084ab476ebda66e1fe4 P 4ae7be6f1f9f42699d94c3df434e0428 [NON_LEADER]: Queue going to NON_LEADER mode. State: All replicated index: 0, Majority replicated index: 0, Committed index: 0, Last appended: 0.0, Last appended by leader: 0, Current term: 0, Majority size: -1, State: 0, Mode: NON_LEADER, active raft config: opid_index: -1 OBSOLETE_local: false peers { permanent_uuid: "4ae7be6f1f9f42699d94c3df434e0428" member_type: VOTER last_known_addr { host: "127.20.40.1" port: 38797 } } peers { permanent_uuid: "27012f69cd1c41f1900022cdf9843d3b" member_type: VOTER last_known_addr { host: "127.20.40.2" port: 32867 } } peers { permanent_uuid: "63439ba2d4f540329fe3cfe3cdcf53ab" member_type: VOTER last_known_addr { host: "127.20.40.3" port: 39209 } }
I20260709 13:07:03.127831 20968 ts_tablet_manager.cc:1434] T 51c5fcfb4ee74084ab476ebda66e1fe4 P 4ae7be6f1f9f42699d94c3df434e0428: Time spent starting tablet: real 0.013s	user 0.006s	sys 0.001s
I20260709 13:07:03.128196 20967 tablet_bootstrap.cc:492] T 51c5fcfb4ee74084ab476ebda66e1fe4 P 63439ba2d4f540329fe3cfe3cdcf53ab: No bootstrap required, opened a new log
I20260709 13:07:03.128752 20967 ts_tablet_manager.cc:1403] T 51c5fcfb4ee74084ab476ebda66e1fe4 P 63439ba2d4f540329fe3cfe3cdcf53ab: Time spent bootstrapping tablet: real 0.057s	user 0.022s	sys 0.008s
I20260709 13:07:03.128793 20968 tablet_bootstrap.cc:492] T 06a6425feef84a3e8d7c2396bcd7b521 P 4ae7be6f1f9f42699d94c3df434e0428: Bootstrap starting.
I20260709 13:07:03.130395 20974 raft_consensus.cc:493] T 1c903c9524124e92bf9904d93c83a581 P 4ae7be6f1f9f42699d94c3df434e0428 [term 0 FOLLOWER]: Starting pre-election (no leader contacted us within the election timeout)
I20260709 13:07:03.130929 20974 raft_consensus.cc:515] T 1c903c9524124e92bf9904d93c83a581 P 4ae7be6f1f9f42699d94c3df434e0428 [term 0 FOLLOWER]: Starting pre-election with config: opid_index: -1 OBSOLETE_local: false peers { permanent_uuid: "4ae7be6f1f9f42699d94c3df434e0428" member_type: VOTER last_known_addr { host: "127.20.40.1" port: 38797 } } peers { permanent_uuid: "27012f69cd1c41f1900022cdf9843d3b" member_type: VOTER last_known_addr { host: "127.20.40.2" port: 32867 } } peers { permanent_uuid: "63439ba2d4f540329fe3cfe3cdcf53ab" member_type: VOTER last_known_addr { host: "127.20.40.3" port: 39209 } }
I20260709 13:07:03.132436 20967 raft_consensus.cc:359] T 51c5fcfb4ee74084ab476ebda66e1fe4 P 63439ba2d4f540329fe3cfe3cdcf53ab [term 0 FOLLOWER]: Replica starting. Triggering 0 pending ops. Active config: opid_index: -1 OBSOLETE_local: false peers { permanent_uuid: "4ae7be6f1f9f42699d94c3df434e0428" member_type: VOTER last_known_addr { host: "127.20.40.1" port: 38797 } } peers { permanent_uuid: "27012f69cd1c41f1900022cdf9843d3b" member_type: VOTER last_known_addr { host: "127.20.40.2" port: 32867 } } peers { permanent_uuid: "63439ba2d4f540329fe3cfe3cdcf53ab" member_type: VOTER last_known_addr { host: "127.20.40.3" port: 39209 } }
I20260709 13:07:03.133190 20967 raft_consensus.cc:385] T 51c5fcfb4ee74084ab476ebda66e1fe4 P 63439ba2d4f540329fe3cfe3cdcf53ab [term 0 FOLLOWER]: Consensus starting up: Expiring failure detector timer to make a prompt election more likely
I20260709 13:07:03.133517 20967 raft_consensus.cc:740] T 51c5fcfb4ee74084ab476ebda66e1fe4 P 63439ba2d4f540329fe3cfe3cdcf53ab [term 0 FOLLOWER]: Becoming Follower/Learner. State: Replica: 63439ba2d4f540329fe3cfe3cdcf53ab, State: Initialized, Role: FOLLOWER
I20260709 13:07:03.140283 20974 leader_election.cc:290] T 1c903c9524124e92bf9904d93c83a581 P 4ae7be6f1f9f42699d94c3df434e0428 [CANDIDATE]: Term 1 pre-election: Requested pre-vote from peers 27012f69cd1c41f1900022cdf9843d3b (127.20.40.2:32867), 63439ba2d4f540329fe3cfe3cdcf53ab (127.20.40.3:39209)
I20260709 13:07:03.143563 20967 consensus_queue.cc:260] T 51c5fcfb4ee74084ab476ebda66e1fe4 P 63439ba2d4f540329fe3cfe3cdcf53ab [NON_LEADER]: Queue going to NON_LEADER mode. State: All replicated index: 0, Majority replicated index: 0, Committed index: 0, Last appended: 0.0, Last appended by leader: 0, Current term: 0, Majority size: -1, State: 0, Mode: NON_LEADER, active raft config: opid_index: -1 OBSOLETE_local: false peers { permanent_uuid: "4ae7be6f1f9f42699d94c3df434e0428" member_type: VOTER last_known_addr { host: "127.20.40.1" port: 38797 } } peers { permanent_uuid: "27012f69cd1c41f1900022cdf9843d3b" member_type: VOTER last_known_addr { host: "127.20.40.2" port: 32867 } } peers { permanent_uuid: "63439ba2d4f540329fe3cfe3cdcf53ab" member_type: VOTER last_known_addr { host: "127.20.40.3" port: 39209 } }
I20260709 13:07:03.170897 20968 tablet_bootstrap.cc:654] T 06a6425feef84a3e8d7c2396bcd7b521 P 4ae7be6f1f9f42699d94c3df434e0428: Neither blocks nor log segments found. Creating new log.
I20260709 13:07:03.174077 20967 ts_tablet_manager.cc:1434] T 51c5fcfb4ee74084ab476ebda66e1fe4 P 63439ba2d4f540329fe3cfe3cdcf53ab: Time spent starting tablet: real 0.045s	user 0.007s	sys 0.003s
I20260709 13:07:03.174690 20969 tablet_bootstrap.cc:492] T 66af6be5c900401dace8dfefb501fefc P 27012f69cd1c41f1900022cdf9843d3b: No bootstrap required, opened a new log
I20260709 13:07:03.175235 20969 ts_tablet_manager.cc:1403] T 66af6be5c900401dace8dfefb501fefc P 27012f69cd1c41f1900022cdf9843d3b: Time spent bootstrapping tablet: real 0.151s	user 0.022s	sys 0.033s
I20260709 13:07:03.179668 20967 tablet_bootstrap.cc:492] T 06a6425feef84a3e8d7c2396bcd7b521 P 63439ba2d4f540329fe3cfe3cdcf53ab: Bootstrap starting.
I20260709 13:07:03.181874 20775 tablet_service.cc:1917] Received RequestConsensusVote() RPC: tablet_id: "66af6be5c900401dace8dfefb501fefc" candidate_uuid: "63439ba2d4f540329fe3cfe3cdcf53ab" candidate_term: 1 candidate_status { last_received { term: 0 index: 0 } } ignore_live_leader: false dest_uuid: "4ae7be6f1f9f42699d94c3df434e0428" is_pre_election: true
I20260709 13:07:03.181972 20850 tablet_service.cc:1917] Received RequestConsensusVote() RPC: tablet_id: "66af6be5c900401dace8dfefb501fefc" candidate_uuid: "63439ba2d4f540329fe3cfe3cdcf53ab" candidate_term: 1 candidate_status { last_received { term: 0 index: 0 } } ignore_live_leader: false dest_uuid: "27012f69cd1c41f1900022cdf9843d3b" is_pre_election: true
W20260709 13:07:03.191944 20889 leader_election.cc:343] T 66af6be5c900401dace8dfefb501fefc P 63439ba2d4f540329fe3cfe3cdcf53ab [CANDIDATE]: Term 1 pre-election: Tablet error from VoteRequest() call to peer 4ae7be6f1f9f42699d94c3df434e0428 (127.20.40.1:38797): Illegal state: must be running to vote when last-logged opid is not known
I20260709 13:07:03.197818 20924 tablet_service.cc:1917] Received RequestConsensusVote() RPC: tablet_id: "1c903c9524124e92bf9904d93c83a581" candidate_uuid: "27012f69cd1c41f1900022cdf9843d3b" candidate_term: 1 candidate_status { last_received { term: 0 index: 0 } } ignore_live_leader: false dest_uuid: "63439ba2d4f540329fe3cfe3cdcf53ab" is_pre_election: true
I20260709 13:07:03.204128 20924 raft_consensus.cc:2468] T 1c903c9524124e92bf9904d93c83a581 P 63439ba2d4f540329fe3cfe3cdcf53ab [term 0 FOLLOWER]: Leader pre-election vote request: Granting yes vote for candidate 27012f69cd1c41f1900022cdf9843d3b in term 0.
I20260709 13:07:03.220858 20813 leader_election.cc:304] T 1c903c9524124e92bf9904d93c83a581 P 27012f69cd1c41f1900022cdf9843d3b [CANDIDATE]: Term 1 pre-election: Election decided. Result: candidate won. Election summary: received 2 responses out of 3 voters: 2 yes votes; 0 no votes. yes voters: 27012f69cd1c41f1900022cdf9843d3b, 63439ba2d4f540329fe3cfe3cdcf53ab; no voters: 
I20260709 13:07:03.222088 20975 raft_consensus.cc:2804] T 1c903c9524124e92bf9904d93c83a581 P 27012f69cd1c41f1900022cdf9843d3b [term 0 FOLLOWER]: Leader pre-election won for term 1
I20260709 13:07:03.222563 20975 raft_consensus.cc:493] T 1c903c9524124e92bf9904d93c83a581 P 27012f69cd1c41f1900022cdf9843d3b [term 0 FOLLOWER]: Starting leader election (no leader contacted us within the election timeout)
I20260709 13:07:03.222931 20975 raft_consensus.cc:3060] T 1c903c9524124e92bf9904d93c83a581 P 27012f69cd1c41f1900022cdf9843d3b [term 0 FOLLOWER]: Advancing to term 1
I20260709 13:07:03.234316 20969 raft_consensus.cc:359] T 66af6be5c900401dace8dfefb501fefc P 27012f69cd1c41f1900022cdf9843d3b [term 0 FOLLOWER]: Replica starting. Triggering 0 pending ops. Active config: opid_index: -1 OBSOLETE_local: false peers { permanent_uuid: "4ae7be6f1f9f42699d94c3df434e0428" member_type: VOTER last_known_addr { host: "127.20.40.1" port: 38797 } } peers { permanent_uuid: "27012f69cd1c41f1900022cdf9843d3b" member_type: VOTER last_known_addr { host: "127.20.40.2" port: 32867 } } peers { permanent_uuid: "63439ba2d4f540329fe3cfe3cdcf53ab" member_type: VOTER last_known_addr { host: "127.20.40.3" port: 39209 } }
I20260709 13:07:03.235106 20969 raft_consensus.cc:385] T 66af6be5c900401dace8dfefb501fefc P 27012f69cd1c41f1900022cdf9843d3b [term 0 FOLLOWER]: Consensus starting up: Expiring failure detector timer to make a prompt election more likely
W20260709 13:07:03.235387 20889 leader_election.cc:343] T 66af6be5c900401dace8dfefb501fefc P 63439ba2d4f540329fe3cfe3cdcf53ab [CANDIDATE]: Term 1 pre-election: Tablet error from VoteRequest() call to peer 27012f69cd1c41f1900022cdf9843d3b (127.20.40.2:32867): Illegal state: must be running to vote when last-logged opid is not known
I20260709 13:07:03.236053 20889 leader_election.cc:304] T 66af6be5c900401dace8dfefb501fefc P 63439ba2d4f540329fe3cfe3cdcf53ab [CANDIDATE]: Term 1 pre-election: Election decided. Result: candidate lost. Election summary: received 3 responses out of 3 voters: 1 yes votes; 2 no votes. yes voters: 63439ba2d4f540329fe3cfe3cdcf53ab; no voters: 27012f69cd1c41f1900022cdf9843d3b, 4ae7be6f1f9f42699d94c3df434e0428
I20260709 13:07:03.237166 20973 raft_consensus.cc:2749] T 66af6be5c900401dace8dfefb501fefc P 63439ba2d4f540329fe3cfe3cdcf53ab [term 0 FOLLOWER]: Leader pre-election lost for term 1. Reason: could not achieve majority
I20260709 13:07:03.239293 20973 raft_consensus.cc:493] T aef02495bba0445fa3bdd7cd7a6e5982 P 63439ba2d4f540329fe3cfe3cdcf53ab [term 0 FOLLOWER]: Starting pre-election (no leader contacted us within the election timeout)
I20260709 13:07:03.239739 20973 raft_consensus.cc:515] T aef02495bba0445fa3bdd7cd7a6e5982 P 63439ba2d4f540329fe3cfe3cdcf53ab [term 0 FOLLOWER]: Starting pre-election with config: opid_index: -1 OBSOLETE_local: false peers { permanent_uuid: "63439ba2d4f540329fe3cfe3cdcf53ab" member_type: VOTER last_known_addr { host: "127.20.40.3" port: 39209 } } peers { permanent_uuid: "27012f69cd1c41f1900022cdf9843d3b" member_type: VOTER last_known_addr { host: "127.20.40.2" port: 32867 } } peers { permanent_uuid: "4ae7be6f1f9f42699d94c3df434e0428" member_type: VOTER last_known_addr { host: "127.20.40.1" port: 38797 } }
I20260709 13:07:03.241019 20968 tablet_bootstrap.cc:492] T 06a6425feef84a3e8d7c2396bcd7b521 P 4ae7be6f1f9f42699d94c3df434e0428: No bootstrap required, opened a new log
I20260709 13:07:03.241645 20968 ts_tablet_manager.cc:1403] T 06a6425feef84a3e8d7c2396bcd7b521 P 4ae7be6f1f9f42699d94c3df434e0428: Time spent bootstrapping tablet: real 0.113s	user 0.035s	sys 0.022s
I20260709 13:07:03.241717 20973 leader_election.cc:290] T aef02495bba0445fa3bdd7cd7a6e5982 P 63439ba2d4f540329fe3cfe3cdcf53ab [CANDIDATE]: Term 1 pre-election: Requested pre-vote from peers 27012f69cd1c41f1900022cdf9843d3b (127.20.40.2:32867), 4ae7be6f1f9f42699d94c3df434e0428 (127.20.40.1:38797)
I20260709 13:07:03.242918 20850 tablet_service.cc:1917] Received RequestConsensusVote() RPC: tablet_id: "aef02495bba0445fa3bdd7cd7a6e5982" candidate_uuid: "63439ba2d4f540329fe3cfe3cdcf53ab" candidate_term: 1 candidate_status { last_received { term: 0 index: 0 } } ignore_live_leader: false dest_uuid: "27012f69cd1c41f1900022cdf9843d3b" is_pre_election: true
I20260709 13:07:03.243279 20924 tablet_service.cc:1917] Received RequestConsensusVote() RPC: tablet_id: "1c903c9524124e92bf9904d93c83a581" candidate_uuid: "4ae7be6f1f9f42699d94c3df434e0428" candidate_term: 1 candidate_status { last_received { term: 0 index: 0 } } ignore_live_leader: false dest_uuid: "63439ba2d4f540329fe3cfe3cdcf53ab" is_pre_election: true
I20260709 13:07:03.243896 20924 raft_consensus.cc:2468] T 1c903c9524124e92bf9904d93c83a581 P 63439ba2d4f540329fe3cfe3cdcf53ab [term 0 FOLLOWER]: Leader pre-election vote request: Granting yes vote for candidate 4ae7be6f1f9f42699d94c3df434e0428 in term 0.
I20260709 13:07:03.245117 20738 leader_election.cc:304] T 1c903c9524124e92bf9904d93c83a581 P 4ae7be6f1f9f42699d94c3df434e0428 [CANDIDATE]: Term 1 pre-election: Election decided. Result: candidate won. Election summary: received 2 responses out of 3 voters: 2 yes votes; 0 no votes. yes voters: 4ae7be6f1f9f42699d94c3df434e0428, 63439ba2d4f540329fe3cfe3cdcf53ab; no voters: 
I20260709 13:07:03.245404 20775 tablet_service.cc:1917] Received RequestConsensusVote() RPC: tablet_id: "aef02495bba0445fa3bdd7cd7a6e5982" candidate_uuid: "63439ba2d4f540329fe3cfe3cdcf53ab" candidate_term: 1 candidate_status { last_received { term: 0 index: 0 } } ignore_live_leader: false dest_uuid: "4ae7be6f1f9f42699d94c3df434e0428" is_pre_election: true
I20260709 13:07:03.245522 20975 raft_consensus.cc:515] T 1c903c9524124e92bf9904d93c83a581 P 27012f69cd1c41f1900022cdf9843d3b [term 1 FOLLOWER]: Starting leader election with config: opid_index: -1 OBSOLETE_local: false peers { permanent_uuid: "4ae7be6f1f9f42699d94c3df434e0428" member_type: VOTER last_known_addr { host: "127.20.40.1" port: 38797 } } peers { permanent_uuid: "27012f69cd1c41f1900022cdf9843d3b" member_type: VOTER last_known_addr { host: "127.20.40.2" port: 32867 } } peers { permanent_uuid: "63439ba2d4f540329fe3cfe3cdcf53ab" member_type: VOTER last_known_addr { host: "127.20.40.3" port: 39209 } }
I20260709 13:07:03.246061 20974 raft_consensus.cc:2804] T 1c903c9524124e92bf9904d93c83a581 P 4ae7be6f1f9f42699d94c3df434e0428 [term 0 FOLLOWER]: Leader pre-election won for term 1
I20260709 13:07:03.245725 20968 raft_consensus.cc:359] T 06a6425feef84a3e8d7c2396bcd7b521 P 4ae7be6f1f9f42699d94c3df434e0428 [term 0 FOLLOWER]: Replica starting. Triggering 0 pending ops. Active config: opid_index: -1 OBSOLETE_local: false peers { permanent_uuid: "4ae7be6f1f9f42699d94c3df434e0428" member_type: VOTER last_known_addr { host: "127.20.40.1" port: 38797 } } peers { permanent_uuid: "27012f69cd1c41f1900022cdf9843d3b" member_type: VOTER last_known_addr { host: "127.20.40.2" port: 32867 } } peers { permanent_uuid: "63439ba2d4f540329fe3cfe3cdcf53ab" member_type: VOTER last_known_addr { host: "127.20.40.3" port: 39209 } }
I20260709 13:07:03.246430 20974 raft_consensus.cc:493] T 1c903c9524124e92bf9904d93c83a581 P 4ae7be6f1f9f42699d94c3df434e0428 [term 0 FOLLOWER]: Starting leader election (no leader contacted us within the election timeout)
I20260709 13:07:03.246253 20775 raft_consensus.cc:2468] T aef02495bba0445fa3bdd7cd7a6e5982 P 4ae7be6f1f9f42699d94c3df434e0428 [term 0 FOLLOWER]: Leader pre-election vote request: Granting yes vote for candidate 63439ba2d4f540329fe3cfe3cdcf53ab in term 0.
I20260709 13:07:03.246907 20974 raft_consensus.cc:3060] T 1c903c9524124e92bf9904d93c83a581 P 4ae7be6f1f9f42699d94c3df434e0428 [term 0 FOLLOWER]: Advancing to term 1
I20260709 13:07:03.246910 20968 raft_consensus.cc:385] T 06a6425feef84a3e8d7c2396bcd7b521 P 4ae7be6f1f9f42699d94c3df434e0428 [term 0 FOLLOWER]: Consensus starting up: Expiring failure detector timer to make a prompt election more likely
I20260709 13:07:03.247653 20968 raft_consensus.cc:740] T 06a6425feef84a3e8d7c2396bcd7b521 P 4ae7be6f1f9f42699d94c3df434e0428 [term 0 FOLLOWER]: Becoming Follower/Learner. State: Replica: 4ae7be6f1f9f42699d94c3df434e0428, State: Initialized, Role: FOLLOWER
I20260709 13:07:03.235417 20969 raft_consensus.cc:740] T 66af6be5c900401dace8dfefb501fefc P 27012f69cd1c41f1900022cdf9843d3b [term 0 FOLLOWER]: Becoming Follower/Learner. State: Replica: 27012f69cd1c41f1900022cdf9843d3b, State: Initialized, Role: FOLLOWER
I20260709 13:07:03.247990 20889 leader_election.cc:304] T aef02495bba0445fa3bdd7cd7a6e5982 P 63439ba2d4f540329fe3cfe3cdcf53ab [CANDIDATE]: Term 1 pre-election: Election decided. Result: candidate won. Election summary: received 2 responses out of 3 voters: 2 yes votes; 0 no votes. yes voters: 4ae7be6f1f9f42699d94c3df434e0428, 63439ba2d4f540329fe3cfe3cdcf53ab; no voters: 
I20260709 13:07:03.249156 20973 raft_consensus.cc:2804] T aef02495bba0445fa3bdd7cd7a6e5982 P 63439ba2d4f540329fe3cfe3cdcf53ab [term 0 FOLLOWER]: Leader pre-election won for term 1
W20260709 13:07:03.249326 20889 leader_election.cc:343] T aef02495bba0445fa3bdd7cd7a6e5982 P 63439ba2d4f540329fe3cfe3cdcf53ab [CANDIDATE]: Term 1 pre-election: Tablet error from VoteRequest() call to peer 27012f69cd1c41f1900022cdf9843d3b (127.20.40.2:32867): Illegal state: must be running to vote when last-logged opid is not known
I20260709 13:07:03.249604 20973 raft_consensus.cc:493] T aef02495bba0445fa3bdd7cd7a6e5982 P 63439ba2d4f540329fe3cfe3cdcf53ab [term 0 FOLLOWER]: Starting leader election (no leader contacted us within the election timeout)
I20260709 13:07:03.249991 20973 raft_consensus.cc:3060] T aef02495bba0445fa3bdd7cd7a6e5982 P 63439ba2d4f540329fe3cfe3cdcf53ab [term 0 FOLLOWER]: Advancing to term 1
I20260709 13:07:03.254324 20974 raft_consensus.cc:515] T 1c903c9524124e92bf9904d93c83a581 P 4ae7be6f1f9f42699d94c3df434e0428 [term 1 FOLLOWER]: Starting leader election with config: opid_index: -1 OBSOLETE_local: false peers { permanent_uuid: "4ae7be6f1f9f42699d94c3df434e0428" member_type: VOTER last_known_addr { host: "127.20.40.1" port: 38797 } } peers { permanent_uuid: "27012f69cd1c41f1900022cdf9843d3b" member_type: VOTER last_known_addr { host: "127.20.40.2" port: 32867 } } peers { permanent_uuid: "63439ba2d4f540329fe3cfe3cdcf53ab" member_type: VOTER last_known_addr { host: "127.20.40.3" port: 39209 } }
I20260709 13:07:03.256434 20974 leader_election.cc:290] T 1c903c9524124e92bf9904d93c83a581 P 4ae7be6f1f9f42699d94c3df434e0428 [CANDIDATE]: Term 1 election: Requested vote from peers 27012f69cd1c41f1900022cdf9843d3b (127.20.40.2:32867), 63439ba2d4f540329fe3cfe3cdcf53ab (127.20.40.3:39209)
I20260709 13:07:03.257808 20924 tablet_service.cc:1917] Received RequestConsensusVote() RPC: tablet_id: "1c903c9524124e92bf9904d93c83a581" candidate_uuid: "4ae7be6f1f9f42699d94c3df434e0428" candidate_term: 1 candidate_status { last_received { term: 0 index: 0 } } ignore_live_leader: false dest_uuid: "63439ba2d4f540329fe3cfe3cdcf53ab"
I20260709 13:07:03.258512 20924 raft_consensus.cc:3060] T 1c903c9524124e92bf9904d93c83a581 P 63439ba2d4f540329fe3cfe3cdcf53ab [term 0 FOLLOWER]: Advancing to term 1
I20260709 13:07:03.248621 20968 consensus_queue.cc:260] T 06a6425feef84a3e8d7c2396bcd7b521 P 4ae7be6f1f9f42699d94c3df434e0428 [NON_LEADER]: Queue going to NON_LEADER mode. State: All replicated index: 0, Majority replicated index: 0, Committed index: 0, Last appended: 0.0, Last appended by leader: 0, Current term: 0, Majority size: -1, State: 0, Mode: NON_LEADER, active raft config: opid_index: -1 OBSOLETE_local: false peers { permanent_uuid: "4ae7be6f1f9f42699d94c3df434e0428" member_type: VOTER last_known_addr { host: "127.20.40.1" port: 38797 } } peers { permanent_uuid: "27012f69cd1c41f1900022cdf9843d3b" member_type: VOTER last_known_addr { host: "127.20.40.2" port: 32867 } } peers { permanent_uuid: "63439ba2d4f540329fe3cfe3cdcf53ab" member_type: VOTER last_known_addr { host: "127.20.40.3" port: 39209 } }
I20260709 13:07:03.259691 20849 tablet_service.cc:1917] Received RequestConsensusVote() RPC: tablet_id: "1c903c9524124e92bf9904d93c83a581" candidate_uuid: "4ae7be6f1f9f42699d94c3df434e0428" candidate_term: 1 candidate_status { last_received { term: 0 index: 0 } } ignore_live_leader: false dest_uuid: "27012f69cd1c41f1900022cdf9843d3b"
I20260709 13:07:03.260612 20968 ts_tablet_manager.cc:1434] T 06a6425feef84a3e8d7c2396bcd7b521 P 4ae7be6f1f9f42699d94c3df434e0428: Time spent starting tablet: real 0.018s	user 0.006s	sys 0.000s
I20260709 13:07:03.260787 20849 raft_consensus.cc:2393] T 1c903c9524124e92bf9904d93c83a581 P 27012f69cd1c41f1900022cdf9843d3b [term 1 FOLLOWER]: Leader election vote request: Denying vote to candidate 4ae7be6f1f9f42699d94c3df434e0428 in current term 1: Already voted for candidate 27012f69cd1c41f1900022cdf9843d3b in this term.
I20260709 13:07:03.258597 20850 tablet_service.cc:1917] Received RequestConsensusVote() RPC: tablet_id: "1c903c9524124e92bf9904d93c83a581" candidate_uuid: "4ae7be6f1f9f42699d94c3df434e0428" candidate_term: 1 candidate_status { last_received { term: 0 index: 0 } } ignore_live_leader: false dest_uuid: "27012f69cd1c41f1900022cdf9843d3b" is_pre_election: true
I20260709 13:07:03.261590 20968 tablet_bootstrap.cc:492] T 66af6be5c900401dace8dfefb501fefc P 4ae7be6f1f9f42699d94c3df434e0428: Bootstrap starting.
I20260709 13:07:03.262019 20850 raft_consensus.cc:2393] T 1c903c9524124e92bf9904d93c83a581 P 27012f69cd1c41f1900022cdf9843d3b [term 1 FOLLOWER]: Leader pre-election vote request: Denying vote to candidate 4ae7be6f1f9f42699d94c3df434e0428 in current term 1: Already voted for candidate 27012f69cd1c41f1900022cdf9843d3b in this term.
I20260709 13:07:03.256896 20973 raft_consensus.cc:515] T aef02495bba0445fa3bdd7cd7a6e5982 P 63439ba2d4f540329fe3cfe3cdcf53ab [term 1 FOLLOWER]: Starting leader election with config: opid_index: -1 OBSOLETE_local: false peers { permanent_uuid: "63439ba2d4f540329fe3cfe3cdcf53ab" member_type: VOTER last_known_addr { host: "127.20.40.3" port: 39209 } } peers { permanent_uuid: "27012f69cd1c41f1900022cdf9843d3b" member_type: VOTER last_known_addr { host: "127.20.40.2" port: 32867 } } peers { permanent_uuid: "4ae7be6f1f9f42699d94c3df434e0428" member_type: VOTER last_known_addr { host: "127.20.40.1" port: 38797 } }
I20260709 13:07:03.269688 20975 leader_election.cc:290] T 1c903c9524124e92bf9904d93c83a581 P 27012f69cd1c41f1900022cdf9843d3b [CANDIDATE]: Term 1 election: Requested vote from peers 4ae7be6f1f9f42699d94c3df434e0428 (127.20.40.1:38797), 63439ba2d4f540329fe3cfe3cdcf53ab (127.20.40.3:39209)
I20260709 13:07:03.269920 20923 tablet_service.cc:1917] Received RequestConsensusVote() RPC: tablet_id: "1c903c9524124e92bf9904d93c83a581" candidate_uuid: "27012f69cd1c41f1900022cdf9843d3b" candidate_term: 1 candidate_status { last_received { term: 0 index: 0 } } ignore_live_leader: false dest_uuid: "63439ba2d4f540329fe3cfe3cdcf53ab"
I20260709 13:07:03.270318 20850 tablet_service.cc:1917] Received RequestConsensusVote() RPC: tablet_id: "aef02495bba0445fa3bdd7cd7a6e5982" candidate_uuid: "63439ba2d4f540329fe3cfe3cdcf53ab" candidate_term: 1 candidate_status { last_received { term: 0 index: 0 } } ignore_live_leader: false dest_uuid: "27012f69cd1c41f1900022cdf9843d3b"
I20260709 13:07:03.270495 20973 leader_election.cc:290] T aef02495bba0445fa3bdd7cd7a6e5982 P 63439ba2d4f540329fe3cfe3cdcf53ab [CANDIDATE]: Term 1 election: Requested vote from peers 27012f69cd1c41f1900022cdf9843d3b (127.20.40.2:32867), 4ae7be6f1f9f42699d94c3df434e0428 (127.20.40.1:38797)
I20260709 13:07:03.248819 20969 consensus_queue.cc:260] T 66af6be5c900401dace8dfefb501fefc P 27012f69cd1c41f1900022cdf9843d3b [NON_LEADER]: Queue going to NON_LEADER mode. State: All replicated index: 0, Majority replicated index: 0, Committed index: 0, Last appended: 0.0, Last appended by leader: 0, Current term: 0, Majority size: -1, State: 0, Mode: NON_LEADER, active raft config: opid_index: -1 OBSOLETE_local: false peers { permanent_uuid: "4ae7be6f1f9f42699d94c3df434e0428" member_type: VOTER last_known_addr { host: "127.20.40.1" port: 38797 } } peers { permanent_uuid: "27012f69cd1c41f1900022cdf9843d3b" member_type: VOTER last_known_addr { host: "127.20.40.2" port: 32867 } } peers { permanent_uuid: "63439ba2d4f540329fe3cfe3cdcf53ab" member_type: VOTER last_known_addr { host: "127.20.40.3" port: 39209 } }
W20260709 13:07:03.274590 20889 leader_election.cc:343] T aef02495bba0445fa3bdd7cd7a6e5982 P 63439ba2d4f540329fe3cfe3cdcf53ab [CANDIDATE]: Term 1 election: Tablet error from VoteRequest() call to peer 27012f69cd1c41f1900022cdf9843d3b (127.20.40.2:32867): Illegal state: must be running to vote when last-logged opid is not known
I20260709 13:07:03.276539 20968 tablet_bootstrap.cc:654] T 66af6be5c900401dace8dfefb501fefc P 4ae7be6f1f9f42699d94c3df434e0428: Neither blocks nor log segments found. Creating new log.
I20260709 13:07:03.276309 20775 tablet_service.cc:1917] Received RequestConsensusVote() RPC: tablet_id: "aef02495bba0445fa3bdd7cd7a6e5982" candidate_uuid: "63439ba2d4f540329fe3cfe3cdcf53ab" candidate_term: 1 candidate_status { last_received { term: 0 index: 0 } } ignore_live_leader: false dest_uuid: "4ae7be6f1f9f42699d94c3df434e0428"
I20260709 13:07:03.277050 20775 raft_consensus.cc:3060] T aef02495bba0445fa3bdd7cd7a6e5982 P 4ae7be6f1f9f42699d94c3df434e0428 [term 0 FOLLOWER]: Advancing to term 1
I20260709 13:07:03.278533 20969 ts_tablet_manager.cc:1434] T 66af6be5c900401dace8dfefb501fefc P 27012f69cd1c41f1900022cdf9843d3b: Time spent starting tablet: real 0.102s	user 0.007s	sys 0.001s
I20260709 13:07:03.279608 20969 tablet_bootstrap.cc:492] T 51c5fcfb4ee74084ab476ebda66e1fe4 P 27012f69cd1c41f1900022cdf9843d3b: Bootstrap starting.
I20260709 13:07:03.280334 20924 raft_consensus.cc:2468] T 1c903c9524124e92bf9904d93c83a581 P 63439ba2d4f540329fe3cfe3cdcf53ab [term 1 FOLLOWER]: Leader election vote request: Granting yes vote for candidate 4ae7be6f1f9f42699d94c3df434e0428 in term 1.
I20260709 13:07:03.281976 20738 leader_election.cc:304] T 1c903c9524124e92bf9904d93c83a581 P 4ae7be6f1f9f42699d94c3df434e0428 [CANDIDATE]: Term 1 election: Election decided. Result: candidate won. Election summary: received 3 responses out of 3 voters: 2 yes votes; 1 no votes. yes voters: 4ae7be6f1f9f42699d94c3df434e0428, 63439ba2d4f540329fe3cfe3cdcf53ab; no voters: 27012f69cd1c41f1900022cdf9843d3b
I20260709 13:07:03.282914 20974 raft_consensus.cc:2804] T 1c903c9524124e92bf9904d93c83a581 P 4ae7be6f1f9f42699d94c3df434e0428 [term 1 FOLLOWER]: Leader election won for term 1
I20260709 13:07:03.285229 20775 raft_consensus.cc:2468] T aef02495bba0445fa3bdd7cd7a6e5982 P 4ae7be6f1f9f42699d94c3df434e0428 [term 1 FOLLOWER]: Leader election vote request: Granting yes vote for candidate 63439ba2d4f540329fe3cfe3cdcf53ab in term 1.
I20260709 13:07:03.287227 20774 tablet_service.cc:1917] Received RequestConsensusVote() RPC: tablet_id: "1c903c9524124e92bf9904d93c83a581" candidate_uuid: "27012f69cd1c41f1900022cdf9843d3b" candidate_term: 1 candidate_status { last_received { term: 0 index: 0 } } ignore_live_leader: false dest_uuid: "4ae7be6f1f9f42699d94c3df434e0428" is_pre_election: true
I20260709 13:07:03.287555 20773 tablet_service.cc:1917] Received RequestConsensusVote() RPC: tablet_id: "1c903c9524124e92bf9904d93c83a581" candidate_uuid: "27012f69cd1c41f1900022cdf9843d3b" candidate_term: 1 candidate_status { last_received { term: 0 index: 0 } } ignore_live_leader: false dest_uuid: "4ae7be6f1f9f42699d94c3df434e0428"
I20260709 13:07:03.289460 20889 leader_election.cc:304] T aef02495bba0445fa3bdd7cd7a6e5982 P 63439ba2d4f540329fe3cfe3cdcf53ab [CANDIDATE]: Term 1 election: Election decided. Result: candidate won. Election summary: received 3 responses out of 3 voters: 2 yes votes; 1 no votes. yes voters: 4ae7be6f1f9f42699d94c3df434e0428, 63439ba2d4f540329fe3cfe3cdcf53ab; no voters: 27012f69cd1c41f1900022cdf9843d3b
I20260709 13:07:03.289484 20815 leader_election.cc:304] T 1c903c9524124e92bf9904d93c83a581 P 27012f69cd1c41f1900022cdf9843d3b [CANDIDATE]: Term 1 election: Election decided. Result: candidate lost. Election summary: received 3 responses out of 3 voters: 1 yes votes; 2 no votes. yes voters: 27012f69cd1c41f1900022cdf9843d3b; no voters: 4ae7be6f1f9f42699d94c3df434e0428, 63439ba2d4f540329fe3cfe3cdcf53ab
I20260709 13:07:03.290771 20973 raft_consensus.cc:2804] T aef02495bba0445fa3bdd7cd7a6e5982 P 63439ba2d4f540329fe3cfe3cdcf53ab [term 1 FOLLOWER]: Leader election won for term 1
I20260709 13:07:03.291172 20975 raft_consensus.cc:2749] T 1c903c9524124e92bf9904d93c83a581 P 27012f69cd1c41f1900022cdf9843d3b [term 1 FOLLOWER]: Leader election lost for term 1. Reason: could not achieve majority
I20260709 13:07:03.287941 20967 tablet_bootstrap.cc:654] T 06a6425feef84a3e8d7c2396bcd7b521 P 63439ba2d4f540329fe3cfe3cdcf53ab: Neither blocks nor log segments found. Creating new log.
I20260709 13:07:03.300433 20969 tablet_bootstrap.cc:654] T 51c5fcfb4ee74084ab476ebda66e1fe4 P 27012f69cd1c41f1900022cdf9843d3b: Neither blocks nor log segments found. Creating new log.
I20260709 13:07:03.300637 20974 raft_consensus.cc:697] T 1c903c9524124e92bf9904d93c83a581 P 4ae7be6f1f9f42699d94c3df434e0428 [term 1 LEADER]: Becoming Leader. State: Replica: 4ae7be6f1f9f42699d94c3df434e0428, State: Running, Role: LEADER
I20260709 13:07:03.301915 20974 consensus_queue.cc:237] T 1c903c9524124e92bf9904d93c83a581 P 4ae7be6f1f9f42699d94c3df434e0428 [LEADER]: Queue going to LEADER mode. State: All replicated index: 0, Majority replicated index: 0, Committed index: 0, Last appended: 0.0, Last appended by leader: 0, Current term: 1, Majority size: 2, State: 0, Mode: LEADER, active raft config: opid_index: -1 OBSOLETE_local: false peers { permanent_uuid: "4ae7be6f1f9f42699d94c3df434e0428" member_type: VOTER last_known_addr { host: "127.20.40.1" port: 38797 } } peers { permanent_uuid: "27012f69cd1c41f1900022cdf9843d3b" member_type: VOTER last_known_addr { host: "127.20.40.2" port: 32867 } } peers { permanent_uuid: "63439ba2d4f540329fe3cfe3cdcf53ab" member_type: VOTER last_known_addr { host: "127.20.40.3" port: 39209 } }
I20260709 13:07:03.304631 20973 raft_consensus.cc:697] T aef02495bba0445fa3bdd7cd7a6e5982 P 63439ba2d4f540329fe3cfe3cdcf53ab [term 1 LEADER]: Becoming Leader. State: Replica: 63439ba2d4f540329fe3cfe3cdcf53ab, State: Running, Role: LEADER
I20260709 13:07:03.305637 20973 consensus_queue.cc:237] T aef02495bba0445fa3bdd7cd7a6e5982 P 63439ba2d4f540329fe3cfe3cdcf53ab [LEADER]: Queue going to LEADER mode. State: All replicated index: 0, Majority replicated index: 0, Committed index: 0, Last appended: 0.0, Last appended by leader: 0, Current term: 1, Majority size: 2, State: 0, Mode: LEADER, active raft config: opid_index: -1 OBSOLETE_local: false peers { permanent_uuid: "63439ba2d4f540329fe3cfe3cdcf53ab" member_type: VOTER last_known_addr { host: "127.20.40.3" port: 39209 } } peers { permanent_uuid: "27012f69cd1c41f1900022cdf9843d3b" member_type: VOTER last_known_addr { host: "127.20.40.2" port: 32867 } } peers { permanent_uuid: "4ae7be6f1f9f42699d94c3df434e0428" member_type: VOTER last_known_addr { host: "127.20.40.1" port: 38797 } }
I20260709 13:07:03.318583 20967 tablet_bootstrap.cc:492] T 06a6425feef84a3e8d7c2396bcd7b521 P 63439ba2d4f540329fe3cfe3cdcf53ab: No bootstrap required, opened a new log
I20260709 13:07:03.316730 20672 catalog_manager.cc:5697] T 1c903c9524124e92bf9904d93c83a581 P 4ae7be6f1f9f42699d94c3df434e0428 reported cstate change: term changed from 0 to 1, leader changed from <none> to 4ae7be6f1f9f42699d94c3df434e0428 (127.20.40.1). New cstate: current_term: 1 leader_uuid: "4ae7be6f1f9f42699d94c3df434e0428" committed_config { opid_index: -1 OBSOLETE_local: false peers { permanent_uuid: "4ae7be6f1f9f42699d94c3df434e0428" member_type: VOTER last_known_addr { host: "127.20.40.1" port: 38797 } health_report { overall_health: HEALTHY } } peers { permanent_uuid: "27012f69cd1c41f1900022cdf9843d3b" member_type: VOTER last_known_addr { host: "127.20.40.2" port: 32867 } health_report { overall_health: UNKNOWN } } peers { permanent_uuid: "63439ba2d4f540329fe3cfe3cdcf53ab" member_type: VOTER last_known_addr { host: "127.20.40.3" port: 39209 } health_report { overall_health: UNKNOWN } } }
I20260709 13:07:03.319159 20967 ts_tablet_manager.cc:1403] T 06a6425feef84a3e8d7c2396bcd7b521 P 63439ba2d4f540329fe3cfe3cdcf53ab: Time spent bootstrapping tablet: real 0.142s	user 0.022s	sys 0.009s
I20260709 13:07:03.322973 20967 raft_consensus.cc:359] T 06a6425feef84a3e8d7c2396bcd7b521 P 63439ba2d4f540329fe3cfe3cdcf53ab [term 0 FOLLOWER]: Replica starting. Triggering 0 pending ops. Active config: opid_index: -1 OBSOLETE_local: false peers { permanent_uuid: "4ae7be6f1f9f42699d94c3df434e0428" member_type: VOTER last_known_addr { host: "127.20.40.1" port: 38797 } } peers { permanent_uuid: "27012f69cd1c41f1900022cdf9843d3b" member_type: VOTER last_known_addr { host: "127.20.40.2" port: 32867 } } peers { permanent_uuid: "63439ba2d4f540329fe3cfe3cdcf53ab" member_type: VOTER last_known_addr { host: "127.20.40.3" port: 39209 } }
I20260709 13:07:03.324033 20967 raft_consensus.cc:385] T 06a6425feef84a3e8d7c2396bcd7b521 P 63439ba2d4f540329fe3cfe3cdcf53ab [term 0 FOLLOWER]: Consensus starting up: Expiring failure detector timer to make a prompt election more likely
I20260709 13:07:03.324416 20967 raft_consensus.cc:740] T 06a6425feef84a3e8d7c2396bcd7b521 P 63439ba2d4f540329fe3cfe3cdcf53ab [term 0 FOLLOWER]: Becoming Follower/Learner. State: Replica: 63439ba2d4f540329fe3cfe3cdcf53ab, State: Initialized, Role: FOLLOWER
I20260709 13:07:03.326745 20967 consensus_queue.cc:260] T 06a6425feef84a3e8d7c2396bcd7b521 P 63439ba2d4f540329fe3cfe3cdcf53ab [NON_LEADER]: Queue going to NON_LEADER mode. State: All replicated index: 0, Majority replicated index: 0, Committed index: 0, Last appended: 0.0, Last appended by leader: 0, Current term: 0, Majority size: -1, State: 0, Mode: NON_LEADER, active raft config: opid_index: -1 OBSOLETE_local: false peers { permanent_uuid: "4ae7be6f1f9f42699d94c3df434e0428" member_type: VOTER last_known_addr { host: "127.20.40.1" port: 38797 } } peers { permanent_uuid: "27012f69cd1c41f1900022cdf9843d3b" member_type: VOTER last_known_addr { host: "127.20.40.2" port: 32867 } } peers { permanent_uuid: "63439ba2d4f540329fe3cfe3cdcf53ab" member_type: VOTER last_known_addr { host: "127.20.40.3" port: 39209 } }
I20260709 13:07:03.329720 20967 ts_tablet_manager.cc:1434] T 06a6425feef84a3e8d7c2396bcd7b521 P 63439ba2d4f540329fe3cfe3cdcf53ab: Time spent starting tablet: real 0.010s	user 0.004s	sys 0.005s
I20260709 13:07:03.330781 20967 tablet_bootstrap.cc:492] T 95f080cfb4234f168dc1ed6433c0a42a P 63439ba2d4f540329fe3cfe3cdcf53ab: Bootstrap starting.
I20260709 13:07:03.346098 20967 tablet_bootstrap.cc:654] T 95f080cfb4234f168dc1ed6433c0a42a P 63439ba2d4f540329fe3cfe3cdcf53ab: Neither blocks nor log segments found. Creating new log.
I20260709 13:07:03.349812 20969 tablet_bootstrap.cc:492] T 51c5fcfb4ee74084ab476ebda66e1fe4 P 27012f69cd1c41f1900022cdf9843d3b: No bootstrap required, opened a new log
I20260709 13:07:03.350342 20969 ts_tablet_manager.cc:1403] T 51c5fcfb4ee74084ab476ebda66e1fe4 P 27012f69cd1c41f1900022cdf9843d3b: Time spent bootstrapping tablet: real 0.071s	user 0.012s	sys 0.011s
I20260709 13:07:03.351560 20968 tablet_bootstrap.cc:492] T 66af6be5c900401dace8dfefb501fefc P 4ae7be6f1f9f42699d94c3df434e0428: No bootstrap required, opened a new log
