I20260709 13:07:12.642002 20640 raft_consensus.cc:2272] T 06a6425feef84a3e8d7c2396bcd7b521 P 27012f69cd1c41f1900022cdf9843d3b [term 2 FOLLOWER]: Raft consensus is shut down!
I20260709 13:07:12.643410 20640 tablet_replica.cc:333] T aef02495bba0445fa3bdd7cd7a6e5982 P 27012f69cd1c41f1900022cdf9843d3b: stopping tablet replica
I20260709 13:07:12.643791 20640 raft_consensus.cc:2243] T aef02495bba0445fa3bdd7cd7a6e5982 P 27012f69cd1c41f1900022cdf9843d3b [term 4 FOLLOWER]: Raft consensus shutting down.
I20260709 13:07:12.644093 20640 raft_consensus.cc:2272] T aef02495bba0445fa3bdd7cd7a6e5982 P 27012f69cd1c41f1900022cdf9843d3b [term 4 FOLLOWER]: Raft consensus is shut down!
I20260709 13:07:12.645848 20640 tablet_replica.cc:333] T 66af6be5c900401dace8dfefb501fefc P 27012f69cd1c41f1900022cdf9843d3b: stopping tablet replica
I20260709 13:07:12.646272 20640 raft_consensus.cc:2243] T 66af6be5c900401dace8dfefb501fefc P 27012f69cd1c41f1900022cdf9843d3b [term 3 LEADER]: Raft consensus shutting down.
I20260709 13:07:12.647020 20640 raft_consensus.cc:2272] T 66af6be5c900401dace8dfefb501fefc P 27012f69cd1c41f1900022cdf9843d3b [term 3 FOLLOWER]: Raft consensus is shut down!
I20260709 13:07:12.648471 20640 tablet_replica.cc:333] T 1c903c9524124e92bf9904d93c83a581 P 27012f69cd1c41f1900022cdf9843d3b: stopping tablet replica
I20260709 13:07:12.648819 20640 raft_consensus.cc:2243] T 1c903c9524124e92bf9904d93c83a581 P 27012f69cd1c41f1900022cdf9843d3b [term 2 LEADER]: Raft consensus shutting down.
I20260709 13:07:12.649417 20640 raft_consensus.cc:2272] T 1c903c9524124e92bf9904d93c83a581 P 27012f69cd1c41f1900022cdf9843d3b [term 2 FOLLOWER]: Raft consensus is shut down!
I20260709 13:07:12.677361 20640 tablet_server.cc:196] TabletServer@127.20.40.2:0 shutdown complete.
I20260709 13:07:12.695225 20640 tablet_server.cc:179] TabletServer@127.20.40.3:0 shutting down...
I20260709 13:07:12.722486 20640 ts_tablet_manager.cc:1507] Shutting down tablet manager...
I20260709 13:07:12.723196 20640 tablet_replica.cc:333] T 9bb6caaaeb6d47f0924ea57eb2ff331c P 63439ba2d4f540329fe3cfe3cdcf53ab: stopping tablet replica
I20260709 13:07:12.723815 20640 raft_consensus.cc:2243] T 9bb6caaaeb6d47f0924ea57eb2ff331c P 63439ba2d4f540329fe3cfe3cdcf53ab [term 2 LEADER]: Raft consensus shutting down.
I20260709 13:07:12.724586 20640 raft_consensus.cc:2272] T 9bb6caaaeb6d47f0924ea57eb2ff331c P 63439ba2d4f540329fe3cfe3cdcf53ab [term 2 FOLLOWER]: Raft consensus is shut down!
I20260709 13:07:12.726326 20640 tablet_replica.cc:333] T d614ab9dad544ec58b5abef1e2e53bfa P 63439ba2d4f540329fe3cfe3cdcf53ab: stopping tablet replica
I20260709 13:07:12.726826 20640 raft_consensus.cc:2243] T d614ab9dad544ec58b5abef1e2e53bfa P 63439ba2d4f540329fe3cfe3cdcf53ab [term 3 FOLLOWER]: Raft consensus shutting down.
I20260709 13:07:12.727239 20640 raft_consensus.cc:2272] T d614ab9dad544ec58b5abef1e2e53bfa P 63439ba2d4f540329fe3cfe3cdcf53ab [term 3 FOLLOWER]: Raft consensus is shut down!
I20260709 13:07:12.729602 20640 tablet_replica.cc:333] T 95f080cfb4234f168dc1ed6433c0a42a P 63439ba2d4f540329fe3cfe3cdcf53ab: stopping tablet replica
I20260709 13:07:12.730139 20640 raft_consensus.cc:2243] T 95f080cfb4234f168dc1ed6433c0a42a P 63439ba2d4f540329fe3cfe3cdcf53ab [term 3 FOLLOWER]: Raft consensus shutting down.
I20260709 13:07:12.730620 20640 raft_consensus.cc:2272] T 95f080cfb4234f168dc1ed6433c0a42a P 63439ba2d4f540329fe3cfe3cdcf53ab [term 3 FOLLOWER]: Raft consensus is shut down!
I20260709 13:07:12.733156 20640 tablet_replica.cc:333] T f30cd5e45ed84494b8873834fae6b662 P 63439ba2d4f540329fe3cfe3cdcf53ab: stopping tablet replica
I20260709 13:07:12.733793 20640 raft_consensus.cc:2243] T f30cd5e45ed84494b8873834fae6b662 P 63439ba2d4f540329fe3cfe3cdcf53ab [term 4 LEADER]: Raft consensus shutting down.
I20260709 13:07:12.734551 20640 raft_consensus.cc:2272] T f30cd5e45ed84494b8873834fae6b662 P 63439ba2d4f540329fe3cfe3cdcf53ab [term 4 FOLLOWER]: Raft consensus is shut down!
I20260709 13:07:12.736533 20640 tablet_replica.cc:333] T 51c5fcfb4ee74084ab476ebda66e1fe4 P 63439ba2d4f540329fe3cfe3cdcf53ab: stopping tablet replica
I20260709 13:07:12.737071 20640 raft_consensus.cc:2243] T 51c5fcfb4ee74084ab476ebda66e1fe4 P 63439ba2d4f540329fe3cfe3cdcf53ab [term 4 FOLLOWER]: Raft consensus shutting down.
I20260709 13:07:12.737680 20640 raft_consensus.cc:2272] T 51c5fcfb4ee74084ab476ebda66e1fe4 P 63439ba2d4f540329fe3cfe3cdcf53ab [term 4 FOLLOWER]: Raft consensus is shut down!
I20260709 13:07:12.739778 20640 tablet_replica.cc:333] T 06a6425feef84a3e8d7c2396bcd7b521 P 63439ba2d4f540329fe3cfe3cdcf53ab: stopping tablet replica
I20260709 13:07:12.740309 20640 raft_consensus.cc:2243] T 06a6425feef84a3e8d7c2396bcd7b521 P 63439ba2d4f540329fe3cfe3cdcf53ab [term 2 FOLLOWER]: Raft consensus shutting down.
I20260709 13:07:12.740742 20640 raft_consensus.cc:2272] T 06a6425feef84a3e8d7c2396bcd7b521 P 63439ba2d4f540329fe3cfe3cdcf53ab [term 2 FOLLOWER]: Raft consensus is shut down!
I20260709 13:07:12.742612 20640 tablet_replica.cc:333] T aef02495bba0445fa3bdd7cd7a6e5982 P 63439ba2d4f540329fe3cfe3cdcf53ab: stopping tablet replica
I20260709 13:07:12.743148 20640 raft_consensus.cc:2243] T aef02495bba0445fa3bdd7cd7a6e5982 P 63439ba2d4f540329fe3cfe3cdcf53ab [term 4 LEADER]: Raft consensus shutting down.
I20260709 13:07:12.743829 20640 raft_consensus.cc:2272] T aef02495bba0445fa3bdd7cd7a6e5982 P 63439ba2d4f540329fe3cfe3cdcf53ab [term 4 FOLLOWER]: Raft consensus is shut down!
I20260709 13:07:12.745779 20640 tablet_replica.cc:333] T 1c903c9524124e92bf9904d93c83a581 P 63439ba2d4f540329fe3cfe3cdcf53ab: stopping tablet replica
I20260709 13:07:12.746241 20640 raft_consensus.cc:2243] T 1c903c9524124e92bf9904d93c83a581 P 63439ba2d4f540329fe3cfe3cdcf53ab [term 2 FOLLOWER]: Raft consensus shutting down.
I20260709 13:07:12.746629 20640 raft_consensus.cc:2272] T 1c903c9524124e92bf9904d93c83a581 P 63439ba2d4f540329fe3cfe3cdcf53ab [term 2 FOLLOWER]: Raft consensus is shut down!
I20260709 13:07:12.748078 20640 tablet_replica.cc:333] T 66af6be5c900401dace8dfefb501fefc P 63439ba2d4f540329fe3cfe3cdcf53ab: stopping tablet replica
I20260709 13:07:12.748478 20640 raft_consensus.cc:2243] T 66af6be5c900401dace8dfefb501fefc P 63439ba2d4f540329fe3cfe3cdcf53ab [term 3 FOLLOWER]: Raft consensus shutting down.
I20260709 13:07:12.748857 20640 raft_consensus.cc:2272] T 66af6be5c900401dace8dfefb501fefc P 63439ba2d4f540329fe3cfe3cdcf53ab [term 3 FOLLOWER]: Raft consensus is shut down!
I20260709 13:07:12.774255 20640 tablet_server.cc:196] TabletServer@127.20.40.3:0 shutdown complete.
I20260709 13:07:12.790031 20640 master.cc:562] Master@127.20.40.62:46749 shutting down...
I20260709 13:07:12.918675 20640 raft_consensus.cc:2243] T 00000000000000000000000000000000 P 9f67188cba504b5e914cd7df85b43356 [term 1 LEADER]: Raft consensus shutting down.
I20260709 13:07:12.919384 20640 raft_consensus.cc:2272] T 00000000000000000000000000000000 P 9f67188cba504b5e914cd7df85b43356 [term 1 FOLLOWER]: Raft consensus is shut down!
I20260709 13:07:12.919741 20640 tablet_replica.cc:333] T 00000000000000000000000000000000 P 9f67188cba504b5e914cd7df85b43356: stopping tablet replica
I20260709 13:07:12.939777 20640 master.cc:584] Master@127.20.40.62:46749 shutdown complete.
27012f69cd1c41f1900022cdf9843d3b  4
4ae7be6f1f9f42699d94c3df434e0428  4
63439ba2d4f540329fe3cfe3cdcf53ab  1
[       OK ] LeaderRebalancerTest.FunctionalTestForDivided (12703 ms)
[ RUN      ] LeaderRebalancerTest.FunctionalTestForNotDivided
I20260709 13:07:12.981956 20640 internal_mini_cluster.cc:156] Creating distributed mini masters. Addrs: 127.20.40.62:38159
I20260709 13:07:12.983074 20640 file_cache.cc:504] Constructed file cache file cache with capacity 419430
W20260709 13:07:12.988795 21137 instance_detector.cc:116] could not retrieve AWS instance metadata: Network error: curl error: HTTP response code said error: The requested URL returned error: 404
W20260709 13:07:12.988914 21138 instance_detector.cc:116] could not retrieve Azure instance metadata: Network error: curl error: HTTP response code said error: The requested URL returned error: 404
W20260709 13:07:12.989568 21140 instance_detector.cc:116] could not retrieve OpenStack instance metadata: Network error: curl error: HTTP response code said error: The requested URL returned error: 404
I20260709 13:07:12.990885 20640 server_base.cc:1061] running on GCE node
I20260709 13:07:12.991883 20640 hybrid_clock.cc:584] initializing the hybrid clock with 'system_unsync' time source
W20260709 13:07:12.992138 20640 system_unsync_time.cc:38] NTP support is disabled. Clock error bounds will not be accurate. This configuration is not suitable for distributed clusters.
I20260709 13:07:12.992357 20640 hybrid_clock.cc:648] HybridClock initialized: now 1783602432992321 us; error 0 us; skew 500 ppm
I20260709 13:07:12.992957 20640 server_base.cc:861] Flag tcmalloc_max_total_thread_cache_bytes is not working since tcmalloc is not enabled.
I20260709 13:07:12.995757 20640 webserver.cc:533] Webserver started at http://127.20.40.62:41571/ using document root <none> and password file <none>
I20260709 13:07:12.996320 20640 fs_manager.cc:362] Metadata directory not provided
I20260709 13:07:12.996519 20640 fs_manager.cc:368] Using write-ahead log directory (fs_wal_dir) as metadata directory
I20260709 13:07:12.996852 20640 server_base.cc:909] This appears to be a new deployment of Kudu; creating new FS layout
I20260709 13:07:12.998165 20640 fs_manager.cc:1068] Generated new instance metadata in path /tmp/dist-test-tasks6ZD3b/test-tmp/auto_leader_rebalancer-test.0.LeaderRebalancerTest.FunctionalTestForNotDivided.1783602420111825-20640-0/minicluster-data/master-0-root/instance:
uuid: "042c2530076948208c42b86b9c9b4265"
format_stamp: "Formatted at 2026-07-09 13:07:12 on dist-test-slave-rnv4"
I20260709 13:07:13.003047 20640 fs_manager.cc:696] Time spent creating directory manager: real 0.004s	user 0.005s	sys 0.000s
I20260709 13:07:13.006641 21145 log_block_manager.cc:4127] Time spent loading block containers with low live blocks: real 0.000s	user 0.000s	sys 0.000s
I20260709 13:07:13.007541 20640 fs_manager.cc:730] Time spent opening block manager: real 0.002s	user 0.002s	sys 0.001s
I20260709 13:07:13.007777 20640 fs_manager.cc:647] Opened local filesystem: /tmp/dist-test-tasks6ZD3b/test-tmp/auto_leader_rebalancer-test.0.LeaderRebalancerTest.FunctionalTestForNotDivided.1783602420111825-20640-0/minicluster-data/master-0-root
uuid: "042c2530076948208c42b86b9c9b4265"
format_stamp: "Formatted at 2026-07-09 13:07:12 on dist-test-slave-rnv4"
I20260709 13:07:13.008015 20640 fs_report.cc:389] FS layout report
--------------------
wal directory: /tmp/dist-test-tasks6ZD3b/test-tmp/auto_leader_rebalancer-test.0.LeaderRebalancerTest.FunctionalTestForNotDivided.1783602420111825-20640-0/minicluster-data/master-0-root
metadata directory: /tmp/dist-test-tasks6ZD3b/test-tmp/auto_leader_rebalancer-test.0.LeaderRebalancerTest.FunctionalTestForNotDivided.1783602420111825-20640-0/minicluster-data/master-0-root
1 data directories: /tmp/dist-test-tasks6ZD3b/test-tmp/auto_leader_rebalancer-test.0.LeaderRebalancerTest.FunctionalTestForNotDivided.1783602420111825-20640-0/minicluster-data/master-0-root/data
Total live blocks: 0
Total live bytes: 0
Total live bytes (after alignment): 0
Total number of LBM containers: 0 (0 full)
Did not check for missing blocks
Did not check for orphaned blocks
Total full LBM containers with extra space: 0 (0 repaired)
Total full LBM container extra space in bytes: 0 (0 repaired)
Total incomplete LBM containers: 0 (0 repaired)
Total LBM partial records: 0 (0 repaired)
Total corrupted LBM metadata records in RocksDB: 0 (0 repaired)
I20260709 13:07:13.036443 20640 rpc_server.cc:225] running with OpenSSL 1.1.1  11 Sep 2018
I20260709 13:07:13.037849 20640 kserver.cc:163] Server-wide thread pool size limit: 3276
I20260709 13:07:13.079282 20640 rpc_server.cc:307] RPC server started. Bound to: 127.20.40.62:38159
I20260709 13:07:13.079425 21196 acceptor_pool.cc:272] collecting diagnostics on the listening RPC socket 127.20.40.62:38159 every 8 connection(s)
I20260709 13:07:13.083552 21197 data_dirs.cc:400] Could only allocate 1 dirs of requested 3 for tablet 00000000000000000000000000000000. 1 dirs total, 0 dirs full, 0 dirs failed
I20260709 13:07:13.094381 21197 tablet_bootstrap.cc:492] T 00000000000000000000000000000000 P 042c2530076948208c42b86b9c9b4265: Bootstrap starting.
I20260709 13:07:13.099699 21197 tablet_bootstrap.cc:654] T 00000000000000000000000000000000 P 042c2530076948208c42b86b9c9b4265: Neither blocks nor log segments found. Creating new log.
I20260709 13:07:13.103965 21197 tablet_bootstrap.cc:492] T 00000000000000000000000000000000 P 042c2530076948208c42b86b9c9b4265: No bootstrap required, opened a new log
I20260709 13:07:13.106025 21197 raft_consensus.cc:359] T 00000000000000000000000000000000 P 042c2530076948208c42b86b9c9b4265 [term 0 FOLLOWER]: Replica starting. Triggering 0 pending ops. Active config: opid_index: -1 OBSOLETE_local: true peers { permanent_uuid: "042c2530076948208c42b86b9c9b4265" member_type: VOTER }
I20260709 13:07:13.106413 21197 raft_consensus.cc:385] T 00000000000000000000000000000000 P 042c2530076948208c42b86b9c9b4265 [term 0 FOLLOWER]: Consensus starting up: Expiring failure detector timer to make a prompt election more likely
I20260709 13:07:13.106585 21197 raft_consensus.cc:740] T 00000000000000000000000000000000 P 042c2530076948208c42b86b9c9b4265 [term 0 FOLLOWER]: Becoming Follower/Learner. State: Replica: 042c2530076948208c42b86b9c9b4265, State: Initialized, Role: FOLLOWER
I20260709 13:07:13.107191 21197 consensus_queue.cc:260] T 00000000000000000000000000000000 P 042c2530076948208c42b86b9c9b4265 [NON_LEADER]: Queue going to NON_LEADER mode. State: All replicated index: 0, Majority replicated index: 0, Committed index: 0, Last appended: 0.0, Last appended by leader: 0, Current term: 0, Majority size: -1, State: 0, Mode: NON_LEADER, active raft config: opid_index: -1 OBSOLETE_local: true peers { permanent_uuid: "042c2530076948208c42b86b9c9b4265" member_type: VOTER }
I20260709 13:07:13.107594 21197 raft_consensus.cc:399] T 00000000000000000000000000000000 P 042c2530076948208c42b86b9c9b4265 [term 0 FOLLOWER]: Only one voter in the Raft config. Triggering election immediately
I20260709 13:07:13.107776 21197 raft_consensus.cc:493] T 00000000000000000000000000000000 P 042c2530076948208c42b86b9c9b4265 [term 0 FOLLOWER]: Starting leader election (initial election of a single-replica configuration)
I20260709 13:07:13.107975 21197 raft_consensus.cc:3060] T 00000000000000000000000000000000 P 042c2530076948208c42b86b9c9b4265 [term 0 FOLLOWER]: Advancing to term 1
I20260709 13:07:13.112157 21197 raft_consensus.cc:515] T 00000000000000000000000000000000 P 042c2530076948208c42b86b9c9b4265 [term 1 FOLLOWER]: Starting leader election with config: opid_index: -1 OBSOLETE_local: true peers { permanent_uuid: "042c2530076948208c42b86b9c9b4265" member_type: VOTER }
I20260709 13:07:13.112656 21197 leader_election.cc:304] T 00000000000000000000000000000000 P 042c2530076948208c42b86b9c9b4265 [CANDIDATE]: Term 1 election: Election decided. Result: candidate won. Election summary: received 1 responses out of 1 voters: 1 yes votes; 0 no votes. yes voters: 042c2530076948208c42b86b9c9b4265; no voters: 
I20260709 13:07:13.113767 21197 leader_election.cc:290] T 00000000000000000000000000000000 P 042c2530076948208c42b86b9c9b4265 [CANDIDATE]: Term 1 election: Requested vote from peers 
I20260709 13:07:13.114079 21200 raft_consensus.cc:2804] T 00000000000000000000000000000000 P 042c2530076948208c42b86b9c9b4265 [term 1 FOLLOWER]: Leader election won for term 1
I20260709 13:07:13.115407 21200 raft_consensus.cc:697] T 00000000000000000000000000000000 P 042c2530076948208c42b86b9c9b4265 [term 1 LEADER]: Becoming Leader. State: Replica: 042c2530076948208c42b86b9c9b4265, State: Running, Role: LEADER
I20260709 13:07:13.116104 21200 consensus_queue.cc:237] T 00000000000000000000000000000000 P 042c2530076948208c42b86b9c9b4265 [LEADER]: Queue going to LEADER mode. State: All replicated index: 0, Majority replicated index: 0, Committed index: 0, Last appended: 0.0, Last appended by leader: 0, Current term: 1, Majority size: 1, State: 0, Mode: LEADER, active raft config: opid_index: -1 OBSOLETE_local: true peers { permanent_uuid: "042c2530076948208c42b86b9c9b4265" member_type: VOTER }
I20260709 13:07:13.116780 21197 sys_catalog.cc:565] T 00000000000000000000000000000000 P 042c2530076948208c42b86b9c9b4265 [sys.catalog]: configured and running, proceeding with master startup.
I20260709 13:07:13.121862 21201 sys_catalog.cc:455] T 00000000000000000000000000000000 P 042c2530076948208c42b86b9c9b4265 [sys.catalog]: SysCatalogTable state changed. Reason: RaftConsensus started. Latest consensus state: current_term: 1 leader_uuid: "042c2530076948208c42b86b9c9b4265" committed_config { opid_index: -1 OBSOLETE_local: true peers { permanent_uuid: "042c2530076948208c42b86b9c9b4265" member_type: VOTER } }
I20260709 13:07:13.122018 21202 sys_catalog.cc:455] T 00000000000000000000000000000000 P 042c2530076948208c42b86b9c9b4265 [sys.catalog]: SysCatalogTable state changed. Reason: New leader 042c2530076948208c42b86b9c9b4265. Latest consensus state: current_term: 1 leader_uuid: "042c2530076948208c42b86b9c9b4265" committed_config { opid_index: -1 OBSOLETE_local: true peers { permanent_uuid: "042c2530076948208c42b86b9c9b4265" member_type: VOTER } }
I20260709 13:07:13.122994 21202 sys_catalog.cc:458] T 00000000000000000000000000000000 P 042c2530076948208c42b86b9c9b4265 [sys.catalog]: This master's current role is: LEADER
I20260709 13:07:13.125123 21201 sys_catalog.cc:458] T 00000000000000000000000000000000 P 042c2530076948208c42b86b9c9b4265 [sys.catalog]: This master's current role is: LEADER
I20260709 13:07:13.126569 21208 catalog_manager.cc:1511] Loading table and tablet metadata into memory...
I20260709 13:07:13.132200 21208 catalog_manager.cc:1520] Initializing Kudu cluster ID...
I20260709 13:07:13.137127 20640 internal_mini_cluster.cc:184] Waiting to initialize catalog manager on master 0
I20260709 13:07:13.143007 21208 catalog_manager.cc:1383] Generated new cluster ID: be2be6f172d447b4ab92994aa0959aac
I20260709 13:07:13.143520 21208 catalog_manager.cc:1531] Initializing Kudu internal certificate authority...
I20260709 13:07:13.176506 21208 catalog_manager.cc:1406] Generated new certificate authority record
I20260709 13:07:13.177856 21208 catalog_manager.cc:1540] Loading token signing keys...
I20260709 13:07:13.192116 21208 catalog_manager.cc:6070] T 00000000000000000000000000000000 P 042c2530076948208c42b86b9c9b4265: Generated new TSK 0
I20260709 13:07:13.192791 21208 catalog_manager.cc:1550] Initializing in-progress tserver states...
I20260709 13:07:13.208431 20640 file_cache.cc:504] Constructed file cache file cache with capacity 419430
W20260709 13:07:13.214573 21218 instance_detector.cc:116] could not retrieve AWS instance metadata: Network error: curl error: HTTP response code said error: The requested URL returned error: 404
W20260709 13:07:13.215592 21219 instance_detector.cc:116] could not retrieve Azure instance metadata: Network error: curl error: HTTP response code said error: The requested URL returned error: 404
W20260709 13:07:13.216723 21221 instance_detector.cc:116] could not retrieve OpenStack instance metadata: Network error: curl error: HTTP response code said error: The requested URL returned error: 404
I20260709 13:07:13.218374 20640 server_base.cc:1061] running on GCE node
I20260709 13:07:13.219309 20640 hybrid_clock.cc:584] initializing the hybrid clock with 'system_unsync' time source
W20260709 13:07:13.219480 20640 system_unsync_time.cc:38] NTP support is disabled. Clock error bounds will not be accurate. This configuration is not suitable for distributed clusters.
I20260709 13:07:13.219596 20640 hybrid_clock.cc:648] HybridClock initialized: now 1783602433219585 us; error 0 us; skew 500 ppm
I20260709 13:07:13.220077 20640 server_base.cc:861] Flag tcmalloc_max_total_thread_cache_bytes is not working since tcmalloc is not enabled.
I20260709 13:07:13.222406 20640 webserver.cc:533] Webserver started at http://127.20.40.1:46055/ using document root <none> and password file <none>
I20260709 13:07:13.222836 20640 fs_manager.cc:362] Metadata directory not provided
I20260709 13:07:13.222990 20640 fs_manager.cc:368] Using write-ahead log directory (fs_wal_dir) as metadata directory
I20260709 13:07:13.223194 20640 server_base.cc:909] This appears to be a new deployment of Kudu; creating new FS layout
I20260709 13:07:13.224184 20640 fs_manager.cc:1068] Generated new instance metadata in path /tmp/dist-test-tasks6ZD3b/test-tmp/auto_leader_rebalancer-test.0.LeaderRebalancerTest.FunctionalTestForNotDivided.1783602420111825-20640-0/minicluster-data/ts-0-root/instance:
uuid: "adfa72e0f05945afa5a8a00185015668"
format_stamp: "Formatted at 2026-07-09 13:07:13 on dist-test-slave-rnv4"
I20260709 13:07:13.228819 20640 fs_manager.cc:696] Time spent creating directory manager: real 0.004s	user 0.006s	sys 0.000s
I20260709 13:07:13.232470 21226 log_block_manager.cc:4127] Time spent loading block containers with low live blocks: real 0.000s	user 0.000s	sys 0.000s
I20260709 13:07:13.233394 20640 fs_manager.cc:730] Time spent opening block manager: real 0.002s	user 0.003s	sys 0.000s
I20260709 13:07:13.233850 20640 fs_manager.cc:647] Opened local filesystem: /tmp/dist-test-tasks6ZD3b/test-tmp/auto_leader_rebalancer-test.0.LeaderRebalancerTest.FunctionalTestForNotDivided.1783602420111825-20640-0/minicluster-data/ts-0-root
uuid: "adfa72e0f05945afa5a8a00185015668"
format_stamp: "Formatted at 2026-07-09 13:07:13 on dist-test-slave-rnv4"
I20260709 13:07:13.234162 20640 fs_report.cc:389] FS layout report
--------------------
wal directory: /tmp/dist-test-tasks6ZD3b/test-tmp/auto_leader_rebalancer-test.0.LeaderRebalancerTest.FunctionalTestForNotDivided.1783602420111825-20640-0/minicluster-data/ts-0-root
metadata directory: /tmp/dist-test-tasks6ZD3b/test-tmp/auto_leader_rebalancer-test.0.LeaderRebalancerTest.FunctionalTestForNotDivided.1783602420111825-20640-0/minicluster-data/ts-0-root
1 data directories: /tmp/dist-test-tasks6ZD3b/test-tmp/auto_leader_rebalancer-test.0.LeaderRebalancerTest.FunctionalTestForNotDivided.1783602420111825-20640-0/minicluster-data/ts-0-root/data
Total live blocks: 0
Total live bytes: 0
Total live bytes (after alignment): 0
Total number of LBM containers: 0 (0 full)
Did not check for missing blocks
Did not check for orphaned blocks
Total full LBM containers with extra space: 0 (0 repaired)
Total full LBM container extra space in bytes: 0 (0 repaired)
Total incomplete LBM containers: 0 (0 repaired)
Total LBM partial records: 0 (0 repaired)
Total corrupted LBM metadata records in RocksDB: 0 (0 repaired)
I20260709 13:07:13.248041 20640 rpc_server.cc:225] running with OpenSSL 1.1.1  11 Sep 2018
I20260709 13:07:13.249372 20640 kserver.cc:163] Server-wide thread pool size limit: 3276
I20260709 13:07:13.251025 20640 txn_system_client.cc:432] TxnSystemClient initialization is disabled...
I20260709 13:07:13.253410 20640 ts_tablet_manager.cc:585] Loaded tablet metadata (0 total tablets, 0 live tablets)
I20260709 13:07:13.253727 20640 ts_tablet_manager.cc:531] Time spent load tablet metadata: real 0.000s	user 0.000s	sys 0.000s
I20260709 13:07:13.254000 20640 ts_tablet_manager.cc:616] Registered 0 tablets
I20260709 13:07:13.254202 20640 ts_tablet_manager.cc:595] Time spent register tablets: real 0.000s	user 0.000s	sys 0.000s
I20260709 13:07:13.298146 20640 rpc_server.cc:307] RPC server started. Bound to: 127.20.40.1:35319
I20260709 13:07:13.298245 21288 acceptor_pool.cc:272] collecting diagnostics on the listening RPC socket 127.20.40.1:35319 every 8 connection(s)
I20260709 13:07:13.303486 20640 file_cache.cc:504] Constructed file cache file cache with capacity 419430
W20260709 13:07:13.310619 21293 instance_detector.cc:116] could not retrieve AWS instance metadata: Network error: curl error: HTTP response code said error: The requested URL returned error: 404
W20260709 13:07:13.311990 21294 instance_detector.cc:116] could not retrieve Azure instance metadata: Network error: curl error: HTTP response code said error: The requested URL returned error: 404
I20260709 13:07:13.316293 21289 heartbeater.cc:344] Connected to a master server at 127.20.40.62:38159
I20260709 13:07:13.316370 20640 server_base.cc:1061] running on GCE node
W20260709 13:07:13.316807 21297 instance_detector.cc:116] could not retrieve OpenStack instance metadata: Network error: curl error: HTTP response code said error: The requested URL returned error: 404
I20260709 13:07:13.317045 21289 heartbeater.cc:461] Registering TS with master...
I20260709 13:07:13.318223 21289 heartbeater.cc:507] Master 127.20.40.62:38159 requested a full tablet report, sending...
I20260709 13:07:13.318331 20640 hybrid_clock.cc:584] initializing the hybrid clock with 'system_unsync' time source
W20260709 13:07:13.318630 20640 system_unsync_time.cc:38] NTP support is disabled. Clock error bounds will not be accurate. This configuration is not suitable for distributed clusters.
I20260709 13:07:13.318848 20640 hybrid_clock.cc:648] HybridClock initialized: now 1783602433318830 us; error 0 us; skew 500 ppm
I20260709 13:07:13.319640 20640 server_base.cc:861] Flag tcmalloc_max_total_thread_cache_bytes is not working since tcmalloc is not enabled.
I20260709 13:07:13.320914 21162 ts_manager.cc:194] Registered new tserver with Master: adfa72e0f05945afa5a8a00185015668 (127.20.40.1:35319)
I20260709 13:07:13.322569 20640 webserver.cc:533] Webserver started at http://127.20.40.2:36449/ using document root <none> and password file <none>
I20260709 13:07:13.323025 21162 master_service.cc:502] Signed X509 certificate for tserver {username='slave'} at 127.0.0.1:60926
I20260709 13:07:13.323107 20640 fs_manager.cc:362] Metadata directory not provided
I20260709 13:07:13.323396 20640 fs_manager.cc:368] Using write-ahead log directory (fs_wal_dir) as metadata directory
I20260709 13:07:13.323710 20640 server_base.cc:909] This appears to be a new deployment of Kudu; creating new FS layout
I20260709 13:07:13.325227 20640 fs_manager.cc:1068] Generated new instance metadata in path /tmp/dist-test-tasks6ZD3b/test-tmp/auto_leader_rebalancer-test.0.LeaderRebalancerTest.FunctionalTestForNotDivided.1783602420111825-20640-0/minicluster-data/ts-1-root/instance:
uuid: "4535cfe88f4945b6b3dc02fc7cb3be3b"
format_stamp: "Formatted at 2026-07-09 13:07:13 on dist-test-slave-rnv4"
I20260709 13:07:13.329685 20640 fs_manager.cc:696] Time spent creating directory manager: real 0.004s	user 0.004s	sys 0.000s
I20260709 13:07:13.332962 21301 log_block_manager.cc:4127] Time spent loading block containers with low live blocks: real 0.000s	user 0.000s	sys 0.000s
I20260709 13:07:13.333776 20640 fs_manager.cc:730] Time spent opening block manager: real 0.002s	user 0.003s	sys 0.000s
I20260709 13:07:13.334071 20640 fs_manager.cc:647] Opened local filesystem: /tmp/dist-test-tasks6ZD3b/test-tmp/auto_leader_rebalancer-test.0.LeaderRebalancerTest.FunctionalTestForNotDivided.1783602420111825-20640-0/minicluster-data/ts-1-root
uuid: "4535cfe88f4945b6b3dc02fc7cb3be3b"
format_stamp: "Formatted at 2026-07-09 13:07:13 on dist-test-slave-rnv4"
I20260709 13:07:13.334337 20640 fs_report.cc:389] FS layout report
--------------------
wal directory: /tmp/dist-test-tasks6ZD3b/test-tmp/auto_leader_rebalancer-test.0.LeaderRebalancerTest.FunctionalTestForNotDivided.1783602420111825-20640-0/minicluster-data/ts-1-root
metadata directory: /tmp/dist-test-tasks6ZD3b/test-tmp/auto_leader_rebalancer-test.0.LeaderRebalancerTest.FunctionalTestForNotDivided.1783602420111825-20640-0/minicluster-data/ts-1-root
1 data directories: /tmp/dist-test-tasks6ZD3b/test-tmp/auto_leader_rebalancer-test.0.LeaderRebalancerTest.FunctionalTestForNotDivided.1783602420111825-20640-0/minicluster-data/ts-1-root/data
Total live blocks: 0
Total live bytes: 0
Total live bytes (after alignment): 0
Total number of LBM containers: 0 (0 full)
Did not check for missing blocks
Did not check for orphaned blocks
Total full LBM containers with extra space: 0 (0 repaired)
Total full LBM container extra space in bytes: 0 (0 repaired)
Total incomplete LBM containers: 0 (0 repaired)
Total LBM partial records: 0 (0 repaired)
Total corrupted LBM metadata records in RocksDB: 0 (0 repaired)
I20260709 13:07:13.350672 20640 rpc_server.cc:225] running with OpenSSL 1.1.1  11 Sep 2018
I20260709 13:07:13.351941 20640 kserver.cc:163] Server-wide thread pool size limit: 3276
I20260709 13:07:13.353494 20640 txn_system_client.cc:432] TxnSystemClient initialization is disabled...
I20260709 13:07:13.355703 20640 ts_tablet_manager.cc:585] Loaded tablet metadata (0 total tablets, 0 live tablets)
I20260709 13:07:13.355942 20640 ts_tablet_manager.cc:531] Time spent load tablet metadata: real 0.000s	user 0.000s	sys 0.000s
I20260709 13:07:13.356202 20640 ts_tablet_manager.cc:616] Registered 0 tablets
I20260709 13:07:13.356382 20640 ts_tablet_manager.cc:595] Time spent register tablets: real 0.000s	user 0.000s	sys 0.000s
I20260709 13:07:13.396366 20640 rpc_server.cc:307] RPC server started. Bound to: 127.20.40.2:32949
I20260709 13:07:13.396464 21363 acceptor_pool.cc:272] collecting diagnostics on the listening RPC socket 127.20.40.2:32949 every 8 connection(s)
I20260709 13:07:13.400941 20640 file_cache.cc:504] Constructed file cache file cache with capacity 419430
W20260709 13:07:13.407501 21367 instance_detector.cc:116] could not retrieve AWS instance metadata: Network error: curl error: HTTP response code said error: The requested URL returned error: 404
W20260709 13:07:13.409795 21368 instance_detector.cc:116] could not retrieve Azure instance metadata: Network error: curl error: HTTP response code said error: The requested URL returned error: 404
I20260709 13:07:13.410982 20640 server_base.cc:1061] running on GCE node
W20260709 13:07:13.412352 21370 instance_detector.cc:116] could not retrieve OpenStack instance metadata: Network error: curl error: HTTP response code said error: The requested URL returned error: 404
I20260709 13:07:13.413133 21364 heartbeater.cc:344] Connected to a master server at 127.20.40.62:38159
I20260709 13:07:13.413389 20640 hybrid_clock.cc:584] initializing the hybrid clock with 'system_unsync' time source
I20260709 13:07:13.413511 21364 heartbeater.cc:461] Registering TS with master...
W20260709 13:07:13.413748 20640 system_unsync_time.cc:38] NTP support is disabled. Clock error bounds will not be accurate. This configuration is not suitable for distributed clusters.
I20260709 13:07:13.413970 20640 hybrid_clock.cc:648] HybridClock initialized: now 1783602433413955 us; error 0 us; skew 500 ppm
I20260709 13:07:13.414443 21364 heartbeater.cc:507] Master 127.20.40.62:38159 requested a full tablet report, sending...
I20260709 13:07:13.414572 20640 server_base.cc:861] Flag tcmalloc_max_total_thread_cache_bytes is not working since tcmalloc is not enabled.
I20260709 13:07:13.416682 21162 ts_manager.cc:194] Registered new tserver with Master: 4535cfe88f4945b6b3dc02fc7cb3be3b (127.20.40.2:32949)
I20260709 13:07:13.417778 20640 webserver.cc:533] Webserver started at http://127.20.40.3:35723/ using document root <none> and password file <none>
I20260709 13:07:13.418258 21162 master_service.cc:502] Signed X509 certificate for tserver {username='slave'} at 127.0.0.1:60942
I20260709 13:07:13.418524 20640 fs_manager.cc:362] Metadata directory not provided
I20260709 13:07:13.418797 20640 fs_manager.cc:368] Using write-ahead log directory (fs_wal_dir) as metadata directory
I20260709 13:07:13.419130 20640 server_base.cc:909] This appears to be a new deployment of Kudu; creating new FS layout
I20260709 13:07:13.420315 20640 fs_manager.cc:1068] Generated new instance metadata in path /tmp/dist-test-tasks6ZD3b/test-tmp/auto_leader_rebalancer-test.0.LeaderRebalancerTest.FunctionalTestForNotDivided.1783602420111825-20640-0/minicluster-data/ts-2-root/instance:
uuid: "a97cd63ce357411d809c3f635367fa4f"
format_stamp: "Formatted at 2026-07-09 13:07:13 on dist-test-slave-rnv4"
I20260709 13:07:13.424647 20640 fs_manager.cc:696] Time spent creating directory manager: real 0.004s	user 0.006s	sys 0.000s
I20260709 13:07:13.428022 21375 log_block_manager.cc:4127] Time spent loading block containers with low live blocks: real 0.000s	user 0.000s	sys 0.000s
I20260709 13:07:13.428882 20640 fs_manager.cc:730] Time spent opening block manager: real 0.002s	user 0.002s	sys 0.000s
I20260709 13:07:13.429291 20640 fs_manager.cc:647] Opened local filesystem: /tmp/dist-test-tasks6ZD3b/test-tmp/auto_leader_rebalancer-test.0.LeaderRebalancerTest.FunctionalTestForNotDivided.1783602420111825-20640-0/minicluster-data/ts-2-root
uuid: "a97cd63ce357411d809c3f635367fa4f"
format_stamp: "Formatted at 2026-07-09 13:07:13 on dist-test-slave-rnv4"
I20260709 13:07:13.429694 20640 fs_report.cc:389] FS layout report
--------------------
wal directory: /tmp/dist-test-tasks6ZD3b/test-tmp/auto_leader_rebalancer-test.0.LeaderRebalancerTest.FunctionalTestForNotDivided.1783602420111825-20640-0/minicluster-data/ts-2-root
metadata directory: /tmp/dist-test-tasks6ZD3b/test-tmp/auto_leader_rebalancer-test.0.LeaderRebalancerTest.FunctionalTestForNotDivided.1783602420111825-20640-0/minicluster-data/ts-2-root
1 data directories: /tmp/dist-test-tasks6ZD3b/test-tmp/auto_leader_rebalancer-test.0.LeaderRebalancerTest.FunctionalTestForNotDivided.1783602420111825-20640-0/minicluster-data/ts-2-root/data
Total live blocks: 0
Total live bytes: 0
Total live bytes (after alignment): 0
Total number of LBM containers: 0 (0 full)
Did not check for missing blocks
Did not check for orphaned blocks
Total full LBM containers with extra space: 0 (0 repaired)
Total full LBM container extra space in bytes: 0 (0 repaired)
Total incomplete LBM containers: 0 (0 repaired)
Total LBM partial records: 0 (0 repaired)
Total corrupted LBM metadata records in RocksDB: 0 (0 repaired)
I20260709 13:07:13.452174 20640 rpc_server.cc:225] running with OpenSSL 1.1.1  11 Sep 2018
I20260709 13:07:13.453652 20640 kserver.cc:163] Server-wide thread pool size limit: 3276
I20260709 13:07:13.455183 20640 txn_system_client.cc:432] TxnSystemClient initialization is disabled...
I20260709 13:07:13.457397 20640 ts_tablet_manager.cc:585] Loaded tablet metadata (0 total tablets, 0 live tablets)
I20260709 13:07:13.457656 20640 ts_tablet_manager.cc:531] Time spent load tablet metadata: real 0.000s	user 0.000s	sys 0.000s
I20260709 13:07:13.457897 20640 ts_tablet_manager.cc:616] Registered 0 tablets
I20260709 13:07:13.458079 20640 ts_tablet_manager.cc:595] Time spent register tablets: real 0.000s	user 0.000s	sys 0.000s
I20260709 13:07:13.499658 20640 rpc_server.cc:307] RPC server started. Bound to: 127.20.40.3:43535
I20260709 13:07:13.499766 21437 acceptor_pool.cc:272] collecting diagnostics on the listening RPC socket 127.20.40.3:43535 every 8 connection(s)
I20260709 13:07:13.515100 21438 heartbeater.cc:344] Connected to a master server at 127.20.40.62:38159
I20260709 13:07:13.515484 21438 heartbeater.cc:461] Registering TS with master...
I20260709 13:07:13.516249 21438 heartbeater.cc:507] Master 127.20.40.62:38159 requested a full tablet report, sending...
I20260709 13:07:13.518186 21162 ts_manager.cc:194] Registered new tserver with Master: a97cd63ce357411d809c3f635367fa4f (127.20.40.3:43535)
I20260709 13:07:13.519017 20640 internal_mini_cluster.cc:371] 3 TS(s) registered with all masters after 0.016004041s
I20260709 13:07:13.519692 21162 master_service.cc:502] Signed X509 certificate for tserver {username='slave'} at 127.0.0.1:60956
I20260709 13:07:13.545240 21162 catalog_manager.cc:2283] Servicing CreateTable request from {username='slave'} at 127.0.0.1:60972:
name: "test-workload"
schema {
  columns {
    name: "key"
    type: INT32
    is_key: true
    is_nullable: false
    encoding: AUTO_ENCODING
    compression: DEFAULT_COMPRESSION
    cfile_block_size: 0
    immutable: false
  }
  columns {
    name: "int_val"
    type: INT32
    is_key: false
    is_nullable: false
    encoding: AUTO_ENCODING
    compression: DEFAULT_COMPRESSION
    cfile_block_size: 0
    immutable: false
  }
  columns {
    name: "string_val"
    type: STRING
    is_key: false
    is_nullable: true
    encoding: AUTO_ENCODING
    compression: DEFAULT_COMPRESSION
    cfile_block_size: 0
    immutable: false
  }
}
num_replicas: 3
split_rows_range_bounds {
  rows: "\004\001\000\314\314\314\014\004\001\000\230\231\231\031\004\001\000dff&\004\001\0000333\004\001\000\374\377\377?\004\001\000\310\314\314L\004\001\000\224\231\231Y\004\001\000`fff\004\001\000,33s""\004\001\000\314\314\314\014\004\001\000\230\231\231\031\004\001\000dff&\004\001\0000333\004\001\000\374\377\377?\004\001\000\310\314\314L\004\001\000\224\231\231Y\004\001\000`fff\004\001\000,33s"
  indirect_data: """"
}
partition_schema {
  range_schema {
    columns {
      name: "key"
    }
  }
}
W20260709 13:07:13.548447 21162 catalog_manager.cc:7077] The number of live tablet servers is not enough to re-replicate a tablet replica of the newly created table test-workload in case of a server failure: 4 tablet servers would be needed, 3 are available. Consider bringing up more tablet servers.
I20260709 13:07:13.624311 21403 tablet_service.cc:1511] Processing CreateTablet for tablet ff0dfa40502743f1bb236356fee7ac37 (DEFAULT_TABLE table=test-workload [id=bf28ce30d455486fa69af29bfc4d47d9]), partition=RANGE (key) PARTITION VALUES < 214748364
I20260709 13:07:13.625180 21254 tablet_service.cc:1511] Processing CreateTablet for tablet ff0dfa40502743f1bb236356fee7ac37 (DEFAULT_TABLE table=test-workload [id=bf28ce30d455486fa69af29bfc4d47d9]), partition=RANGE (key) PARTITION VALUES < 214748364
I20260709 13:07:13.625855 21403 data_dirs.cc:400] Could only allocate 1 dirs of requested 3 for tablet ff0dfa40502743f1bb236356fee7ac37. 1 dirs total, 0 dirs full, 0 dirs failed
I20260709 13:07:13.626744 21254 data_dirs.cc:400] Could only allocate 1 dirs of requested 3 for tablet ff0dfa40502743f1bb236356fee7ac37. 1 dirs total, 0 dirs full, 0 dirs failed
I20260709 13:07:13.630209 21402 tablet_service.cc:1511] Processing CreateTablet for tablet 2a6069c81e9f45af883980cf178eff55 (DEFAULT_TABLE table=test-workload [id=bf28ce30d455486fa69af29bfc4d47d9]), partition=RANGE (key) PARTITION 214748364 <= VALUES < 429496728
I20260709 13:07:13.630851 21253 tablet_service.cc:1511] Processing CreateTablet for tablet 2a6069c81e9f45af883980cf178eff55 (DEFAULT_TABLE table=test-workload [id=bf28ce30d455486fa69af29bfc4d47d9]), partition=RANGE (key) PARTITION 214748364 <= VALUES < 429496728
I20260709 13:07:13.631631 21402 data_dirs.cc:400] Could only allocate 1 dirs of requested 3 for tablet 2a6069c81e9f45af883980cf178eff55. 1 dirs total, 0 dirs full, 0 dirs failed
I20260709 13:07:13.632112 21253 data_dirs.cc:400] Could only allocate 1 dirs of requested 3 for tablet 2a6069c81e9f45af883980cf178eff55. 1 dirs total, 0 dirs full, 0 dirs failed
I20260709 13:07:13.637668 21401 tablet_service.cc:1511] Processing CreateTablet for tablet b3641d6e17724842a599a120e0bab201 (DEFAULT_TABLE table=test-workload [id=bf28ce30d455486fa69af29bfc4d47d9]), partition=RANGE (key) PARTITION 429496728 <= VALUES < 644245092
I20260709 13:07:13.638983 21401 data_dirs.cc:400] Could only allocate 1 dirs of requested 3 for tablet b3641d6e17724842a599a120e0bab201. 1 dirs total, 0 dirs full, 0 dirs failed
I20260709 13:07:13.646268 21400 tablet_service.cc:1511] Processing CreateTablet for tablet 09a65548d6c8412bb3ac33940e9f1204 (DEFAULT_TABLE table=test-workload [id=bf28ce30d455486fa69af29bfc4d47d9]), partition=RANGE (key) PARTITION 644245092 <= VALUES < 858993456
I20260709 13:07:13.647626 21400 data_dirs.cc:400] Could only allocate 1 dirs of requested 3 for tablet 09a65548d6c8412bb3ac33940e9f1204. 1 dirs total, 0 dirs full, 0 dirs failed
I20260709 13:07:13.651690 21252 tablet_service.cc:1511] Processing CreateTablet for tablet b3641d6e17724842a599a120e0bab201 (DEFAULT_TABLE table=test-workload [id=bf28ce30d455486fa69af29bfc4d47d9]), partition=RANGE (key) PARTITION 429496728 <= VALUES < 644245092
I20260709 13:07:13.653085 21252 data_dirs.cc:400] Could only allocate 1 dirs of requested 3 for tablet b3641d6e17724842a599a120e0bab201. 1 dirs total, 0 dirs full, 0 dirs failed
I20260709 13:07:13.654044 21399 tablet_service.cc:1511] Processing CreateTablet for tablet 41e792a787dc4230b8ef02f0938c5936 (DEFAULT_TABLE table=test-workload [id=bf28ce30d455486fa69af29bfc4d47d9]), partition=RANGE (key) PARTITION 858993456 <= VALUES < 1073741820
I20260709 13:07:13.655349 21399 data_dirs.cc:400] Could only allocate 1 dirs of requested 3 for tablet 41e792a787dc4230b8ef02f0938c5936. 1 dirs total, 0 dirs full, 0 dirs failed
I20260709 13:07:13.667179 21398 tablet_service.cc:1511] Processing CreateTablet for tablet e7634d671d1d47b78d4c0d77adfb1e3b (DEFAULT_TABLE table=test-workload [id=bf28ce30d455486fa69af29bfc4d47d9]), partition=RANGE (key) PARTITION 1073741820 <= VALUES < 1288490184
I20260709 13:07:13.668181 21251 tablet_service.cc:1511] Processing CreateTablet for tablet 09a65548d6c8412bb3ac33940e9f1204 (DEFAULT_TABLE table=test-workload [id=bf28ce30d455486fa69af29bfc4d47d9]), partition=RANGE (key) PARTITION 644245092 <= VALUES < 858993456
I20260709 13:07:13.668673 21398 data_dirs.cc:400] Could only allocate 1 dirs of requested 3 for tablet e7634d671d1d47b78d4c0d77adfb1e3b. 1 dirs total, 0 dirs full, 0 dirs failed
I20260709 13:07:13.672188 21250 tablet_service.cc:1511] Processing CreateTablet for tablet 41e792a787dc4230b8ef02f0938c5936 (DEFAULT_TABLE table=test-workload [id=bf28ce30d455486fa69af29bfc4d47d9]), partition=RANGE (key) PARTITION 858993456 <= VALUES < 1073741820
I20260709 13:07:13.674542 21397 tablet_service.cc:1511] Processing CreateTablet for tablet 413c0d05b82d47c2a3d165f97a93fc3e (DEFAULT_TABLE table=test-workload [id=bf28ce30d455486fa69af29bfc4d47d9]), partition=RANGE (key) PARTITION 1288490184 <= VALUES < 1503238548
I20260709 13:07:13.675908 21397 data_dirs.cc:400] Could only allocate 1 dirs of requested 3 for tablet 413c0d05b82d47c2a3d165f97a93fc3e. 1 dirs total, 0 dirs full, 0 dirs failed
I20260709 13:07:13.675719 21248 tablet_service.cc:1511] Processing CreateTablet for tablet 413c0d05b82d47c2a3d165f97a93fc3e (DEFAULT_TABLE table=test-workload [id=bf28ce30d455486fa69af29bfc4d47d9]), partition=RANGE (key) PARTITION 1288490184 <= VALUES < 1503238548
I20260709 13:07:13.674546 21249 tablet_service.cc:1511] Processing CreateTablet for tablet e7634d671d1d47b78d4c0d77adfb1e3b (DEFAULT_TABLE table=test-workload [id=bf28ce30d455486fa69af29bfc4d47d9]), partition=RANGE (key) PARTITION 1073741820 <= VALUES < 1288490184
I20260709 13:07:13.677929 21329 tablet_service.cc:1511] Processing CreateTablet for tablet ff0dfa40502743f1bb236356fee7ac37 (DEFAULT_TABLE table=test-workload [id=bf28ce30d455486fa69af29bfc4d47d9]), partition=RANGE (key) PARTITION VALUES < 214748364
I20260709 13:07:13.679143 21329 data_dirs.cc:400] Could only allocate 1 dirs of requested 3 for tablet ff0dfa40502743f1bb236356fee7ac37. 1 dirs total, 0 dirs full, 0 dirs failed
I20260709 13:07:13.682710 21247 tablet_service.cc:1511] Processing CreateTablet for tablet d572dc7700f248e2ad13917e1069fd49 (DEFAULT_TABLE table=test-workload [id=bf28ce30d455486fa69af29bfc4d47d9]), partition=RANGE (key) PARTITION 1503238548 <= VALUES < 1717986912
I20260709 13:07:13.685067 21328 tablet_service.cc:1511] Processing CreateTablet for tablet 2a6069c81e9f45af883980cf178eff55 (DEFAULT_TABLE table=test-workload [id=bf28ce30d455486fa69af29bfc4d47d9]), partition=RANGE (key) PARTITION 214748364 <= VALUES < 429496728
I20260709 13:07:13.685534 21325 tablet_service.cc:1511] Processing CreateTablet for tablet 41e792a787dc4230b8ef02f0938c5936 (DEFAULT_TABLE table=test-workload [id=bf28ce30d455486fa69af29bfc4d47d9]), partition=RANGE (key) PARTITION 858993456 <= VALUES < 1073741820
I20260709 13:07:13.686420 21328 data_dirs.cc:400] Could only allocate 1 dirs of requested 3 for tablet 2a6069c81e9f45af883980cf178eff55. 1 dirs total, 0 dirs full, 0 dirs failed
I20260709 13:07:13.687704 21324 tablet_service.cc:1511] Processing CreateTablet for tablet e7634d671d1d47b78d4c0d77adfb1e3b (DEFAULT_TABLE table=test-workload [id=bf28ce30d455486fa69af29bfc4d47d9]), partition=RANGE (key) PARTITION 1073741820 <= VALUES < 1288490184
I20260709 13:07:13.688949 21324 data_dirs.cc:400] Could only allocate 1 dirs of requested 3 for tablet e7634d671d1d47b78d4c0d77adfb1e3b. 1 dirs total, 0 dirs full, 0 dirs failed
I20260709 13:07:13.690660 21327 tablet_service.cc:1511] Processing CreateTablet for tablet b3641d6e17724842a599a120e0bab201 (DEFAULT_TABLE table=test-workload [id=bf28ce30d455486fa69af29bfc4d47d9]), partition=RANGE (key) PARTITION 429496728 <= VALUES < 644245092
I20260709 13:07:13.691111 21322 tablet_service.cc:1511] Processing CreateTablet for tablet d572dc7700f248e2ad13917e1069fd49 (DEFAULT_TABLE table=test-workload [id=bf28ce30d455486fa69af29bfc4d47d9]), partition=RANGE (key) PARTITION 1503238548 <= VALUES < 1717986912
I20260709 13:07:13.691992 21327 data_dirs.cc:400] Could only allocate 1 dirs of requested 3 for tablet b3641d6e17724842a599a120e0bab201. 1 dirs total, 0 dirs full, 0 dirs failed
I20260709 13:07:13.694037 21320 tablet_service.cc:1511] Processing CreateTablet for tablet 0e51fb5ce2404067bf74493759c5258a (DEFAULT_TABLE table=test-workload [id=bf28ce30d455486fa69af29bfc4d47d9]), partition=RANGE (key) PARTITION 1932735276 <= VALUES
I20260709 13:07:13.693940 21323 tablet_service.cc:1511] Processing CreateTablet for tablet 413c0d05b82d47c2a3d165f97a93fc3e (DEFAULT_TABLE table=test-workload [id=bf28ce30d455486fa69af29bfc4d47d9]), partition=RANGE (key) PARTITION 1288490184 <= VALUES < 1503238548
I20260709 13:07:13.694800 21321 tablet_service.cc:1511] Processing CreateTablet for tablet de8a5ea7063344b98f2f91c355140713 (DEFAULT_TABLE table=test-workload [id=bf28ce30d455486fa69af29bfc4d47d9]), partition=RANGE (key) PARTITION 1717986912 <= VALUES < 1932735276
I20260709 13:07:13.695988 21326 tablet_service.cc:1511] Processing CreateTablet for tablet 09a65548d6c8412bb3ac33940e9f1204 (DEFAULT_TABLE table=test-workload [id=bf28ce30d455486fa69af29bfc4d47d9]), partition=RANGE (key) PARTITION 644245092 <= VALUES < 858993456
I20260709 13:07:13.696810 21253 tablet_service.cc:1511] Processing CreateTablet for tablet 0e51fb5ce2404067bf74493759c5258a (DEFAULT_TABLE table=test-workload [id=bf28ce30d455486fa69af29bfc4d47d9]), partition=RANGE (key) PARTITION 1932735276 <= VALUES
I20260709 13:07:13.701053 21325 data_dirs.cc:400] Could only allocate 1 dirs of requested 3 for tablet 41e792a787dc4230b8ef02f0938c5936. 1 dirs total, 0 dirs full, 0 dirs failed
I20260709 13:07:13.701653 21251 data_dirs.cc:400] Could only allocate 1 dirs of requested 3 for tablet 09a65548d6c8412bb3ac33940e9f1204. 1 dirs total, 0 dirs full, 0 dirs failed
I20260709 13:07:13.702392 21250 data_dirs.cc:400] Could only allocate 1 dirs of requested 3 for tablet 41e792a787dc4230b8ef02f0938c5936. 1 dirs total, 0 dirs full, 0 dirs failed
I20260709 13:07:13.705770 21247 data_dirs.cc:400] Could only allocate 1 dirs of requested 3 for tablet d572dc7700f248e2ad13917e1069fd49. 1 dirs total, 0 dirs full, 0 dirs failed
I20260709 13:07:13.706593 21249 data_dirs.cc:400] Could only allocate 1 dirs of requested 3 for tablet e7634d671d1d47b78d4c0d77adfb1e3b. 1 dirs total, 0 dirs full, 0 dirs failed
I20260709 13:07:13.701704 21320 data_dirs.cc:400] Could only allocate 1 dirs of requested 3 for tablet 0e51fb5ce2404067bf74493759c5258a. 1 dirs total, 0 dirs full, 0 dirs failed
I20260709 13:07:13.709764 21248 data_dirs.cc:400] Could only allocate 1 dirs of requested 3 for tablet 413c0d05b82d47c2a3d165f97a93fc3e. 1 dirs total, 0 dirs full, 0 dirs failed
I20260709 13:07:13.713799 21321 data_dirs.cc:400] Could only allocate 1 dirs of requested 3 for tablet de8a5ea7063344b98f2f91c355140713. 1 dirs total, 0 dirs full, 0 dirs failed
I20260709 13:07:13.714658 21396 tablet_service.cc:1511] Processing CreateTablet for tablet d572dc7700f248e2ad13917e1069fd49 (DEFAULT_TABLE table=test-workload [id=bf28ce30d455486fa69af29bfc4d47d9]), partition=RANGE (key) PARTITION 1503238548 <= VALUES < 1717986912
I20260709 13:07:13.715984 21396 data_dirs.cc:400] Could only allocate 1 dirs of requested 3 for tablet d572dc7700f248e2ad13917e1069fd49. 1 dirs total, 0 dirs full, 0 dirs failed
I20260709 13:07:13.720759 21395 tablet_service.cc:1511] Processing CreateTablet for tablet de8a5ea7063344b98f2f91c355140713 (DEFAULT_TABLE table=test-workload [id=bf28ce30d455486fa69af29bfc4d47d9]), partition=RANGE (key) PARTITION 1717986912 <= VALUES < 1932735276
I20260709 13:07:13.721114 21252 tablet_service.cc:1511] Processing CreateTablet for tablet de8a5ea7063344b98f2f91c355140713 (DEFAULT_TABLE table=test-workload [id=bf28ce30d455486fa69af29bfc4d47d9]), partition=RANGE (key) PARTITION 1717986912 <= VALUES < 1932735276
I20260709 13:07:13.721747 21323 data_dirs.cc:400] Could only allocate 1 dirs of requested 3 for tablet 413c0d05b82d47c2a3d165f97a93fc3e. 1 dirs total, 0 dirs full, 0 dirs failed
I20260709 13:07:13.725741 21395 data_dirs.cc:400] Could only allocate 1 dirs of requested 3 for tablet de8a5ea7063344b98f2f91c355140713. 1 dirs total, 0 dirs full, 0 dirs failed
I20260709 13:07:13.729602 21394 tablet_service.cc:1511] Processing CreateTablet for tablet 0e51fb5ce2404067bf74493759c5258a (DEFAULT_TABLE table=test-workload [id=bf28ce30d455486fa69af29bfc4d47d9]), partition=RANGE (key) PARTITION 1932735276 <= VALUES
I20260709 13:07:13.733738 21394 data_dirs.cc:400] Could only allocate 1 dirs of requested 3 for tablet 0e51fb5ce2404067bf74493759c5258a. 1 dirs total, 0 dirs full, 0 dirs failed
I20260709 13:07:13.738585 21322 data_dirs.cc:400] Could only allocate 1 dirs of requested 3 for tablet d572dc7700f248e2ad13917e1069fd49. 1 dirs total, 0 dirs full, 0 dirs failed
