I20260709 13:07:13.235155 23543 tablet_bootstrap.cc:492] T 459f9fd969f44900bd748afe66cd36b6 P 90061c1ab587416590b022110a8cc197: No bootstrap required, opened a new log
I20260709 13:07:13.235989 23543 ts_tablet_manager.cc:1403] T 459f9fd969f44900bd748afe66cd36b6 P 90061c1ab587416590b022110a8cc197: Time spent bootstrapping tablet: real 0.026s	user 0.011s	sys 0.002s
I20260709 13:07:13.240509 23543 raft_consensus.cc:359] T 459f9fd969f44900bd748afe66cd36b6 P 90061c1ab587416590b022110a8cc197 [term 0 FOLLOWER]: Replica starting. Triggering 0 pending ops. Active config: opid_index: -1 OBSOLETE_local: false peers { permanent_uuid: "0fe363a95fe24ddf93a0b45409a21661" member_type: VOTER last_known_addr { host: "127.21.187.65" port: 42625 } } peers { permanent_uuid: "c7a4eafc042f4a42b713d91b8e3821f9" member_type: VOTER last_known_addr { host: "127.21.187.66" port: 36171 } } peers { permanent_uuid: "90061c1ab587416590b022110a8cc197" member_type: VOTER last_known_addr { host: "127.21.187.67" port: 43425 } }
I20260709 13:07:13.243606 23543 raft_consensus.cc:385] T 459f9fd969f44900bd748afe66cd36b6 P 90061c1ab587416590b022110a8cc197 [term 0 FOLLOWER]: Consensus starting up: Expiring failure detector timer to make a prompt election more likely
I20260709 13:07:13.244451 23543 raft_consensus.cc:740] T 459f9fd969f44900bd748afe66cd36b6 P 90061c1ab587416590b022110a8cc197 [term 0 FOLLOWER]: Becoming Follower/Learner. State: Replica: 90061c1ab587416590b022110a8cc197, State: Initialized, Role: FOLLOWER
I20260709 13:07:13.246791 23547 raft_consensus.cc:493] T f01dce182b63424c8752932b57ba199e P 90061c1ab587416590b022110a8cc197 [term 0 FOLLOWER]: Starting pre-election (no leader contacted us within the election timeout)
I20260709 13:07:13.247272 23547 raft_consensus.cc:515] T f01dce182b63424c8752932b57ba199e P 90061c1ab587416590b022110a8cc197 [term 0 FOLLOWER]: Starting pre-election with config: opid_index: -1 OBSOLETE_local: false peers { permanent_uuid: "0fe363a95fe24ddf93a0b45409a21661" member_type: VOTER last_known_addr { host: "127.21.187.65" port: 42625 } } peers { permanent_uuid: "c7a4eafc042f4a42b713d91b8e3821f9" member_type: VOTER last_known_addr { host: "127.21.187.66" port: 36171 } } peers { permanent_uuid: "90061c1ab587416590b022110a8cc197" member_type: VOTER last_known_addr { host: "127.21.187.67" port: 43425 } }
I20260709 13:07:13.249344 23547 leader_election.cc:290] T f01dce182b63424c8752932b57ba199e P 90061c1ab587416590b022110a8cc197 [CANDIDATE]: Term 1 pre-election: Requested pre-vote from peers 0fe363a95fe24ddf93a0b45409a21661 (127.21.187.65:42625), c7a4eafc042f4a42b713d91b8e3821f9 (127.21.187.66:36171)
I20260709 13:07:13.252233 23428 tablet_service.cc:1917] Received RequestConsensusVote() RPC: tablet_id: "f01dce182b63424c8752932b57ba199e" candidate_uuid: "90061c1ab587416590b022110a8cc197" candidate_term: 1 candidate_status { last_received { term: 0 index: 0 } } ignore_live_leader: false dest_uuid: "c7a4eafc042f4a42b713d91b8e3821f9" is_pre_election: true
W20260709 13:07:13.253805 23465 leader_election.cc:343] T f01dce182b63424c8752932b57ba199e P 90061c1ab587416590b022110a8cc197 [CANDIDATE]: Term 1 pre-election: Tablet error from VoteRequest() call to peer c7a4eafc042f4a42b713d91b8e3821f9 (127.21.187.66:36171): Illegal state: must be running to vote when last-logged opid is not known
I20260709 13:07:13.255071 23353 tablet_service.cc:1917] Received RequestConsensusVote() RPC: tablet_id: "f01dce182b63424c8752932b57ba199e" candidate_uuid: "90061c1ab587416590b022110a8cc197" candidate_term: 1 candidate_status { last_received { term: 0 index: 0 } } ignore_live_leader: false dest_uuid: "0fe363a95fe24ddf93a0b45409a21661" is_pre_election: true
I20260709 13:07:13.246043 23543 consensus_queue.cc:260] T 459f9fd969f44900bd748afe66cd36b6 P 90061c1ab587416590b022110a8cc197 [NON_LEADER]: Queue going to NON_LEADER mode. State: All replicated index: 0, Majority replicated index: 0, Committed index: 0, Last appended: 0.0, Last appended by leader: 0, Current term: 0, Majority size: -1, State: 0, Mode: NON_LEADER, active raft config: opid_index: -1 OBSOLETE_local: false peers { permanent_uuid: "0fe363a95fe24ddf93a0b45409a21661" member_type: VOTER last_known_addr { host: "127.21.187.65" port: 42625 } } peers { permanent_uuid: "c7a4eafc042f4a42b713d91b8e3821f9" member_type: VOTER last_known_addr { host: "127.21.187.66" port: 36171 } } peers { permanent_uuid: "90061c1ab587416590b022110a8cc197" member_type: VOTER last_known_addr { host: "127.21.187.67" port: 43425 } }
W20260709 13:07:13.256326 23468 leader_election.cc:343] T f01dce182b63424c8752932b57ba199e P 90061c1ab587416590b022110a8cc197 [CANDIDATE]: Term 1 pre-election: Tablet error from VoteRequest() call to peer 0fe363a95fe24ddf93a0b45409a21661 (127.21.187.65:42625): Illegal state: must be running to vote when last-logged opid is not known
I20260709 13:07:13.256839 23468 leader_election.cc:304] T f01dce182b63424c8752932b57ba199e P 90061c1ab587416590b022110a8cc197 [CANDIDATE]: Term 1 pre-election: Election decided. Result: candidate lost. Election summary: received 3 responses out of 3 voters: 1 yes votes; 2 no votes. yes voters: 90061c1ab587416590b022110a8cc197; no voters: 0fe363a95fe24ddf93a0b45409a21661, c7a4eafc042f4a42b713d91b8e3821f9
I20260709 13:07:13.258042 23547 raft_consensus.cc:2749] T f01dce182b63424c8752932b57ba199e P 90061c1ab587416590b022110a8cc197 [term 0 FOLLOWER]: Leader pre-election lost for term 1. Reason: could not achieve majority
I20260709 13:07:13.260836 23543 ts_tablet_manager.cc:1434] T 459f9fd969f44900bd748afe66cd36b6 P 90061c1ab587416590b022110a8cc197: Time spent starting tablet: real 0.024s	user 0.006s	sys 0.000s
I20260709 13:07:13.260902 23542 tablet_bootstrap.cc:492] T 6eae6cf95c5c4f9dab8c7b7380647f0c P c7a4eafc042f4a42b713d91b8e3821f9: No bootstrap required, opened a new log
I20260709 13:07:13.261518 23542 ts_tablet_manager.cc:1403] T 6eae6cf95c5c4f9dab8c7b7380647f0c P c7a4eafc042f4a42b713d91b8e3821f9: Time spent bootstrapping tablet: real 0.186s	user 0.037s	sys 0.039s
I20260709 13:07:13.261888 23544 tablet_bootstrap.cc:492] T 459f9fd969f44900bd748afe66cd36b6 P 0fe363a95fe24ddf93a0b45409a21661: No bootstrap required, opened a new log
I20260709 13:07:13.262441 23544 ts_tablet_manager.cc:1403] T 459f9fd969f44900bd748afe66cd36b6 P 0fe363a95fe24ddf93a0b45409a21661: Time spent bootstrapping tablet: real 0.064s	user 0.027s	sys 0.036s
I20260709 13:07:13.264602 23542 raft_consensus.cc:359] T 6eae6cf95c5c4f9dab8c7b7380647f0c P c7a4eafc042f4a42b713d91b8e3821f9 [term 0 FOLLOWER]: Replica starting. Triggering 0 pending ops. Active config: opid_index: -1 OBSOLETE_local: false peers { permanent_uuid: "0fe363a95fe24ddf93a0b45409a21661" member_type: VOTER last_known_addr { host: "127.21.187.65" port: 42625 } } peers { permanent_uuid: "c7a4eafc042f4a42b713d91b8e3821f9" member_type: VOTER last_known_addr { host: "127.21.187.66" port: 36171 } } peers { permanent_uuid: "90061c1ab587416590b022110a8cc197" member_type: VOTER last_known_addr { host: "127.21.187.67" port: 43425 } }
I20260709 13:07:13.265300 23542 raft_consensus.cc:385] T 6eae6cf95c5c4f9dab8c7b7380647f0c P c7a4eafc042f4a42b713d91b8e3821f9 [term 0 FOLLOWER]: Consensus starting up: Expiring failure detector timer to make a prompt election more likely
I20260709 13:07:13.265635 23542 raft_consensus.cc:740] T 6eae6cf95c5c4f9dab8c7b7380647f0c P c7a4eafc042f4a42b713d91b8e3821f9 [term 0 FOLLOWER]: Becoming Follower/Learner. State: Replica: c7a4eafc042f4a42b713d91b8e3821f9, State: Initialized, Role: FOLLOWER
I20260709 13:07:13.265344 23544 raft_consensus.cc:359] T 459f9fd969f44900bd748afe66cd36b6 P 0fe363a95fe24ddf93a0b45409a21661 [term 0 FOLLOWER]: Replica starting. Triggering 0 pending ops. Active config: opid_index: -1 OBSOLETE_local: false peers { permanent_uuid: "0fe363a95fe24ddf93a0b45409a21661" member_type: VOTER last_known_addr { host: "127.21.187.65" port: 42625 } } peers { permanent_uuid: "c7a4eafc042f4a42b713d91b8e3821f9" member_type: VOTER last_known_addr { host: "127.21.187.66" port: 36171 } } peers { permanent_uuid: "90061c1ab587416590b022110a8cc197" member_type: VOTER last_known_addr { host: "127.21.187.67" port: 43425 } }
I20260709 13:07:13.266423 23544 raft_consensus.cc:385] T 459f9fd969f44900bd748afe66cd36b6 P 0fe363a95fe24ddf93a0b45409a21661 [term 0 FOLLOWER]: Consensus starting up: Expiring failure detector timer to make a prompt election more likely
I20260709 13:07:13.266870 23544 raft_consensus.cc:740] T 459f9fd969f44900bd748afe66cd36b6 P 0fe363a95fe24ddf93a0b45409a21661 [term 0 FOLLOWER]: Becoming Follower/Learner. State: Replica: 0fe363a95fe24ddf93a0b45409a21661, State: Initialized, Role: FOLLOWER
I20260709 13:07:13.266436 23542 consensus_queue.cc:260] T 6eae6cf95c5c4f9dab8c7b7380647f0c P c7a4eafc042f4a42b713d91b8e3821f9 [NON_LEADER]: Queue going to NON_LEADER mode. State: All replicated index: 0, Majority replicated index: 0, Committed index: 0, Last appended: 0.0, Last appended by leader: 0, Current term: 0, Majority size: -1, State: 0, Mode: NON_LEADER, active raft config: opid_index: -1 OBSOLETE_local: false peers { permanent_uuid: "0fe363a95fe24ddf93a0b45409a21661" member_type: VOTER last_known_addr { host: "127.21.187.65" port: 42625 } } peers { permanent_uuid: "c7a4eafc042f4a42b713d91b8e3821f9" member_type: VOTER last_known_addr { host: "127.21.187.66" port: 36171 } } peers { permanent_uuid: "90061c1ab587416590b022110a8cc197" member_type: VOTER last_known_addr { host: "127.21.187.67" port: 43425 } }
I20260709 13:07:13.267784 23544 consensus_queue.cc:260] T 459f9fd969f44900bd748afe66cd36b6 P 0fe363a95fe24ddf93a0b45409a21661 [NON_LEADER]: Queue going to NON_LEADER mode. State: All replicated index: 0, Majority replicated index: 0, Committed index: 0, Last appended: 0.0, Last appended by leader: 0, Current term: 0, Majority size: -1, State: 0, Mode: NON_LEADER, active raft config: opid_index: -1 OBSOLETE_local: false peers { permanent_uuid: "0fe363a95fe24ddf93a0b45409a21661" member_type: VOTER last_known_addr { host: "127.21.187.65" port: 42625 } } peers { permanent_uuid: "c7a4eafc042f4a42b713d91b8e3821f9" member_type: VOTER last_known_addr { host: "127.21.187.66" port: 36171 } } peers { permanent_uuid: "90061c1ab587416590b022110a8cc197" member_type: VOTER last_known_addr { host: "127.21.187.67" port: 43425 } }
I20260709 13:07:13.261976 23543 tablet_bootstrap.cc:492] T 5ce3bbf2f7de40159c40a20011111dbe P 90061c1ab587416590b022110a8cc197: Bootstrap starting.
I20260709 13:07:13.269003 23542 ts_tablet_manager.cc:1434] T 6eae6cf95c5c4f9dab8c7b7380647f0c P c7a4eafc042f4a42b713d91b8e3821f9: Time spent starting tablet: real 0.007s	user 0.006s	sys 0.000s
I20260709 13:07:13.270675 23542 tablet_bootstrap.cc:492] T 459f9fd969f44900bd748afe66cd36b6 P c7a4eafc042f4a42b713d91b8e3821f9: Bootstrap starting.
I20260709 13:07:13.271597 23544 ts_tablet_manager.cc:1434] T 459f9fd969f44900bd748afe66cd36b6 P 0fe363a95fe24ddf93a0b45409a21661: Time spent starting tablet: real 0.009s	user 0.006s	sys 0.000s
I20260709 13:07:13.272542 23544 tablet_bootstrap.cc:492] T 5ce3bbf2f7de40159c40a20011111dbe P 0fe363a95fe24ddf93a0b45409a21661: Bootstrap starting.
I20260709 13:07:13.277846 23542 tablet_bootstrap.cc:654] T 459f9fd969f44900bd748afe66cd36b6 P c7a4eafc042f4a42b713d91b8e3821f9: Neither blocks nor log segments found. Creating new log.
I20260709 13:07:13.278469 23544 tablet_bootstrap.cc:654] T 5ce3bbf2f7de40159c40a20011111dbe P 0fe363a95fe24ddf93a0b45409a21661: Neither blocks nor log segments found. Creating new log.
I20260709 13:07:13.285027 23543 tablet_bootstrap.cc:654] T 5ce3bbf2f7de40159c40a20011111dbe P 90061c1ab587416590b022110a8cc197: Neither blocks nor log segments found. Creating new log.
I20260709 13:07:13.286667 23544 tablet_bootstrap.cc:492] T 5ce3bbf2f7de40159c40a20011111dbe P 0fe363a95fe24ddf93a0b45409a21661: No bootstrap required, opened a new log
I20260709 13:07:13.287109 23544 ts_tablet_manager.cc:1403] T 5ce3bbf2f7de40159c40a20011111dbe P 0fe363a95fe24ddf93a0b45409a21661: Time spent bootstrapping tablet: real 0.015s	user 0.007s	sys 0.004s
I20260709 13:07:13.290104 23544 raft_consensus.cc:359] T 5ce3bbf2f7de40159c40a20011111dbe P 0fe363a95fe24ddf93a0b45409a21661 [term 0 FOLLOWER]: Replica starting. Triggering 0 pending ops. Active config: opid_index: -1 OBSOLETE_local: false peers { permanent_uuid: "0fe363a95fe24ddf93a0b45409a21661" member_type: VOTER last_known_addr { host: "127.21.187.65" port: 42625 } } peers { permanent_uuid: "c7a4eafc042f4a42b713d91b8e3821f9" member_type: VOTER last_known_addr { host: "127.21.187.66" port: 36171 } } peers { permanent_uuid: "90061c1ab587416590b022110a8cc197" member_type: VOTER last_known_addr { host: "127.21.187.67" port: 43425 } }
I20260709 13:07:13.290829 23544 raft_consensus.cc:385] T 5ce3bbf2f7de40159c40a20011111dbe P 0fe363a95fe24ddf93a0b45409a21661 [term 0 FOLLOWER]: Consensus starting up: Expiring failure detector timer to make a prompt election more likely
I20260709 13:07:13.291113 23544 raft_consensus.cc:740] T 5ce3bbf2f7de40159c40a20011111dbe P 0fe363a95fe24ddf93a0b45409a21661 [term 0 FOLLOWER]: Becoming Follower/Learner. State: Replica: 0fe363a95fe24ddf93a0b45409a21661, State: Initialized, Role: FOLLOWER
I20260709 13:07:13.291945 23544 consensus_queue.cc:260] T 5ce3bbf2f7de40159c40a20011111dbe P 0fe363a95fe24ddf93a0b45409a21661 [NON_LEADER]: Queue going to NON_LEADER mode. State: All replicated index: 0, Majority replicated index: 0, Committed index: 0, Last appended: 0.0, Last appended by leader: 0, Current term: 0, Majority size: -1, State: 0, Mode: NON_LEADER, active raft config: opid_index: -1 OBSOLETE_local: false peers { permanent_uuid: "0fe363a95fe24ddf93a0b45409a21661" member_type: VOTER last_known_addr { host: "127.21.187.65" port: 42625 } } peers { permanent_uuid: "c7a4eafc042f4a42b713d91b8e3821f9" member_type: VOTER last_known_addr { host: "127.21.187.66" port: 36171 } } peers { permanent_uuid: "90061c1ab587416590b022110a8cc197" member_type: VOTER last_known_addr { host: "127.21.187.67" port: 43425 } }
I20260709 13:07:13.292426 23542 tablet_bootstrap.cc:492] T 459f9fd969f44900bd748afe66cd36b6 P c7a4eafc042f4a42b713d91b8e3821f9: No bootstrap required, opened a new log
I20260709 13:07:13.293879 23542 ts_tablet_manager.cc:1403] T 459f9fd969f44900bd748afe66cd36b6 P c7a4eafc042f4a42b713d91b8e3821f9: Time spent bootstrapping tablet: real 0.023s	user 0.002s	sys 0.011s
I20260709 13:07:13.297381 23542 raft_consensus.cc:359] T 459f9fd969f44900bd748afe66cd36b6 P c7a4eafc042f4a42b713d91b8e3821f9 [term 0 FOLLOWER]: Replica starting. Triggering 0 pending ops. Active config: opid_index: -1 OBSOLETE_local: false peers { permanent_uuid: "0fe363a95fe24ddf93a0b45409a21661" member_type: VOTER last_known_addr { host: "127.21.187.65" port: 42625 } } peers { permanent_uuid: "c7a4eafc042f4a42b713d91b8e3821f9" member_type: VOTER last_known_addr { host: "127.21.187.66" port: 36171 } } peers { permanent_uuid: "90061c1ab587416590b022110a8cc197" member_type: VOTER last_known_addr { host: "127.21.187.67" port: 43425 } }
I20260709 13:07:13.298909 23542 raft_consensus.cc:385] T 459f9fd969f44900bd748afe66cd36b6 P c7a4eafc042f4a42b713d91b8e3821f9 [term 0 FOLLOWER]: Consensus starting up: Expiring failure detector timer to make a prompt election more likely
I20260709 13:07:13.299247 23542 raft_consensus.cc:740] T 459f9fd969f44900bd748afe66cd36b6 P c7a4eafc042f4a42b713d91b8e3821f9 [term 0 FOLLOWER]: Becoming Follower/Learner. State: Replica: c7a4eafc042f4a42b713d91b8e3821f9, State: Initialized, Role: FOLLOWER
I20260709 13:07:13.299968 23542 consensus_queue.cc:260] T 459f9fd969f44900bd748afe66cd36b6 P c7a4eafc042f4a42b713d91b8e3821f9 [NON_LEADER]: Queue going to NON_LEADER mode. State: All replicated index: 0, Majority replicated index: 0, Committed index: 0, Last appended: 0.0, Last appended by leader: 0, Current term: 0, Majority size: -1, State: 0, Mode: NON_LEADER, active raft config: opid_index: -1 OBSOLETE_local: false peers { permanent_uuid: "0fe363a95fe24ddf93a0b45409a21661" member_type: VOTER last_known_addr { host: "127.21.187.65" port: 42625 } } peers { permanent_uuid: "c7a4eafc042f4a42b713d91b8e3821f9" member_type: VOTER last_known_addr { host: "127.21.187.66" port: 36171 } } peers { permanent_uuid: "90061c1ab587416590b022110a8cc197" member_type: VOTER last_known_addr { host: "127.21.187.67" port: 43425 } }
I20260709 13:07:13.302003 23544 ts_tablet_manager.cc:1434] T 5ce3bbf2f7de40159c40a20011111dbe P 0fe363a95fe24ddf93a0b45409a21661: Time spent starting tablet: real 0.015s	user 0.005s	sys 0.002s
I20260709 13:07:13.302361 23542 ts_tablet_manager.cc:1434] T 459f9fd969f44900bd748afe66cd36b6 P c7a4eafc042f4a42b713d91b8e3821f9: Time spent starting tablet: real 0.008s	user 0.006s	sys 0.000s
I20260709 13:07:13.303318 23542 tablet_bootstrap.cc:492] T 36e8332e25d94bed876ddad1699397af P c7a4eafc042f4a42b713d91b8e3821f9: Bootstrap starting.
I20260709 13:07:13.305647 23544 tablet_bootstrap.cc:492] T f01dce182b63424c8752932b57ba199e P 0fe363a95fe24ddf93a0b45409a21661: Bootstrap starting.
I20260709 13:07:13.309046 23542 tablet_bootstrap.cc:654] T 36e8332e25d94bed876ddad1699397af P c7a4eafc042f4a42b713d91b8e3821f9: Neither blocks nor log segments found. Creating new log.
I20260709 13:07:13.311905 23544 tablet_bootstrap.cc:654] T f01dce182b63424c8752932b57ba199e P 0fe363a95fe24ddf93a0b45409a21661: Neither blocks nor log segments found. Creating new log.
I20260709 13:07:13.315541 23543 tablet_bootstrap.cc:492] T 5ce3bbf2f7de40159c40a20011111dbe P 90061c1ab587416590b022110a8cc197: No bootstrap required, opened a new log
I20260709 13:07:13.316039 23543 ts_tablet_manager.cc:1403] T 5ce3bbf2f7de40159c40a20011111dbe P 90061c1ab587416590b022110a8cc197: Time spent bootstrapping tablet: real 0.054s	user 0.015s	sys 0.006s
I20260709 13:07:13.318588 23543 raft_consensus.cc:359] T 5ce3bbf2f7de40159c40a20011111dbe P 90061c1ab587416590b022110a8cc197 [term 0 FOLLOWER]: Replica starting. Triggering 0 pending ops. Active config: opid_index: -1 OBSOLETE_local: false peers { permanent_uuid: "0fe363a95fe24ddf93a0b45409a21661" member_type: VOTER last_known_addr { host: "127.21.187.65" port: 42625 } } peers { permanent_uuid: "c7a4eafc042f4a42b713d91b8e3821f9" member_type: VOTER last_known_addr { host: "127.21.187.66" port: 36171 } } peers { permanent_uuid: "90061c1ab587416590b022110a8cc197" member_type: VOTER last_known_addr { host: "127.21.187.67" port: 43425 } }
I20260709 13:07:13.319238 23543 raft_consensus.cc:385] T 5ce3bbf2f7de40159c40a20011111dbe P 90061c1ab587416590b022110a8cc197 [term 0 FOLLOWER]: Consensus starting up: Expiring failure detector timer to make a prompt election more likely
I20260709 13:07:13.319482 23543 raft_consensus.cc:740] T 5ce3bbf2f7de40159c40a20011111dbe P 90061c1ab587416590b022110a8cc197 [term 0 FOLLOWER]: Becoming Follower/Learner. State: Replica: 90061c1ab587416590b022110a8cc197, State: Initialized, Role: FOLLOWER
I20260709 13:07:13.319527 23542 tablet_bootstrap.cc:492] T 36e8332e25d94bed876ddad1699397af P c7a4eafc042f4a42b713d91b8e3821f9: No bootstrap required, opened a new log
I20260709 13:07:13.320072 23542 ts_tablet_manager.cc:1403] T 36e8332e25d94bed876ddad1699397af P c7a4eafc042f4a42b713d91b8e3821f9: Time spent bootstrapping tablet: real 0.017s	user 0.007s	sys 0.008s
I20260709 13:07:13.320175 23543 consensus_queue.cc:260] T 5ce3bbf2f7de40159c40a20011111dbe P 90061c1ab587416590b022110a8cc197 [NON_LEADER]: Queue going to NON_LEADER mode. State: All replicated index: 0, Majority replicated index: 0, Committed index: 0, Last appended: 0.0, Last appended by leader: 0, Current term: 0, Majority size: -1, State: 0, Mode: NON_LEADER, active raft config: opid_index: -1 OBSOLETE_local: false peers { permanent_uuid: "0fe363a95fe24ddf93a0b45409a21661" member_type: VOTER last_known_addr { host: "127.21.187.65" port: 42625 } } peers { permanent_uuid: "c7a4eafc042f4a42b713d91b8e3821f9" member_type: VOTER last_known_addr { host: "127.21.187.66" port: 36171 } } peers { permanent_uuid: "90061c1ab587416590b022110a8cc197" member_type: VOTER last_known_addr { host: "127.21.187.67" port: 43425 } }
I20260709 13:07:13.322504 23542 raft_consensus.cc:359] T 36e8332e25d94bed876ddad1699397af P c7a4eafc042f4a42b713d91b8e3821f9 [term 0 FOLLOWER]: Replica starting. Triggering 0 pending ops. Active config: opid_index: -1 OBSOLETE_local: false peers { permanent_uuid: "0fe363a95fe24ddf93a0b45409a21661" member_type: VOTER last_known_addr { host: "127.21.187.65" port: 42625 } } peers { permanent_uuid: "c7a4eafc042f4a42b713d91b8e3821f9" member_type: VOTER last_known_addr { host: "127.21.187.66" port: 36171 } } peers { permanent_uuid: "90061c1ab587416590b022110a8cc197" member_type: VOTER last_known_addr { host: "127.21.187.67" port: 43425 } }
I20260709 13:07:13.323097 23544 tablet_bootstrap.cc:492] T f01dce182b63424c8752932b57ba199e P 0fe363a95fe24ddf93a0b45409a21661: No bootstrap required, opened a new log
I20260709 13:07:13.323166 23542 raft_consensus.cc:385] T 36e8332e25d94bed876ddad1699397af P c7a4eafc042f4a42b713d91b8e3821f9 [term 0 FOLLOWER]: Consensus starting up: Expiring failure detector timer to make a prompt election more likely
I20260709 13:07:13.323540 23542 raft_consensus.cc:740] T 36e8332e25d94bed876ddad1699397af P c7a4eafc042f4a42b713d91b8e3821f9 [term 0 FOLLOWER]: Becoming Follower/Learner. State: Replica: c7a4eafc042f4a42b713d91b8e3821f9, State: Initialized, Role: FOLLOWER
I20260709 13:07:13.323621 23544 ts_tablet_manager.cc:1403] T f01dce182b63424c8752932b57ba199e P 0fe363a95fe24ddf93a0b45409a21661: Time spent bootstrapping tablet: real 0.018s	user 0.014s	sys 0.001s
I20260709 13:07:13.324146 23542 consensus_queue.cc:260] T 36e8332e25d94bed876ddad1699397af P c7a4eafc042f4a42b713d91b8e3821f9 [NON_LEADER]: Queue going to NON_LEADER mode. State: All replicated index: 0, Majority replicated index: 0, Committed index: 0, Last appended: 0.0, Last appended by leader: 0, Current term: 0, Majority size: -1, State: 0, Mode: NON_LEADER, active raft config: opid_index: -1 OBSOLETE_local: false peers { permanent_uuid: "0fe363a95fe24ddf93a0b45409a21661" member_type: VOTER last_known_addr { host: "127.21.187.65" port: 42625 } } peers { permanent_uuid: "c7a4eafc042f4a42b713d91b8e3821f9" member_type: VOTER last_known_addr { host: "127.21.187.66" port: 36171 } } peers { permanent_uuid: "90061c1ab587416590b022110a8cc197" member_type: VOTER last_known_addr { host: "127.21.187.67" port: 43425 } }
I20260709 13:07:13.326031 23542 ts_tablet_manager.cc:1434] T 36e8332e25d94bed876ddad1699397af P c7a4eafc042f4a42b713d91b8e3821f9: Time spent starting tablet: real 0.006s	user 0.006s	sys 0.000s
I20260709 13:07:13.326464 23544 raft_consensus.cc:359] T f01dce182b63424c8752932b57ba199e P 0fe363a95fe24ddf93a0b45409a21661 [term 0 FOLLOWER]: Replica starting. Triggering 0 pending ops. Active config: opid_index: -1 OBSOLETE_local: false peers { permanent_uuid: "0fe363a95fe24ddf93a0b45409a21661" member_type: VOTER last_known_addr { host: "127.21.187.65" port: 42625 } } peers { permanent_uuid: "c7a4eafc042f4a42b713d91b8e3821f9" member_type: VOTER last_known_addr { host: "127.21.187.66" port: 36171 } } peers { permanent_uuid: "90061c1ab587416590b022110a8cc197" member_type: VOTER last_known_addr { host: "127.21.187.67" port: 43425 } }
I20260709 13:07:13.327135 23544 raft_consensus.cc:385] T f01dce182b63424c8752932b57ba199e P 0fe363a95fe24ddf93a0b45409a21661 [term 0 FOLLOWER]: Consensus starting up: Expiring failure detector timer to make a prompt election more likely
I20260709 13:07:13.327432 23544 raft_consensus.cc:740] T f01dce182b63424c8752932b57ba199e P 0fe363a95fe24ddf93a0b45409a21661 [term 0 FOLLOWER]: Becoming Follower/Learner. State: Replica: 0fe363a95fe24ddf93a0b45409a21661, State: Initialized, Role: FOLLOWER
I20260709 13:07:13.327929 23543 ts_tablet_manager.cc:1434] T 5ce3bbf2f7de40159c40a20011111dbe P 90061c1ab587416590b022110a8cc197: Time spent starting tablet: real 0.012s	user 0.007s	sys 0.000s
I20260709 13:07:13.328197 23544 consensus_queue.cc:260] T f01dce182b63424c8752932b57ba199e P 0fe363a95fe24ddf93a0b45409a21661 [NON_LEADER]: Queue going to NON_LEADER mode. State: All replicated index: 0, Majority replicated index: 0, Committed index: 0, Last appended: 0.0, Last appended by leader: 0, Current term: 0, Majority size: -1, State: 0, Mode: NON_LEADER, active raft config: opid_index: -1 OBSOLETE_local: false peers { permanent_uuid: "0fe363a95fe24ddf93a0b45409a21661" member_type: VOTER last_known_addr { host: "127.21.187.65" port: 42625 } } peers { permanent_uuid: "c7a4eafc042f4a42b713d91b8e3821f9" member_type: VOTER last_known_addr { host: "127.21.187.66" port: 36171 } } peers { permanent_uuid: "90061c1ab587416590b022110a8cc197" member_type: VOTER last_known_addr { host: "127.21.187.67" port: 43425 } }
I20260709 13:07:13.328909 23542 tablet_bootstrap.cc:492] T 85398f6c7532476b948b731891fc312d P c7a4eafc042f4a42b713d91b8e3821f9: Bootstrap starting.
I20260709 13:07:13.328902 23543 tablet_bootstrap.cc:492] T 16de6b99df7d4248b56ed97e55ef8556 P 90061c1ab587416590b022110a8cc197: Bootstrap starting.
I20260709 13:07:13.333420 23544 ts_tablet_manager.cc:1434] T f01dce182b63424c8752932b57ba199e P 0fe363a95fe24ddf93a0b45409a21661: Time spent starting tablet: real 0.009s	user 0.008s	sys 0.000s
I20260709 13:07:13.335140 23577 raft_consensus.cc:493] T 5ce3bbf2f7de40159c40a20011111dbe P 0fe363a95fe24ddf93a0b45409a21661 [term 0 FOLLOWER]: Starting pre-election (no leader contacted us within the election timeout)
I20260709 13:07:13.336287 23577 raft_consensus.cc:515] T 5ce3bbf2f7de40159c40a20011111dbe P 0fe363a95fe24ddf93a0b45409a21661 [term 0 FOLLOWER]: Starting pre-election with config: opid_index: -1 OBSOLETE_local: false peers { permanent_uuid: "0fe363a95fe24ddf93a0b45409a21661" member_type: VOTER last_known_addr { host: "127.21.187.65" port: 42625 } } peers { permanent_uuid: "c7a4eafc042f4a42b713d91b8e3821f9" member_type: VOTER last_known_addr { host: "127.21.187.66" port: 36171 } } peers { permanent_uuid: "90061c1ab587416590b022110a8cc197" member_type: VOTER last_known_addr { host: "127.21.187.67" port: 43425 } }
I20260709 13:07:13.336817 23544 tablet_bootstrap.cc:492] T e4b9c2da08014c49b3525a7aa6fc0f54 P 0fe363a95fe24ddf93a0b45409a21661: Bootstrap starting.
I20260709 13:07:13.338304 23577 leader_election.cc:290] T 5ce3bbf2f7de40159c40a20011111dbe P 0fe363a95fe24ddf93a0b45409a21661 [CANDIDATE]: Term 1 pre-election: Requested pre-vote from peers c7a4eafc042f4a42b713d91b8e3821f9 (127.21.187.66:36171), 90061c1ab587416590b022110a8cc197 (127.21.187.67:43425)
I20260709 13:07:13.335404 23542 tablet_bootstrap.cc:654] T 85398f6c7532476b948b731891fc312d P c7a4eafc042f4a42b713d91b8e3821f9: Neither blocks nor log segments found. Creating new log.
I20260709 13:07:13.339249 23427 tablet_service.cc:1917] Received RequestConsensusVote() RPC: tablet_id: "5ce3bbf2f7de40159c40a20011111dbe" candidate_uuid: "0fe363a95fe24ddf93a0b45409a21661" candidate_term: 1 candidate_status { last_received { term: 0 index: 0 } } ignore_live_leader: false dest_uuid: "c7a4eafc042f4a42b713d91b8e3821f9" is_pre_election: true
I20260709 13:07:13.339856 23427 raft_consensus.cc:2468] T 5ce3bbf2f7de40159c40a20011111dbe P c7a4eafc042f4a42b713d91b8e3821f9 [term 0 FOLLOWER]: Leader pre-election vote request: Granting yes vote for candidate 0fe363a95fe24ddf93a0b45409a21661 in term 0.
I20260709 13:07:13.335888 23543 tablet_bootstrap.cc:654] T 16de6b99df7d4248b56ed97e55ef8556 P 90061c1ab587416590b022110a8cc197: Neither blocks nor log segments found. Creating new log.
I20260709 13:07:13.341224 23502 tablet_service.cc:1917] Received RequestConsensusVote() RPC: tablet_id: "5ce3bbf2f7de40159c40a20011111dbe" candidate_uuid: "0fe363a95fe24ddf93a0b45409a21661" candidate_term: 1 candidate_status { last_received { term: 0 index: 0 } } ignore_live_leader: false dest_uuid: "90061c1ab587416590b022110a8cc197" is_pre_election: true
I20260709 13:07:13.341878 23502 raft_consensus.cc:2468] T 5ce3bbf2f7de40159c40a20011111dbe P 90061c1ab587416590b022110a8cc197 [term 0 FOLLOWER]: Leader pre-election vote request: Granting yes vote for candidate 0fe363a95fe24ddf93a0b45409a21661 in term 0.
I20260709 13:07:13.343276 23544 tablet_bootstrap.cc:654] T e4b9c2da08014c49b3525a7aa6fc0f54 P 0fe363a95fe24ddf93a0b45409a21661: Neither blocks nor log segments found. Creating new log.
I20260709 13:07:13.343128 23316 leader_election.cc:304] T 5ce3bbf2f7de40159c40a20011111dbe P 0fe363a95fe24ddf93a0b45409a21661 [CANDIDATE]: Term 1 pre-election: Election decided. Result: candidate won. Election summary: received 2 responses out of 3 voters: 2 yes votes; 0 no votes. yes voters: 0fe363a95fe24ddf93a0b45409a21661, c7a4eafc042f4a42b713d91b8e3821f9; no voters: 
I20260709 13:07:13.345050 23577 raft_consensus.cc:2804] T 5ce3bbf2f7de40159c40a20011111dbe P 0fe363a95fe24ddf93a0b45409a21661 [term 0 FOLLOWER]: Leader pre-election won for term 1
I20260709 13:07:13.345435 23577 raft_consensus.cc:493] T 5ce3bbf2f7de40159c40a20011111dbe P 0fe363a95fe24ddf93a0b45409a21661 [term 0 FOLLOWER]: Starting leader election (no leader contacted us within the election timeout)
I20260709 13:07:13.345785 23577 raft_consensus.cc:3060] T 5ce3bbf2f7de40159c40a20011111dbe P 0fe363a95fe24ddf93a0b45409a21661 [term 0 FOLLOWER]: Advancing to term 1
I20260709 13:07:13.352885 23577 raft_consensus.cc:515] T 5ce3bbf2f7de40159c40a20011111dbe P 0fe363a95fe24ddf93a0b45409a21661 [term 1 FOLLOWER]: Starting leader election with config: opid_index: -1 OBSOLETE_local: false peers { permanent_uuid: "0fe363a95fe24ddf93a0b45409a21661" member_type: VOTER last_known_addr { host: "127.21.187.65" port: 42625 } } peers { permanent_uuid: "c7a4eafc042f4a42b713d91b8e3821f9" member_type: VOTER last_known_addr { host: "127.21.187.66" port: 36171 } } peers { permanent_uuid: "90061c1ab587416590b022110a8cc197" member_type: VOTER last_known_addr { host: "127.21.187.67" port: 43425 } }
I20260709 13:07:13.355297 23544 tablet_bootstrap.cc:492] T e4b9c2da08014c49b3525a7aa6fc0f54 P 0fe363a95fe24ddf93a0b45409a21661: No bootstrap required, opened a new log
I20260709 13:07:13.355512 23427 tablet_service.cc:1917] Received RequestConsensusVote() RPC: tablet_id: "5ce3bbf2f7de40159c40a20011111dbe" candidate_uuid: "0fe363a95fe24ddf93a0b45409a21661" candidate_term: 1 candidate_status { last_received { term: 0 index: 0 } } ignore_live_leader: false dest_uuid: "c7a4eafc042f4a42b713d91b8e3821f9"
I20260709 13:07:13.355715 23544 ts_tablet_manager.cc:1403] T e4b9c2da08014c49b3525a7aa6fc0f54 P 0fe363a95fe24ddf93a0b45409a21661: Time spent bootstrapping tablet: real 0.019s	user 0.011s	sys 0.004s
I20260709 13:07:13.356003 23427 raft_consensus.cc:3060] T 5ce3bbf2f7de40159c40a20011111dbe P c7a4eafc042f4a42b713d91b8e3821f9 [term 0 FOLLOWER]: Advancing to term 1
I20260709 13:07:13.358222 23544 raft_consensus.cc:359] T e4b9c2da08014c49b3525a7aa6fc0f54 P 0fe363a95fe24ddf93a0b45409a21661 [term 0 FOLLOWER]: Replica starting. Triggering 0 pending ops. Active config: opid_index: -1 OBSOLETE_local: false peers { permanent_uuid: "0fe363a95fe24ddf93a0b45409a21661" member_type: VOTER last_known_addr { host: "127.21.187.65" port: 42625 } } peers { permanent_uuid: "c7a4eafc042f4a42b713d91b8e3821f9" member_type: VOTER last_known_addr { host: "127.21.187.66" port: 36171 } } peers { permanent_uuid: "90061c1ab587416590b022110a8cc197" member_type: VOTER last_known_addr { host: "127.21.187.67" port: 43425 } }
I20260709 13:07:13.358837 23544 raft_consensus.cc:385] T e4b9c2da08014c49b3525a7aa6fc0f54 P 0fe363a95fe24ddf93a0b45409a21661 [term 0 FOLLOWER]: Consensus starting up: Expiring failure detector timer to make a prompt election more likely
I20260709 13:07:13.359102 23544 raft_consensus.cc:740] T e4b9c2da08014c49b3525a7aa6fc0f54 P 0fe363a95fe24ddf93a0b45409a21661 [term 0 FOLLOWER]: Becoming Follower/Learner. State: Replica: 0fe363a95fe24ddf93a0b45409a21661, State: Initialized, Role: FOLLOWER
I20260709 13:07:13.359699 23544 consensus_queue.cc:260] T e4b9c2da08014c49b3525a7aa6fc0f54 P 0fe363a95fe24ddf93a0b45409a21661 [NON_LEADER]: Queue going to NON_LEADER mode. State: All replicated index: 0, Majority replicated index: 0, Committed index: 0, Last appended: 0.0, Last appended by leader: 0, Current term: 0, Majority size: -1, State: 0, Mode: NON_LEADER, active raft config: opid_index: -1 OBSOLETE_local: false peers { permanent_uuid: "0fe363a95fe24ddf93a0b45409a21661" member_type: VOTER last_known_addr { host: "127.21.187.65" port: 42625 } } peers { permanent_uuid: "c7a4eafc042f4a42b713d91b8e3821f9" member_type: VOTER last_known_addr { host: "127.21.187.66" port: 36171 } } peers { permanent_uuid: "90061c1ab587416590b022110a8cc197" member_type: VOTER last_known_addr { host: "127.21.187.67" port: 43425 } }
I20260709 13:07:13.361536 23544 ts_tablet_manager.cc:1434] T e4b9c2da08014c49b3525a7aa6fc0f54 P 0fe363a95fe24ddf93a0b45409a21661: Time spent starting tablet: real 0.006s	user 0.004s	sys 0.000s
I20260709 13:07:13.362371 23544 tablet_bootstrap.cc:492] T 6eae6cf95c5c4f9dab8c7b7380647f0c P 0fe363a95fe24ddf93a0b45409a21661: Bootstrap starting.
I20260709 13:07:13.363587 23543 tablet_bootstrap.cc:492] T 16de6b99df7d4248b56ed97e55ef8556 P 90061c1ab587416590b022110a8cc197: No bootstrap required, opened a new log
I20260709 13:07:13.364044 23543 ts_tablet_manager.cc:1403] T 16de6b99df7d4248b56ed97e55ef8556 P 90061c1ab587416590b022110a8cc197: Time spent bootstrapping tablet: real 0.035s	user 0.010s	sys 0.004s
I20260709 13:07:13.364686 23427 raft_consensus.cc:2468] T 5ce3bbf2f7de40159c40a20011111dbe P c7a4eafc042f4a42b713d91b8e3821f9 [term 1 FOLLOWER]: Leader election vote request: Granting yes vote for candidate 0fe363a95fe24ddf93a0b45409a21661 in term 1.
I20260709 13:07:13.365906 23577 leader_election.cc:290] T 5ce3bbf2f7de40159c40a20011111dbe P 0fe363a95fe24ddf93a0b45409a21661 [CANDIDATE]: Term 1 election: Requested vote from peers c7a4eafc042f4a42b713d91b8e3821f9 (127.21.187.66:36171), 90061c1ab587416590b022110a8cc197 (127.21.187.67:43425)
I20260709 13:07:13.366612 23543 raft_consensus.cc:359] T 16de6b99df7d4248b56ed97e55ef8556 P 90061c1ab587416590b022110a8cc197 [term 0 FOLLOWER]: Replica starting. Triggering 0 pending ops. Active config: opid_index: -1 OBSOLETE_local: false peers { permanent_uuid: "0fe363a95fe24ddf93a0b45409a21661" member_type: VOTER last_known_addr { host: "127.21.187.65" port: 42625 } } peers { permanent_uuid: "c7a4eafc042f4a42b713d91b8e3821f9" member_type: VOTER last_known_addr { host: "127.21.187.66" port: 36171 } } peers { permanent_uuid: "90061c1ab587416590b022110a8cc197" member_type: VOTER last_known_addr { host: "127.21.187.67" port: 43425 } }
I20260709 13:07:13.367072 23502 tablet_service.cc:1917] Received RequestConsensusVote() RPC: tablet_id: "5ce3bbf2f7de40159c40a20011111dbe" candidate_uuid: "0fe363a95fe24ddf93a0b45409a21661" candidate_term: 1 candidate_status { last_received { term: 0 index: 0 } } ignore_live_leader: false dest_uuid: "90061c1ab587416590b022110a8cc197"
I20260709 13:07:13.367295 23543 raft_consensus.cc:385] T 16de6b99df7d4248b56ed97e55ef8556 P 90061c1ab587416590b022110a8cc197 [term 0 FOLLOWER]: Consensus starting up: Expiring failure detector timer to make a prompt election more likely
I20260709 13:07:13.367502 23544 tablet_bootstrap.cc:654] T 6eae6cf95c5c4f9dab8c7b7380647f0c P 0fe363a95fe24ddf93a0b45409a21661: Neither blocks nor log segments found. Creating new log.
I20260709 13:07:13.365857 23316 leader_election.cc:304] T 5ce3bbf2f7de40159c40a20011111dbe P 0fe363a95fe24ddf93a0b45409a21661 [CANDIDATE]: Term 1 election: Election decided. Result: candidate won. Election summary: received 2 responses out of 3 voters: 2 yes votes; 0 no votes. yes voters: 0fe363a95fe24ddf93a0b45409a21661, c7a4eafc042f4a42b713d91b8e3821f9; no voters: 
I20260709 13:07:13.367728 23543 raft_consensus.cc:740] T 16de6b99df7d4248b56ed97e55ef8556 P 90061c1ab587416590b022110a8cc197 [term 0 FOLLOWER]: Becoming Follower/Learner. State: Replica: 90061c1ab587416590b022110a8cc197, State: Initialized, Role: FOLLOWER
I20260709 13:07:13.367617 23502 raft_consensus.cc:3060] T 5ce3bbf2f7de40159c40a20011111dbe P 90061c1ab587416590b022110a8cc197 [term 0 FOLLOWER]: Advancing to term 1
I20260709 13:07:13.368613 23543 consensus_queue.cc:260] T 16de6b99df7d4248b56ed97e55ef8556 P 90061c1ab587416590b022110a8cc197 [NON_LEADER]: Queue going to NON_LEADER mode. State: All replicated index: 0, Majority replicated index: 0, Committed index: 0, Last appended: 0.0, Last appended by leader: 0, Current term: 0, Majority size: -1, State: 0, Mode: NON_LEADER, active raft config: opid_index: -1 OBSOLETE_local: false peers { permanent_uuid: "0fe363a95fe24ddf93a0b45409a21661" member_type: VOTER last_known_addr { host: "127.21.187.65" port: 42625 } } peers { permanent_uuid: "c7a4eafc042f4a42b713d91b8e3821f9" member_type: VOTER last_known_addr { host: "127.21.187.66" port: 36171 } } peers { permanent_uuid: "90061c1ab587416590b022110a8cc197" member_type: VOTER last_known_addr { host: "127.21.187.67" port: 43425 } }
I20260709 13:07:13.369725 23542 tablet_bootstrap.cc:492] T 85398f6c7532476b948b731891fc312d P c7a4eafc042f4a42b713d91b8e3821f9: No bootstrap required, opened a new log
I20260709 13:07:13.370146 23542 ts_tablet_manager.cc:1403] T 85398f6c7532476b948b731891fc312d P c7a4eafc042f4a42b713d91b8e3821f9: Time spent bootstrapping tablet: real 0.041s	user 0.015s	sys 0.008s
I20260709 13:07:13.372493 23542 raft_consensus.cc:359] T 85398f6c7532476b948b731891fc312d P c7a4eafc042f4a42b713d91b8e3821f9 [term 0 FOLLOWER]: Replica starting. Triggering 0 pending ops. Active config: opid_index: -1 OBSOLETE_local: false peers { permanent_uuid: "0fe363a95fe24ddf93a0b45409a21661" member_type: VOTER last_known_addr { host: "127.21.187.65" port: 42625 } } peers { permanent_uuid: "c7a4eafc042f4a42b713d91b8e3821f9" member_type: VOTER last_known_addr { host: "127.21.187.66" port: 36171 } } peers { permanent_uuid: "90061c1ab587416590b022110a8cc197" member_type: VOTER last_known_addr { host: "127.21.187.67" port: 43425 } }
I20260709 13:07:13.373065 23542 raft_consensus.cc:385] T 85398f6c7532476b948b731891fc312d P c7a4eafc042f4a42b713d91b8e3821f9 [term 0 FOLLOWER]: Consensus starting up: Expiring failure detector timer to make a prompt election more likely
I20260709 13:07:13.373297 23542 raft_consensus.cc:740] T 85398f6c7532476b948b731891fc312d P c7a4eafc042f4a42b713d91b8e3821f9 [term 0 FOLLOWER]: Becoming Follower/Learner. State: Replica: c7a4eafc042f4a42b713d91b8e3821f9, State: Initialized, Role: FOLLOWER
I20260709 13:07:13.373792 23576 raft_consensus.cc:2804] T 5ce3bbf2f7de40159c40a20011111dbe P 0fe363a95fe24ddf93a0b45409a21661 [term 1 FOLLOWER]: Leader election won for term 1
I20260709 13:07:13.373924 23542 consensus_queue.cc:260] T 85398f6c7532476b948b731891fc312d P c7a4eafc042f4a42b713d91b8e3821f9 [NON_LEADER]: Queue going to NON_LEADER mode. State: All replicated index: 0, Majority replicated index: 0, Committed index: 0, Last appended: 0.0, Last appended by leader: 0, Current term: 0, Majority size: -1, State: 0, Mode: NON_LEADER, active raft config: opid_index: -1 OBSOLETE_local: false peers { permanent_uuid: "0fe363a95fe24ddf93a0b45409a21661" member_type: VOTER last_known_addr { host: "127.21.187.65" port: 42625 } } peers { permanent_uuid: "c7a4eafc042f4a42b713d91b8e3821f9" member_type: VOTER last_known_addr { host: "127.21.187.66" port: 36171 } } peers { permanent_uuid: "90061c1ab587416590b022110a8cc197" member_type: VOTER last_known_addr { host: "127.21.187.67" port: 43425 } }
I20260709 13:07:13.374351 23576 raft_consensus.cc:697] T 5ce3bbf2f7de40159c40a20011111dbe P 0fe363a95fe24ddf93a0b45409a21661 [term 1 LEADER]: Becoming Leader. State: Replica: 0fe363a95fe24ddf93a0b45409a21661, State: Running, Role: LEADER
I20260709 13:07:13.375196 23576 consensus_queue.cc:237] T 5ce3bbf2f7de40159c40a20011111dbe P 0fe363a95fe24ddf93a0b45409a21661 [LEADER]: Queue going to LEADER mode. State: All replicated index: 0, Majority replicated index: 0, Committed index: 0, Last appended: 0.0, Last appended by leader: 0, Current term: 1, Majority size: 2, State: 0, Mode: LEADER, active raft config: opid_index: -1 OBSOLETE_local: false peers { permanent_uuid: "0fe363a95fe24ddf93a0b45409a21661" member_type: VOTER last_known_addr { host: "127.21.187.65" port: 42625 } } peers { permanent_uuid: "c7a4eafc042f4a42b713d91b8e3821f9" member_type: VOTER last_known_addr { host: "127.21.187.66" port: 36171 } } peers { permanent_uuid: "90061c1ab587416590b022110a8cc197" member_type: VOTER last_known_addr { host: "127.21.187.67" port: 43425 } }
I20260709 13:07:13.375799 23542 ts_tablet_manager.cc:1434] T 85398f6c7532476b948b731891fc312d P c7a4eafc042f4a42b713d91b8e3821f9: Time spent starting tablet: real 0.005s	user 0.002s	sys 0.002s
I20260709 13:07:13.376628 23542 tablet_bootstrap.cc:492] T e4b9c2da08014c49b3525a7aa6fc0f54 P c7a4eafc042f4a42b713d91b8e3821f9: Bootstrap starting.
I20260709 13:07:13.376919 23559 raft_consensus.cc:493] T e4b9c2da08014c49b3525a7aa6fc0f54 P 0fe363a95fe24ddf93a0b45409a21661 [term 0 FOLLOWER]: Starting pre-election (no leader contacted us within the election timeout)
I20260709 13:07:13.377391 23559 raft_consensus.cc:515] T e4b9c2da08014c49b3525a7aa6fc0f54 P 0fe363a95fe24ddf93a0b45409a21661 [term 0 FOLLOWER]: Starting pre-election with config: opid_index: -1 OBSOLETE_local: false peers { permanent_uuid: "0fe363a95fe24ddf93a0b45409a21661" member_type: VOTER last_known_addr { host: "127.21.187.65" port: 42625 } } peers { permanent_uuid: "c7a4eafc042f4a42b713d91b8e3821f9" member_type: VOTER last_known_addr { host: "127.21.187.66" port: 36171 } } peers { permanent_uuid: "90061c1ab587416590b022110a8cc197" member_type: VOTER last_known_addr { host: "127.21.187.67" port: 43425 } }
I20260709 13:07:13.381719 23559 leader_election.cc:290] T e4b9c2da08014c49b3525a7aa6fc0f54 P 0fe363a95fe24ddf93a0b45409a21661 [CANDIDATE]: Term 1 pre-election: Requested pre-vote from peers c7a4eafc042f4a42b713d91b8e3821f9 (127.21.187.66:36171), 90061c1ab587416590b022110a8cc197 (127.21.187.67:43425)
I20260709 13:07:13.381934 23542 tablet_bootstrap.cc:654] T e4b9c2da08014c49b3525a7aa6fc0f54 P c7a4eafc042f4a42b713d91b8e3821f9: Neither blocks nor log segments found. Creating new log.
I20260709 13:07:13.383574 23501 tablet_service.cc:1917] Received RequestConsensusVote() RPC: tablet_id: "e4b9c2da08014c49b3525a7aa6fc0f54" candidate_uuid: "0fe363a95fe24ddf93a0b45409a21661" candidate_term: 1 candidate_status { last_received { term: 0 index: 0 } } ignore_live_leader: false dest_uuid: "90061c1ab587416590b022110a8cc197" is_pre_election: true
I20260709 13:07:13.384243 23501 raft_consensus.cc:2468] T e4b9c2da08014c49b3525a7aa6fc0f54 P 90061c1ab587416590b022110a8cc197 [term 0 FOLLOWER]: Leader pre-election vote request: Granting yes vote for candidate 0fe363a95fe24ddf93a0b45409a21661 in term 0.
I20260709 13:07:13.385527 23319 leader_election.cc:304] T e4b9c2da08014c49b3525a7aa6fc0f54 P 0fe363a95fe24ddf93a0b45409a21661 [CANDIDATE]: Term 1 pre-election: Election decided. Result: candidate won. Election summary: received 2 responses out of 3 voters: 2 yes votes; 0 no votes. yes voters: 0fe363a95fe24ddf93a0b45409a21661, 90061c1ab587416590b022110a8cc197; no voters: 
I20260709 13:07:13.387454 23427 tablet_service.cc:1917] Received RequestConsensusVote() RPC: tablet_id: "e4b9c2da08014c49b3525a7aa6fc0f54" candidate_uuid: "0fe363a95fe24ddf93a0b45409a21661" candidate_term: 1 candidate_status { last_received { term: 0 index: 0 } } ignore_live_leader: false dest_uuid: "c7a4eafc042f4a42b713d91b8e3821f9" is_pre_election: true
W20260709 13:07:13.388839 23316 leader_election.cc:343] T e4b9c2da08014c49b3525a7aa6fc0f54 P 0fe363a95fe24ddf93a0b45409a21661 [CANDIDATE]: Term 1 pre-election: Tablet error from VoteRequest() call to peer c7a4eafc042f4a42b713d91b8e3821f9 (127.21.187.66:36171): Illegal state: must be running to vote when last-logged opid is not known
I20260709 13:07:13.389906 23559 raft_consensus.cc:2804] T e4b9c2da08014c49b3525a7aa6fc0f54 P 0fe363a95fe24ddf93a0b45409a21661 [term 0 FOLLOWER]: Leader pre-election won for term 1
I20260709 13:07:13.390293 23559 raft_consensus.cc:493] T e4b9c2da08014c49b3525a7aa6fc0f54 P 0fe363a95fe24ddf93a0b45409a21661 [term 0 FOLLOWER]: Starting leader election (no leader contacted us within the election timeout)
I20260709 13:07:13.390622 23559 raft_consensus.cc:3060] T e4b9c2da08014c49b3525a7aa6fc0f54 P 0fe363a95fe24ddf93a0b45409a21661 [term 0 FOLLOWER]: Advancing to term 1
I20260709 13:07:13.393549 23543 ts_tablet_manager.cc:1434] T 16de6b99df7d4248b56ed97e55ef8556 P 90061c1ab587416590b022110a8cc197: Time spent starting tablet: real 0.029s	user 0.005s	sys 0.001s
I20260709 13:07:13.401279 23502 raft_consensus.cc:2468] T 5ce3bbf2f7de40159c40a20011111dbe P 90061c1ab587416590b022110a8cc197 [term 1 FOLLOWER]: Leader election vote request: Granting yes vote for candidate 0fe363a95fe24ddf93a0b45409a21661 in term 1.
I20260709 13:07:13.401844 23543 tablet_bootstrap.cc:492] T 22cf24ca84464011bff2784356602337 P 90061c1ab587416590b022110a8cc197: Bootstrap starting.
I20260709 13:07:13.408113 23543 tablet_bootstrap.cc:654] T 22cf24ca84464011bff2784356602337 P 90061c1ab587416590b022110a8cc197: Neither blocks nor log segments found. Creating new log.
I20260709 13:07:13.410408 23559 raft_consensus.cc:515] T e4b9c2da08014c49b3525a7aa6fc0f54 P 0fe363a95fe24ddf93a0b45409a21661 [term 1 FOLLOWER]: Starting leader election with config: opid_index: -1 OBSOLETE_local: false peers { permanent_uuid: "0fe363a95fe24ddf93a0b45409a21661" member_type: VOTER last_known_addr { host: "127.21.187.65" port: 42625 } } peers { permanent_uuid: "c7a4eafc042f4a42b713d91b8e3821f9" member_type: VOTER last_known_addr { host: "127.21.187.66" port: 36171 } } peers { permanent_uuid: "90061c1ab587416590b022110a8cc197" member_type: VOTER last_known_addr { host: "127.21.187.67" port: 43425 } }
I20260709 13:07:13.413326 23427 tablet_service.cc:1917] Received RequestConsensusVote() RPC: tablet_id: "e4b9c2da08014c49b3525a7aa6fc0f54" candidate_uuid: "0fe363a95fe24ddf93a0b45409a21661" candidate_term: 1 candidate_status { last_received { term: 0 index: 0 } } ignore_live_leader: false dest_uuid: "c7a4eafc042f4a42b713d91b8e3821f9"
W20260709 13:07:13.415012 23316 leader_election.cc:343] T e4b9c2da08014c49b3525a7aa6fc0f54 P 0fe363a95fe24ddf93a0b45409a21661 [CANDIDATE]: Term 1 election: Tablet error from VoteRequest() call to peer c7a4eafc042f4a42b713d91b8e3821f9 (127.21.187.66:36171): Illegal state: must be running to vote when last-logged opid is not known
I20260709 13:07:13.424458 23250 catalog_manager.cc:5697] T 5ce3bbf2f7de40159c40a20011111dbe P 0fe363a95fe24ddf93a0b45409a21661 reported cstate change: term changed from 0 to 1, leader changed from <none> to 0fe363a95fe24ddf93a0b45409a21661 (127.21.187.65). New cstate: current_term: 1 leader_uuid: "0fe363a95fe24ddf93a0b45409a21661" committed_config { opid_index: -1 OBSOLETE_local: false peers { permanent_uuid: "0fe363a95fe24ddf93a0b45409a21661" member_type: VOTER last_known_addr { host: "127.21.187.65" port: 42625 } health_report { overall_health: HEALTHY } } peers { permanent_uuid: "c7a4eafc042f4a42b713d91b8e3821f9" member_type: VOTER last_known_addr { host: "127.21.187.66" port: 36171 } health_report { overall_health: UNKNOWN } } peers { permanent_uuid: "90061c1ab587416590b022110a8cc197" member_type: VOTER last_known_addr { host: "127.21.187.67" port: 43425 } health_report { overall_health: UNKNOWN } } }
I20260709 13:07:13.429008 23502 tablet_service.cc:1917] Received RequestConsensusVote() RPC: tablet_id: "e4b9c2da08014c49b3525a7aa6fc0f54" candidate_uuid: "0fe363a95fe24ddf93a0b45409a21661" candidate_term: 1 candidate_status { last_received { term: 0 index: 0 } } ignore_live_leader: false dest_uuid: "90061c1ab587416590b022110a8cc197"
I20260709 13:07:13.429649 23502 raft_consensus.cc:3060] T e4b9c2da08014c49b3525a7aa6fc0f54 P 90061c1ab587416590b022110a8cc197 [term 0 FOLLOWER]: Advancing to term 1
I20260709 13:07:13.433873 23559 leader_election.cc:290] T e4b9c2da08014c49b3525a7aa6fc0f54 P 0fe363a95fe24ddf93a0b45409a21661 [CANDIDATE]: Term 1 election: Requested vote from peers c7a4eafc042f4a42b713d91b8e3821f9 (127.21.187.66:36171), 90061c1ab587416590b022110a8cc197 (127.21.187.67:43425)
I20260709 13:07:13.440147 23502 raft_consensus.cc:2468] T e4b9c2da08014c49b3525a7aa6fc0f54 P 90061c1ab587416590b022110a8cc197 [term 1 FOLLOWER]: Leader election vote request: Granting yes vote for candidate 0fe363a95fe24ddf93a0b45409a21661 in term 1.
I20260709 13:07:13.441501 23319 leader_election.cc:304] T e4b9c2da08014c49b3525a7aa6fc0f54 P 0fe363a95fe24ddf93a0b45409a21661 [CANDIDATE]: Term 1 election: Election decided. Result: candidate won. Election summary: received 3 responses out of 3 voters: 2 yes votes; 1 no votes. yes voters: 0fe363a95fe24ddf93a0b45409a21661, 90061c1ab587416590b022110a8cc197; no voters: c7a4eafc042f4a42b713d91b8e3821f9
I20260709 13:07:13.442698 23559 raft_consensus.cc:2804] T e4b9c2da08014c49b3525a7aa6fc0f54 P 0fe363a95fe24ddf93a0b45409a21661 [term 1 FOLLOWER]: Leader election won for term 1
I20260709 13:07:13.443360 23559 raft_consensus.cc:697] T e4b9c2da08014c49b3525a7aa6fc0f54 P 0fe363a95fe24ddf93a0b45409a21661 [term 1 LEADER]: Becoming Leader. State: Replica: 0fe363a95fe24ddf93a0b45409a21661, State: Running, Role: LEADER
