I20260709 13:07:09.058465 29137 consensus_queue.cc:260] T fd8b092bd0b04860acdcfc6d8ff63e1c P ab04131b1df64a9eaca75b225015238f [NON_LEADER]: Queue going to NON_LEADER mode. State: All replicated index: 0, Majority replicated index: 0, Committed index: 0, Last appended: 0.0, Last appended by leader: 0, Current term: 0, Majority size: -1, State: 0, Mode: NON_LEADER, active raft config: opid_index: -1 OBSOLETE_local: false peers { permanent_uuid: "ab04131b1df64a9eaca75b225015238f" member_type: VOTER last_known_addr { host: "127.27.43.1" port: 44099 } } peers { permanent_uuid: "369d4983387b4a6585f83f091ef98560" member_type: VOTER last_known_addr { host: "127.27.43.2" port: 34135 } } peers { permanent_uuid: "335bff046d4444a4a421faefb4f1b30d" member_type: VOTER last_known_addr { host: "127.27.43.3" port: 46805 } }
I20260709 13:07:09.060765 29137 ts_tablet_manager.cc:1434] T fd8b092bd0b04860acdcfc6d8ff63e1c P ab04131b1df64a9eaca75b225015238f: Time spent starting tablet: real 0.006s	user 0.002s	sys 0.002s
I20260709 13:07:09.062086 29020 tablet_service.cc:1917] Received RequestConsensusVote() RPC: tablet_id: "13df99fa2cf94c6f952b2124daa98f1b" candidate_uuid: "335bff046d4444a4a421faefb4f1b30d" candidate_term: 1 candidate_status { last_received { term: 0 index: 0 } } ignore_live_leader: false dest_uuid: "369d4983387b4a6585f83f091ef98560"
I20260709 13:07:09.062739 29020 raft_consensus.cc:3060] T 13df99fa2cf94c6f952b2124daa98f1b P 369d4983387b4a6585f83f091ef98560 [term 0 FOLLOWER]: Advancing to term 1
I20260709 13:07:09.064014 29137 tablet_bootstrap.cc:492] T 0d0fd0ff86794e249b952c78151dd617 P ab04131b1df64a9eaca75b225015238f: Bootstrap starting.
I20260709 13:07:09.066502 29345 raft_consensus.cc:493] T 02d54690da52450d8785de7e218769e5 P ab04131b1df64a9eaca75b225015238f [term 0 FOLLOWER]: Starting pre-election (no leader contacted us within the election timeout)
I20260709 13:07:09.069777 29345 raft_consensus.cc:515] T 02d54690da52450d8785de7e218769e5 P ab04131b1df64a9eaca75b225015238f [term 0 FOLLOWER]: Starting pre-election with config: opid_index: -1 OBSOLETE_local: false peers { permanent_uuid: "ab04131b1df64a9eaca75b225015238f" member_type: VOTER last_known_addr { host: "127.27.43.1" port: 44099 } } peers { permanent_uuid: "369d4983387b4a6585f83f091ef98560" member_type: VOTER last_known_addr { host: "127.27.43.2" port: 34135 } } peers { permanent_uuid: "335bff046d4444a4a421faefb4f1b30d" member_type: VOTER last_known_addr { host: "127.27.43.3" port: 46805 } }
I20260709 13:07:09.111961 29020 raft_consensus.cc:2468] T 13df99fa2cf94c6f952b2124daa98f1b P 369d4983387b4a6585f83f091ef98560 [term 1 FOLLOWER]: Leader election vote request: Granting yes vote for candidate 335bff046d4444a4a421faefb4f1b30d in term 1.
I20260709 13:07:09.116122 29135 tablet_bootstrap.cc:654] T d522bf709882414ebc7c74e7301b65c4 P 369d4983387b4a6585f83f091ef98560: Neither blocks nor log segments found. Creating new log.
I20260709 13:07:09.121649 29058 leader_election.cc:304] T 13df99fa2cf94c6f952b2124daa98f1b P 335bff046d4444a4a421faefb4f1b30d [CANDIDATE]: Term 1 election: Election decided. Result: candidate won. Election summary: received 3 responses out of 3 voters: 2 yes votes; 1 no votes. yes voters: 335bff046d4444a4a421faefb4f1b30d, 369d4983387b4a6585f83f091ef98560; no voters: ab04131b1df64a9eaca75b225015238f
I20260709 13:07:09.123775 29090 tablet_service.cc:1917] Received RequestConsensusVote() RPC: tablet_id: "02d54690da52450d8785de7e218769e5" candidate_uuid: "ab04131b1df64a9eaca75b225015238f" candidate_term: 1 candidate_status { last_received { term: 0 index: 0 } } ignore_live_leader: false dest_uuid: "335bff046d4444a4a421faefb4f1b30d" is_pre_election: true
I20260709 13:07:09.125379 29015 tablet_service.cc:1917] Received RequestConsensusVote() RPC: tablet_id: "02d54690da52450d8785de7e218769e5" candidate_uuid: "ab04131b1df64a9eaca75b225015238f" candidate_term: 1 candidate_status { last_received { term: 0 index: 0 } } ignore_live_leader: false dest_uuid: "369d4983387b4a6585f83f091ef98560" is_pre_election: true
I20260709 13:07:09.124076 29347 raft_consensus.cc:2804] T 13df99fa2cf94c6f952b2124daa98f1b P 335bff046d4444a4a421faefb4f1b30d [term 1 FOLLOWER]: Leader election won for term 1
I20260709 13:07:09.127756 29347 raft_consensus.cc:697] T 13df99fa2cf94c6f952b2124daa98f1b P 335bff046d4444a4a421faefb4f1b30d [term 1 LEADER]: Becoming Leader. State: Replica: 335bff046d4444a4a421faefb4f1b30d, State: Running, Role: LEADER
I20260709 13:07:09.128265 29345 leader_election.cc:290] T 02d54690da52450d8785de7e218769e5 P ab04131b1df64a9eaca75b225015238f [CANDIDATE]: Term 1 pre-election: Requested pre-vote from peers 369d4983387b4a6585f83f091ef98560 (127.27.43.2:34135), 335bff046d4444a4a421faefb4f1b30d (127.27.43.3:46805)
I20260709 13:07:09.128743 29347 consensus_queue.cc:237] T 13df99fa2cf94c6f952b2124daa98f1b P 335bff046d4444a4a421faefb4f1b30d [LEADER]: Queue going to LEADER mode. State: All replicated index: 0, Majority replicated index: 0, Committed index: 0, Last appended: 0.0, Last appended by leader: 0, Current term: 1, Majority size: 2, State: 0, Mode: LEADER, active raft config: opid_index: -1 OBSOLETE_local: false peers { permanent_uuid: "ab04131b1df64a9eaca75b225015238f" member_type: VOTER last_known_addr { host: "127.27.43.1" port: 44099 } } peers { permanent_uuid: "369d4983387b4a6585f83f091ef98560" member_type: VOTER last_known_addr { host: "127.27.43.2" port: 34135 } } peers { permanent_uuid: "335bff046d4444a4a421faefb4f1b30d" member_type: VOTER last_known_addr { host: "127.27.43.3" port: 46805 } }
I20260709 13:07:09.137009 29134 tablet_bootstrap.cc:492] T c22dc31f99524dc593d5716e495b1400 P 335bff046d4444a4a421faefb4f1b30d: No bootstrap required, opened a new log
I20260709 13:07:09.137456 29134 ts_tablet_manager.cc:1403] T c22dc31f99524dc593d5716e495b1400 P 335bff046d4444a4a421faefb4f1b30d: Time spent bootstrapping tablet: real 0.095s	user 0.052s	sys 0.024s
I20260709 13:07:09.138176 29137 tablet_bootstrap.cc:654] T 0d0fd0ff86794e249b952c78151dd617 P ab04131b1df64a9eaca75b225015238f: Neither blocks nor log segments found. Creating new log.
I20260709 13:07:09.137962 28909 leader_election.cc:304] T 02d54690da52450d8785de7e218769e5 P ab04131b1df64a9eaca75b225015238f [CANDIDATE]: Term 1 pre-election: Election decided. Result: candidate lost. Election summary: received 3 responses out of 3 voters: 1 yes votes; 2 no votes. yes voters: ab04131b1df64a9eaca75b225015238f; no voters: 335bff046d4444a4a421faefb4f1b30d, 369d4983387b4a6585f83f091ef98560
I20260709 13:07:09.139104 29345 raft_consensus.cc:2749] T 02d54690da52450d8785de7e218769e5 P ab04131b1df64a9eaca75b225015238f [term 0 FOLLOWER]: Leader pre-election lost for term 1. Reason: could not achieve majority
I20260709 13:07:09.150565 29134 raft_consensus.cc:359] T c22dc31f99524dc593d5716e495b1400 P 335bff046d4444a4a421faefb4f1b30d [term 0 FOLLOWER]: Replica starting. Triggering 0 pending ops. Active config: opid_index: -1 OBSOLETE_local: false peers { permanent_uuid: "ab04131b1df64a9eaca75b225015238f" member_type: VOTER last_known_addr { host: "127.27.43.1" port: 44099 } } peers { permanent_uuid: "369d4983387b4a6585f83f091ef98560" member_type: VOTER last_known_addr { host: "127.27.43.2" port: 34135 } } peers { permanent_uuid: "335bff046d4444a4a421faefb4f1b30d" member_type: VOTER last_known_addr { host: "127.27.43.3" port: 46805 } }
I20260709 13:07:09.151381 29134 raft_consensus.cc:385] T c22dc31f99524dc593d5716e495b1400 P 335bff046d4444a4a421faefb4f1b30d [term 0 FOLLOWER]: Consensus starting up: Expiring failure detector timer to make a prompt election more likely
I20260709 13:07:09.151646 29134 raft_consensus.cc:740] T c22dc31f99524dc593d5716e495b1400 P 335bff046d4444a4a421faefb4f1b30d [term 0 FOLLOWER]: Becoming Follower/Learner. State: Replica: 335bff046d4444a4a421faefb4f1b30d, State: Initialized, Role: FOLLOWER
I20260709 13:07:09.152350 29134 consensus_queue.cc:260] T c22dc31f99524dc593d5716e495b1400 P 335bff046d4444a4a421faefb4f1b30d [NON_LEADER]: Queue going to NON_LEADER mode. State: All replicated index: 0, Majority replicated index: 0, Committed index: 0, Last appended: 0.0, Last appended by leader: 0, Current term: 0, Majority size: -1, State: 0, Mode: NON_LEADER, active raft config: opid_index: -1 OBSOLETE_local: false peers { permanent_uuid: "ab04131b1df64a9eaca75b225015238f" member_type: VOTER last_known_addr { host: "127.27.43.1" port: 44099 } } peers { permanent_uuid: "369d4983387b4a6585f83f091ef98560" member_type: VOTER last_known_addr { host: "127.27.43.2" port: 34135 } } peers { permanent_uuid: "335bff046d4444a4a421faefb4f1b30d" member_type: VOTER last_known_addr { host: "127.27.43.3" port: 46805 } }
I20260709 13:07:09.155889 29134 ts_tablet_manager.cc:1434] T c22dc31f99524dc593d5716e495b1400 P 335bff046d4444a4a421faefb4f1b30d: Time spent starting tablet: real 0.018s	user 0.003s	sys 0.003s
I20260709 13:07:09.156931 29134 tablet_bootstrap.cc:492] T d522bf709882414ebc7c74e7301b65c4 P 335bff046d4444a4a421faefb4f1b30d: Bootstrap starting.
I20260709 13:07:09.156985 28840 catalog_manager.cc:5697] T 980502e32bf3473c9c10775da2932802 P 335bff046d4444a4a421faefb4f1b30d reported cstate change: term changed from 0 to 1, leader changed from <none> to 335bff046d4444a4a421faefb4f1b30d (127.27.43.3). New cstate: current_term: 1 leader_uuid: "335bff046d4444a4a421faefb4f1b30d" committed_config { opid_index: -1 OBSOLETE_local: false peers { permanent_uuid: "ab04131b1df64a9eaca75b225015238f" member_type: VOTER last_known_addr { host: "127.27.43.1" port: 44099 } health_report { overall_health: UNKNOWN } } peers { permanent_uuid: "369d4983387b4a6585f83f091ef98560" member_type: VOTER last_known_addr { host: "127.27.43.2" port: 34135 } health_report { overall_health: UNKNOWN } } peers { permanent_uuid: "335bff046d4444a4a421faefb4f1b30d" member_type: VOTER last_known_addr { host: "127.27.43.3" port: 46805 } health_report { overall_health: HEALTHY } } }
I20260709 13:07:09.164327 29134 tablet_bootstrap.cc:654] T d522bf709882414ebc7c74e7301b65c4 P 335bff046d4444a4a421faefb4f1b30d: Neither blocks nor log segments found. Creating new log.
I20260709 13:07:09.167397 28840 catalog_manager.cc:5697] T 3e34b1e5e7ff4dc692af2fd7154bb398 P 335bff046d4444a4a421faefb4f1b30d reported cstate change: term changed from 0 to 1, leader changed from <none> to 335bff046d4444a4a421faefb4f1b30d (127.27.43.3). New cstate: current_term: 1 leader_uuid: "335bff046d4444a4a421faefb4f1b30d" committed_config { opid_index: -1 OBSOLETE_local: false peers { permanent_uuid: "ab04131b1df64a9eaca75b225015238f" member_type: VOTER last_known_addr { host: "127.27.43.1" port: 44099 } health_report { overall_health: UNKNOWN } } peers { permanent_uuid: "369d4983387b4a6585f83f091ef98560" member_type: VOTER last_known_addr { host: "127.27.43.2" port: 34135 } health_report { overall_health: UNKNOWN } } peers { permanent_uuid: "335bff046d4444a4a421faefb4f1b30d" member_type: VOTER last_known_addr { host: "127.27.43.3" port: 46805 } health_report { overall_health: HEALTHY } } }
I20260709 13:07:09.184353 29135 tablet_bootstrap.cc:492] T d522bf709882414ebc7c74e7301b65c4 P 369d4983387b4a6585f83f091ef98560: No bootstrap required, opened a new log
I20260709 13:07:09.184785 29135 ts_tablet_manager.cc:1403] T d522bf709882414ebc7c74e7301b65c4 P 369d4983387b4a6585f83f091ef98560: Time spent bootstrapping tablet: real 0.149s	user 0.011s	sys 0.002s
I20260709 13:07:09.186908 29135 raft_consensus.cc:359] T d522bf709882414ebc7c74e7301b65c4 P 369d4983387b4a6585f83f091ef98560 [term 0 FOLLOWER]: Replica starting. Triggering 0 pending ops. Active config: opid_index: -1 OBSOLETE_local: false peers { permanent_uuid: "ab04131b1df64a9eaca75b225015238f" member_type: VOTER last_known_addr { host: "127.27.43.1" port: 44099 } } peers { permanent_uuid: "369d4983387b4a6585f83f091ef98560" member_type: VOTER last_known_addr { host: "127.27.43.2" port: 34135 } } peers { permanent_uuid: "335bff046d4444a4a421faefb4f1b30d" member_type: VOTER last_known_addr { host: "127.27.43.3" port: 46805 } }
I20260709 13:07:09.187493 29135 raft_consensus.cc:385] T d522bf709882414ebc7c74e7301b65c4 P 369d4983387b4a6585f83f091ef98560 [term 0 FOLLOWER]: Consensus starting up: Expiring failure detector timer to make a prompt election more likely
I20260709 13:07:09.187776 29135 raft_consensus.cc:740] T d522bf709882414ebc7c74e7301b65c4 P 369d4983387b4a6585f83f091ef98560 [term 0 FOLLOWER]: Becoming Follower/Learner. State: Replica: 369d4983387b4a6585f83f091ef98560, State: Initialized, Role: FOLLOWER
I20260709 13:07:09.188444 29135 consensus_queue.cc:260] T d522bf709882414ebc7c74e7301b65c4 P 369d4983387b4a6585f83f091ef98560 [NON_LEADER]: Queue going to NON_LEADER mode. State: All replicated index: 0, Majority replicated index: 0, Committed index: 0, Last appended: 0.0, Last appended by leader: 0, Current term: 0, Majority size: -1, State: 0, Mode: NON_LEADER, active raft config: opid_index: -1 OBSOLETE_local: false peers { permanent_uuid: "ab04131b1df64a9eaca75b225015238f" member_type: VOTER last_known_addr { host: "127.27.43.1" port: 44099 } } peers { permanent_uuid: "369d4983387b4a6585f83f091ef98560" member_type: VOTER last_known_addr { host: "127.27.43.2" port: 34135 } } peers { permanent_uuid: "335bff046d4444a4a421faefb4f1b30d" member_type: VOTER last_known_addr { host: "127.27.43.3" port: 46805 } }
I20260709 13:07:09.191792 29135 ts_tablet_manager.cc:1434] T d522bf709882414ebc7c74e7301b65c4 P 369d4983387b4a6585f83f091ef98560: Time spent starting tablet: real 0.007s	user 0.005s	sys 0.001s
I20260709 13:07:09.192619 29135 tablet_bootstrap.cc:492] T 4df9380d2325409bafaedb336800a0be P 369d4983387b4a6585f83f091ef98560: Bootstrap starting.
I20260709 13:07:09.169258 28840 catalog_manager.cc:5697] T ad1e1ea72c5f4118bf130b6b83a7f939 P 335bff046d4444a4a421faefb4f1b30d reported cstate change: term changed from 0 to 1, leader changed from <none> to 335bff046d4444a4a421faefb4f1b30d (127.27.43.3). New cstate: current_term: 1 leader_uuid: "335bff046d4444a4a421faefb4f1b30d" committed_config { opid_index: -1 OBSOLETE_local: false peers { permanent_uuid: "ab04131b1df64a9eaca75b225015238f" member_type: VOTER last_known_addr { host: "127.27.43.1" port: 44099 } health_report { overall_health: UNKNOWN } } peers { permanent_uuid: "369d4983387b4a6585f83f091ef98560" member_type: VOTER last_known_addr { host: "127.27.43.2" port: 34135 } health_report { overall_health: UNKNOWN } } peers { permanent_uuid: "335bff046d4444a4a421faefb4f1b30d" member_type: VOTER last_known_addr { host: "127.27.43.3" port: 46805 } health_report { overall_health: HEALTHY } } }
I20260709 13:07:09.198194 29135 tablet_bootstrap.cc:654] T 4df9380d2325409bafaedb336800a0be P 369d4983387b4a6585f83f091ef98560: Neither blocks nor log segments found. Creating new log.
I20260709 13:07:09.202253 29134 tablet_bootstrap.cc:492] T d522bf709882414ebc7c74e7301b65c4 P 335bff046d4444a4a421faefb4f1b30d: No bootstrap required, opened a new log
I20260709 13:07:09.203193 29178 raft_consensus.cc:493] T 23dd4b8577fa4446bdd0bfa706bf1354 P 369d4983387b4a6585f83f091ef98560 [term 0 FOLLOWER]: Starting pre-election (no leader contacted us within the election timeout)
I20260709 13:07:09.203687 29178 raft_consensus.cc:515] T 23dd4b8577fa4446bdd0bfa706bf1354 P 369d4983387b4a6585f83f091ef98560 [term 0 FOLLOWER]: Starting pre-election with config: opid_index: -1 OBSOLETE_local: false peers { permanent_uuid: "ab04131b1df64a9eaca75b225015238f" member_type: VOTER last_known_addr { host: "127.27.43.1" port: 44099 } } peers { permanent_uuid: "369d4983387b4a6585f83f091ef98560" member_type: VOTER last_known_addr { host: "127.27.43.2" port: 34135 } } peers { permanent_uuid: "335bff046d4444a4a421faefb4f1b30d" member_type: VOTER last_known_addr { host: "127.27.43.3" port: 46805 } }
I20260709 13:07:09.204377 29134 ts_tablet_manager.cc:1403] T d522bf709882414ebc7c74e7301b65c4 P 335bff046d4444a4a421faefb4f1b30d: Time spent bootstrapping tablet: real 0.048s	user 0.016s	sys 0.009s
I20260709 13:07:09.206259 28937 tablet_service.cc:1917] Received RequestConsensusVote() RPC: tablet_id: "23dd4b8577fa4446bdd0bfa706bf1354" candidate_uuid: "369d4983387b4a6585f83f091ef98560" candidate_term: 1 candidate_status { last_received { term: 0 index: 0 } } ignore_live_leader: false dest_uuid: "ab04131b1df64a9eaca75b225015238f" is_pre_election: true
I20260709 13:07:09.206966 29134 raft_consensus.cc:359] T d522bf709882414ebc7c74e7301b65c4 P 335bff046d4444a4a421faefb4f1b30d [term 0 FOLLOWER]: Replica starting. Triggering 0 pending ops. Active config: opid_index: -1 OBSOLETE_local: false peers { permanent_uuid: "ab04131b1df64a9eaca75b225015238f" member_type: VOTER last_known_addr { host: "127.27.43.1" port: 44099 } } peers { permanent_uuid: "369d4983387b4a6585f83f091ef98560" member_type: VOTER last_known_addr { host: "127.27.43.2" port: 34135 } } peers { permanent_uuid: "335bff046d4444a4a421faefb4f1b30d" member_type: VOTER last_known_addr { host: "127.27.43.3" port: 46805 } }
I20260709 13:07:09.207576 29134 raft_consensus.cc:385] T d522bf709882414ebc7c74e7301b65c4 P 335bff046d4444a4a421faefb4f1b30d [term 0 FOLLOWER]: Consensus starting up: Expiring failure detector timer to make a prompt election more likely
W20260709 13:07:09.207589 28983 leader_election.cc:343] T 23dd4b8577fa4446bdd0bfa706bf1354 P 369d4983387b4a6585f83f091ef98560 [CANDIDATE]: Term 1 pre-election: Tablet error from VoteRequest() call to peer ab04131b1df64a9eaca75b225015238f (127.27.43.1:44099): Illegal state: must be running to vote when last-logged opid is not known
I20260709 13:07:09.207974 29134 raft_consensus.cc:740] T d522bf709882414ebc7c74e7301b65c4 P 335bff046d4444a4a421faefb4f1b30d [term 0 FOLLOWER]: Becoming Follower/Learner. State: Replica: 335bff046d4444a4a421faefb4f1b30d, State: Initialized, Role: FOLLOWER
I20260709 13:07:09.209928 29134 consensus_queue.cc:260] T d522bf709882414ebc7c74e7301b65c4 P 335bff046d4444a4a421faefb4f1b30d [NON_LEADER]: Queue going to NON_LEADER mode. State: All replicated index: 0, Majority replicated index: 0, Committed index: 0, Last appended: 0.0, Last appended by leader: 0, Current term: 0, Majority size: -1, State: 0, Mode: NON_LEADER, active raft config: opid_index: -1 OBSOLETE_local: false peers { permanent_uuid: "ab04131b1df64a9eaca75b225015238f" member_type: VOTER last_known_addr { host: "127.27.43.1" port: 44099 } } peers { permanent_uuid: "369d4983387b4a6585f83f091ef98560" member_type: VOTER last_known_addr { host: "127.27.43.2" port: 34135 } } peers { permanent_uuid: "335bff046d4444a4a421faefb4f1b30d" member_type: VOTER last_known_addr { host: "127.27.43.3" port: 46805 } }
I20260709 13:07:09.211884 29134 ts_tablet_manager.cc:1434] T d522bf709882414ebc7c74e7301b65c4 P 335bff046d4444a4a421faefb4f1b30d: Time spent starting tablet: real 0.007s	user 0.003s	sys 0.002s
I20260709 13:07:09.213519 29134 tablet_bootstrap.cc:492] T c337687483d844769b1f87629875cb9a P 335bff046d4444a4a421faefb4f1b30d: Bootstrap starting.
W20260709 13:07:09.217428 28983 consensus_peers.cc:597] T e42076ec510c4b5a896751102d395903 P 369d4983387b4a6585f83f091ef98560 -> Peer ab04131b1df64a9eaca75b225015238f (127.27.43.1:44099): Couldn't send request to peer ab04131b1df64a9eaca75b225015238f. Error code: TABLET_NOT_RUNNING (12). Status: Illegal state: Tablet not RUNNING: INITIALIZED. This is attempt 1: this message will repeat every 5th retry.
I20260709 13:07:09.222476 29134 tablet_bootstrap.cc:654] T c337687483d844769b1f87629875cb9a P 335bff046d4444a4a421faefb4f1b30d: Neither blocks nor log segments found. Creating new log.
I20260709 13:07:09.223881 29135 tablet_bootstrap.cc:492] T 4df9380d2325409bafaedb336800a0be P 369d4983387b4a6585f83f091ef98560: No bootstrap required, opened a new log
I20260709 13:07:09.224707 29135 ts_tablet_manager.cc:1403] T 4df9380d2325409bafaedb336800a0be P 369d4983387b4a6585f83f091ef98560: Time spent bootstrapping tablet: real 0.032s	user 0.006s	sys 0.005s
I20260709 13:07:09.222484 29137 tablet_bootstrap.cc:492] T 0d0fd0ff86794e249b952c78151dd617 P ab04131b1df64a9eaca75b225015238f: No bootstrap required, opened a new log
I20260709 13:07:09.225431 29137 ts_tablet_manager.cc:1403] T 0d0fd0ff86794e249b952c78151dd617 P ab04131b1df64a9eaca75b225015238f: Time spent bootstrapping tablet: real 0.163s	user 0.041s	sys 0.060s
I20260709 13:07:09.227257 29178 leader_election.cc:290] T 23dd4b8577fa4446bdd0bfa706bf1354 P 369d4983387b4a6585f83f091ef98560 [CANDIDATE]: Term 1 pre-election: Requested pre-vote from peers ab04131b1df64a9eaca75b225015238f (127.27.43.1:44099), 335bff046d4444a4a421faefb4f1b30d (127.27.43.3:46805)
I20260709 13:07:09.227133 29135 raft_consensus.cc:359] T 4df9380d2325409bafaedb336800a0be P 369d4983387b4a6585f83f091ef98560 [term 0 FOLLOWER]: Replica starting. Triggering 0 pending ops. Active config: opid_index: -1 OBSOLETE_local: false peers { permanent_uuid: "ab04131b1df64a9eaca75b225015238f" member_type: VOTER last_known_addr { host: "127.27.43.1" port: 44099 } } peers { permanent_uuid: "369d4983387b4a6585f83f091ef98560" member_type: VOTER last_known_addr { host: "127.27.43.2" port: 34135 } } peers { permanent_uuid: "335bff046d4444a4a421faefb4f1b30d" member_type: VOTER last_known_addr { host: "127.27.43.3" port: 46805 } }
I20260709 13:07:09.227885 29135 raft_consensus.cc:385] T 4df9380d2325409bafaedb336800a0be P 369d4983387b4a6585f83f091ef98560 [term 0 FOLLOWER]: Consensus starting up: Expiring failure detector timer to make a prompt election more likely
I20260709 13:07:09.228406 29135 raft_consensus.cc:740] T 4df9380d2325409bafaedb336800a0be P 369d4983387b4a6585f83f091ef98560 [term 0 FOLLOWER]: Becoming Follower/Learner. State: Replica: 369d4983387b4a6585f83f091ef98560, State: Initialized, Role: FOLLOWER
I20260709 13:07:09.227906 29137 raft_consensus.cc:359] T 0d0fd0ff86794e249b952c78151dd617 P ab04131b1df64a9eaca75b225015238f [term 0 FOLLOWER]: Replica starting. Triggering 0 pending ops. Active config: opid_index: -1 OBSOLETE_local: false peers { permanent_uuid: "ab04131b1df64a9eaca75b225015238f" member_type: VOTER last_known_addr { host: "127.27.43.1" port: 44099 } } peers { permanent_uuid: "369d4983387b4a6585f83f091ef98560" member_type: VOTER last_known_addr { host: "127.27.43.2" port: 34135 } } peers { permanent_uuid: "335bff046d4444a4a421faefb4f1b30d" member_type: VOTER last_known_addr { host: "127.27.43.3" port: 46805 } }
I20260709 13:07:09.228822 29137 raft_consensus.cc:385] T 0d0fd0ff86794e249b952c78151dd617 P ab04131b1df64a9eaca75b225015238f [term 0 FOLLOWER]: Consensus starting up: Expiring failure detector timer to make a prompt election more likely
I20260709 13:07:09.229096 29137 raft_consensus.cc:740] T 0d0fd0ff86794e249b952c78151dd617 P ab04131b1df64a9eaca75b225015238f [term 0 FOLLOWER]: Becoming Follower/Learner. State: Replica: ab04131b1df64a9eaca75b225015238f, State: Initialized, Role: FOLLOWER
I20260709 13:07:09.229094 29135 consensus_queue.cc:260] T 4df9380d2325409bafaedb336800a0be P 369d4983387b4a6585f83f091ef98560 [NON_LEADER]: Queue going to NON_LEADER mode. State: All replicated index: 0, Majority replicated index: 0, Committed index: 0, Last appended: 0.0, Last appended by leader: 0, Current term: 0, Majority size: -1, State: 0, Mode: NON_LEADER, active raft config: opid_index: -1 OBSOLETE_local: false peers { permanent_uuid: "ab04131b1df64a9eaca75b225015238f" member_type: VOTER last_known_addr { host: "127.27.43.1" port: 44099 } } peers { permanent_uuid: "369d4983387b4a6585f83f091ef98560" member_type: VOTER last_known_addr { host: "127.27.43.2" port: 34135 } } peers { permanent_uuid: "335bff046d4444a4a421faefb4f1b30d" member_type: VOTER last_known_addr { host: "127.27.43.3" port: 46805 } }
I20260709 13:07:09.229975 29137 consensus_queue.cc:260] T 0d0fd0ff86794e249b952c78151dd617 P ab04131b1df64a9eaca75b225015238f [NON_LEADER]: Queue going to NON_LEADER mode. State: All replicated index: 0, Majority replicated index: 0, Committed index: 0, Last appended: 0.0, Last appended by leader: 0, Current term: 0, Majority size: -1, State: 0, Mode: NON_LEADER, active raft config: opid_index: -1 OBSOLETE_local: false peers { permanent_uuid: "ab04131b1df64a9eaca75b225015238f" member_type: VOTER last_known_addr { host: "127.27.43.1" port: 44099 } } peers { permanent_uuid: "369d4983387b4a6585f83f091ef98560" member_type: VOTER last_known_addr { host: "127.27.43.2" port: 34135 } } peers { permanent_uuid: "335bff046d4444a4a421faefb4f1b30d" member_type: VOTER last_known_addr { host: "127.27.43.3" port: 46805 } }
I20260709 13:07:09.231390 29135 ts_tablet_manager.cc:1434] T 4df9380d2325409bafaedb336800a0be P 369d4983387b4a6585f83f091ef98560: Time spent starting tablet: real 0.006s	user 0.007s	sys 0.001s
I20260709 13:07:09.232225 29135 tablet_bootstrap.cc:492] T 118b4ac96213486d8db399694ad4e3e9 P 369d4983387b4a6585f83f091ef98560: Bootstrap starting.
I20260709 13:07:09.232887 29137 ts_tablet_manager.cc:1434] T 0d0fd0ff86794e249b952c78151dd617 P ab04131b1df64a9eaca75b225015238f: Time spent starting tablet: real 0.007s	user 0.006s	sys 0.000s
I20260709 13:07:09.234285 29137 tablet_bootstrap.cc:492] T e42076ec510c4b5a896751102d395903 P ab04131b1df64a9eaca75b225015238f: Bootstrap starting.
I20260709 13:07:09.237323 29135 tablet_bootstrap.cc:654] T 118b4ac96213486d8db399694ad4e3e9 P 369d4983387b4a6585f83f091ef98560: Neither blocks nor log segments found. Creating new log.
I20260709 13:07:09.239451 29137 tablet_bootstrap.cc:654] T e42076ec510c4b5a896751102d395903 P ab04131b1df64a9eaca75b225015238f: Neither blocks nor log segments found. Creating new log.
I20260709 13:07:09.248490 29135 tablet_bootstrap.cc:492] T 118b4ac96213486d8db399694ad4e3e9 P 369d4983387b4a6585f83f091ef98560: No bootstrap required, opened a new log
I20260709 13:07:09.248911 29135 ts_tablet_manager.cc:1403] T 118b4ac96213486d8db399694ad4e3e9 P 369d4983387b4a6585f83f091ef98560: Time spent bootstrapping tablet: real 0.017s	user 0.010s	sys 0.005s
I20260709 13:07:09.251482 29135 raft_consensus.cc:359] T 118b4ac96213486d8db399694ad4e3e9 P 369d4983387b4a6585f83f091ef98560 [term 0 FOLLOWER]: Replica starting. Triggering 0 pending ops. Active config: opid_index: -1 OBSOLETE_local: false peers { permanent_uuid: "ab04131b1df64a9eaca75b225015238f" member_type: VOTER last_known_addr { host: "127.27.43.1" port: 44099 } } peers { permanent_uuid: "369d4983387b4a6585f83f091ef98560" member_type: VOTER last_known_addr { host: "127.27.43.2" port: 34135 } } peers { permanent_uuid: "335bff046d4444a4a421faefb4f1b30d" member_type: VOTER last_known_addr { host: "127.27.43.3" port: 46805 } }
I20260709 13:07:09.252111 29135 raft_consensus.cc:385] T 118b4ac96213486d8db399694ad4e3e9 P 369d4983387b4a6585f83f091ef98560 [term 0 FOLLOWER]: Consensus starting up: Expiring failure detector timer to make a prompt election more likely
I20260709 13:07:09.252378 29135 raft_consensus.cc:740] T 118b4ac96213486d8db399694ad4e3e9 P 369d4983387b4a6585f83f091ef98560 [term 0 FOLLOWER]: Becoming Follower/Learner. State: Replica: 369d4983387b4a6585f83f091ef98560, State: Initialized, Role: FOLLOWER
I20260709 13:07:09.252977 29135 consensus_queue.cc:260] T 118b4ac96213486d8db399694ad4e3e9 P 369d4983387b4a6585f83f091ef98560 [NON_LEADER]: Queue going to NON_LEADER mode. State: All replicated index: 0, Majority replicated index: 0, Committed index: 0, Last appended: 0.0, Last appended by leader: 0, Current term: 0, Majority size: -1, State: 0, Mode: NON_LEADER, active raft config: opid_index: -1 OBSOLETE_local: false peers { permanent_uuid: "ab04131b1df64a9eaca75b225015238f" member_type: VOTER last_known_addr { host: "127.27.43.1" port: 44099 } } peers { permanent_uuid: "369d4983387b4a6585f83f091ef98560" member_type: VOTER last_known_addr { host: "127.27.43.2" port: 34135 } } peers { permanent_uuid: "335bff046d4444a4a421faefb4f1b30d" member_type: VOTER last_known_addr { host: "127.27.43.3" port: 46805 } }
I20260709 13:07:09.255864 29137 tablet_bootstrap.cc:492] T e42076ec510c4b5a896751102d395903 P ab04131b1df64a9eaca75b225015238f: No bootstrap required, opened a new log
I20260709 13:07:09.256103 29135 ts_tablet_manager.cc:1434] T 118b4ac96213486d8db399694ad4e3e9 P 369d4983387b4a6585f83f091ef98560: Time spent starting tablet: real 0.007s	user 0.005s	sys 0.001s
I20260709 13:07:09.256371 29137 ts_tablet_manager.cc:1403] T e42076ec510c4b5a896751102d395903 P ab04131b1df64a9eaca75b225015238f: Time spent bootstrapping tablet: real 0.022s	user 0.013s	sys 0.008s
I20260709 13:07:09.256920 29135 tablet_bootstrap.cc:492] T 129855bde01043088776e8a06e2faeb9 P 369d4983387b4a6585f83f091ef98560: Bootstrap starting.
I20260709 13:07:09.258476 29345 raft_consensus.cc:493] T fd8b092bd0b04860acdcfc6d8ff63e1c P ab04131b1df64a9eaca75b225015238f [term 0 FOLLOWER]: Starting pre-election (no leader contacted us within the election timeout)
I20260709 13:07:09.258980 29137 raft_consensus.cc:359] T e42076ec510c4b5a896751102d395903 P ab04131b1df64a9eaca75b225015238f [term 0 FOLLOWER]: Replica starting. Triggering 0 pending ops. Active config: opid_index: -1 OBSOLETE_local: false peers { permanent_uuid: "ab04131b1df64a9eaca75b225015238f" member_type: VOTER last_known_addr { host: "127.27.43.1" port: 44099 } } peers { permanent_uuid: "369d4983387b4a6585f83f091ef98560" member_type: VOTER last_known_addr { host: "127.27.43.2" port: 34135 } } peers { permanent_uuid: "335bff046d4444a4a421faefb4f1b30d" member_type: VOTER last_known_addr { host: "127.27.43.3" port: 46805 } }
I20260709 13:07:09.259675 29137 raft_consensus.cc:385] T e42076ec510c4b5a896751102d395903 P ab04131b1df64a9eaca75b225015238f [term 0 FOLLOWER]: Consensus starting up: Expiring failure detector timer to make a prompt election more likely
I20260709 13:07:09.259970 29137 raft_consensus.cc:740] T e42076ec510c4b5a896751102d395903 P ab04131b1df64a9eaca75b225015238f [term 0 FOLLOWER]: Becoming Follower/Learner. State: Replica: ab04131b1df64a9eaca75b225015238f, State: Initialized, Role: FOLLOWER
I20260709 13:07:09.258980 29345 raft_consensus.cc:515] T fd8b092bd0b04860acdcfc6d8ff63e1c P ab04131b1df64a9eaca75b225015238f [term 0 FOLLOWER]: Starting pre-election with config: opid_index: -1 OBSOLETE_local: false peers { permanent_uuid: "ab04131b1df64a9eaca75b225015238f" member_type: VOTER last_known_addr { host: "127.27.43.1" port: 44099 } } peers { permanent_uuid: "369d4983387b4a6585f83f091ef98560" member_type: VOTER last_known_addr { host: "127.27.43.2" port: 34135 } } peers { permanent_uuid: "335bff046d4444a4a421faefb4f1b30d" member_type: VOTER last_known_addr { host: "127.27.43.3" port: 46805 } }
I20260709 13:07:09.260769 29137 consensus_queue.cc:260] T e42076ec510c4b5a896751102d395903 P ab04131b1df64a9eaca75b225015238f [NON_LEADER]: Queue going to NON_LEADER mode. State: All replicated index: 0, Majority replicated index: 0, Committed index: 0, Last appended: 0.0, Last appended by leader: 0, Current term: 0, Majority size: -1, State: 0, Mode: NON_LEADER, active raft config: opid_index: -1 OBSOLETE_local: false peers { permanent_uuid: "ab04131b1df64a9eaca75b225015238f" member_type: VOTER last_known_addr { host: "127.27.43.1" port: 44099 } } peers { permanent_uuid: "369d4983387b4a6585f83f091ef98560" member_type: VOTER last_known_addr { host: "127.27.43.2" port: 34135 } } peers { permanent_uuid: "335bff046d4444a4a421faefb4f1b30d" member_type: VOTER last_known_addr { host: "127.27.43.3" port: 46805 } }
I20260709 13:07:09.262799 29137 ts_tablet_manager.cc:1434] T e42076ec510c4b5a896751102d395903 P ab04131b1df64a9eaca75b225015238f: Time spent starting tablet: real 0.006s	user 0.005s	sys 0.000s
I20260709 13:07:09.263064 29013 tablet_service.cc:1917] Received RequestConsensusVote() RPC: tablet_id: "fd8b092bd0b04860acdcfc6d8ff63e1c" candidate_uuid: "ab04131b1df64a9eaca75b225015238f" candidate_term: 1 candidate_status { last_received { term: 0 index: 0 } } ignore_live_leader: false dest_uuid: "369d4983387b4a6585f83f091ef98560" is_pre_election: true
I20260709 13:07:09.263737 29137 tablet_bootstrap.cc:492] T 13df99fa2cf94c6f952b2124daa98f1b P ab04131b1df64a9eaca75b225015238f: Bootstrap starting.
I20260709 13:07:09.263825 29013 raft_consensus.cc:2393] T fd8b092bd0b04860acdcfc6d8ff63e1c P 369d4983387b4a6585f83f091ef98560 [term 1 FOLLOWER]: Leader pre-election vote request: Denying vote to candidate ab04131b1df64a9eaca75b225015238f in current term 1: Already voted for candidate 335bff046d4444a4a421faefb4f1b30d in this term.
I20260709 13:07:09.263131 29345 leader_election.cc:290] T fd8b092bd0b04860acdcfc6d8ff63e1c P ab04131b1df64a9eaca75b225015238f [CANDIDATE]: Term 1 pre-election: Requested pre-vote from peers 369d4983387b4a6585f83f091ef98560 (127.27.43.2:34135), 335bff046d4444a4a421faefb4f1b30d (127.27.43.3:46805)
I20260709 13:07:09.266122 29135 tablet_bootstrap.cc:654] T 129855bde01043088776e8a06e2faeb9 P 369d4983387b4a6585f83f091ef98560: Neither blocks nor log segments found. Creating new log.
I20260709 13:07:09.270174 29137 tablet_bootstrap.cc:654] T 13df99fa2cf94c6f952b2124daa98f1b P ab04131b1df64a9eaca75b225015238f: Neither blocks nor log segments found. Creating new log.
I20260709 13:07:09.271370 29092 tablet_service.cc:1917] Received RequestConsensusVote() RPC: tablet_id: "fd8b092bd0b04860acdcfc6d8ff63e1c" candidate_uuid: "ab04131b1df64a9eaca75b225015238f" candidate_term: 1 candidate_status { last_received { term: 0 index: 0 } } ignore_live_leader: false dest_uuid: "335bff046d4444a4a421faefb4f1b30d" is_pre_election: true
I20260709 13:07:09.273013 28911 leader_election.cc:304] T fd8b092bd0b04860acdcfc6d8ff63e1c P ab04131b1df64a9eaca75b225015238f [CANDIDATE]: Term 1 pre-election: Election decided. Result: candidate lost. Election summary: received 3 responses out of 3 voters: 1 yes votes; 2 no votes. yes voters: ab04131b1df64a9eaca75b225015238f; no voters: 335bff046d4444a4a421faefb4f1b30d, 369d4983387b4a6585f83f091ef98560
I20260709 13:07:09.273823 29345 raft_consensus.cc:3060] T fd8b092bd0b04860acdcfc6d8ff63e1c P ab04131b1df64a9eaca75b225015238f [term 0 FOLLOWER]: Advancing to term 1
I20260709 13:07:09.280393 29345 raft_consensus.cc:2749] T fd8b092bd0b04860acdcfc6d8ff63e1c P ab04131b1df64a9eaca75b225015238f [term 1 FOLLOWER]: Leader pre-election lost for term 1. Reason: could not achieve majority
I20260709 13:07:09.281504 29137 tablet_bootstrap.cc:492] T 13df99fa2cf94c6f952b2124daa98f1b P ab04131b1df64a9eaca75b225015238f: No bootstrap required, opened a new log
I20260709 13:07:09.282003 29137 ts_tablet_manager.cc:1403] T 13df99fa2cf94c6f952b2124daa98f1b P ab04131b1df64a9eaca75b225015238f: Time spent bootstrapping tablet: real 0.018s	user 0.006s	sys 0.012s
I20260709 13:07:09.282032 29358 raft_consensus.cc:493] T 4df9380d2325409bafaedb336800a0be P 369d4983387b4a6585f83f091ef98560 [term 0 FOLLOWER]: Starting pre-election (no leader contacted us within the election timeout)
I20260709 13:07:09.282538 29358 raft_consensus.cc:515] T 4df9380d2325409bafaedb336800a0be P 369d4983387b4a6585f83f091ef98560 [term 0 FOLLOWER]: Starting pre-election with config: opid_index: -1 OBSOLETE_local: false peers { permanent_uuid: "ab04131b1df64a9eaca75b225015238f" member_type: VOTER last_known_addr { host: "127.27.43.1" port: 44099 } } peers { permanent_uuid: "369d4983387b4a6585f83f091ef98560" member_type: VOTER last_known_addr { host: "127.27.43.2" port: 34135 } } peers { permanent_uuid: "335bff046d4444a4a421faefb4f1b30d" member_type: VOTER last_known_addr { host: "127.27.43.3" port: 46805 } }
I20260709 13:07:09.284456 29358 leader_election.cc:290] T 4df9380d2325409bafaedb336800a0be P 369d4983387b4a6585f83f091ef98560 [CANDIDATE]: Term 1 pre-election: Requested pre-vote from peers ab04131b1df64a9eaca75b225015238f (127.27.43.1:44099), 335bff046d4444a4a421faefb4f1b30d (127.27.43.3:46805)
I20260709 13:07:09.284578 28937 raft_consensus.cc:3060] T 02d54690da52450d8785de7e218769e5 P ab04131b1df64a9eaca75b225015238f [term 0 FOLLOWER]: Advancing to term 1
I20260709 13:07:09.284686 29137 raft_consensus.cc:359] T 13df99fa2cf94c6f952b2124daa98f1b P ab04131b1df64a9eaca75b225015238f [term 0 FOLLOWER]: Replica starting. Triggering 0 pending ops. Active config: opid_index: -1 OBSOLETE_local: false peers { permanent_uuid: "ab04131b1df64a9eaca75b225015238f" member_type: VOTER last_known_addr { host: "127.27.43.1" port: 44099 } } peers { permanent_uuid: "369d4983387b4a6585f83f091ef98560" member_type: VOTER last_known_addr { host: "127.27.43.2" port: 34135 } } peers { permanent_uuid: "335bff046d4444a4a421faefb4f1b30d" member_type: VOTER last_known_addr { host: "127.27.43.3" port: 46805 } }
I20260709 13:07:09.285486 29137 raft_consensus.cc:385] T 13df99fa2cf94c6f952b2124daa98f1b P ab04131b1df64a9eaca75b225015238f [term 0 FOLLOWER]: Consensus starting up: Expiring failure detector timer to make a prompt election more likely
I20260709 13:07:09.285811 28940 tablet_service.cc:1917] Received RequestConsensusVote() RPC: tablet_id: "4df9380d2325409bafaedb336800a0be" candidate_uuid: "369d4983387b4a6585f83f091ef98560" candidate_term: 1 candidate_status { last_received { term: 0 index: 0 } } ignore_live_leader: false dest_uuid: "ab04131b1df64a9eaca75b225015238f" is_pre_election: true
I20260709 13:07:09.285792 29137 raft_consensus.cc:740] T 13df99fa2cf94c6f952b2124daa98f1b P ab04131b1df64a9eaca75b225015238f [term 0 FOLLOWER]: Becoming Follower/Learner. State: Replica: ab04131b1df64a9eaca75b225015238f, State: Initialized, Role: FOLLOWER
I20260709 13:07:09.287349 29137 consensus_queue.cc:260] T 13df99fa2cf94c6f952b2124daa98f1b P ab04131b1df64a9eaca75b225015238f [NON_LEADER]: Queue going to NON_LEADER mode. State: All replicated index: 0, Majority replicated index: 0, Committed index: 0, Last appended: 0.0, Last appended by leader: 0, Current term: 0, Majority size: -1, State: 0, Mode: NON_LEADER, active raft config: opid_index: -1 OBSOLETE_local: false peers { permanent_uuid: "ab04131b1df64a9eaca75b225015238f" member_type: VOTER last_known_addr { host: "127.27.43.1" port: 44099 } } peers { permanent_uuid: "369d4983387b4a6585f83f091ef98560" member_type: VOTER last_known_addr { host: "127.27.43.2" port: 34135 } } peers { permanent_uuid: "335bff046d4444a4a421faefb4f1b30d" member_type: VOTER last_known_addr { host: "127.27.43.3" port: 46805 } }
W20260709 13:07:09.288537 28983 leader_election.cc:343] T 4df9380d2325409bafaedb336800a0be P 369d4983387b4a6585f83f091ef98560 [CANDIDATE]: Term 1 pre-election: Tablet error from VoteRequest() call to peer ab04131b1df64a9eaca75b225015238f (127.27.43.1:44099): Illegal state: must be running to vote when last-logged opid is not known
I20260709 13:07:09.289369 29137 ts_tablet_manager.cc:1434] T 13df99fa2cf94c6f952b2124daa98f1b P ab04131b1df64a9eaca75b225015238f: Time spent starting tablet: real 0.007s	user 0.001s	sys 0.005s
I20260709 13:07:09.290207 29137 tablet_bootstrap.cc:492] T ad1e1ea72c5f4118bf130b6b83a7f939 P ab04131b1df64a9eaca75b225015238f: Bootstrap starting.
I20260709 13:07:09.294425 29349 consensus_queue.cc:1048] T 3e34b1e5e7ff4dc692af2fd7154bb398 P 335bff046d4444a4a421faefb4f1b30d [LEADER]: Connected to new peer: Peer: permanent_uuid: "369d4983387b4a6585f83f091ef98560" member_type: VOTER last_known_addr { host: "127.27.43.2" port: 34135 }, Status: LMP_MISMATCH, Last received: 0.0, Next index: 1, Last known committed idx: 0, Time since last communication: 0.000s
I20260709 13:07:09.295820 29137 tablet_bootstrap.cc:654] T ad1e1ea72c5f4118bf130b6b83a7f939 P ab04131b1df64a9eaca75b225015238f: Neither blocks nor log segments found. Creating new log.
I20260709 13:07:09.295894 29349 consensus_queue.cc:1048] T 980502e32bf3473c9c10775da2932802 P 335bff046d4444a4a421faefb4f1b30d [LEADER]: Connected to new peer: Peer: permanent_uuid: "369d4983387b4a6585f83f091ef98560" member_type: VOTER last_known_addr { host: "127.27.43.2" port: 34135 }, Status: LMP_MISMATCH, Last received: 0.0, Next index: 1, Last known committed idx: 0, Time since last communication: 0.004s
I20260709 13:07:09.307140 29137 tablet_bootstrap.cc:492] T ad1e1ea72c5f4118bf130b6b83a7f939 P ab04131b1df64a9eaca75b225015238f: No bootstrap required, opened a new log
I20260709 13:07:09.308009 29137 ts_tablet_manager.cc:1403] T ad1e1ea72c5f4118bf130b6b83a7f939 P ab04131b1df64a9eaca75b225015238f: Time spent bootstrapping tablet: real 0.018s	user 0.009s	sys 0.007s
I20260709 13:07:09.309444 29364 consensus_queue.cc:1048] T 3e34b1e5e7ff4dc692af2fd7154bb398 P 335bff046d4444a4a421faefb4f1b30d [LEADER]: Connected to new peer: Peer: permanent_uuid: "ab04131b1df64a9eaca75b225015238f" member_type: VOTER last_known_addr { host: "127.27.43.1" port: 44099 }, Status: LMP_MISMATCH, Last received: 0.0, Next index: 1, Last known committed idx: 0, Time since last communication: 0.000s
I20260709 13:07:09.310389 29137 raft_consensus.cc:359] T ad1e1ea72c5f4118bf130b6b83a7f939 P ab04131b1df64a9eaca75b225015238f [term 0 FOLLOWER]: Replica starting. Triggering 0 pending ops. Active config: opid_index: -1 OBSOLETE_local: false peers { permanent_uuid: "ab04131b1df64a9eaca75b225015238f" member_type: VOTER last_known_addr { host: "127.27.43.1" port: 44099 } } peers { permanent_uuid: "369d4983387b4a6585f83f091ef98560" member_type: VOTER last_known_addr { host: "127.27.43.2" port: 34135 } } peers { permanent_uuid: "335bff046d4444a4a421faefb4f1b30d" member_type: VOTER last_known_addr { host: "127.27.43.3" port: 46805 } }
I20260709 13:07:09.311134 29137 raft_consensus.cc:385] T ad1e1ea72c5f4118bf130b6b83a7f939 P ab04131b1df64a9eaca75b225015238f [term 0 FOLLOWER]: Consensus starting up: Expiring failure detector timer to make a prompt election more likely
I20260709 13:07:09.311429 29137 raft_consensus.cc:740] T ad1e1ea72c5f4118bf130b6b83a7f939 P ab04131b1df64a9eaca75b225015238f [term 0 FOLLOWER]: Becoming Follower/Learner. State: Replica: ab04131b1df64a9eaca75b225015238f, State: Initialized, Role: FOLLOWER
I20260709 13:07:09.312055 29137 consensus_queue.cc:260] T ad1e1ea72c5f4118bf130b6b83a7f939 P ab04131b1df64a9eaca75b225015238f [NON_LEADER]: Queue going to NON_LEADER mode. State: All replicated index: 0, Majority replicated index: 0, Committed index: 0, Last appended: 0.0, Last appended by leader: 0, Current term: 0, Majority size: -1, State: 0, Mode: NON_LEADER, active raft config: opid_index: -1 OBSOLETE_local: false peers { permanent_uuid: "ab04131b1df64a9eaca75b225015238f" member_type: VOTER last_known_addr { host: "127.27.43.1" port: 44099 } } peers { permanent_uuid: "369d4983387b4a6585f83f091ef98560" member_type: VOTER last_known_addr { host: "127.27.43.2" port: 34135 } } peers { permanent_uuid: "335bff046d4444a4a421faefb4f1b30d" member_type: VOTER last_known_addr { host: "127.27.43.3" port: 46805 } }
I20260709 13:07:09.314364 29137 ts_tablet_manager.cc:1434] T ad1e1ea72c5f4118bf130b6b83a7f939 P ab04131b1df64a9eaca75b225015238f: Time spent starting tablet: real 0.006s	user 0.005s	sys 0.000s
I20260709 13:07:09.315356 29137 tablet_bootstrap.cc:492] T 980502e32bf3473c9c10775da2932802 P ab04131b1df64a9eaca75b225015238f: Bootstrap starting.
I20260709 13:07:09.315999 29090 tablet_service.cc:1917] Received RequestConsensusVote() RPC: tablet_id: "23dd4b8577fa4446bdd0bfa706bf1354" candidate_uuid: "369d4983387b4a6585f83f091ef98560" candidate_term: 1 candidate_status { last_received { term: 0 index: 0 } } ignore_live_leader: false dest_uuid: "335bff046d4444a4a421faefb4f1b30d" is_pre_election: true
I20260709 13:07:09.316689 29090 raft_consensus.cc:2468] T 23dd4b8577fa4446bdd0bfa706bf1354 P 335bff046d4444a4a421faefb4f1b30d [term 0 FOLLOWER]: Leader pre-election vote request: Granting yes vote for candidate 369d4983387b4a6585f83f091ef98560 in term 0.
I20260709 13:07:09.318310 29358 raft_consensus.cc:493] T d522bf709882414ebc7c74e7301b65c4 P 369d4983387b4a6585f83f091ef98560 [term 0 FOLLOWER]: Starting pre-election (no leader contacted us within the election timeout)
I20260709 13:07:09.318806 29358 raft_consensus.cc:515] T d522bf709882414ebc7c74e7301b65c4 P 369d4983387b4a6585f83f091ef98560 [term 0 FOLLOWER]: Starting pre-election with config: opid_index: -1 OBSOLETE_local: false peers { permanent_uuid: "ab04131b1df64a9eaca75b225015238f" member_type: VOTER last_known_addr { host: "127.27.43.1" port: 44099 } } peers { permanent_uuid: "369d4983387b4a6585f83f091ef98560" member_type: VOTER last_known_addr { host: "127.27.43.2" port: 34135 } } peers { permanent_uuid: "335bff046d4444a4a421faefb4f1b30d" member_type: VOTER last_known_addr { host: "127.27.43.3" port: 46805 } }
I20260709 13:07:09.320953 29358 leader_election.cc:290] T d522bf709882414ebc7c74e7301b65c4 P 369d4983387b4a6585f83f091ef98560 [CANDIDATE]: Term 1 pre-election: Requested pre-vote from peers ab04131b1df64a9eaca75b225015238f (127.27.43.1:44099), 335bff046d4444a4a421faefb4f1b30d (127.27.43.3:46805)
I20260709 13:07:09.322508 28941 tablet_service.cc:1917] Received RequestConsensusVote() RPC: tablet_id: "d522bf709882414ebc7c74e7301b65c4" candidate_uuid: "369d4983387b4a6585f83f091ef98560" candidate_term: 1 candidate_status { last_received { term: 0 index: 0 } } ignore_live_leader: false dest_uuid: "ab04131b1df64a9eaca75b225015238f" is_pre_election: true
W20260709 13:07:09.324098 28983 leader_election.cc:343] T d522bf709882414ebc7c74e7301b65c4 P 369d4983387b4a6585f83f091ef98560 [CANDIDATE]: Term 1 pre-election: Tablet error from VoteRequest() call to peer ab04131b1df64a9eaca75b225015238f (127.27.43.1:44099): Illegal state: must be running to vote when last-logged opid is not known
I20260709 13:07:09.325193 29137 tablet_bootstrap.cc:654] T 980502e32bf3473c9c10775da2932802 P ab04131b1df64a9eaca75b225015238f: Neither blocks nor log segments found. Creating new log.
I20260709 13:07:09.324978 29091 tablet_service.cc:1917] Received RequestConsensusVote() RPC: tablet_id: "4df9380d2325409bafaedb336800a0be" candidate_uuid: "369d4983387b4a6585f83f091ef98560" candidate_term: 1 candidate_status { last_received { term: 0 index: 0 } } ignore_live_leader: false dest_uuid: "335bff046d4444a4a421faefb4f1b30d" is_pre_election: true
W20260709 13:07:09.337666 29057 consensus_peers.cc:597] T 980502e32bf3473c9c10775da2932802 P 335bff046d4444a4a421faefb4f1b30d -> Peer ab04131b1df64a9eaca75b225015238f (127.27.43.1:44099): Couldn't send request to peer ab04131b1df64a9eaca75b225015238f. Error code: TABLET_NOT_RUNNING (12). Status: Illegal state: Tablet not RUNNING: BOOTSTRAPPING. This is attempt 1: this message will repeat every 5th retry.
I20260709 13:07:09.338260 29137 tablet_bootstrap.cc:492] T 980502e32bf3473c9c10775da2932802 P ab04131b1df64a9eaca75b225015238f: No bootstrap required, opened a new log
I20260709 13:07:09.338835 29137 ts_tablet_manager.cc:1403] T 980502e32bf3473c9c10775da2932802 P ab04131b1df64a9eaca75b225015238f: Time spent bootstrapping tablet: real 0.024s	user 0.007s	sys 0.010s
I20260709 13:07:09.341270 29137 raft_consensus.cc:359] T 980502e32bf3473c9c10775da2932802 P ab04131b1df64a9eaca75b225015238f [term 0 FOLLOWER]: Replica starting. Triggering 0 pending ops. Active config: opid_index: -1 OBSOLETE_local: false peers { permanent_uuid: "ab04131b1df64a9eaca75b225015238f" member_type: VOTER last_known_addr { host: "127.27.43.1" port: 44099 } } peers { permanent_uuid: "369d4983387b4a6585f83f091ef98560" member_type: VOTER last_known_addr { host: "127.27.43.2" port: 34135 } } peers { permanent_uuid: "335bff046d4444a4a421faefb4f1b30d" member_type: VOTER last_known_addr { host: "127.27.43.3" port: 46805 } }
I20260709 13:07:09.342058 29137 raft_consensus.cc:385] T 980502e32bf3473c9c10775da2932802 P ab04131b1df64a9eaca75b225015238f [term 0 FOLLOWER]: Consensus starting up: Expiring failure detector timer to make a prompt election more likely
I20260709 13:07:09.342374 29137 raft_consensus.cc:740] T 980502e32bf3473c9c10775da2932802 P ab04131b1df64a9eaca75b225015238f [term 0 FOLLOWER]: Becoming Follower/Learner. State: Replica: ab04131b1df64a9eaca75b225015238f, State: Initialized, Role: FOLLOWER
I20260709 13:07:09.343056 29137 consensus_queue.cc:260] T 980502e32bf3473c9c10775da2932802 P ab04131b1df64a9eaca75b225015238f [NON_LEADER]: Queue going to NON_LEADER mode. State: All replicated index: 0, Majority replicated index: 0, Committed index: 0, Last appended: 0.0, Last appended by leader: 0, Current term: 0, Majority size: -1, State: 0, Mode: NON_LEADER, active raft config: opid_index: -1 OBSOLETE_local: false peers { permanent_uuid: "ab04131b1df64a9eaca75b225015238f" member_type: VOTER last_known_addr { host: "127.27.43.1" port: 44099 } } peers { permanent_uuid: "369d4983387b4a6585f83f091ef98560" member_type: VOTER last_known_addr { host: "127.27.43.2" port: 34135 } } peers { permanent_uuid: "335bff046d4444a4a421faefb4f1b30d" member_type: VOTER last_known_addr { host: "127.27.43.3" port: 46805 } }
I20260709 13:07:09.343492 29349 consensus_queue.cc:1048] T ad1e1ea72c5f4118bf130b6b83a7f939 P 335bff046d4444a4a421faefb4f1b30d [LEADER]: Connected to new peer: Peer: permanent_uuid: "369d4983387b4a6585f83f091ef98560" member_type: VOTER last_known_addr { host: "127.27.43.2" port: 34135 }, Status: LMP_MISMATCH, Last received: 0.0, Next index: 1, Last known committed idx: 0, Time since last communication: 0.000s
I20260709 13:07:09.345203 29137 ts_tablet_manager.cc:1434] T 980502e32bf3473c9c10775da2932802 P ab04131b1df64a9eaca75b225015238f: Time spent starting tablet: real 0.006s	user 0.003s	sys 0.001s
I20260709 13:07:09.346189 29137 tablet_bootstrap.cc:492] T 633a2a5bc61d48d0be23932783ad5430 P ab04131b1df64a9eaca75b225015238f: Bootstrap starting.
I20260709 13:07:09.348735 29347 raft_consensus.cc:493] T c22dc31f99524dc593d5716e495b1400 P 335bff046d4444a4a421faefb4f1b30d [term 0 FOLLOWER]: Starting pre-election (no leader contacted us within the election timeout)
