I20260709 13:06:52.937240 18617 raft_consensus.cc:359] T d6a7fcdfaea342a298aaebd2eb3e1a27 P d5f5291049564814bbab751f30dc861d [term 0 FOLLOWER]: Replica starting. Triggering 0 pending ops. Active config: opid_index: -1 OBSOLETE_local: false peers { permanent_uuid: "12543ee65aeb4854b1693d9855dd6ee1" member_type: VOTER last_known_addr { host: "127.17.99.1" port: 33315 } } peers { permanent_uuid: "d5f5291049564814bbab751f30dc861d" member_type: VOTER last_known_addr { host: "127.17.99.2" port: 40621 } } peers { permanent_uuid: "3ca721974bbb4bf8b313b5f42c6f1cd3" member_type: VOTER last_known_addr { host: "127.17.99.3" port: 35461 } }
I20260709 13:06:52.937971 18617 raft_consensus.cc:385] T d6a7fcdfaea342a298aaebd2eb3e1a27 P d5f5291049564814bbab751f30dc861d [term 0 FOLLOWER]: Consensus starting up: Expiring failure detector timer to make a prompt election more likely
I20260709 13:06:52.938293 18617 raft_consensus.cc:740] T d6a7fcdfaea342a298aaebd2eb3e1a27 P d5f5291049564814bbab751f30dc861d [term 0 FOLLOWER]: Becoming Follower/Learner. State: Replica: d5f5291049564814bbab751f30dc861d, State: Initialized, Role: FOLLOWER
I20260709 13:06:52.939138 18618 tablet_bootstrap.cc:654] T 9caff38314354c588fc9df0ef532170d P 3ca721974bbb4bf8b313b5f42c6f1cd3: Neither blocks nor log segments found. Creating new log.
I20260709 13:06:52.939266 18617 consensus_queue.cc:260] T d6a7fcdfaea342a298aaebd2eb3e1a27 P d5f5291049564814bbab751f30dc861d [NON_LEADER]: Queue going to NON_LEADER mode. State: All replicated index: 0, Majority replicated index: 0, Committed index: 0, Last appended: 0.0, Last appended by leader: 0, Current term: 0, Majority size: -1, State: 0, Mode: NON_LEADER, active raft config: opid_index: -1 OBSOLETE_local: false peers { permanent_uuid: "12543ee65aeb4854b1693d9855dd6ee1" member_type: VOTER last_known_addr { host: "127.17.99.1" port: 33315 } } peers { permanent_uuid: "d5f5291049564814bbab751f30dc861d" member_type: VOTER last_known_addr { host: "127.17.99.2" port: 40621 } } peers { permanent_uuid: "3ca721974bbb4bf8b313b5f42c6f1cd3" member_type: VOTER last_known_addr { host: "127.17.99.3" port: 35461 } }
I20260709 13:06:52.940843 18619 raft_consensus.cc:359] T d68b6594ff5f4890a0956f39b9c99f1d P 12543ee65aeb4854b1693d9855dd6ee1 [term 0 FOLLOWER]: Replica starting. Triggering 0 pending ops. Active config: opid_index: -1 OBSOLETE_local: false peers { permanent_uuid: "12543ee65aeb4854b1693d9855dd6ee1" member_type: VOTER last_known_addr { host: "127.17.99.1" port: 33315 } } peers { permanent_uuid: "d5f5291049564814bbab751f30dc861d" member_type: VOTER last_known_addr { host: "127.17.99.2" port: 40621 } } peers { permanent_uuid: "3ca721974bbb4bf8b313b5f42c6f1cd3" member_type: VOTER last_known_addr { host: "127.17.99.3" port: 35461 } }
I20260709 13:06:52.944293 18619 raft_consensus.cc:385] T d68b6594ff5f4890a0956f39b9c99f1d P 12543ee65aeb4854b1693d9855dd6ee1 [term 0 FOLLOWER]: Consensus starting up: Expiring failure detector timer to make a prompt election more likely
I20260709 13:06:52.944869 18619 raft_consensus.cc:740] T d68b6594ff5f4890a0956f39b9c99f1d P 12543ee65aeb4854b1693d9855dd6ee1 [term 0 FOLLOWER]: Becoming Follower/Learner. State: Replica: 12543ee65aeb4854b1693d9855dd6ee1, State: Initialized, Role: FOLLOWER
I20260709 13:06:52.946226 18619 consensus_queue.cc:260] T d68b6594ff5f4890a0956f39b9c99f1d P 12543ee65aeb4854b1693d9855dd6ee1 [NON_LEADER]: Queue going to NON_LEADER mode. State: All replicated index: 0, Majority replicated index: 0, Committed index: 0, Last appended: 0.0, Last appended by leader: 0, Current term: 0, Majority size: -1, State: 0, Mode: NON_LEADER, active raft config: opid_index: -1 OBSOLETE_local: false peers { permanent_uuid: "12543ee65aeb4854b1693d9855dd6ee1" member_type: VOTER last_known_addr { host: "127.17.99.1" port: 33315 } } peers { permanent_uuid: "d5f5291049564814bbab751f30dc861d" member_type: VOTER last_known_addr { host: "127.17.99.2" port: 40621 } } peers { permanent_uuid: "3ca721974bbb4bf8b313b5f42c6f1cd3" member_type: VOTER last_known_addr { host: "127.17.99.3" port: 35461 } }
I20260709 13:06:52.948598 18617 ts_tablet_manager.cc:1434] T d6a7fcdfaea342a298aaebd2eb3e1a27 P d5f5291049564814bbab751f30dc861d: Time spent starting tablet: real 0.014s	user 0.004s	sys 0.010s
I20260709 13:06:52.949303 18528 heartbeater.cc:499] Master 127.17.99.62:36749 was elected leader, sending a full tablet report...
I20260709 13:06:52.963028 18617 tablet_bootstrap.cc:492] T 55176b48058e45ac82618df51908dfdf P d5f5291049564814bbab751f30dc861d: Bootstrap starting.
I20260709 13:06:52.968688 18617 tablet_bootstrap.cc:654] T 55176b48058e45ac82618df51908dfdf P d5f5291049564814bbab751f30dc861d: Neither blocks nor log segments found. Creating new log.
I20260709 13:06:52.972504 18618 tablet_bootstrap.cc:492] T 9caff38314354c588fc9df0ef532170d P 3ca721974bbb4bf8b313b5f42c6f1cd3: No bootstrap required, opened a new log
I20260709 13:06:52.973052 18618 ts_tablet_manager.cc:1403] T 9caff38314354c588fc9df0ef532170d P 3ca721974bbb4bf8b313b5f42c6f1cd3: Time spent bootstrapping tablet: real 0.041s	user 0.021s	sys 0.019s
I20260709 13:06:52.972994 18453 heartbeater.cc:499] Master 127.17.99.62:36749 was elected leader, sending a full tablet report...
I20260709 13:06:52.974336 18619 ts_tablet_manager.cc:1434] T d68b6594ff5f4890a0956f39b9c99f1d P 12543ee65aeb4854b1693d9855dd6ee1: Time spent starting tablet: real 0.039s	user 0.018s	sys 0.014s
I20260709 13:06:52.975597 18619 tablet_bootstrap.cc:492] T d6a7fcdfaea342a298aaebd2eb3e1a27 P 12543ee65aeb4854b1693d9855dd6ee1: Bootstrap starting.
I20260709 13:06:52.980404 18624 raft_consensus.cc:493] T d6a7fcdfaea342a298aaebd2eb3e1a27 P d5f5291049564814bbab751f30dc861d [term 0 FOLLOWER]: Starting pre-election (no leader contacted us within the election timeout)
I20260709 13:06:52.980862 18624 raft_consensus.cc:515] T d6a7fcdfaea342a298aaebd2eb3e1a27 P d5f5291049564814bbab751f30dc861d [term 0 FOLLOWER]: Starting pre-election with config: opid_index: -1 OBSOLETE_local: false peers { permanent_uuid: "12543ee65aeb4854b1693d9855dd6ee1" member_type: VOTER last_known_addr { host: "127.17.99.1" port: 33315 } } peers { permanent_uuid: "d5f5291049564814bbab751f30dc861d" member_type: VOTER last_known_addr { host: "127.17.99.2" port: 40621 } } peers { permanent_uuid: "3ca721974bbb4bf8b313b5f42c6f1cd3" member_type: VOTER last_known_addr { host: "127.17.99.3" port: 35461 } }
I20260709 13:06:52.982203 18618 raft_consensus.cc:359] T 9caff38314354c588fc9df0ef532170d P 3ca721974bbb4bf8b313b5f42c6f1cd3 [term 0 FOLLOWER]: Replica starting. Triggering 0 pending ops. Active config: opid_index: -1 OBSOLETE_local: false peers { permanent_uuid: "12543ee65aeb4854b1693d9855dd6ee1" member_type: VOTER last_known_addr { host: "127.17.99.1" port: 33315 } } peers { permanent_uuid: "d5f5291049564814bbab751f30dc861d" member_type: VOTER last_known_addr { host: "127.17.99.2" port: 40621 } } peers { permanent_uuid: "3ca721974bbb4bf8b313b5f42c6f1cd3" member_type: VOTER last_known_addr { host: "127.17.99.3" port: 35461 } }
I20260709 13:06:52.982690 18619 tablet_bootstrap.cc:654] T d6a7fcdfaea342a298aaebd2eb3e1a27 P 12543ee65aeb4854b1693d9855dd6ee1: Neither blocks nor log segments found. Creating new log.
I20260709 13:06:52.983027 18618 raft_consensus.cc:385] T 9caff38314354c588fc9df0ef532170d P 3ca721974bbb4bf8b313b5f42c6f1cd3 [term 0 FOLLOWER]: Consensus starting up: Expiring failure detector timer to make a prompt election more likely
I20260709 13:06:52.983414 18618 raft_consensus.cc:740] T 9caff38314354c588fc9df0ef532170d P 3ca721974bbb4bf8b313b5f42c6f1cd3 [term 0 FOLLOWER]: Becoming Follower/Learner. State: Replica: 3ca721974bbb4bf8b313b5f42c6f1cd3, State: Initialized, Role: FOLLOWER
I20260709 13:06:52.984325 18618 consensus_queue.cc:260] T 9caff38314354c588fc9df0ef532170d P 3ca721974bbb4bf8b313b5f42c6f1cd3 [NON_LEADER]: Queue going to NON_LEADER mode. State: All replicated index: 0, Majority replicated index: 0, Committed index: 0, Last appended: 0.0, Last appended by leader: 0, Current term: 0, Majority size: -1, State: 0, Mode: NON_LEADER, active raft config: opid_index: -1 OBSOLETE_local: false peers { permanent_uuid: "12543ee65aeb4854b1693d9855dd6ee1" member_type: VOTER last_known_addr { host: "127.17.99.1" port: 33315 } } peers { permanent_uuid: "d5f5291049564814bbab751f30dc861d" member_type: VOTER last_known_addr { host: "127.17.99.2" port: 40621 } } peers { permanent_uuid: "3ca721974bbb4bf8b313b5f42c6f1cd3" member_type: VOTER last_known_addr { host: "127.17.99.3" port: 35461 } }
I20260709 13:06:52.986536 18624 leader_election.cc:290] T d6a7fcdfaea342a298aaebd2eb3e1a27 P d5f5291049564814bbab751f30dc861d [CANDIDATE]: Term 1 pre-election: Requested pre-vote from peers 12543ee65aeb4854b1693d9855dd6ee1 (127.17.99.1:33315), 3ca721974bbb4bf8b313b5f42c6f1cd3 (127.17.99.3:35461)
I20260709 13:06:52.989434 18618 ts_tablet_manager.cc:1434] T 9caff38314354c588fc9df0ef532170d P 3ca721974bbb4bf8b313b5f42c6f1cd3: Time spent starting tablet: real 0.010s	user 0.006s	sys 0.000s
I20260709 13:06:52.990689 18618 tablet_bootstrap.cc:492] T d68b6594ff5f4890a0956f39b9c99f1d P 3ca721974bbb4bf8b313b5f42c6f1cd3: Bootstrap starting.
I20260709 13:06:52.994179 18617 tablet_bootstrap.cc:492] T 55176b48058e45ac82618df51908dfdf P d5f5291049564814bbab751f30dc861d: No bootstrap required, opened a new log
I20260709 13:06:52.994695 18617 ts_tablet_manager.cc:1403] T 55176b48058e45ac82618df51908dfdf P d5f5291049564814bbab751f30dc861d: Time spent bootstrapping tablet: real 0.032s	user 0.012s	sys 0.003s
I20260709 13:06:52.997716 18618 tablet_bootstrap.cc:654] T d68b6594ff5f4890a0956f39b9c99f1d P 3ca721974bbb4bf8b313b5f42c6f1cd3: Neither blocks nor log segments found. Creating new log.
I20260709 13:06:52.997648 18617 raft_consensus.cc:359] T 55176b48058e45ac82618df51908dfdf P d5f5291049564814bbab751f30dc861d [term 0 FOLLOWER]: Replica starting. Triggering 0 pending ops. Active config: opid_index: -1 OBSOLETE_local: false peers { permanent_uuid: "12543ee65aeb4854b1693d9855dd6ee1" member_type: VOTER last_known_addr { host: "127.17.99.1" port: 33315 } } peers { permanent_uuid: "d5f5291049564814bbab751f30dc861d" member_type: VOTER last_known_addr { host: "127.17.99.2" port: 40621 } } peers { permanent_uuid: "3ca721974bbb4bf8b313b5f42c6f1cd3" member_type: VOTER last_known_addr { host: "127.17.99.3" port: 35461 } }
I20260709 13:06:52.998418 18617 raft_consensus.cc:385] T 55176b48058e45ac82618df51908dfdf P d5f5291049564814bbab751f30dc861d [term 0 FOLLOWER]: Consensus starting up: Expiring failure detector timer to make a prompt election more likely
I20260709 13:06:52.998739 18617 raft_consensus.cc:740] T 55176b48058e45ac82618df51908dfdf P d5f5291049564814bbab751f30dc861d [term 0 FOLLOWER]: Becoming Follower/Learner. State: Replica: d5f5291049564814bbab751f30dc861d, State: Initialized, Role: FOLLOWER
I20260709 13:06:52.999487 18617 consensus_queue.cc:260] T 55176b48058e45ac82618df51908dfdf P d5f5291049564814bbab751f30dc861d [NON_LEADER]: Queue going to NON_LEADER mode. State: All replicated index: 0, Majority replicated index: 0, Committed index: 0, Last appended: 0.0, Last appended by leader: 0, Current term: 0, Majority size: -1, State: 0, Mode: NON_LEADER, active raft config: opid_index: -1 OBSOLETE_local: false peers { permanent_uuid: "12543ee65aeb4854b1693d9855dd6ee1" member_type: VOTER last_known_addr { host: "127.17.99.1" port: 33315 } } peers { permanent_uuid: "d5f5291049564814bbab751f30dc861d" member_type: VOTER last_known_addr { host: "127.17.99.2" port: 40621 } } peers { permanent_uuid: "3ca721974bbb4bf8b313b5f42c6f1cd3" member_type: VOTER last_known_addr { host: "127.17.99.3" port: 35461 } }
I20260709 13:06:53.005668 18577 tablet_service.cc:1917] Received RequestConsensusVote() RPC: tablet_id: "d6a7fcdfaea342a298aaebd2eb3e1a27" candidate_uuid: "d5f5291049564814bbab751f30dc861d" candidate_term: 1 candidate_status { last_received { term: 0 index: 0 } } ignore_live_leader: false dest_uuid: "3ca721974bbb4bf8b313b5f42c6f1cd3" is_pre_election: true
W20260709 13:06:53.008059 18469 leader_election.cc:343] T d6a7fcdfaea342a298aaebd2eb3e1a27 P d5f5291049564814bbab751f30dc861d [CANDIDATE]: Term 1 pre-election: Tablet error from VoteRequest() call to peer 3ca721974bbb4bf8b313b5f42c6f1cd3 (127.17.99.3:35461): Illegal state: must be running to vote when last-logged opid is not known
I20260709 13:06:53.009081 18617 ts_tablet_manager.cc:1434] T 55176b48058e45ac82618df51908dfdf P d5f5291049564814bbab751f30dc861d: Time spent starting tablet: real 0.014s	user 0.007s	sys 0.001s
I20260709 13:06:53.010238 18617 tablet_bootstrap.cc:492] T d2b965f08b90437ba01a7ec891757bb3 P d5f5291049564814bbab751f30dc861d: Bootstrap starting.
I20260709 13:06:53.011224 18618 tablet_bootstrap.cc:492] T d68b6594ff5f4890a0956f39b9c99f1d P 3ca721974bbb4bf8b313b5f42c6f1cd3: No bootstrap required, opened a new log
I20260709 13:06:53.011735 18618 ts_tablet_manager.cc:1403] T d68b6594ff5f4890a0956f39b9c99f1d P 3ca721974bbb4bf8b313b5f42c6f1cd3: Time spent bootstrapping tablet: real 0.021s	user 0.014s	sys 0.003s
I20260709 13:06:53.014923 18618 raft_consensus.cc:359] T d68b6594ff5f4890a0956f39b9c99f1d P 3ca721974bbb4bf8b313b5f42c6f1cd3 [term 0 FOLLOWER]: Replica starting. Triggering 0 pending ops. Active config: opid_index: -1 OBSOLETE_local: false peers { permanent_uuid: "12543ee65aeb4854b1693d9855dd6ee1" member_type: VOTER last_known_addr { host: "127.17.99.1" port: 33315 } } peers { permanent_uuid: "d5f5291049564814bbab751f30dc861d" member_type: VOTER last_known_addr { host: "127.17.99.2" port: 40621 } } peers { permanent_uuid: "3ca721974bbb4bf8b313b5f42c6f1cd3" member_type: VOTER last_known_addr { host: "127.17.99.3" port: 35461 } }
I20260709 13:06:53.015657 18618 raft_consensus.cc:385] T d68b6594ff5f4890a0956f39b9c99f1d P 3ca721974bbb4bf8b313b5f42c6f1cd3 [term 0 FOLLOWER]: Consensus starting up: Expiring failure detector timer to make a prompt election more likely
I20260709 13:06:53.015976 18618 raft_consensus.cc:740] T d68b6594ff5f4890a0956f39b9c99f1d P 3ca721974bbb4bf8b313b5f42c6f1cd3 [term 0 FOLLOWER]: Becoming Follower/Learner. State: Replica: 3ca721974bbb4bf8b313b5f42c6f1cd3, State: Initialized, Role: FOLLOWER
I20260709 13:06:53.016734 18618 consensus_queue.cc:260] T d68b6594ff5f4890a0956f39b9c99f1d P 3ca721974bbb4bf8b313b5f42c6f1cd3 [NON_LEADER]: Queue going to NON_LEADER mode. State: All replicated index: 0, Majority replicated index: 0, Committed index: 0, Last appended: 0.0, Last appended by leader: 0, Current term: 0, Majority size: -1, State: 0, Mode: NON_LEADER, active raft config: opid_index: -1 OBSOLETE_local: false peers { permanent_uuid: "12543ee65aeb4854b1693d9855dd6ee1" member_type: VOTER last_known_addr { host: "127.17.99.1" port: 33315 } } peers { permanent_uuid: "d5f5291049564814bbab751f30dc861d" member_type: VOTER last_known_addr { host: "127.17.99.2" port: 40621 } } peers { permanent_uuid: "3ca721974bbb4bf8b313b5f42c6f1cd3" member_type: VOTER last_known_addr { host: "127.17.99.3" port: 35461 } }
I20260709 13:06:53.023703 18617 tablet_bootstrap.cc:654] T d2b965f08b90437ba01a7ec891757bb3 P d5f5291049564814bbab751f30dc861d: Neither blocks nor log segments found. Creating new log.
I20260709 13:06:53.024787 18618 ts_tablet_manager.cc:1434] T d68b6594ff5f4890a0956f39b9c99f1d P 3ca721974bbb4bf8b313b5f42c6f1cd3: Time spent starting tablet: real 0.013s	user 0.010s	sys 0.000s
I20260709 13:06:53.025947 18618 tablet_bootstrap.cc:492] T 679d33336dd34b878fa1968bd2a76d68 P 3ca721974bbb4bf8b313b5f42c6f1cd3: Bootstrap starting.
I20260709 13:06:53.027760 18624 raft_consensus.cc:493] T 55176b48058e45ac82618df51908dfdf P d5f5291049564814bbab751f30dc861d [term 0 FOLLOWER]: Starting pre-election (no leader contacted us within the election timeout)
I20260709 13:06:53.028383 18624 raft_consensus.cc:515] T 55176b48058e45ac82618df51908dfdf P d5f5291049564814bbab751f30dc861d [term 0 FOLLOWER]: Starting pre-election with config: opid_index: -1 OBSOLETE_local: false peers { permanent_uuid: "12543ee65aeb4854b1693d9855dd6ee1" member_type: VOTER last_known_addr { host: "127.17.99.1" port: 33315 } } peers { permanent_uuid: "d5f5291049564814bbab751f30dc861d" member_type: VOTER last_known_addr { host: "127.17.99.2" port: 40621 } } peers { permanent_uuid: "3ca721974bbb4bf8b313b5f42c6f1cd3" member_type: VOTER last_known_addr { host: "127.17.99.3" port: 35461 } }
I20260709 13:06:53.031003 18624 leader_election.cc:290] T 55176b48058e45ac82618df51908dfdf P d5f5291049564814bbab751f30dc861d [CANDIDATE]: Term 1 pre-election: Requested pre-vote from peers 12543ee65aeb4854b1693d9855dd6ee1 (127.17.99.1:33315), 3ca721974bbb4bf8b313b5f42c6f1cd3 (127.17.99.3:35461)
I20260709 13:06:53.033149 18577 tablet_service.cc:1917] Received RequestConsensusVote() RPC: tablet_id: "55176b48058e45ac82618df51908dfdf" candidate_uuid: "d5f5291049564814bbab751f30dc861d" candidate_term: 1 candidate_status { last_received { term: 0 index: 0 } } ignore_live_leader: false dest_uuid: "3ca721974bbb4bf8b313b5f42c6f1cd3" is_pre_election: true
W20260709 13:06:53.034926 18469 leader_election.cc:343] T 55176b48058e45ac82618df51908dfdf P d5f5291049564814bbab751f30dc861d [CANDIDATE]: Term 1 pre-election: Tablet error from VoteRequest() call to peer 3ca721974bbb4bf8b313b5f42c6f1cd3 (127.17.99.3:35461): Illegal state: must be running to vote when last-logged opid is not known
I20260709 13:06:53.039639 18618 tablet_bootstrap.cc:654] T 679d33336dd34b878fa1968bd2a76d68 P 3ca721974bbb4bf8b313b5f42c6f1cd3: Neither blocks nor log segments found. Creating new log.
I20260709 13:06:53.044806 18617 tablet_bootstrap.cc:492] T d2b965f08b90437ba01a7ec891757bb3 P d5f5291049564814bbab751f30dc861d: No bootstrap required, opened a new log
I20260709 13:06:53.045451 18617 ts_tablet_manager.cc:1403] T d2b965f08b90437ba01a7ec891757bb3 P d5f5291049564814bbab751f30dc861d: Time spent bootstrapping tablet: real 0.036s	user 0.017s	sys 0.012s
I20260709 13:06:53.049185 18617 raft_consensus.cc:359] T d2b965f08b90437ba01a7ec891757bb3 P d5f5291049564814bbab751f30dc861d [term 0 FOLLOWER]: Replica starting. Triggering 0 pending ops. Active config: opid_index: -1 OBSOLETE_local: false peers { permanent_uuid: "d5f5291049564814bbab751f30dc861d" member_type: VOTER last_known_addr { host: "127.17.99.2" port: 40621 } } peers { permanent_uuid: "12543ee65aeb4854b1693d9855dd6ee1" member_type: VOTER last_known_addr { host: "127.17.99.1" port: 33315 } } peers { permanent_uuid: "3ca721974bbb4bf8b313b5f42c6f1cd3" member_type: VOTER last_known_addr { host: "127.17.99.3" port: 35461 } }
I20260709 13:06:53.050145 18617 raft_consensus.cc:385] T d2b965f08b90437ba01a7ec891757bb3 P d5f5291049564814bbab751f30dc861d [term 0 FOLLOWER]: Consensus starting up: Expiring failure detector timer to make a prompt election more likely
I20260709 13:06:53.050498 18617 raft_consensus.cc:740] T d2b965f08b90437ba01a7ec891757bb3 P d5f5291049564814bbab751f30dc861d [term 0 FOLLOWER]: Becoming Follower/Learner. State: Replica: d5f5291049564814bbab751f30dc861d, State: Initialized, Role: FOLLOWER
I20260709 13:06:53.051285 18617 consensus_queue.cc:260] T d2b965f08b90437ba01a7ec891757bb3 P d5f5291049564814bbab751f30dc861d [NON_LEADER]: Queue going to NON_LEADER mode. State: All replicated index: 0, Majority replicated index: 0, Committed index: 0, Last appended: 0.0, Last appended by leader: 0, Current term: 0, Majority size: -1, State: 0, Mode: NON_LEADER, active raft config: opid_index: -1 OBSOLETE_local: false peers { permanent_uuid: "d5f5291049564814bbab751f30dc861d" member_type: VOTER last_known_addr { host: "127.17.99.2" port: 40621 } } peers { permanent_uuid: "12543ee65aeb4854b1693d9855dd6ee1" member_type: VOTER last_known_addr { host: "127.17.99.1" port: 33315 } } peers { permanent_uuid: "3ca721974bbb4bf8b313b5f42c6f1cd3" member_type: VOTER last_known_addr { host: "127.17.99.3" port: 35461 } }
I20260709 13:06:53.053663 18617 ts_tablet_manager.cc:1434] T d2b965f08b90437ba01a7ec891757bb3 P d5f5291049564814bbab751f30dc861d: Time spent starting tablet: real 0.008s	user 0.007s	sys 0.001s
I20260709 13:06:53.054157 18428 tablet_service.cc:1917] Received RequestConsensusVote() RPC: tablet_id: "d6a7fcdfaea342a298aaebd2eb3e1a27" candidate_uuid: "d5f5291049564814bbab751f30dc861d" candidate_term: 1 candidate_status { last_received { term: 0 index: 0 } } ignore_live_leader: false dest_uuid: "12543ee65aeb4854b1693d9855dd6ee1" is_pre_election: true
I20260709 13:06:53.054595 18617 tablet_bootstrap.cc:492] T 9caff38314354c588fc9df0ef532170d P d5f5291049564814bbab751f30dc861d: Bootstrap starting.
I20260709 13:06:53.059819 18619 tablet_bootstrap.cc:492] T d6a7fcdfaea342a298aaebd2eb3e1a27 P 12543ee65aeb4854b1693d9855dd6ee1: No bootstrap required, opened a new log
I20260709 13:06:53.060495 18619 ts_tablet_manager.cc:1403] T d6a7fcdfaea342a298aaebd2eb3e1a27 P 12543ee65aeb4854b1693d9855dd6ee1: Time spent bootstrapping tablet: real 0.085s	user 0.023s	sys 0.030s
I20260709 13:06:53.061269 18617 tablet_bootstrap.cc:654] T 9caff38314354c588fc9df0ef532170d P d5f5291049564814bbab751f30dc861d: Neither blocks nor log segments found. Creating new log.
I20260709 13:06:53.065687 18428 tablet_service.cc:1917] Received RequestConsensusVote() RPC: tablet_id: "55176b48058e45ac82618df51908dfdf" candidate_uuid: "d5f5291049564814bbab751f30dc861d" candidate_term: 1 candidate_status { last_received { term: 0 index: 0 } } ignore_live_leader: false dest_uuid: "12543ee65aeb4854b1693d9855dd6ee1" is_pre_election: true
I20260709 13:06:53.064496 18619 raft_consensus.cc:359] T d6a7fcdfaea342a298aaebd2eb3e1a27 P 12543ee65aeb4854b1693d9855dd6ee1 [term 0 FOLLOWER]: Replica starting. Triggering 0 pending ops. Active config: opid_index: -1 OBSOLETE_local: false peers { permanent_uuid: "12543ee65aeb4854b1693d9855dd6ee1" member_type: VOTER last_known_addr { host: "127.17.99.1" port: 33315 } } peers { permanent_uuid: "d5f5291049564814bbab751f30dc861d" member_type: VOTER last_known_addr { host: "127.17.99.2" port: 40621 } } peers { permanent_uuid: "3ca721974bbb4bf8b313b5f42c6f1cd3" member_type: VOTER last_known_addr { host: "127.17.99.3" port: 35461 } }
I20260709 13:06:53.066679 18619 raft_consensus.cc:385] T d6a7fcdfaea342a298aaebd2eb3e1a27 P 12543ee65aeb4854b1693d9855dd6ee1 [term 0 FOLLOWER]: Consensus starting up: Expiring failure detector timer to make a prompt election more likely
I20260709 13:06:53.067018 18619 raft_consensus.cc:740] T d6a7fcdfaea342a298aaebd2eb3e1a27 P 12543ee65aeb4854b1693d9855dd6ee1 [term 0 FOLLOWER]: Becoming Follower/Learner. State: Replica: 12543ee65aeb4854b1693d9855dd6ee1, State: Initialized, Role: FOLLOWER
I20260709 13:06:53.067938 18618 tablet_bootstrap.cc:492] T 679d33336dd34b878fa1968bd2a76d68 P 3ca721974bbb4bf8b313b5f42c6f1cd3: No bootstrap required, opened a new log
W20260709 13:06:53.067895 18467 leader_election.cc:343] T d6a7fcdfaea342a298aaebd2eb3e1a27 P d5f5291049564814bbab751f30dc861d [CANDIDATE]: Term 1 pre-election: Tablet error from VoteRequest() call to peer 12543ee65aeb4854b1693d9855dd6ee1 (127.17.99.1:33315): Illegal state: must be running to vote when last-logged opid is not known
I20260709 13:06:53.067809 18619 consensus_queue.cc:260] T d6a7fcdfaea342a298aaebd2eb3e1a27 P 12543ee65aeb4854b1693d9855dd6ee1 [NON_LEADER]: Queue going to NON_LEADER mode. State: All replicated index: 0, Majority replicated index: 0, Committed index: 0, Last appended: 0.0, Last appended by leader: 0, Current term: 0, Majority size: -1, State: 0, Mode: NON_LEADER, active raft config: opid_index: -1 OBSOLETE_local: false peers { permanent_uuid: "12543ee65aeb4854b1693d9855dd6ee1" member_type: VOTER last_known_addr { host: "127.17.99.1" port: 33315 } } peers { permanent_uuid: "d5f5291049564814bbab751f30dc861d" member_type: VOTER last_known_addr { host: "127.17.99.2" port: 40621 } } peers { permanent_uuid: "3ca721974bbb4bf8b313b5f42c6f1cd3" member_type: VOTER last_known_addr { host: "127.17.99.3" port: 35461 } }
I20260709 13:06:53.068449 18618 ts_tablet_manager.cc:1403] T 679d33336dd34b878fa1968bd2a76d68 P 3ca721974bbb4bf8b313b5f42c6f1cd3: Time spent bootstrapping tablet: real 0.043s	user 0.010s	sys 0.016s
I20260709 13:06:53.070268 18619 ts_tablet_manager.cc:1434] T d6a7fcdfaea342a298aaebd2eb3e1a27 P 12543ee65aeb4854b1693d9855dd6ee1: Time spent starting tablet: real 0.009s	user 0.010s	sys 0.000s
I20260709 13:06:53.071249 18619 tablet_bootstrap.cc:492] T 55176b48058e45ac82618df51908dfdf P 12543ee65aeb4854b1693d9855dd6ee1: Bootstrap starting.
I20260709 13:06:53.071626 18618 raft_consensus.cc:359] T 679d33336dd34b878fa1968bd2a76d68 P 3ca721974bbb4bf8b313b5f42c6f1cd3 [term 0 FOLLOWER]: Replica starting. Triggering 0 pending ops. Active config: opid_index: -1 OBSOLETE_local: false peers { permanent_uuid: "12543ee65aeb4854b1693d9855dd6ee1" member_type: VOTER last_known_addr { host: "127.17.99.1" port: 33315 } } peers { permanent_uuid: "d5f5291049564814bbab751f30dc861d" member_type: VOTER last_known_addr { host: "127.17.99.2" port: 40621 } } peers { permanent_uuid: "3ca721974bbb4bf8b313b5f42c6f1cd3" member_type: VOTER last_known_addr { host: "127.17.99.3" port: 35461 } }
I20260709 13:06:53.068778 18467 leader_election.cc:304] T d6a7fcdfaea342a298aaebd2eb3e1a27 P d5f5291049564814bbab751f30dc861d [CANDIDATE]: Term 1 pre-election: Election decided. Result: candidate lost. Election summary: received 3 responses out of 3 voters: 1 yes votes; 2 no votes. yes voters: d5f5291049564814bbab751f30dc861d; no voters: 12543ee65aeb4854b1693d9855dd6ee1, 3ca721974bbb4bf8b313b5f42c6f1cd3
I20260709 13:06:53.072394 18618 raft_consensus.cc:385] T 679d33336dd34b878fa1968bd2a76d68 P 3ca721974bbb4bf8b313b5f42c6f1cd3 [term 0 FOLLOWER]: Consensus starting up: Expiring failure detector timer to make a prompt election more likely
I20260709 13:06:53.072798 18618 raft_consensus.cc:740] T 679d33336dd34b878fa1968bd2a76d68 P 3ca721974bbb4bf8b313b5f42c6f1cd3 [term 0 FOLLOWER]: Becoming Follower/Learner. State: Replica: 3ca721974bbb4bf8b313b5f42c6f1cd3, State: Initialized, Role: FOLLOWER
I20260709 13:06:53.073320 18624 raft_consensus.cc:2749] T d6a7fcdfaea342a298aaebd2eb3e1a27 P d5f5291049564814bbab751f30dc861d [term 0 FOLLOWER]: Leader pre-election lost for term 1. Reason: could not achieve majority
I20260709 13:06:53.073714 18618 consensus_queue.cc:260] T 679d33336dd34b878fa1968bd2a76d68 P 3ca721974bbb4bf8b313b5f42c6f1cd3 [NON_LEADER]: Queue going to NON_LEADER mode. State: All replicated index: 0, Majority replicated index: 0, Committed index: 0, Last appended: 0.0, Last appended by leader: 0, Current term: 0, Majority size: -1, State: 0, Mode: NON_LEADER, active raft config: opid_index: -1 OBSOLETE_local: false peers { permanent_uuid: "12543ee65aeb4854b1693d9855dd6ee1" member_type: VOTER last_known_addr { host: "127.17.99.1" port: 33315 } } peers { permanent_uuid: "d5f5291049564814bbab751f30dc861d" member_type: VOTER last_known_addr { host: "127.17.99.2" port: 40621 } } peers { permanent_uuid: "3ca721974bbb4bf8b313b5f42c6f1cd3" member_type: VOTER last_known_addr { host: "127.17.99.3" port: 35461 } }
W20260709 13:06:53.074682 18467 leader_election.cc:343] T 55176b48058e45ac82618df51908dfdf P d5f5291049564814bbab751f30dc861d [CANDIDATE]: Term 1 pre-election: Tablet error from VoteRequest() call to peer 12543ee65aeb4854b1693d9855dd6ee1 (127.17.99.1:33315): Illegal state: must be running to vote when last-logged opid is not known
I20260709 13:06:53.075168 18467 leader_election.cc:304] T 55176b48058e45ac82618df51908dfdf P d5f5291049564814bbab751f30dc861d [CANDIDATE]: Term 1 pre-election: Election decided. Result: candidate lost. Election summary: received 3 responses out of 3 voters: 1 yes votes; 2 no votes. yes voters: d5f5291049564814bbab751f30dc861d; no voters: 12543ee65aeb4854b1693d9855dd6ee1, 3ca721974bbb4bf8b313b5f42c6f1cd3
I20260709 13:06:53.077253 18624 raft_consensus.cc:2749] T 55176b48058e45ac82618df51908dfdf P d5f5291049564814bbab751f30dc861d [term 0 FOLLOWER]: Leader pre-election lost for term 1. Reason: could not achieve majority
I20260709 13:06:53.078636 18619 tablet_bootstrap.cc:654] T 55176b48058e45ac82618df51908dfdf P 12543ee65aeb4854b1693d9855dd6ee1: Neither blocks nor log segments found. Creating new log.
I20260709 13:06:53.079357 18618 ts_tablet_manager.cc:1434] T 679d33336dd34b878fa1968bd2a76d68 P 3ca721974bbb4bf8b313b5f42c6f1cd3: Time spent starting tablet: real 0.011s	user 0.003s	sys 0.003s
I20260709 13:06:53.080442 18618 tablet_bootstrap.cc:492] T 55176b48058e45ac82618df51908dfdf P 3ca721974bbb4bf8b313b5f42c6f1cd3: Bootstrap starting.
I20260709 13:06:53.075474 18617 tablet_bootstrap.cc:492] T 9caff38314354c588fc9df0ef532170d P d5f5291049564814bbab751f30dc861d: No bootstrap required, opened a new log
I20260709 13:06:53.081287 18617 ts_tablet_manager.cc:1403] T 9caff38314354c588fc9df0ef532170d P d5f5291049564814bbab751f30dc861d: Time spent bootstrapping tablet: real 0.027s	user 0.012s	sys 0.005s
I20260709 13:06:53.084354 18617 raft_consensus.cc:359] T 9caff38314354c588fc9df0ef532170d P d5f5291049564814bbab751f30dc861d [term 0 FOLLOWER]: Replica starting. Triggering 0 pending ops. Active config: opid_index: -1 OBSOLETE_local: false peers { permanent_uuid: "12543ee65aeb4854b1693d9855dd6ee1" member_type: VOTER last_known_addr { host: "127.17.99.1" port: 33315 } } peers { permanent_uuid: "d5f5291049564814bbab751f30dc861d" member_type: VOTER last_known_addr { host: "127.17.99.2" port: 40621 } } peers { permanent_uuid: "3ca721974bbb4bf8b313b5f42c6f1cd3" member_type: VOTER last_known_addr { host: "127.17.99.3" port: 35461 } }
I20260709 13:06:53.085093 18617 raft_consensus.cc:385] T 9caff38314354c588fc9df0ef532170d P d5f5291049564814bbab751f30dc861d [term 0 FOLLOWER]: Consensus starting up: Expiring failure detector timer to make a prompt election more likely
I20260709 13:06:53.085402 18617 raft_consensus.cc:740] T 9caff38314354c588fc9df0ef532170d P d5f5291049564814bbab751f30dc861d [term 0 FOLLOWER]: Becoming Follower/Learner. State: Replica: d5f5291049564814bbab751f30dc861d, State: Initialized, Role: FOLLOWER
I20260709 13:06:53.086100 18617 consensus_queue.cc:260] T 9caff38314354c588fc9df0ef532170d P d5f5291049564814bbab751f30dc861d [NON_LEADER]: Queue going to NON_LEADER mode. State: All replicated index: 0, Majority replicated index: 0, Committed index: 0, Last appended: 0.0, Last appended by leader: 0, Current term: 0, Majority size: -1, State: 0, Mode: NON_LEADER, active raft config: opid_index: -1 OBSOLETE_local: false peers { permanent_uuid: "12543ee65aeb4854b1693d9855dd6ee1" member_type: VOTER last_known_addr { host: "127.17.99.1" port: 33315 } } peers { permanent_uuid: "d5f5291049564814bbab751f30dc861d" member_type: VOTER last_known_addr { host: "127.17.99.2" port: 40621 } } peers { permanent_uuid: "3ca721974bbb4bf8b313b5f42c6f1cd3" member_type: VOTER last_known_addr { host: "127.17.99.3" port: 35461 } }
I20260709 13:06:53.088809 18618 tablet_bootstrap.cc:654] T 55176b48058e45ac82618df51908dfdf P 3ca721974bbb4bf8b313b5f42c6f1cd3: Neither blocks nor log segments found. Creating new log.
I20260709 13:06:53.090430 18617 ts_tablet_manager.cc:1434] T 9caff38314354c588fc9df0ef532170d P d5f5291049564814bbab751f30dc861d: Time spent starting tablet: real 0.009s	user 0.001s	sys 0.005s
I20260709 13:06:53.091398 18617 tablet_bootstrap.cc:492] T d68b6594ff5f4890a0956f39b9c99f1d P d5f5291049564814bbab751f30dc861d: Bootstrap starting.
I20260709 13:06:53.096051 18619 tablet_bootstrap.cc:492] T 55176b48058e45ac82618df51908dfdf P 12543ee65aeb4854b1693d9855dd6ee1: No bootstrap required, opened a new log
I20260709 13:06:53.096565 18619 ts_tablet_manager.cc:1403] T 55176b48058e45ac82618df51908dfdf P 12543ee65aeb4854b1693d9855dd6ee1: Time spent bootstrapping tablet: real 0.026s	user 0.020s	sys 0.001s
I20260709 13:06:53.098155 18617 tablet_bootstrap.cc:654] T d68b6594ff5f4890a0956f39b9c99f1d P d5f5291049564814bbab751f30dc861d: Neither blocks nor log segments found. Creating new log.
I20260709 13:06:53.099896 18619 raft_consensus.cc:359] T 55176b48058e45ac82618df51908dfdf P 12543ee65aeb4854b1693d9855dd6ee1 [term 0 FOLLOWER]: Replica starting. Triggering 0 pending ops. Active config: opid_index: -1 OBSOLETE_local: false peers { permanent_uuid: "12543ee65aeb4854b1693d9855dd6ee1" member_type: VOTER last_known_addr { host: "127.17.99.1" port: 33315 } } peers { permanent_uuid: "d5f5291049564814bbab751f30dc861d" member_type: VOTER last_known_addr { host: "127.17.99.2" port: 40621 } } peers { permanent_uuid: "3ca721974bbb4bf8b313b5f42c6f1cd3" member_type: VOTER last_known_addr { host: "127.17.99.3" port: 35461 } }
I20260709 13:06:53.100679 18619 raft_consensus.cc:385] T 55176b48058e45ac82618df51908dfdf P 12543ee65aeb4854b1693d9855dd6ee1 [term 0 FOLLOWER]: Consensus starting up: Expiring failure detector timer to make a prompt election more likely
I20260709 13:06:53.100960 18619 raft_consensus.cc:740] T 55176b48058e45ac82618df51908dfdf P 12543ee65aeb4854b1693d9855dd6ee1 [term 0 FOLLOWER]: Becoming Follower/Learner. State: Replica: 12543ee65aeb4854b1693d9855dd6ee1, State: Initialized, Role: FOLLOWER
I20260709 13:06:53.101668 18619 consensus_queue.cc:260] T 55176b48058e45ac82618df51908dfdf P 12543ee65aeb4854b1693d9855dd6ee1 [NON_LEADER]: Queue going to NON_LEADER mode. State: All replicated index: 0, Majority replicated index: 0, Committed index: 0, Last appended: 0.0, Last appended by leader: 0, Current term: 0, Majority size: -1, State: 0, Mode: NON_LEADER, active raft config: opid_index: -1 OBSOLETE_local: false peers { permanent_uuid: "12543ee65aeb4854b1693d9855dd6ee1" member_type: VOTER last_known_addr { host: "127.17.99.1" port: 33315 } } peers { permanent_uuid: "d5f5291049564814bbab751f30dc861d" member_type: VOTER last_known_addr { host: "127.17.99.2" port: 40621 } } peers { permanent_uuid: "3ca721974bbb4bf8b313b5f42c6f1cd3" member_type: VOTER last_known_addr { host: "127.17.99.3" port: 35461 } }
I20260709 13:06:53.103909 18619 ts_tablet_manager.cc:1434] T 55176b48058e45ac82618df51908dfdf P 12543ee65aeb4854b1693d9855dd6ee1: Time spent starting tablet: real 0.007s	user 0.008s	sys 0.000s
I20260709 13:06:53.104933 18619 tablet_bootstrap.cc:492] T acafb410782b4db78bde7ffc5717a93c P 12543ee65aeb4854b1693d9855dd6ee1: Bootstrap starting.
I20260709 13:06:53.107975 18618 tablet_bootstrap.cc:492] T 55176b48058e45ac82618df51908dfdf P 3ca721974bbb4bf8b313b5f42c6f1cd3: No bootstrap required, opened a new log
I20260709 13:06:53.108518 18618 ts_tablet_manager.cc:1403] T 55176b48058e45ac82618df51908dfdf P 3ca721974bbb4bf8b313b5f42c6f1cd3: Time spent bootstrapping tablet: real 0.028s	user 0.014s	sys 0.007s
I20260709 13:06:53.112030 18619 tablet_bootstrap.cc:654] T acafb410782b4db78bde7ffc5717a93c P 12543ee65aeb4854b1693d9855dd6ee1: Neither blocks nor log segments found. Creating new log.
I20260709 13:06:53.112180 18618 raft_consensus.cc:359] T 55176b48058e45ac82618df51908dfdf P 3ca721974bbb4bf8b313b5f42c6f1cd3 [term 0 FOLLOWER]: Replica starting. Triggering 0 pending ops. Active config: opid_index: -1 OBSOLETE_local: false peers { permanent_uuid: "12543ee65aeb4854b1693d9855dd6ee1" member_type: VOTER last_known_addr { host: "127.17.99.1" port: 33315 } } peers { permanent_uuid: "d5f5291049564814bbab751f30dc861d" member_type: VOTER last_known_addr { host: "127.17.99.2" port: 40621 } } peers { permanent_uuid: "3ca721974bbb4bf8b313b5f42c6f1cd3" member_type: VOTER last_known_addr { host: "127.17.99.3" port: 35461 } }
I20260709 13:06:53.113386 18618 raft_consensus.cc:385] T 55176b48058e45ac82618df51908dfdf P 3ca721974bbb4bf8b313b5f42c6f1cd3 [term 0 FOLLOWER]: Consensus starting up: Expiring failure detector timer to make a prompt election more likely
I20260709 13:06:53.113822 18618 raft_consensus.cc:740] T 55176b48058e45ac82618df51908dfdf P 3ca721974bbb4bf8b313b5f42c6f1cd3 [term 0 FOLLOWER]: Becoming Follower/Learner. State: Replica: 3ca721974bbb4bf8b313b5f42c6f1cd3, State: Initialized, Role: FOLLOWER
I20260709 13:06:53.114953 18618 consensus_queue.cc:260] T 55176b48058e45ac82618df51908dfdf P 3ca721974bbb4bf8b313b5f42c6f1cd3 [NON_LEADER]: Queue going to NON_LEADER mode. State: All replicated index: 0, Majority replicated index: 0, Committed index: 0, Last appended: 0.0, Last appended by leader: 0, Current term: 0, Majority size: -1, State: 0, Mode: NON_LEADER, active raft config: opid_index: -1 OBSOLETE_local: false peers { permanent_uuid: "12543ee65aeb4854b1693d9855dd6ee1" member_type: VOTER last_known_addr { host: "127.17.99.1" port: 33315 } } peers { permanent_uuid: "d5f5291049564814bbab751f30dc861d" member_type: VOTER last_known_addr { host: "127.17.99.2" port: 40621 } } peers { permanent_uuid: "3ca721974bbb4bf8b313b5f42c6f1cd3" member_type: VOTER last_known_addr { host: "127.17.99.3" port: 35461 } }
I20260709 13:06:53.118407 18618 ts_tablet_manager.cc:1434] T 55176b48058e45ac82618df51908dfdf P 3ca721974bbb4bf8b313b5f42c6f1cd3: Time spent starting tablet: real 0.009s	user 0.009s	sys 0.000s
I20260709 13:06:53.119586 18618 tablet_bootstrap.cc:492] T acafb410782b4db78bde7ffc5717a93c P 3ca721974bbb4bf8b313b5f42c6f1cd3: Bootstrap starting.
I20260709 13:06:53.128139 18618 tablet_bootstrap.cc:654] T acafb410782b4db78bde7ffc5717a93c P 3ca721974bbb4bf8b313b5f42c6f1cd3: Neither blocks nor log segments found. Creating new log.
I20260709 13:06:53.141803 18617 tablet_bootstrap.cc:492] T d68b6594ff5f4890a0956f39b9c99f1d P d5f5291049564814bbab751f30dc861d: No bootstrap required, opened a new log
I20260709 13:06:53.141861 18619 tablet_bootstrap.cc:492] T acafb410782b4db78bde7ffc5717a93c P 12543ee65aeb4854b1693d9855dd6ee1: No bootstrap required, opened a new log
I20260709 13:06:53.142300 18617 ts_tablet_manager.cc:1403] T d68b6594ff5f4890a0956f39b9c99f1d P d5f5291049564814bbab751f30dc861d: Time spent bootstrapping tablet: real 0.051s	user 0.023s	sys 0.016s
I20260709 13:06:53.142426 18619 ts_tablet_manager.cc:1403] T acafb410782b4db78bde7ffc5717a93c P 12543ee65aeb4854b1693d9855dd6ee1: Time spent bootstrapping tablet: real 0.038s	user 0.014s	sys 0.023s
I20260709 13:06:53.142742 18618 tablet_bootstrap.cc:492] T acafb410782b4db78bde7ffc5717a93c P 3ca721974bbb4bf8b313b5f42c6f1cd3: No bootstrap required, opened a new log
I20260709 13:06:53.143219 18618 ts_tablet_manager.cc:1403] T acafb410782b4db78bde7ffc5717a93c P 3ca721974bbb4bf8b313b5f42c6f1cd3: Time spent bootstrapping tablet: real 0.024s	user 0.010s	sys 0.011s
I20260709 13:06:53.144567 18617 raft_consensus.cc:359] T d68b6594ff5f4890a0956f39b9c99f1d P d5f5291049564814bbab751f30dc861d [term 0 FOLLOWER]: Replica starting. Triggering 0 pending ops. Active config: opid_index: -1 OBSOLETE_local: false peers { permanent_uuid: "12543ee65aeb4854b1693d9855dd6ee1" member_type: VOTER last_known_addr { host: "127.17.99.1" port: 33315 } } peers { permanent_uuid: "d5f5291049564814bbab751f30dc861d" member_type: VOTER last_known_addr { host: "127.17.99.2" port: 40621 } } peers { permanent_uuid: "3ca721974bbb4bf8b313b5f42c6f1cd3" member_type: VOTER last_known_addr { host: "127.17.99.3" port: 35461 } }
I20260709 13:06:53.145169 18617 raft_consensus.cc:385] T d68b6594ff5f4890a0956f39b9c99f1d P d5f5291049564814bbab751f30dc861d [term 0 FOLLOWER]: Consensus starting up: Expiring failure detector timer to make a prompt election more likely
I20260709 13:06:53.145412 18617 raft_consensus.cc:740] T d68b6594ff5f4890a0956f39b9c99f1d P d5f5291049564814bbab751f30dc861d [term 0 FOLLOWER]: Becoming Follower/Learner. State: Replica: d5f5291049564814bbab751f30dc861d, State: Initialized, Role: FOLLOWER
I20260709 13:06:53.145542 18619 raft_consensus.cc:359] T acafb410782b4db78bde7ffc5717a93c P 12543ee65aeb4854b1693d9855dd6ee1 [term 0 FOLLOWER]: Replica starting. Triggering 0 pending ops. Active config: opid_index: -1 OBSOLETE_local: false peers { permanent_uuid: "12543ee65aeb4854b1693d9855dd6ee1" member_type: VOTER last_known_addr { host: "127.17.99.1" port: 33315 } } peers { permanent_uuid: "d5f5291049564814bbab751f30dc861d" member_type: VOTER last_known_addr { host: "127.17.99.2" port: 40621 } } peers { permanent_uuid: "3ca721974bbb4bf8b313b5f42c6f1cd3" member_type: VOTER last_known_addr { host: "127.17.99.3" port: 35461 } }
I20260709 13:06:53.146057 18617 consensus_queue.cc:260] T d68b6594ff5f4890a0956f39b9c99f1d P d5f5291049564814bbab751f30dc861d [NON_LEADER]: Queue going to NON_LEADER mode. State: All replicated index: 0, Majority replicated index: 0, Committed index: 0, Last appended: 0.0, Last appended by leader: 0, Current term: 0, Majority size: -1, State: 0, Mode: NON_LEADER, active raft config: opid_index: -1 OBSOLETE_local: false peers { permanent_uuid: "12543ee65aeb4854b1693d9855dd6ee1" member_type: VOTER last_known_addr { host: "127.17.99.1" port: 33315 } } peers { permanent_uuid: "d5f5291049564814bbab751f30dc861d" member_type: VOTER last_known_addr { host: "127.17.99.2" port: 40621 } } peers { permanent_uuid: "3ca721974bbb4bf8b313b5f42c6f1cd3" member_type: VOTER last_known_addr { host: "127.17.99.3" port: 35461 } }
I20260709 13:06:53.146359 18619 raft_consensus.cc:385] T acafb410782b4db78bde7ffc5717a93c P 12543ee65aeb4854b1693d9855dd6ee1 [term 0 FOLLOWER]: Consensus starting up: Expiring failure detector timer to make a prompt election more likely
I20260709 13:06:53.146158 18618 raft_consensus.cc:359] T acafb410782b4db78bde7ffc5717a93c P 3ca721974bbb4bf8b313b5f42c6f1cd3 [term 0 FOLLOWER]: Replica starting. Triggering 0 pending ops. Active config: opid_index: -1 OBSOLETE_local: false peers { permanent_uuid: "12543ee65aeb4854b1693d9855dd6ee1" member_type: VOTER last_known_addr { host: "127.17.99.1" port: 33315 } } peers { permanent_uuid: "d5f5291049564814bbab751f30dc861d" member_type: VOTER last_known_addr { host: "127.17.99.2" port: 40621 } } peers { permanent_uuid: "3ca721974bbb4bf8b313b5f42c6f1cd3" member_type: VOTER last_known_addr { host: "127.17.99.3" port: 35461 } }
I20260709 13:06:53.146730 18619 raft_consensus.cc:740] T acafb410782b4db78bde7ffc5717a93c P 12543ee65aeb4854b1693d9855dd6ee1 [term 0 FOLLOWER]: Becoming Follower/Learner. State: Replica: 12543ee65aeb4854b1693d9855dd6ee1, State: Initialized, Role: FOLLOWER
I20260709 13:06:53.146926 18618 raft_consensus.cc:385] T acafb410782b4db78bde7ffc5717a93c P 3ca721974bbb4bf8b313b5f42c6f1cd3 [term 0 FOLLOWER]: Consensus starting up: Expiring failure detector timer to make a prompt election more likely
I20260709 13:06:53.147281 18618 raft_consensus.cc:740] T acafb410782b4db78bde7ffc5717a93c P 3ca721974bbb4bf8b313b5f42c6f1cd3 [term 0 FOLLOWER]: Becoming Follower/Learner. State: Replica: 3ca721974bbb4bf8b313b5f42c6f1cd3, State: Initialized, Role: FOLLOWER
I20260709 13:06:53.148168 18617 ts_tablet_manager.cc:1434] T d68b6594ff5f4890a0956f39b9c99f1d P d5f5291049564814bbab751f30dc861d: Time spent starting tablet: real 0.006s	user 0.004s	sys 0.000s
I20260709 13:06:53.147675 18619 consensus_queue.cc:260] T acafb410782b4db78bde7ffc5717a93c P 12543ee65aeb4854b1693d9855dd6ee1 [NON_LEADER]: Queue going to NON_LEADER mode. State: All replicated index: 0, Majority replicated index: 0, Committed index: 0, Last appended: 0.0, Last appended by leader: 0, Current term: 0, Majority size: -1, State: 0, Mode: NON_LEADER, active raft config: opid_index: -1 OBSOLETE_local: false peers { permanent_uuid: "12543ee65aeb4854b1693d9855dd6ee1" member_type: VOTER last_known_addr { host: "127.17.99.1" port: 33315 } } peers { permanent_uuid: "d5f5291049564814bbab751f30dc861d" member_type: VOTER last_known_addr { host: "127.17.99.2" port: 40621 } } peers { permanent_uuid: "3ca721974bbb4bf8b313b5f42c6f1cd3" member_type: VOTER last_known_addr { host: "127.17.99.3" port: 35461 } }
I20260709 13:06:53.148053 18618 consensus_queue.cc:260] T acafb410782b4db78bde7ffc5717a93c P 3ca721974bbb4bf8b313b5f42c6f1cd3 [NON_LEADER]: Queue going to NON_LEADER mode. State: All replicated index: 0, Majority replicated index: 0, Committed index: 0, Last appended: 0.0, Last appended by leader: 0, Current term: 0, Majority size: -1, State: 0, Mode: NON_LEADER, active raft config: opid_index: -1 OBSOLETE_local: false peers { permanent_uuid: "12543ee65aeb4854b1693d9855dd6ee1" member_type: VOTER last_known_addr { host: "127.17.99.1" port: 33315 } } peers { permanent_uuid: "d5f5291049564814bbab751f30dc861d" member_type: VOTER last_known_addr { host: "127.17.99.2" port: 40621 } } peers { permanent_uuid: "3ca721974bbb4bf8b313b5f42c6f1cd3" member_type: VOTER last_known_addr { host: "127.17.99.3" port: 35461 } }
I20260709 13:06:53.149158 18617 tablet_bootstrap.cc:492] T 27dfb36a574442c6a9c50ec3f83b2f18 P d5f5291049564814bbab751f30dc861d: Bootstrap starting.
I20260709 13:06:53.154349 18618 ts_tablet_manager.cc:1434] T acafb410782b4db78bde7ffc5717a93c P 3ca721974bbb4bf8b313b5f42c6f1cd3: Time spent starting tablet: real 0.011s	user 0.004s	sys 0.004s
I20260709 13:06:53.155387 18618 tablet_bootstrap.cc:492] T d2b965f08b90437ba01a7ec891757bb3 P 3ca721974bbb4bf8b313b5f42c6f1cd3: Bootstrap starting.
I20260709 13:06:53.155936 18617 tablet_bootstrap.cc:654] T 27dfb36a574442c6a9c50ec3f83b2f18 P d5f5291049564814bbab751f30dc861d: Neither blocks nor log segments found. Creating new log.
I20260709 13:06:53.157960 18623 raft_consensus.cc:493] T 9caff38314354c588fc9df0ef532170d P 3ca721974bbb4bf8b313b5f42c6f1cd3 [term 0 FOLLOWER]: Starting pre-election (no leader contacted us within the election timeout)
I20260709 13:06:53.158460 18623 raft_consensus.cc:515] T 9caff38314354c588fc9df0ef532170d P 3ca721974bbb4bf8b313b5f42c6f1cd3 [term 0 FOLLOWER]: Starting pre-election with config: opid_index: -1 OBSOLETE_local: false peers { permanent_uuid: "12543ee65aeb4854b1693d9855dd6ee1" member_type: VOTER last_known_addr { host: "127.17.99.1" port: 33315 } } peers { permanent_uuid: "d5f5291049564814bbab751f30dc861d" member_type: VOTER last_known_addr { host: "127.17.99.2" port: 40621 } } peers { permanent_uuid: "3ca721974bbb4bf8b313b5f42c6f1cd3" member_type: VOTER last_known_addr { host: "127.17.99.3" port: 35461 } }
I20260709 13:06:53.165494 18623 leader_election.cc:290] T 9caff38314354c588fc9df0ef532170d P 3ca721974bbb4bf8b313b5f42c6f1cd3 [CANDIDATE]: Term 1 pre-election: Requested pre-vote from peers 12543ee65aeb4854b1693d9855dd6ee1 (127.17.99.1:33315), d5f5291049564814bbab751f30dc861d (127.17.99.2:40621)
I20260709 13:06:53.166155 18623 raft_consensus.cc:493] T d68b6594ff5f4890a0956f39b9c99f1d P 3ca721974bbb4bf8b313b5f42c6f1cd3 [term 0 FOLLOWER]: Starting pre-election (no leader contacted us within the election timeout)
I20260709 13:06:53.166743 18623 raft_consensus.cc:515] T d68b6594ff5f4890a0956f39b9c99f1d P 3ca721974bbb4bf8b313b5f42c6f1cd3 [term 0 FOLLOWER]: Starting pre-election with config: opid_index: -1 OBSOLETE_local: false peers { permanent_uuid: "12543ee65aeb4854b1693d9855dd6ee1" member_type: VOTER last_known_addr { host: "127.17.99.1" port: 33315 } } peers { permanent_uuid: "d5f5291049564814bbab751f30dc861d" member_type: VOTER last_known_addr { host: "127.17.99.2" port: 40621 } } peers { permanent_uuid: "3ca721974bbb4bf8b313b5f42c6f1cd3" member_type: VOTER last_known_addr { host: "127.17.99.3" port: 35461 } }
I20260709 13:06:53.169199 18619 ts_tablet_manager.cc:1434] T acafb410782b4db78bde7ffc5717a93c P 12543ee65aeb4854b1693d9855dd6ee1: Time spent starting tablet: real 0.026s	user 0.008s	sys 0.000s
I20260709 13:06:53.172246 18623 leader_election.cc:290] T d68b6594ff5f4890a0956f39b9c99f1d P 3ca721974bbb4bf8b313b5f42c6f1cd3 [CANDIDATE]: Term 1 pre-election: Requested pre-vote from peers 12543ee65aeb4854b1693d9855dd6ee1 (127.17.99.1:33315), d5f5291049564814bbab751f30dc861d (127.17.99.2:40621)
I20260709 13:06:53.175554 18619 tablet_bootstrap.cc:492] T 9caff38314354c588fc9df0ef532170d P 12543ee65aeb4854b1693d9855dd6ee1: Bootstrap starting.
I20260709 13:06:53.180301 18618 tablet_bootstrap.cc:654] T d2b965f08b90437ba01a7ec891757bb3 P 3ca721974bbb4bf8b313b5f42c6f1cd3: Neither blocks nor log segments found. Creating new log.
I20260709 13:06:53.187382 18619 tablet_bootstrap.cc:654] T 9caff38314354c588fc9df0ef532170d P 12543ee65aeb4854b1693d9855dd6ee1: Neither blocks nor log segments found. Creating new log.
I20260709 13:06:53.190652 18617 tablet_bootstrap.cc:492] T 27dfb36a574442c6a9c50ec3f83b2f18 P d5f5291049564814bbab751f30dc861d: No bootstrap required, opened a new log
I20260709 13:06:53.191320 18617 ts_tablet_manager.cc:1403] T 27dfb36a574442c6a9c50ec3f83b2f18 P d5f5291049564814bbab751f30dc861d: Time spent bootstrapping tablet: real 0.042s	user 0.029s	sys 0.011s
I20260709 13:06:53.195403 18617 raft_consensus.cc:359] T 27dfb36a574442c6a9c50ec3f83b2f18 P d5f5291049564814bbab751f30dc861d [term 0 FOLLOWER]: Replica starting. Triggering 0 pending ops. Active config: opid_index: -1 OBSOLETE_local: false peers { permanent_uuid: "12543ee65aeb4854b1693d9855dd6ee1" member_type: VOTER last_known_addr { host: "127.17.99.1" port: 33315 } } peers { permanent_uuid: "d5f5291049564814bbab751f30dc861d" member_type: VOTER last_known_addr { host: "127.17.99.2" port: 40621 } } peers { permanent_uuid: "3ca721974bbb4bf8b313b5f42c6f1cd3" member_type: VOTER last_known_addr { host: "127.17.99.3" port: 35461 } }
I20260709 13:06:53.196508 18617 raft_consensus.cc:385] T 27dfb36a574442c6a9c50ec3f83b2f18 P d5f5291049564814bbab751f30dc861d [term 0 FOLLOWER]: Consensus starting up: Expiring failure detector timer to make a prompt election more likely
I20260709 13:06:53.197013 18617 raft_consensus.cc:740] T 27dfb36a574442c6a9c50ec3f83b2f18 P d5f5291049564814bbab751f30dc861d [term 0 FOLLOWER]: Becoming Follower/Learner. State: Replica: d5f5291049564814bbab751f30dc861d, State: Initialized, Role: FOLLOWER
