I20260709 13:06:28.575132 15859 raft_consensus.cc:359] T 505ef076bb9042b18380898ddb69e034 P cd359666ef194a7a9dcd6d6c804d9922 [term 0 FOLLOWER]: Replica starting. Triggering 0 pending ops. Active config: opid_index: -1 OBSOLETE_local: false peers { permanent_uuid: "cbb967f0f74243febadbcdb299f0087c" member_type: VOTER last_known_addr { host: "127.15.42.193" port: 35325 } } peers { permanent_uuid: "cd359666ef194a7a9dcd6d6c804d9922" member_type: VOTER last_known_addr { host: "127.15.42.194" port: 39801 } } peers { permanent_uuid: "d44d64692e5647ad8515ae8356abb743" member_type: VOTER last_known_addr { host: "127.15.42.195" port: 37343 } }
I20260709 13:06:28.580966 15859 raft_consensus.cc:385] T 505ef076bb9042b18380898ddb69e034 P cd359666ef194a7a9dcd6d6c804d9922 [term 0 FOLLOWER]: Consensus starting up: Expiring failure detector timer to make a prompt election more likely
I20260709 13:06:28.581470 15859 raft_consensus.cc:740] T 505ef076bb9042b18380898ddb69e034 P cd359666ef194a7a9dcd6d6c804d9922 [term 0 FOLLOWER]: Becoming Follower/Learner. State: Replica: cd359666ef194a7a9dcd6d6c804d9922, State: Initialized, Role: FOLLOWER
I20260709 13:06:28.582158 15840 heartbeater.cc:499] Master 127.15.42.254:35983 was elected leader, sending a full tablet report...
I20260709 13:06:28.582401 15859 consensus_queue.cc:260] T 505ef076bb9042b18380898ddb69e034 P cd359666ef194a7a9dcd6d6c804d9922 [NON_LEADER]: Queue going to NON_LEADER mode. State: All replicated index: 0, Majority replicated index: 0, Committed index: 0, Last appended: 0.0, Last appended by leader: 0, Current term: 0, Majority size: -1, State: 0, Mode: NON_LEADER, active raft config: opid_index: -1 OBSOLETE_local: false peers { permanent_uuid: "cbb967f0f74243febadbcdb299f0087c" member_type: VOTER last_known_addr { host: "127.15.42.193" port: 35325 } } peers { permanent_uuid: "cd359666ef194a7a9dcd6d6c804d9922" member_type: VOTER last_known_addr { host: "127.15.42.194" port: 39801 } } peers { permanent_uuid: "d44d64692e5647ad8515ae8356abb743" member_type: VOTER last_known_addr { host: "127.15.42.195" port: 37343 } }
I20260709 13:06:28.585702 15857 ts_tablet_manager.cc:1434] T b62c5d1fc2384284968b3015154ab9a9 P d44d64692e5647ad8515ae8356abb743: Time spent starting tablet: real 0.034s	user 0.019s	sys 0.007s
I20260709 13:06:28.586696 15857 tablet_bootstrap.cc:492] T 505ef076bb9042b18380898ddb69e034 P d44d64692e5647ad8515ae8356abb743: Bootstrap starting.
I20260709 13:06:28.595753 15858 tablet_bootstrap.cc:492] T b62c5d1fc2384284968b3015154ab9a9 P cbb967f0f74243febadbcdb299f0087c: No bootstrap required, opened a new log
I20260709 13:06:28.596304 15858 ts_tablet_manager.cc:1403] T b62c5d1fc2384284968b3015154ab9a9 P cbb967f0f74243febadbcdb299f0087c: Time spent bootstrapping tablet: real 0.044s	user 0.032s	sys 0.008s
I20260709 13:06:28.596629 15766 heartbeater.cc:499] Master 127.15.42.254:35983 was elected leader, sending a full tablet report...
I20260709 13:06:28.597589 15859 ts_tablet_manager.cc:1434] T 505ef076bb9042b18380898ddb69e034 P cd359666ef194a7a9dcd6d6c804d9922: Time spent starting tablet: real 0.037s	user 0.002s	sys 0.008s
I20260709 13:06:28.598614 15859 tablet_bootstrap.cc:492] T cccf76f2ee3f4f0e8d1c4228aa1cb693 P cd359666ef194a7a9dcd6d6c804d9922: Bootstrap starting.
I20260709 13:06:28.599241 15858 raft_consensus.cc:359] T b62c5d1fc2384284968b3015154ab9a9 P cbb967f0f74243febadbcdb299f0087c [term 0 FOLLOWER]: Replica starting. Triggering 0 pending ops. Active config: opid_index: -1 OBSOLETE_local: false peers { permanent_uuid: "cd359666ef194a7a9dcd6d6c804d9922" member_type: VOTER last_known_addr { host: "127.15.42.194" port: 39801 } } peers { permanent_uuid: "cbb967f0f74243febadbcdb299f0087c" member_type: VOTER last_known_addr { host: "127.15.42.193" port: 35325 } } peers { permanent_uuid: "d44d64692e5647ad8515ae8356abb743" member_type: VOTER last_known_addr { host: "127.15.42.195" port: 37343 } }
I20260709 13:06:28.599972 15858 raft_consensus.cc:385] T b62c5d1fc2384284968b3015154ab9a9 P cbb967f0f74243febadbcdb299f0087c [term 0 FOLLOWER]: Consensus starting up: Expiring failure detector timer to make a prompt election more likely
I20260709 13:06:28.600319 15858 raft_consensus.cc:740] T b62c5d1fc2384284968b3015154ab9a9 P cbb967f0f74243febadbcdb299f0087c [term 0 FOLLOWER]: Becoming Follower/Learner. State: Replica: cbb967f0f74243febadbcdb299f0087c, State: Initialized, Role: FOLLOWER
I20260709 13:06:28.601087 15858 consensus_queue.cc:260] T b62c5d1fc2384284968b3015154ab9a9 P cbb967f0f74243febadbcdb299f0087c [NON_LEADER]: Queue going to NON_LEADER mode. State: All replicated index: 0, Majority replicated index: 0, Committed index: 0, Last appended: 0.0, Last appended by leader: 0, Current term: 0, Majority size: -1, State: 0, Mode: NON_LEADER, active raft config: opid_index: -1 OBSOLETE_local: false peers { permanent_uuid: "cd359666ef194a7a9dcd6d6c804d9922" member_type: VOTER last_known_addr { host: "127.15.42.194" port: 39801 } } peers { permanent_uuid: "cbb967f0f74243febadbcdb299f0087c" member_type: VOTER last_known_addr { host: "127.15.42.193" port: 35325 } } peers { permanent_uuid: "d44d64692e5647ad8515ae8356abb743" member_type: VOTER last_known_addr { host: "127.15.42.195" port: 37343 } }
I20260709 13:06:28.604038 15857 tablet_bootstrap.cc:654] T 505ef076bb9042b18380898ddb69e034 P d44d64692e5647ad8515ae8356abb743: Neither blocks nor log segments found. Creating new log.
W20260709 13:06:28.615345 15692 tablet.cc:2406] T 5bcbb3ff776246db9af62ba9130b4134 P cbb967f0f74243febadbcdb299f0087c: Can't schedule compaction. Clean time has not been advanced past its initial value.
I20260709 13:06:28.627767 15858 ts_tablet_manager.cc:1434] T b62c5d1fc2384284968b3015154ab9a9 P cbb967f0f74243febadbcdb299f0087c: Time spent starting tablet: real 0.031s	user 0.003s	sys 0.004s
I20260709 13:06:28.628787 15859 tablet_bootstrap.cc:654] T cccf76f2ee3f4f0e8d1c4228aa1cb693 P cd359666ef194a7a9dcd6d6c804d9922: Neither blocks nor log segments found. Creating new log.
I20260709 13:06:28.628825 15858 tablet_bootstrap.cc:492] T 07e6182a819d4ee3a8531ae174850df6 P cbb967f0f74243febadbcdb299f0087c: Bootstrap starting.
I20260709 13:06:28.636103 15858 tablet_bootstrap.cc:654] T 07e6182a819d4ee3a8531ae174850df6 P cbb967f0f74243febadbcdb299f0087c: Neither blocks nor log segments found. Creating new log.
I20260709 13:06:28.646679 15857 tablet_bootstrap.cc:492] T 505ef076bb9042b18380898ddb69e034 P d44d64692e5647ad8515ae8356abb743: No bootstrap required, opened a new log
I20260709 13:06:28.647205 15857 ts_tablet_manager.cc:1403] T 505ef076bb9042b18380898ddb69e034 P d44d64692e5647ad8515ae8356abb743: Time spent bootstrapping tablet: real 0.061s	user 0.006s	sys 0.010s
I20260709 13:06:28.647958 15859 tablet_bootstrap.cc:492] T cccf76f2ee3f4f0e8d1c4228aa1cb693 P cd359666ef194a7a9dcd6d6c804d9922: No bootstrap required, opened a new log
I20260709 13:06:28.648429 15859 ts_tablet_manager.cc:1403] T cccf76f2ee3f4f0e8d1c4228aa1cb693 P cd359666ef194a7a9dcd6d6c804d9922: Time spent bootstrapping tablet: real 0.050s	user 0.013s	sys 0.024s
I20260709 13:06:28.649001 15858 tablet_bootstrap.cc:492] T 07e6182a819d4ee3a8531ae174850df6 P cbb967f0f74243febadbcdb299f0087c: No bootstrap required, opened a new log
I20260709 13:06:28.649447 15858 ts_tablet_manager.cc:1403] T 07e6182a819d4ee3a8531ae174850df6 P cbb967f0f74243febadbcdb299f0087c: Time spent bootstrapping tablet: real 0.021s	user 0.014s	sys 0.004s
I20260709 13:06:28.650022 15857 raft_consensus.cc:359] T 505ef076bb9042b18380898ddb69e034 P d44d64692e5647ad8515ae8356abb743 [term 0 FOLLOWER]: Replica starting. Triggering 0 pending ops. Active config: opid_index: -1 OBSOLETE_local: false peers { permanent_uuid: "cbb967f0f74243febadbcdb299f0087c" member_type: VOTER last_known_addr { host: "127.15.42.193" port: 35325 } } peers { permanent_uuid: "cd359666ef194a7a9dcd6d6c804d9922" member_type: VOTER last_known_addr { host: "127.15.42.194" port: 39801 } } peers { permanent_uuid: "d44d64692e5647ad8515ae8356abb743" member_type: VOTER last_known_addr { host: "127.15.42.195" port: 37343 } }
I20260709 13:06:28.650779 15857 raft_consensus.cc:385] T 505ef076bb9042b18380898ddb69e034 P d44d64692e5647ad8515ae8356abb743 [term 0 FOLLOWER]: Consensus starting up: Expiring failure detector timer to make a prompt election more likely
I20260709 13:06:28.651072 15857 raft_consensus.cc:740] T 505ef076bb9042b18380898ddb69e034 P d44d64692e5647ad8515ae8356abb743 [term 0 FOLLOWER]: Becoming Follower/Learner. State: Replica: d44d64692e5647ad8515ae8356abb743, State: Initialized, Role: FOLLOWER
I20260709 13:06:28.651111 15859 raft_consensus.cc:359] T cccf76f2ee3f4f0e8d1c4228aa1cb693 P cd359666ef194a7a9dcd6d6c804d9922 [term 0 FOLLOWER]: Replica starting. Triggering 0 pending ops. Active config: opid_index: -1 OBSOLETE_local: false peers { permanent_uuid: "cbb967f0f74243febadbcdb299f0087c" member_type: VOTER last_known_addr { host: "127.15.42.193" port: 35325 } } peers { permanent_uuid: "cd359666ef194a7a9dcd6d6c804d9922" member_type: VOTER last_known_addr { host: "127.15.42.194" port: 39801 } } peers { permanent_uuid: "d44d64692e5647ad8515ae8356abb743" member_type: VOTER last_known_addr { host: "127.15.42.195" port: 37343 } }
I20260709 13:06:28.651898 15859 raft_consensus.cc:385] T cccf76f2ee3f4f0e8d1c4228aa1cb693 P cd359666ef194a7a9dcd6d6c804d9922 [term 0 FOLLOWER]: Consensus starting up: Expiring failure detector timer to make a prompt election more likely
I20260709 13:06:28.652324 15859 raft_consensus.cc:740] T cccf76f2ee3f4f0e8d1c4228aa1cb693 P cd359666ef194a7a9dcd6d6c804d9922 [term 0 FOLLOWER]: Becoming Follower/Learner. State: Replica: cd359666ef194a7a9dcd6d6c804d9922, State: Initialized, Role: FOLLOWER
I20260709 13:06:28.651904 15857 consensus_queue.cc:260] T 505ef076bb9042b18380898ddb69e034 P d44d64692e5647ad8515ae8356abb743 [NON_LEADER]: Queue going to NON_LEADER mode. State: All replicated index: 0, Majority replicated index: 0, Committed index: 0, Last appended: 0.0, Last appended by leader: 0, Current term: 0, Majority size: -1, State: 0, Mode: NON_LEADER, active raft config: opid_index: -1 OBSOLETE_local: false peers { permanent_uuid: "cbb967f0f74243febadbcdb299f0087c" member_type: VOTER last_known_addr { host: "127.15.42.193" port: 35325 } } peers { permanent_uuid: "cd359666ef194a7a9dcd6d6c804d9922" member_type: VOTER last_known_addr { host: "127.15.42.194" port: 39801 } } peers { permanent_uuid: "d44d64692e5647ad8515ae8356abb743" member_type: VOTER last_known_addr { host: "127.15.42.195" port: 37343 } }
I20260709 13:06:28.652417 15858 raft_consensus.cc:359] T 07e6182a819d4ee3a8531ae174850df6 P cbb967f0f74243febadbcdb299f0087c [term 0 FOLLOWER]: Replica starting. Triggering 0 pending ops. Active config: opid_index: -1 OBSOLETE_local: false peers { permanent_uuid: "cbb967f0f74243febadbcdb299f0087c" member_type: VOTER last_known_addr { host: "127.15.42.193" port: 35325 } } peers { permanent_uuid: "cd359666ef194a7a9dcd6d6c804d9922" member_type: VOTER last_known_addr { host: "127.15.42.194" port: 39801 } } peers { permanent_uuid: "d44d64692e5647ad8515ae8356abb743" member_type: VOTER last_known_addr { host: "127.15.42.195" port: 37343 } }
I20260709 13:06:28.654757 15858 raft_consensus.cc:385] T 07e6182a819d4ee3a8531ae174850df6 P cbb967f0f74243febadbcdb299f0087c [term 0 FOLLOWER]: Consensus starting up: Expiring failure detector timer to make a prompt election more likely
I20260709 13:06:28.654949 15857 ts_tablet_manager.cc:1434] T 505ef076bb9042b18380898ddb69e034 P d44d64692e5647ad8515ae8356abb743: Time spent starting tablet: real 0.007s	user 0.008s	sys 0.000s
I20260709 13:06:28.655082 15858 raft_consensus.cc:740] T 07e6182a819d4ee3a8531ae174850df6 P cbb967f0f74243febadbcdb299f0087c [term 0 FOLLOWER]: Becoming Follower/Learner. State: Replica: cbb967f0f74243febadbcdb299f0087c, State: Initialized, Role: FOLLOWER
I20260709 13:06:28.655901 15857 tablet_bootstrap.cc:492] T b0c43b0ad8ae45b59f2a526e559f77db P d44d64692e5647ad8515ae8356abb743: Bootstrap starting.
I20260709 13:06:28.655843 15858 consensus_queue.cc:260] T 07e6182a819d4ee3a8531ae174850df6 P cbb967f0f74243febadbcdb299f0087c [NON_LEADER]: Queue going to NON_LEADER mode. State: All replicated index: 0, Majority replicated index: 0, Committed index: 0, Last appended: 0.0, Last appended by leader: 0, Current term: 0, Majority size: -1, State: 0, Mode: NON_LEADER, active raft config: opid_index: -1 OBSOLETE_local: false peers { permanent_uuid: "cbb967f0f74243febadbcdb299f0087c" member_type: VOTER last_known_addr { host: "127.15.42.193" port: 35325 } } peers { permanent_uuid: "cd359666ef194a7a9dcd6d6c804d9922" member_type: VOTER last_known_addr { host: "127.15.42.194" port: 39801 } } peers { permanent_uuid: "d44d64692e5647ad8515ae8356abb743" member_type: VOTER last_known_addr { host: "127.15.42.195" port: 37343 } }
I20260709 13:06:28.653086 15859 consensus_queue.cc:260] T cccf76f2ee3f4f0e8d1c4228aa1cb693 P cd359666ef194a7a9dcd6d6c804d9922 [NON_LEADER]: Queue going to NON_LEADER mode. State: All replicated index: 0, Majority replicated index: 0, Committed index: 0, Last appended: 0.0, Last appended by leader: 0, Current term: 0, Majority size: -1, State: 0, Mode: NON_LEADER, active raft config: opid_index: -1 OBSOLETE_local: false peers { permanent_uuid: "cbb967f0f74243febadbcdb299f0087c" member_type: VOTER last_known_addr { host: "127.15.42.193" port: 35325 } } peers { permanent_uuid: "cd359666ef194a7a9dcd6d6c804d9922" member_type: VOTER last_known_addr { host: "127.15.42.194" port: 39801 } } peers { permanent_uuid: "d44d64692e5647ad8515ae8356abb743" member_type: VOTER last_known_addr { host: "127.15.42.195" port: 37343 } }
I20260709 13:06:28.658316 15858 ts_tablet_manager.cc:1434] T 07e6182a819d4ee3a8531ae174850df6 P cbb967f0f74243febadbcdb299f0087c: Time spent starting tablet: real 0.009s	user 0.000s	sys 0.006s
I20260709 13:06:28.659041 15859 ts_tablet_manager.cc:1434] T cccf76f2ee3f4f0e8d1c4228aa1cb693 P cd359666ef194a7a9dcd6d6c804d9922: Time spent starting tablet: real 0.010s	user 0.004s	sys 0.004s
I20260709 13:06:28.659269 15858 tablet_bootstrap.cc:492] T 385839c0653842cbb473cca567561d6a P cbb967f0f74243febadbcdb299f0087c: Bootstrap starting.
I20260709 13:06:28.662518 15859 tablet_bootstrap.cc:492] T 93714275b9184e2e9c37b6568cd8559b P cd359666ef194a7a9dcd6d6c804d9922: Bootstrap starting.
I20260709 13:06:28.669047 15859 tablet_bootstrap.cc:654] T 93714275b9184e2e9c37b6568cd8559b P cd359666ef194a7a9dcd6d6c804d9922: Neither blocks nor log segments found. Creating new log.
I20260709 13:06:28.674398 15858 tablet_bootstrap.cc:654] T 385839c0653842cbb473cca567561d6a P cbb967f0f74243febadbcdb299f0087c: Neither blocks nor log segments found. Creating new log.
I20260709 13:06:28.680259 15859 tablet_bootstrap.cc:492] T 93714275b9184e2e9c37b6568cd8559b P cd359666ef194a7a9dcd6d6c804d9922: No bootstrap required, opened a new log
I20260709 13:06:28.680848 15859 ts_tablet_manager.cc:1403] T 93714275b9184e2e9c37b6568cd8559b P cd359666ef194a7a9dcd6d6c804d9922: Time spent bootstrapping tablet: real 0.019s	user 0.010s	sys 0.008s
I20260709 13:06:28.683411 15857 tablet_bootstrap.cc:654] T b0c43b0ad8ae45b59f2a526e559f77db P d44d64692e5647ad8515ae8356abb743: Neither blocks nor log segments found. Creating new log.
I20260709 13:06:28.683893 15859 raft_consensus.cc:359] T 93714275b9184e2e9c37b6568cd8559b P cd359666ef194a7a9dcd6d6c804d9922 [term 0 FOLLOWER]: Replica starting. Triggering 0 pending ops. Active config: opid_index: -1 OBSOLETE_local: false peers { permanent_uuid: "cbb967f0f74243febadbcdb299f0087c" member_type: VOTER last_known_addr { host: "127.15.42.193" port: 35325 } } peers { permanent_uuid: "cd359666ef194a7a9dcd6d6c804d9922" member_type: VOTER last_known_addr { host: "127.15.42.194" port: 39801 } } peers { permanent_uuid: "d44d64692e5647ad8515ae8356abb743" member_type: VOTER last_known_addr { host: "127.15.42.195" port: 37343 } }
I20260709 13:06:28.684686 15859 raft_consensus.cc:385] T 93714275b9184e2e9c37b6568cd8559b P cd359666ef194a7a9dcd6d6c804d9922 [term 0 FOLLOWER]: Consensus starting up: Expiring failure detector timer to make a prompt election more likely
I20260709 13:06:28.685120 15859 raft_consensus.cc:740] T 93714275b9184e2e9c37b6568cd8559b P cd359666ef194a7a9dcd6d6c804d9922 [term 0 FOLLOWER]: Becoming Follower/Learner. State: Replica: cd359666ef194a7a9dcd6d6c804d9922, State: Initialized, Role: FOLLOWER
I20260709 13:06:28.685899 15859 consensus_queue.cc:260] T 93714275b9184e2e9c37b6568cd8559b P cd359666ef194a7a9dcd6d6c804d9922 [NON_LEADER]: Queue going to NON_LEADER mode. State: All replicated index: 0, Majority replicated index: 0, Committed index: 0, Last appended: 0.0, Last appended by leader: 0, Current term: 0, Majority size: -1, State: 0, Mode: NON_LEADER, active raft config: opid_index: -1 OBSOLETE_local: false peers { permanent_uuid: "cbb967f0f74243febadbcdb299f0087c" member_type: VOTER last_known_addr { host: "127.15.42.193" port: 35325 } } peers { permanent_uuid: "cd359666ef194a7a9dcd6d6c804d9922" member_type: VOTER last_known_addr { host: "127.15.42.194" port: 39801 } } peers { permanent_uuid: "d44d64692e5647ad8515ae8356abb743" member_type: VOTER last_known_addr { host: "127.15.42.195" port: 37343 } }
I20260709 13:06:28.687963 15859 ts_tablet_manager.cc:1434] T 93714275b9184e2e9c37b6568cd8559b P cd359666ef194a7a9dcd6d6c804d9922: Time spent starting tablet: real 0.007s	user 0.006s	sys 0.000s
I20260709 13:06:28.688688 15859 tablet_bootstrap.cc:492] T 5bcbb3ff776246db9af62ba9130b4134 P cd359666ef194a7a9dcd6d6c804d9922: Bootstrap starting.
I20260709 13:06:28.694624 15858 tablet_bootstrap.cc:492] T 385839c0653842cbb473cca567561d6a P cbb967f0f74243febadbcdb299f0087c: No bootstrap required, opened a new log
I20260709 13:06:28.695102 15859 tablet_bootstrap.cc:654] T 5bcbb3ff776246db9af62ba9130b4134 P cd359666ef194a7a9dcd6d6c804d9922: Neither blocks nor log segments found. Creating new log.
I20260709 13:06:28.695125 15858 ts_tablet_manager.cc:1403] T 385839c0653842cbb473cca567561d6a P cbb967f0f74243febadbcdb299f0087c: Time spent bootstrapping tablet: real 0.036s	user 0.011s	sys 0.008s
I20260709 13:06:28.698302 15858 raft_consensus.cc:359] T 385839c0653842cbb473cca567561d6a P cbb967f0f74243febadbcdb299f0087c [term 0 FOLLOWER]: Replica starting. Triggering 0 pending ops. Active config: opid_index: -1 OBSOLETE_local: false peers { permanent_uuid: "cbb967f0f74243febadbcdb299f0087c" member_type: VOTER last_known_addr { host: "127.15.42.193" port: 35325 } } peers { permanent_uuid: "cd359666ef194a7a9dcd6d6c804d9922" member_type: VOTER last_known_addr { host: "127.15.42.194" port: 39801 } } peers { permanent_uuid: "d44d64692e5647ad8515ae8356abb743" member_type: VOTER last_known_addr { host: "127.15.42.195" port: 37343 } }
I20260709 13:06:28.699077 15858 raft_consensus.cc:385] T 385839c0653842cbb473cca567561d6a P cbb967f0f74243febadbcdb299f0087c [term 0 FOLLOWER]: Consensus starting up: Expiring failure detector timer to make a prompt election more likely
I20260709 13:06:28.699478 15858 raft_consensus.cc:740] T 385839c0653842cbb473cca567561d6a P cbb967f0f74243febadbcdb299f0087c [term 0 FOLLOWER]: Becoming Follower/Learner. State: Replica: cbb967f0f74243febadbcdb299f0087c, State: Initialized, Role: FOLLOWER
I20260709 13:06:28.700204 15858 consensus_queue.cc:260] T 385839c0653842cbb473cca567561d6a P cbb967f0f74243febadbcdb299f0087c [NON_LEADER]: Queue going to NON_LEADER mode. State: All replicated index: 0, Majority replicated index: 0, Committed index: 0, Last appended: 0.0, Last appended by leader: 0, Current term: 0, Majority size: -1, State: 0, Mode: NON_LEADER, active raft config: opid_index: -1 OBSOLETE_local: false peers { permanent_uuid: "cbb967f0f74243febadbcdb299f0087c" member_type: VOTER last_known_addr { host: "127.15.42.193" port: 35325 } } peers { permanent_uuid: "cd359666ef194a7a9dcd6d6c804d9922" member_type: VOTER last_known_addr { host: "127.15.42.194" port: 39801 } } peers { permanent_uuid: "d44d64692e5647ad8515ae8356abb743" member_type: VOTER last_known_addr { host: "127.15.42.195" port: 37343 } }
I20260709 13:06:28.702826 15858 ts_tablet_manager.cc:1434] T 385839c0653842cbb473cca567561d6a P cbb967f0f74243febadbcdb299f0087c: Time spent starting tablet: real 0.007s	user 0.006s	sys 0.000s
I20260709 13:06:28.703508 15857 tablet_bootstrap.cc:492] T b0c43b0ad8ae45b59f2a526e559f77db P d44d64692e5647ad8515ae8356abb743: No bootstrap required, opened a new log
I20260709 13:06:28.703884 15858 tablet_bootstrap.cc:492] T cccf76f2ee3f4f0e8d1c4228aa1cb693 P cbb967f0f74243febadbcdb299f0087c: Bootstrap starting.
I20260709 13:06:28.703976 15857 ts_tablet_manager.cc:1403] T b0c43b0ad8ae45b59f2a526e559f77db P d44d64692e5647ad8515ae8356abb743: Time spent bootstrapping tablet: real 0.048s	user 0.010s	sys 0.005s
I20260709 13:06:28.706634 15859 tablet_bootstrap.cc:492] T 5bcbb3ff776246db9af62ba9130b4134 P cd359666ef194a7a9dcd6d6c804d9922: No bootstrap required, opened a new log
I20260709 13:06:28.707089 15859 ts_tablet_manager.cc:1403] T 5bcbb3ff776246db9af62ba9130b4134 P cd359666ef194a7a9dcd6d6c804d9922: Time spent bootstrapping tablet: real 0.019s	user 0.013s	sys 0.004s
I20260709 13:06:28.709456 15857 raft_consensus.cc:359] T b0c43b0ad8ae45b59f2a526e559f77db P d44d64692e5647ad8515ae8356abb743 [term 0 FOLLOWER]: Replica starting. Triggering 0 pending ops. Active config: opid_index: -1 OBSOLETE_local: false peers { permanent_uuid: "cbb967f0f74243febadbcdb299f0087c" member_type: VOTER last_known_addr { host: "127.15.42.193" port: 35325 } } peers { permanent_uuid: "cd359666ef194a7a9dcd6d6c804d9922" member_type: VOTER last_known_addr { host: "127.15.42.194" port: 39801 } } peers { permanent_uuid: "d44d64692e5647ad8515ae8356abb743" member_type: VOTER last_known_addr { host: "127.15.42.195" port: 37343 } }
I20260709 13:06:28.710198 15857 raft_consensus.cc:385] T b0c43b0ad8ae45b59f2a526e559f77db P d44d64692e5647ad8515ae8356abb743 [term 0 FOLLOWER]: Consensus starting up: Expiring failure detector timer to make a prompt election more likely
I20260709 13:06:28.710011 15859 raft_consensus.cc:359] T 5bcbb3ff776246db9af62ba9130b4134 P cd359666ef194a7a9dcd6d6c804d9922 [term 0 FOLLOWER]: Replica starting. Triggering 0 pending ops. Active config: opid_index: -1 OBSOLETE_local: false peers { permanent_uuid: "cbb967f0f74243febadbcdb299f0087c" member_type: VOTER last_known_addr { host: "127.15.42.193" port: 35325 } } peers { permanent_uuid: "cd359666ef194a7a9dcd6d6c804d9922" member_type: VOTER last_known_addr { host: "127.15.42.194" port: 39801 } } peers { permanent_uuid: "d44d64692e5647ad8515ae8356abb743" member_type: VOTER last_known_addr { host: "127.15.42.195" port: 37343 } }
I20260709 13:06:28.710566 15857 raft_consensus.cc:740] T b0c43b0ad8ae45b59f2a526e559f77db P d44d64692e5647ad8515ae8356abb743 [term 0 FOLLOWER]: Becoming Follower/Learner. State: Replica: d44d64692e5647ad8515ae8356abb743, State: Initialized, Role: FOLLOWER
I20260709 13:06:28.710803 15859 raft_consensus.cc:385] T 5bcbb3ff776246db9af62ba9130b4134 P cd359666ef194a7a9dcd6d6c804d9922 [term 0 FOLLOWER]: Consensus starting up: Expiring failure detector timer to make a prompt election more likely
I20260709 13:06:28.711258 15859 raft_consensus.cc:740] T 5bcbb3ff776246db9af62ba9130b4134 P cd359666ef194a7a9dcd6d6c804d9922 [term 0 FOLLOWER]: Becoming Follower/Learner. State: Replica: cd359666ef194a7a9dcd6d6c804d9922, State: Initialized, Role: FOLLOWER
I20260709 13:06:28.711341 15857 consensus_queue.cc:260] T b0c43b0ad8ae45b59f2a526e559f77db P d44d64692e5647ad8515ae8356abb743 [NON_LEADER]: Queue going to NON_LEADER mode. State: All replicated index: 0, Majority replicated index: 0, Committed index: 0, Last appended: 0.0, Last appended by leader: 0, Current term: 0, Majority size: -1, State: 0, Mode: NON_LEADER, active raft config: opid_index: -1 OBSOLETE_local: false peers { permanent_uuid: "cbb967f0f74243febadbcdb299f0087c" member_type: VOTER last_known_addr { host: "127.15.42.193" port: 35325 } } peers { permanent_uuid: "cd359666ef194a7a9dcd6d6c804d9922" member_type: VOTER last_known_addr { host: "127.15.42.194" port: 39801 } } peers { permanent_uuid: "d44d64692e5647ad8515ae8356abb743" member_type: VOTER last_known_addr { host: "127.15.42.195" port: 37343 } }
I20260709 13:06:28.712070 15858 tablet_bootstrap.cc:654] T cccf76f2ee3f4f0e8d1c4228aa1cb693 P cbb967f0f74243febadbcdb299f0087c: Neither blocks nor log segments found. Creating new log.
I20260709 13:06:28.711966 15859 consensus_queue.cc:260] T 5bcbb3ff776246db9af62ba9130b4134 P cd359666ef194a7a9dcd6d6c804d9922 [NON_LEADER]: Queue going to NON_LEADER mode. State: All replicated index: 0, Majority replicated index: 0, Committed index: 0, Last appended: 0.0, Last appended by leader: 0, Current term: 0, Majority size: -1, State: 0, Mode: NON_LEADER, active raft config: opid_index: -1 OBSOLETE_local: false peers { permanent_uuid: "cbb967f0f74243febadbcdb299f0087c" member_type: VOTER last_known_addr { host: "127.15.42.193" port: 35325 } } peers { permanent_uuid: "cd359666ef194a7a9dcd6d6c804d9922" member_type: VOTER last_known_addr { host: "127.15.42.194" port: 39801 } } peers { permanent_uuid: "d44d64692e5647ad8515ae8356abb743" member_type: VOTER last_known_addr { host: "127.15.42.195" port: 37343 } }
I20260709 13:06:28.714382 15859 ts_tablet_manager.cc:1434] T 5bcbb3ff776246db9af62ba9130b4134 P cd359666ef194a7a9dcd6d6c804d9922: Time spent starting tablet: real 0.007s	user 0.008s	sys 0.000s
I20260709 13:06:28.715310 15859 tablet_bootstrap.cc:492] T 385839c0653842cbb473cca567561d6a P cd359666ef194a7a9dcd6d6c804d9922: Bootstrap starting.
I20260709 13:06:28.717461 15857 ts_tablet_manager.cc:1434] T b0c43b0ad8ae45b59f2a526e559f77db P d44d64692e5647ad8515ae8356abb743: Time spent starting tablet: real 0.013s	user 0.005s	sys 0.002s
I20260709 13:06:28.718431 15857 tablet_bootstrap.cc:492] T 385839c0653842cbb473cca567561d6a P d44d64692e5647ad8515ae8356abb743: Bootstrap starting.
I20260709 13:06:28.721597 15859 tablet_bootstrap.cc:654] T 385839c0653842cbb473cca567561d6a P cd359666ef194a7a9dcd6d6c804d9922: Neither blocks nor log segments found. Creating new log.
I20260709 13:06:28.724951 15857 tablet_bootstrap.cc:654] T 385839c0653842cbb473cca567561d6a P d44d64692e5647ad8515ae8356abb743: Neither blocks nor log segments found. Creating new log.
I20260709 13:06:28.726362 15866 raft_consensus.cc:493] T 505ef076bb9042b18380898ddb69e034 P cd359666ef194a7a9dcd6d6c804d9922 [term 0 FOLLOWER]: Starting pre-election (no leader contacted us within the election timeout)
I20260709 13:06:28.726936 15866 raft_consensus.cc:515] T 505ef076bb9042b18380898ddb69e034 P cd359666ef194a7a9dcd6d6c804d9922 [term 0 FOLLOWER]: Starting pre-election with config: opid_index: -1 OBSOLETE_local: false peers { permanent_uuid: "cbb967f0f74243febadbcdb299f0087c" member_type: VOTER last_known_addr { host: "127.15.42.193" port: 35325 } } peers { permanent_uuid: "cd359666ef194a7a9dcd6d6c804d9922" member_type: VOTER last_known_addr { host: "127.15.42.194" port: 39801 } } peers { permanent_uuid: "d44d64692e5647ad8515ae8356abb743" member_type: VOTER last_known_addr { host: "127.15.42.195" port: 37343 } }
I20260709 13:06:28.734639 15865 raft_consensus.cc:493] T b62c5d1fc2384284968b3015154ab9a9 P d44d64692e5647ad8515ae8356abb743 [term 0 FOLLOWER]: Starting pre-election (no leader contacted us within the election timeout)
I20260709 13:06:28.735150 15865 raft_consensus.cc:515] T b62c5d1fc2384284968b3015154ab9a9 P d44d64692e5647ad8515ae8356abb743 [term 0 FOLLOWER]: Starting pre-election with config: opid_index: -1 OBSOLETE_local: false peers { permanent_uuid: "cd359666ef194a7a9dcd6d6c804d9922" member_type: VOTER last_known_addr { host: "127.15.42.194" port: 39801 } } peers { permanent_uuid: "cbb967f0f74243febadbcdb299f0087c" member_type: VOTER last_known_addr { host: "127.15.42.193" port: 35325 } } peers { permanent_uuid: "d44d64692e5647ad8515ae8356abb743" member_type: VOTER last_known_addr { host: "127.15.42.195" port: 37343 } }
I20260709 13:06:28.737497 15865 leader_election.cc:290] T b62c5d1fc2384284968b3015154ab9a9 P d44d64692e5647ad8515ae8356abb743 [CANDIDATE]: Term 1 pre-election: Requested pre-vote from peers cd359666ef194a7a9dcd6d6c804d9922 (127.15.42.194:39801), cbb967f0f74243febadbcdb299f0087c (127.15.42.193:35325)
I20260709 13:06:28.737799 15866 leader_election.cc:290] T 505ef076bb9042b18380898ddb69e034 P cd359666ef194a7a9dcd6d6c804d9922 [CANDIDATE]: Term 1 pre-election: Requested pre-vote from peers cbb967f0f74243febadbcdb299f0087c (127.15.42.193:35325), d44d64692e5647ad8515ae8356abb743 (127.15.42.195:37343)
I20260709 13:06:28.754280 15858 tablet_bootstrap.cc:492] T cccf76f2ee3f4f0e8d1c4228aa1cb693 P cbb967f0f74243febadbcdb299f0087c: No bootstrap required, opened a new log
I20260709 13:06:28.755355 15858 ts_tablet_manager.cc:1403] T cccf76f2ee3f4f0e8d1c4228aa1cb693 P cbb967f0f74243febadbcdb299f0087c: Time spent bootstrapping tablet: real 0.052s	user 0.020s	sys 0.021s
I20260709 13:06:28.758551 15858 raft_consensus.cc:359] T cccf76f2ee3f4f0e8d1c4228aa1cb693 P cbb967f0f74243febadbcdb299f0087c [term 0 FOLLOWER]: Replica starting. Triggering 0 pending ops. Active config: opid_index: -1 OBSOLETE_local: false peers { permanent_uuid: "cbb967f0f74243febadbcdb299f0087c" member_type: VOTER last_known_addr { host: "127.15.42.193" port: 35325 } } peers { permanent_uuid: "cd359666ef194a7a9dcd6d6c804d9922" member_type: VOTER last_known_addr { host: "127.15.42.194" port: 39801 } } peers { permanent_uuid: "d44d64692e5647ad8515ae8356abb743" member_type: VOTER last_known_addr { host: "127.15.42.195" port: 37343 } }
I20260709 13:06:28.754302 15859 tablet_bootstrap.cc:492] T 385839c0653842cbb473cca567561d6a P cd359666ef194a7a9dcd6d6c804d9922: No bootstrap required, opened a new log
I20260709 13:06:28.760005 15859 ts_tablet_manager.cc:1403] T 385839c0653842cbb473cca567561d6a P cd359666ef194a7a9dcd6d6c804d9922: Time spent bootstrapping tablet: real 0.045s	user 0.012s	sys 0.000s
I20260709 13:06:28.762960 15859 raft_consensus.cc:359] T 385839c0653842cbb473cca567561d6a P cd359666ef194a7a9dcd6d6c804d9922 [term 0 FOLLOWER]: Replica starting. Triggering 0 pending ops. Active config: opid_index: -1 OBSOLETE_local: false peers { permanent_uuid: "cbb967f0f74243febadbcdb299f0087c" member_type: VOTER last_known_addr { host: "127.15.42.193" port: 35325 } } peers { permanent_uuid: "cd359666ef194a7a9dcd6d6c804d9922" member_type: VOTER last_known_addr { host: "127.15.42.194" port: 39801 } } peers { permanent_uuid: "d44d64692e5647ad8515ae8356abb743" member_type: VOTER last_known_addr { host: "127.15.42.195" port: 37343 } }
I20260709 13:06:28.763751 15859 raft_consensus.cc:385] T 385839c0653842cbb473cca567561d6a P cd359666ef194a7a9dcd6d6c804d9922 [term 0 FOLLOWER]: Consensus starting up: Expiring failure detector timer to make a prompt election more likely
I20260709 13:06:28.770460 15858 raft_consensus.cc:385] T cccf76f2ee3f4f0e8d1c4228aa1cb693 P cbb967f0f74243febadbcdb299f0087c [term 0 FOLLOWER]: Consensus starting up: Expiring failure detector timer to make a prompt election more likely
I20260709 13:06:28.770922 15858 raft_consensus.cc:740] T cccf76f2ee3f4f0e8d1c4228aa1cb693 P cbb967f0f74243febadbcdb299f0087c [term 0 FOLLOWER]: Becoming Follower/Learner. State: Replica: cbb967f0f74243febadbcdb299f0087c, State: Initialized, Role: FOLLOWER
I20260709 13:06:28.771799 15858 consensus_queue.cc:260] T cccf76f2ee3f4f0e8d1c4228aa1cb693 P cbb967f0f74243febadbcdb299f0087c [NON_LEADER]: Queue going to NON_LEADER mode. State: All replicated index: 0, Majority replicated index: 0, Committed index: 0, Last appended: 0.0, Last appended by leader: 0, Current term: 0, Majority size: -1, State: 0, Mode: NON_LEADER, active raft config: opid_index: -1 OBSOLETE_local: false peers { permanent_uuid: "cbb967f0f74243febadbcdb299f0087c" member_type: VOTER last_known_addr { host: "127.15.42.193" port: 35325 } } peers { permanent_uuid: "cd359666ef194a7a9dcd6d6c804d9922" member_type: VOTER last_known_addr { host: "127.15.42.194" port: 39801 } } peers { permanent_uuid: "d44d64692e5647ad8515ae8356abb743" member_type: VOTER last_known_addr { host: "127.15.42.195" port: 37343 } }
I20260709 13:06:28.767589 15857 tablet_bootstrap.cc:492] T 385839c0653842cbb473cca567561d6a P d44d64692e5647ad8515ae8356abb743: No bootstrap required, opened a new log
I20260709 13:06:28.772946 15857 ts_tablet_manager.cc:1403] T 385839c0653842cbb473cca567561d6a P d44d64692e5647ad8515ae8356abb743: Time spent bootstrapping tablet: real 0.055s	user 0.011s	sys 0.004s
I20260709 13:06:28.764375 15863 raft_consensus.cc:493] T 5bcbb3ff776246db9af62ba9130b4134 P cbb967f0f74243febadbcdb299f0087c [term 0 FOLLOWER]: Starting pre-election (no leader contacted us within the election timeout)
I20260709 13:06:28.774583 15863 raft_consensus.cc:515] T 5bcbb3ff776246db9af62ba9130b4134 P cbb967f0f74243febadbcdb299f0087c [term 0 FOLLOWER]: Starting pre-election with config: opid_index: -1 OBSOLETE_local: false peers { permanent_uuid: "cbb967f0f74243febadbcdb299f0087c" member_type: VOTER last_known_addr { host: "127.15.42.193" port: 35325 } } peers { permanent_uuid: "cd359666ef194a7a9dcd6d6c804d9922" member_type: VOTER last_known_addr { host: "127.15.42.194" port: 39801 } } peers { permanent_uuid: "d44d64692e5647ad8515ae8356abb743" member_type: VOTER last_known_addr { host: "127.15.42.195" port: 37343 } }
I20260709 13:06:28.775974 15882 raft_consensus.cc:493] T cccf76f2ee3f4f0e8d1c4228aa1cb693 P cbb967f0f74243febadbcdb299f0087c [term 0 FOLLOWER]: Starting pre-election (no leader contacted us within the election timeout)
I20260709 13:06:28.777330 15863 leader_election.cc:290] T 5bcbb3ff776246db9af62ba9130b4134 P cbb967f0f74243febadbcdb299f0087c [CANDIDATE]: Term 1 pre-election: Requested pre-vote from peers cd359666ef194a7a9dcd6d6c804d9922 (127.15.42.194:39801), d44d64692e5647ad8515ae8356abb743 (127.15.42.195:37343)
I20260709 13:06:28.764039 15859 raft_consensus.cc:740] T 385839c0653842cbb473cca567561d6a P cd359666ef194a7a9dcd6d6c804d9922 [term 0 FOLLOWER]: Becoming Follower/Learner. State: Replica: cd359666ef194a7a9dcd6d6c804d9922, State: Initialized, Role: FOLLOWER
I20260709 13:06:28.778113 15857 raft_consensus.cc:359] T 385839c0653842cbb473cca567561d6a P d44d64692e5647ad8515ae8356abb743 [term 0 FOLLOWER]: Replica starting. Triggering 0 pending ops. Active config: opid_index: -1 OBSOLETE_local: false peers { permanent_uuid: "cbb967f0f74243febadbcdb299f0087c" member_type: VOTER last_known_addr { host: "127.15.42.193" port: 35325 } } peers { permanent_uuid: "cd359666ef194a7a9dcd6d6c804d9922" member_type: VOTER last_known_addr { host: "127.15.42.194" port: 39801 } } peers { permanent_uuid: "d44d64692e5647ad8515ae8356abb743" member_type: VOTER last_known_addr { host: "127.15.42.195" port: 37343 } }
I20260709 13:06:28.778529 15859 consensus_queue.cc:260] T 385839c0653842cbb473cca567561d6a P cd359666ef194a7a9dcd6d6c804d9922 [NON_LEADER]: Queue going to NON_LEADER mode. State: All replicated index: 0, Majority replicated index: 0, Committed index: 0, Last appended: 0.0, Last appended by leader: 0, Current term: 0, Majority size: -1, State: 0, Mode: NON_LEADER, active raft config: opid_index: -1 OBSOLETE_local: false peers { permanent_uuid: "cbb967f0f74243febadbcdb299f0087c" member_type: VOTER last_known_addr { host: "127.15.42.193" port: 35325 } } peers { permanent_uuid: "cd359666ef194a7a9dcd6d6c804d9922" member_type: VOTER last_known_addr { host: "127.15.42.194" port: 39801 } } peers { permanent_uuid: "d44d64692e5647ad8515ae8356abb743" member_type: VOTER last_known_addr { host: "127.15.42.195" port: 37343 } }
I20260709 13:06:28.780995 15859 ts_tablet_manager.cc:1434] T 385839c0653842cbb473cca567561d6a P cd359666ef194a7a9dcd6d6c804d9922: Time spent starting tablet: real 0.021s	user 0.007s	sys 0.000s
I20260709 13:06:28.782089 15859 tablet_bootstrap.cc:492] T b62c5d1fc2384284968b3015154ab9a9 P cd359666ef194a7a9dcd6d6c804d9922: Bootstrap starting.
I20260709 13:06:28.788702 15859 tablet_bootstrap.cc:654] T b62c5d1fc2384284968b3015154ab9a9 P cd359666ef194a7a9dcd6d6c804d9922: Neither blocks nor log segments found. Creating new log.
I20260709 13:06:28.792958 15858 ts_tablet_manager.cc:1434] T cccf76f2ee3f4f0e8d1c4228aa1cb693 P cbb967f0f74243febadbcdb299f0087c: Time spent starting tablet: real 0.037s	user 0.010s	sys 0.000s
I20260709 13:06:28.794035 15858 tablet_bootstrap.cc:492] T 55396c3bcbf74649a40e6eee973e1639 P cbb967f0f74243febadbcdb299f0087c: Bootstrap starting.
I20260709 13:06:28.776477 15882 raft_consensus.cc:515] T cccf76f2ee3f4f0e8d1c4228aa1cb693 P cbb967f0f74243febadbcdb299f0087c [term 0 FOLLOWER]: Starting pre-election with config: opid_index: -1 OBSOLETE_local: false peers { permanent_uuid: "cbb967f0f74243febadbcdb299f0087c" member_type: VOTER last_known_addr { host: "127.15.42.193" port: 35325 } } peers { permanent_uuid: "cd359666ef194a7a9dcd6d6c804d9922" member_type: VOTER last_known_addr { host: "127.15.42.194" port: 39801 } } peers { permanent_uuid: "d44d64692e5647ad8515ae8356abb743" member_type: VOTER last_known_addr { host: "127.15.42.195" port: 37343 } }
I20260709 13:06:28.807926 15858 tablet_bootstrap.cc:654] T 55396c3bcbf74649a40e6eee973e1639 P cbb967f0f74243febadbcdb299f0087c: Neither blocks nor log segments found. Creating new log.
I20260709 13:06:28.814466 15866 raft_consensus.cc:493] T 93714275b9184e2e9c37b6568cd8559b P cd359666ef194a7a9dcd6d6c804d9922 [term 0 FOLLOWER]: Starting pre-election (no leader contacted us within the election timeout)
I20260709 13:06:28.815016 15866 raft_consensus.cc:515] T 93714275b9184e2e9c37b6568cd8559b P cd359666ef194a7a9dcd6d6c804d9922 [term 0 FOLLOWER]: Starting pre-election with config: opid_index: -1 OBSOLETE_local: false peers { permanent_uuid: "cbb967f0f74243febadbcdb299f0087c" member_type: VOTER last_known_addr { host: "127.15.42.193" port: 35325 } } peers { permanent_uuid: "cd359666ef194a7a9dcd6d6c804d9922" member_type: VOTER last_known_addr { host: "127.15.42.194" port: 39801 } } peers { permanent_uuid: "d44d64692e5647ad8515ae8356abb743" member_type: VOTER last_known_addr { host: "127.15.42.195" port: 37343 } }
I20260709 13:06:28.817117 15866 leader_election.cc:290] T 93714275b9184e2e9c37b6568cd8559b P cd359666ef194a7a9dcd6d6c804d9922 [CANDIDATE]: Term 1 pre-election: Requested pre-vote from peers cbb967f0f74243febadbcdb299f0087c (127.15.42.193:35325), d44d64692e5647ad8515ae8356abb743 (127.15.42.195:37343)
I20260709 13:06:28.779102 15857 raft_consensus.cc:385] T 385839c0653842cbb473cca567561d6a P d44d64692e5647ad8515ae8356abb743 [term 0 FOLLOWER]: Consensus starting up: Expiring failure detector timer to make a prompt election more likely
I20260709 13:06:28.817622 15857 raft_consensus.cc:740] T 385839c0653842cbb473cca567561d6a P d44d64692e5647ad8515ae8356abb743 [term 0 FOLLOWER]: Becoming Follower/Learner. State: Replica: d44d64692e5647ad8515ae8356abb743, State: Initialized, Role: FOLLOWER
I20260709 13:06:28.829914 15857 consensus_queue.cc:260] T 385839c0653842cbb473cca567561d6a P d44d64692e5647ad8515ae8356abb743 [NON_LEADER]: Queue going to NON_LEADER mode. State: All replicated index: 0, Majority replicated index: 0, Committed index: 0, Last appended: 0.0, Last appended by leader: 0, Current term: 0, Majority size: -1, State: 0, Mode: NON_LEADER, active raft config: opid_index: -1 OBSOLETE_local: false peers { permanent_uuid: "cbb967f0f74243febadbcdb299f0087c" member_type: VOTER last_known_addr { host: "127.15.42.193" port: 35325 } } peers { permanent_uuid: "cd359666ef194a7a9dcd6d6c804d9922" member_type: VOTER last_known_addr { host: "127.15.42.194" port: 39801 } } peers { permanent_uuid: "d44d64692e5647ad8515ae8356abb743" member_type: VOTER last_known_addr { host: "127.15.42.195" port: 37343 } }
I20260709 13:06:28.833716 15882 leader_election.cc:290] T cccf76f2ee3f4f0e8d1c4228aa1cb693 P cbb967f0f74243febadbcdb299f0087c [CANDIDATE]: Term 1 pre-election: Requested pre-vote from peers cd359666ef194a7a9dcd6d6c804d9922 (127.15.42.194:39801), d44d64692e5647ad8515ae8356abb743 (127.15.42.195:37343)
I20260709 13:06:28.840744 15815 tablet_service.cc:1917] Received RequestConsensusVote() RPC: tablet_id: "505ef076bb9042b18380898ddb69e034" candidate_uuid: "cd359666ef194a7a9dcd6d6c804d9922" candidate_term: 1 candidate_status { last_received { term: 0 index: 0 } } ignore_live_leader: false dest_uuid: "d44d64692e5647ad8515ae8356abb743" is_pre_election: true
I20260709 13:06:28.841673 15815 raft_consensus.cc:2468] T 505ef076bb9042b18380898ddb69e034 P d44d64692e5647ad8515ae8356abb743 [term 0 FOLLOWER]: Leader pre-election vote request: Granting yes vote for candidate cd359666ef194a7a9dcd6d6c804d9922 in term 0.
I20260709 13:06:28.843144 15814 tablet_service.cc:1917] Received RequestConsensusVote() RPC: tablet_id: "93714275b9184e2e9c37b6568cd8559b" candidate_uuid: "cd359666ef194a7a9dcd6d6c804d9922" candidate_term: 1 candidate_status { last_received { term: 0 index: 0 } } ignore_live_leader: false dest_uuid: "d44d64692e5647ad8515ae8356abb743" is_pre_election: true
I20260709 13:06:28.843524 15859 tablet_bootstrap.cc:492] T b62c5d1fc2384284968b3015154ab9a9 P cd359666ef194a7a9dcd6d6c804d9922: No bootstrap required, opened a new log
I20260709 13:06:28.843883 15859 ts_tablet_manager.cc:1403] T b62c5d1fc2384284968b3015154ab9a9 P cd359666ef194a7a9dcd6d6c804d9922: Time spent bootstrapping tablet: real 0.062s	user 0.025s	sys 0.005s
I20260709 13:06:28.844889 15705 leader_election.cc:304] T 505ef076bb9042b18380898ddb69e034 P cd359666ef194a7a9dcd6d6c804d9922 [CANDIDATE]: Term 1 pre-election: Election decided. Result: candidate won. Election summary: received 2 responses out of 3 voters: 2 yes votes; 0 no votes. yes voters: cd359666ef194a7a9dcd6d6c804d9922, d44d64692e5647ad8515ae8356abb743; no voters: 
I20260709 13:06:28.846367 15866 raft_consensus.cc:2804] T 505ef076bb9042b18380898ddb69e034 P cd359666ef194a7a9dcd6d6c804d9922 [term 0 FOLLOWER]: Leader pre-election won for term 1
I20260709 13:06:28.846709 15866 raft_consensus.cc:493] T 505ef076bb9042b18380898ddb69e034 P cd359666ef194a7a9dcd6d6c804d9922 [term 0 FOLLOWER]: Starting leader election (no leader contacted us within the election timeout)
I20260709 13:06:28.847019 15866 raft_consensus.cc:3060] T 505ef076bb9042b18380898ddb69e034 P cd359666ef194a7a9dcd6d6c804d9922 [term 0 FOLLOWER]: Advancing to term 1
I20260709 13:06:28.847232 15859 raft_consensus.cc:359] T b62c5d1fc2384284968b3015154ab9a9 P cd359666ef194a7a9dcd6d6c804d9922 [term 0 FOLLOWER]: Replica starting. Triggering 0 pending ops. Active config: opid_index: -1 OBSOLETE_local: false peers { permanent_uuid: "cd359666ef194a7a9dcd6d6c804d9922" member_type: VOTER last_known_addr { host: "127.15.42.194" port: 39801 } } peers { permanent_uuid: "cbb967f0f74243febadbcdb299f0087c" member_type: VOTER last_known_addr { host: "127.15.42.193" port: 35325 } } peers { permanent_uuid: "d44d64692e5647ad8515ae8356abb743" member_type: VOTER last_known_addr { host: "127.15.42.195" port: 37343 } }
I20260709 13:06:28.847961 15859 raft_consensus.cc:385] T b62c5d1fc2384284968b3015154ab9a9 P cd359666ef194a7a9dcd6d6c804d9922 [term 0 FOLLOWER]: Consensus starting up: Expiring failure detector timer to make a prompt election more likely
I20260709 13:06:28.848278 15859 raft_consensus.cc:740] T b62c5d1fc2384284968b3015154ab9a9 P cd359666ef194a7a9dcd6d6c804d9922 [term 0 FOLLOWER]: Becoming Follower/Learner. State: Replica: cd359666ef194a7a9dcd6d6c804d9922, State: Initialized, Role: FOLLOWER
I20260709 13:06:28.848984 15859 consensus_queue.cc:260] T b62c5d1fc2384284968b3015154ab9a9 P cd359666ef194a7a9dcd6d6c804d9922 [NON_LEADER]: Queue going to NON_LEADER mode. State: All replicated index: 0, Majority replicated index: 0, Committed index: 0, Last appended: 0.0, Last appended by leader: 0, Current term: 0, Majority size: -1, State: 0, Mode: NON_LEADER, active raft config: opid_index: -1 OBSOLETE_local: false peers { permanent_uuid: "cd359666ef194a7a9dcd6d6c804d9922" member_type: VOTER last_known_addr { host: "127.15.42.194" port: 39801 } } peers { permanent_uuid: "cbb967f0f74243febadbcdb299f0087c" member_type: VOTER last_known_addr { host: "127.15.42.193" port: 35325 } } peers { permanent_uuid: "d44d64692e5647ad8515ae8356abb743" member_type: VOTER last_known_addr { host: "127.15.42.195" port: 37343 } }
W20260709 13:06:28.845990 15705 leader_election.cc:343] T 93714275b9184e2e9c37b6568cd8559b P cd359666ef194a7a9dcd6d6c804d9922 [CANDIDATE]: Term 1 pre-election: Tablet error from VoteRequest() call to peer d44d64692e5647ad8515ae8356abb743 (127.15.42.195:37343): Illegal state: must be running to vote when last-logged opid is not known
I20260709 13:06:28.854444 15858 tablet_bootstrap.cc:492] T 55396c3bcbf74649a40e6eee973e1639 P cbb967f0f74243febadbcdb299f0087c: No bootstrap required, opened a new log
I20260709 13:06:28.856962 15858 ts_tablet_manager.cc:1403] T 55396c3bcbf74649a40e6eee973e1639 P cbb967f0f74243febadbcdb299f0087c: Time spent bootstrapping tablet: real 0.063s	user 0.025s	sys 0.005s
I20260709 13:06:28.861568 15741 tablet_service.cc:1917] Received RequestConsensusVote() RPC: tablet_id: "b62c5d1fc2384284968b3015154ab9a9" candidate_uuid: "d44d64692e5647ad8515ae8356abb743" candidate_term: 1 candidate_status { last_received { term: 0 index: 0 } } ignore_live_leader: false dest_uuid: "cd359666ef194a7a9dcd6d6c804d9922" is_pre_election: true
I20260709 13:06:28.864907 15741 raft_consensus.cc:2468] T b62c5d1fc2384284968b3015154ab9a9 P cd359666ef194a7a9dcd6d6c804d9922 [term 0 FOLLOWER]: Leader pre-election vote request: Granting yes vote for candidate d44d64692e5647ad8515ae8356abb743 in term 0.
I20260709 13:06:28.867514 15780 leader_election.cc:304] T b62c5d1fc2384284968b3015154ab9a9 P d44d64692e5647ad8515ae8356abb743 [CANDIDATE]: Term 1 pre-election: Election decided. Result: candidate won. Election summary: received 2 responses out of 3 voters: 2 yes votes; 0 no votes. yes voters: cd359666ef194a7a9dcd6d6c804d9922, d44d64692e5647ad8515ae8356abb743; no voters: 
I20260709 13:06:28.869544 15865 raft_consensus.cc:2804] T b62c5d1fc2384284968b3015154ab9a9 P d44d64692e5647ad8515ae8356abb743 [term 0 FOLLOWER]: Leader pre-election won for term 1
I20260709 13:06:28.869937 15865 raft_consensus.cc:493] T b62c5d1fc2384284968b3015154ab9a9 P d44d64692e5647ad8515ae8356abb743 [term 0 FOLLOWER]: Starting leader election (no leader contacted us within the election timeout)
I20260709 13:06:28.870263 15865 raft_consensus.cc:3060] T b62c5d1fc2384284968b3015154ab9a9 P d44d64692e5647ad8515ae8356abb743 [term 0 FOLLOWER]: Advancing to term 1
I20260709 13:06:28.872970 15866 raft_consensus.cc:515] T 505ef076bb9042b18380898ddb69e034 P cd359666ef194a7a9dcd6d6c804d9922 [term 1 FOLLOWER]: Starting leader election with config: opid_index: -1 OBSOLETE_local: false peers { permanent_uuid: "cbb967f0f74243febadbcdb299f0087c" member_type: VOTER last_known_addr { host: "127.15.42.193" port: 35325 } } peers { permanent_uuid: "cd359666ef194a7a9dcd6d6c804d9922" member_type: VOTER last_known_addr { host: "127.15.42.194" port: 39801 } } peers { permanent_uuid: "d44d64692e5647ad8515ae8356abb743" member_type: VOTER last_known_addr { host: "127.15.42.195" port: 37343 } }
I20260709 13:06:28.865778 15858 raft_consensus.cc:359] T 55396c3bcbf74649a40e6eee973e1639 P cbb967f0f74243febadbcdb299f0087c [term 0 FOLLOWER]: Replica starting. Triggering 0 pending ops. Active config: opid_index: -1 OBSOLETE_local: false peers { permanent_uuid: "cbb967f0f74243febadbcdb299f0087c" member_type: VOTER last_known_addr { host: "127.15.42.193" port: 35325 } } peers { permanent_uuid: "cd359666ef194a7a9dcd6d6c804d9922" member_type: VOTER last_known_addr { host: "127.15.42.194" port: 39801 } } peers { permanent_uuid: "d44d64692e5647ad8515ae8356abb743" member_type: VOTER last_known_addr { host: "127.15.42.195" port: 37343 } }
I20260709 13:06:28.876703 15666 tablet_service.cc:1917] Received RequestConsensusVote() RPC: tablet_id: "505ef076bb9042b18380898ddb69e034" candidate_uuid: "cd359666ef194a7a9dcd6d6c804d9922" candidate_term: 1 candidate_status { last_received { term: 0 index: 0 } } ignore_live_leader: false dest_uuid: "cbb967f0f74243febadbcdb299f0087c" is_pre_election: true
I20260709 13:06:28.880195 15858 raft_consensus.cc:385] T 55396c3bcbf74649a40e6eee973e1639 P cbb967f0f74243febadbcdb299f0087c [term 0 FOLLOWER]: Consensus starting up: Expiring failure detector timer to make a prompt election more likely
I20260709 13:06:28.882048 15664 tablet_service.cc:1917] Received RequestConsensusVote() RPC: tablet_id: "505ef076bb9042b18380898ddb69e034" candidate_uuid: "cd359666ef194a7a9dcd6d6c804d9922" candidate_term: 1 candidate_status { last_received { term: 0 index: 0 } } ignore_live_leader: false dest_uuid: "cbb967f0f74243febadbcdb299f0087c"
I20260709 13:06:28.881423 15857 ts_tablet_manager.cc:1434] T 385839c0653842cbb473cca567561d6a P d44d64692e5647ad8515ae8356abb743: Time spent starting tablet: real 0.108s	user 0.007s	sys 0.002s
I20260709 13:06:28.883342 15859 ts_tablet_manager.cc:1434] T b62c5d1fc2384284968b3015154ab9a9 P cd359666ef194a7a9dcd6d6c804d9922: Time spent starting tablet: real 0.039s	user 0.011s	sys 0.003s
I20260709 13:06:28.877616 15665 tablet_service.cc:1917] Received RequestConsensusVote() RPC: tablet_id: "93714275b9184e2e9c37b6568cd8559b" candidate_uuid: "cd359666ef194a7a9dcd6d6c804d9922" candidate_term: 1 candidate_status { last_received { term: 0 index: 0 } } ignore_live_leader: false dest_uuid: "cbb967f0f74243febadbcdb299f0087c" is_pre_election: true
I20260709 13:06:28.886116 15857 tablet_bootstrap.cc:492] T 5bcbb3ff776246db9af62ba9130b4134 P d44d64692e5647ad8515ae8356abb743: Bootstrap starting.
W20260709 13:06:28.888476 15706 leader_election.cc:343] T 93714275b9184e2e9c37b6568cd8559b P cd359666ef194a7a9dcd6d6c804d9922 [CANDIDATE]: Term 1 pre-election: Tablet error from VoteRequest() call to peer cbb967f0f74243febadbcdb299f0087c (127.15.42.193:35325): Illegal state: must be running to vote when last-logged opid is not known
