I20260709 13:06:37.694279 14904 raft_consensus.cc:1275] T a3066f38ab94433a8a9798cda2722503 P 3bdfbfd10adf4445b4a61050894dba14 [term 2 FOLLOWER]: Refusing update from remote peer 36d9acae9cc84a34bc526a876ab290aa: Log matching property violated. Preceding OpId in replica: term: 1 index: 1. Preceding OpId from leader: term: 2 index: 2. (index mismatch)
I20260709 13:06:37.696322 15135 consensus_queue.cc:1048] T a3066f38ab94433a8a9798cda2722503 P 36d9acae9cc84a34bc526a876ab290aa [LEADER]: Connected to new peer: Peer: permanent_uuid: "3bdfbfd10adf4445b4a61050894dba14" member_type: VOTER last_known_addr { host: "127.14.72.131" port: 45169 }, Status: LMP_MISMATCH, Last received: 0.0, Next index: 2, Last known committed idx: 1, Time since last communication: 0.001s
I20260709 13:06:37.719812 15117 raft_consensus.cc:993] T c651a4b31e494778ab14d4274219d08b P 9c0b135a16c644708b4440f1b61177fd: : Instructing follower 36d9acae9cc84a34bc526a876ab290aa to start an election
I20260709 13:06:37.720342 15117 raft_consensus.cc:1081] T c651a4b31e494778ab14d4274219d08b P 9c0b135a16c644708b4440f1b61177fd [term 3 LEADER]: Signalling peer 36d9acae9cc84a34bc526a876ab290aa to start an election
I20260709 13:06:37.722087 14759 tablet_service.cc:2044] Received Run Leader Election RPC: tablet_id: "c651a4b31e494778ab14d4274219d08b"
dest_uuid: "36d9acae9cc84a34bc526a876ab290aa"
 from {username='slave'} at 127.0.0.1:40826
I20260709 13:06:37.722685 14759 raft_consensus.cc:493] T c651a4b31e494778ab14d4274219d08b P 36d9acae9cc84a34bc526a876ab290aa [term 3 FOLLOWER]: Starting forced leader election (received explicit request)
I20260709 13:06:37.723017 14759 raft_consensus.cc:3060] T c651a4b31e494778ab14d4274219d08b P 36d9acae9cc84a34bc526a876ab290aa [term 3 FOLLOWER]: Advancing to term 4
I20260709 13:06:37.728945 14759 raft_consensus.cc:515] T c651a4b31e494778ab14d4274219d08b P 36d9acae9cc84a34bc526a876ab290aa [term 4 FOLLOWER]: Starting forced leader election with config: opid_index: -1 OBSOLETE_local: false peers { permanent_uuid: "36d9acae9cc84a34bc526a876ab290aa" member_type: VOTER last_known_addr { host: "127.14.72.129" port: 40105 } } peers { permanent_uuid: "9c0b135a16c644708b4440f1b61177fd" member_type: VOTER last_known_addr { host: "127.14.72.130" port: 43107 } } peers { permanent_uuid: "3bdfbfd10adf4445b4a61050894dba14" member_type: VOTER last_known_addr { host: "127.14.72.131" port: 45169 } }
I20260709 13:06:37.731142 14759 leader_election.cc:290] T c651a4b31e494778ab14d4274219d08b P 36d9acae9cc84a34bc526a876ab290aa [CANDIDATE]: Term 4 election: Requested vote from peers 9c0b135a16c644708b4440f1b61177fd (127.14.72.130:43107), 3bdfbfd10adf4445b4a61050894dba14 (127.14.72.131:45169)
I20260709 13:06:37.732190 14835 tablet_service.cc:1917] Received RequestConsensusVote() RPC: tablet_id: "c651a4b31e494778ab14d4274219d08b" candidate_uuid: "36d9acae9cc84a34bc526a876ab290aa" candidate_term: 4 candidate_status { last_received { term: 3 index: 3 } } ignore_live_leader: true dest_uuid: "9c0b135a16c644708b4440f1b61177fd"
I20260709 13:06:37.732640 14904 tablet_service.cc:1917] Received RequestConsensusVote() RPC: tablet_id: "c651a4b31e494778ab14d4274219d08b" candidate_uuid: "36d9acae9cc84a34bc526a876ab290aa" candidate_term: 4 candidate_status { last_received { term: 3 index: 3 } } ignore_live_leader: true dest_uuid: "3bdfbfd10adf4445b4a61050894dba14"
I20260709 13:06:37.732887 14835 raft_consensus.cc:3055] T c651a4b31e494778ab14d4274219d08b P 9c0b135a16c644708b4440f1b61177fd [term 3 LEADER]: Stepping down as leader of term 3
I20260709 13:06:37.733222 14835 raft_consensus.cc:740] T c651a4b31e494778ab14d4274219d08b P 9c0b135a16c644708b4440f1b61177fd [term 3 LEADER]: Becoming Follower/Learner. State: Replica: 9c0b135a16c644708b4440f1b61177fd, State: Running, Role: LEADER
I20260709 13:06:37.733278 14904 raft_consensus.cc:3060] T c651a4b31e494778ab14d4274219d08b P 3bdfbfd10adf4445b4a61050894dba14 [term 3 FOLLOWER]: Advancing to term 4
I20260709 13:06:37.734419 14835 consensus_queue.cc:260] T c651a4b31e494778ab14d4274219d08b P 9c0b135a16c644708b4440f1b61177fd [NON_LEADER]: Queue going to NON_LEADER mode. State: All replicated index: 0, Majority replicated index: 3, Committed index: 3, Last appended: 3.3, Last appended by leader: 3, Current term: 3, Majority size: -1, State: 0, Mode: NON_LEADER, active raft config: opid_index: -1 OBSOLETE_local: false peers { permanent_uuid: "36d9acae9cc84a34bc526a876ab290aa" member_type: VOTER last_known_addr { host: "127.14.72.129" port: 40105 } } peers { permanent_uuid: "9c0b135a16c644708b4440f1b61177fd" member_type: VOTER last_known_addr { host: "127.14.72.130" port: 43107 } } peers { permanent_uuid: "3bdfbfd10adf4445b4a61050894dba14" member_type: VOTER last_known_addr { host: "127.14.72.131" port: 45169 } }
I20260709 13:06:37.735641 14835 raft_consensus.cc:3060] T c651a4b31e494778ab14d4274219d08b P 9c0b135a16c644708b4440f1b61177fd [term 3 FOLLOWER]: Advancing to term 4
I20260709 13:06:37.741163 14904 raft_consensus.cc:2468] T c651a4b31e494778ab14d4274219d08b P 3bdfbfd10adf4445b4a61050894dba14 [term 4 FOLLOWER]: Leader election vote request: Granting yes vote for candidate 36d9acae9cc84a34bc526a876ab290aa in term 4.
I20260709 13:06:37.742890 14835 raft_consensus.cc:2468] T c651a4b31e494778ab14d4274219d08b P 9c0b135a16c644708b4440f1b61177fd [term 4 FOLLOWER]: Leader election vote request: Granting yes vote for candidate 36d9acae9cc84a34bc526a876ab290aa in term 4.
I20260709 13:06:37.742767 14727 leader_election.cc:304] T c651a4b31e494778ab14d4274219d08b P 36d9acae9cc84a34bc526a876ab290aa [CANDIDATE]: Term 4 election: Election decided. Result: candidate won. Election summary: received 2 responses out of 3 voters: 2 yes votes; 0 no votes. yes voters: 36d9acae9cc84a34bc526a876ab290aa, 3bdfbfd10adf4445b4a61050894dba14; no voters: 
I20260709 13:06:37.743824 15135 raft_consensus.cc:2804] T c651a4b31e494778ab14d4274219d08b P 36d9acae9cc84a34bc526a876ab290aa [term 4 FOLLOWER]: Leader election won for term 4
I20260709 13:06:37.744400 15135 raft_consensus.cc:697] T c651a4b31e494778ab14d4274219d08b P 36d9acae9cc84a34bc526a876ab290aa [term 4 LEADER]: Becoming Leader. State: Replica: 36d9acae9cc84a34bc526a876ab290aa, State: Running, Role: LEADER
I20260709 13:06:37.745294 15135 consensus_queue.cc:237] T c651a4b31e494778ab14d4274219d08b P 36d9acae9cc84a34bc526a876ab290aa [LEADER]: Queue going to LEADER mode. State: All replicated index: 0, Majority replicated index: 3, Committed index: 3, Last appended: 3.3, Last appended by leader: 3, Current term: 4, Majority size: 2, State: 0, Mode: LEADER, active raft config: opid_index: -1 OBSOLETE_local: false peers { permanent_uuid: "36d9acae9cc84a34bc526a876ab290aa" member_type: VOTER last_known_addr { host: "127.14.72.129" port: 40105 } } peers { permanent_uuid: "9c0b135a16c644708b4440f1b61177fd" member_type: VOTER last_known_addr { host: "127.14.72.130" port: 43107 } } peers { permanent_uuid: "3bdfbfd10adf4445b4a61050894dba14" member_type: VOTER last_known_addr { host: "127.14.72.131" port: 45169 } }
I20260709 13:06:37.751390 15132 raft_consensus.cc:993] T 0d85be320ec64315b67a3332ad6e1b69 P 9c0b135a16c644708b4440f1b61177fd: : Instructing follower 3bdfbfd10adf4445b4a61050894dba14 to start an election
I20260709 13:06:37.751961 15117 raft_consensus.cc:1081] T 0d85be320ec64315b67a3332ad6e1b69 P 9c0b135a16c644708b4440f1b61177fd [term 3 LEADER]: Signalling peer 3bdfbfd10adf4445b4a61050894dba14 to start an election
I20260709 13:06:37.754514 14904 tablet_service.cc:2044] Received Run Leader Election RPC: tablet_id: "0d85be320ec64315b67a3332ad6e1b69"
dest_uuid: "3bdfbfd10adf4445b4a61050894dba14"
 from {username='slave'} at 127.0.0.1:52714
I20260709 13:06:37.755306 14904 raft_consensus.cc:493] T 0d85be320ec64315b67a3332ad6e1b69 P 3bdfbfd10adf4445b4a61050894dba14 [term 3 FOLLOWER]: Starting forced leader election (received explicit request)
I20260709 13:06:37.755669 14904 raft_consensus.cc:3060] T 0d85be320ec64315b67a3332ad6e1b69 P 3bdfbfd10adf4445b4a61050894dba14 [term 3 FOLLOWER]: Advancing to term 4
I20260709 13:06:37.754714 14655 catalog_manager.cc:5697] T c651a4b31e494778ab14d4274219d08b P 36d9acae9cc84a34bc526a876ab290aa reported cstate change: term changed from 3 to 4, leader changed from 9c0b135a16c644708b4440f1b61177fd (127.14.72.130) to 36d9acae9cc84a34bc526a876ab290aa (127.14.72.129). New cstate: current_term: 4 leader_uuid: "36d9acae9cc84a34bc526a876ab290aa" committed_config { opid_index: -1 OBSOLETE_local: false peers { permanent_uuid: "36d9acae9cc84a34bc526a876ab290aa" member_type: VOTER last_known_addr { host: "127.14.72.129" port: 40105 } health_report { overall_health: HEALTHY } } peers { permanent_uuid: "9c0b135a16c644708b4440f1b61177fd" member_type: VOTER last_known_addr { host: "127.14.72.130" port: 43107 } health_report { overall_health: UNKNOWN } } peers { permanent_uuid: "3bdfbfd10adf4445b4a61050894dba14" member_type: VOTER last_known_addr { host: "127.14.72.131" port: 45169 } health_report { overall_health: UNKNOWN } } }
I20260709 13:06:37.762081 14904 raft_consensus.cc:515] T 0d85be320ec64315b67a3332ad6e1b69 P 3bdfbfd10adf4445b4a61050894dba14 [term 4 FOLLOWER]: Starting forced leader election with config: opid_index: -1 OBSOLETE_local: false peers { permanent_uuid: "36d9acae9cc84a34bc526a876ab290aa" member_type: VOTER last_known_addr { host: "127.14.72.129" port: 40105 } } peers { permanent_uuid: "9c0b135a16c644708b4440f1b61177fd" member_type: VOTER last_known_addr { host: "127.14.72.130" port: 43107 } } peers { permanent_uuid: "3bdfbfd10adf4445b4a61050894dba14" member_type: VOTER last_known_addr { host: "127.14.72.131" port: 45169 } }
I20260709 13:06:37.764319 14904 leader_election.cc:290] T 0d85be320ec64315b67a3332ad6e1b69 P 3bdfbfd10adf4445b4a61050894dba14 [CANDIDATE]: Term 4 election: Requested vote from peers 36d9acae9cc84a34bc526a876ab290aa (127.14.72.129:40105), 9c0b135a16c644708b4440f1b61177fd (127.14.72.130:43107)
I20260709 13:06:37.765218 14759 tablet_service.cc:1917] Received RequestConsensusVote() RPC: tablet_id: "0d85be320ec64315b67a3332ad6e1b69" candidate_uuid: "3bdfbfd10adf4445b4a61050894dba14" candidate_term: 4 candidate_status { last_received { term: 3 index: 3 } } ignore_live_leader: true dest_uuid: "36d9acae9cc84a34bc526a876ab290aa"
I20260709 13:06:37.765383 14835 tablet_service.cc:1917] Received RequestConsensusVote() RPC: tablet_id: "0d85be320ec64315b67a3332ad6e1b69" candidate_uuid: "3bdfbfd10adf4445b4a61050894dba14" candidate_term: 4 candidate_status { last_received { term: 3 index: 3 } } ignore_live_leader: true dest_uuid: "9c0b135a16c644708b4440f1b61177fd"
I20260709 13:06:37.765944 14759 raft_consensus.cc:3060] T 0d85be320ec64315b67a3332ad6e1b69 P 36d9acae9cc84a34bc526a876ab290aa [term 3 FOLLOWER]: Advancing to term 4
I20260709 13:06:37.765959 14835 raft_consensus.cc:3055] T 0d85be320ec64315b67a3332ad6e1b69 P 9c0b135a16c644708b4440f1b61177fd [term 3 LEADER]: Stepping down as leader of term 3
I20260709 13:06:37.766480 14835 raft_consensus.cc:740] T 0d85be320ec64315b67a3332ad6e1b69 P 9c0b135a16c644708b4440f1b61177fd [term 3 LEADER]: Becoming Follower/Learner. State: Replica: 9c0b135a16c644708b4440f1b61177fd, State: Running, Role: LEADER
I20260709 13:06:37.767302 14835 consensus_queue.cc:260] T 0d85be320ec64315b67a3332ad6e1b69 P 9c0b135a16c644708b4440f1b61177fd [NON_LEADER]: Queue going to NON_LEADER mode. State: All replicated index: 0, Majority replicated index: 3, Committed index: 3, Last appended: 3.3, Last appended by leader: 3, Current term: 3, Majority size: -1, State: 0, Mode: NON_LEADER, active raft config: opid_index: -1 OBSOLETE_local: false peers { permanent_uuid: "36d9acae9cc84a34bc526a876ab290aa" member_type: VOTER last_known_addr { host: "127.14.72.129" port: 40105 } } peers { permanent_uuid: "9c0b135a16c644708b4440f1b61177fd" member_type: VOTER last_known_addr { host: "127.14.72.130" port: 43107 } } peers { permanent_uuid: "3bdfbfd10adf4445b4a61050894dba14" member_type: VOTER last_known_addr { host: "127.14.72.131" port: 45169 } }
I20260709 13:06:37.768518 14835 raft_consensus.cc:3060] T 0d85be320ec64315b67a3332ad6e1b69 P 9c0b135a16c644708b4440f1b61177fd [term 3 FOLLOWER]: Advancing to term 4
I20260709 13:06:37.774392 14759 raft_consensus.cc:2468] T 0d85be320ec64315b67a3332ad6e1b69 P 36d9acae9cc84a34bc526a876ab290aa [term 4 FOLLOWER]: Leader election vote request: Granting yes vote for candidate 3bdfbfd10adf4445b4a61050894dba14 in term 4.
I20260709 13:06:37.776111 14874 leader_election.cc:304] T 0d85be320ec64315b67a3332ad6e1b69 P 3bdfbfd10adf4445b4a61050894dba14 [CANDIDATE]: Term 4 election: Election decided. Result: candidate won. Election summary: received 2 responses out of 3 voters: 2 yes votes; 0 no votes. yes voters: 36d9acae9cc84a34bc526a876ab290aa, 3bdfbfd10adf4445b4a61050894dba14; no voters: 
I20260709 13:06:37.776641 14835 raft_consensus.cc:2468] T 0d85be320ec64315b67a3332ad6e1b69 P 9c0b135a16c644708b4440f1b61177fd [term 4 FOLLOWER]: Leader election vote request: Granting yes vote for candidate 3bdfbfd10adf4445b4a61050894dba14 in term 4.
I20260709 13:06:37.776949 15126 raft_consensus.cc:2804] T 0d85be320ec64315b67a3332ad6e1b69 P 3bdfbfd10adf4445b4a61050894dba14 [term 4 FOLLOWER]: Leader election won for term 4
I20260709 13:06:37.777511 15126 raft_consensus.cc:697] T 0d85be320ec64315b67a3332ad6e1b69 P 3bdfbfd10adf4445b4a61050894dba14 [term 4 LEADER]: Becoming Leader. State: Replica: 3bdfbfd10adf4445b4a61050894dba14, State: Running, Role: LEADER
I20260709 13:06:37.778398 15126 consensus_queue.cc:237] T 0d85be320ec64315b67a3332ad6e1b69 P 3bdfbfd10adf4445b4a61050894dba14 [LEADER]: Queue going to LEADER mode. State: All replicated index: 0, Majority replicated index: 3, Committed index: 3, Last appended: 3.3, Last appended by leader: 3, Current term: 4, Majority size: 2, State: 0, Mode: LEADER, active raft config: opid_index: -1 OBSOLETE_local: false peers { permanent_uuid: "36d9acae9cc84a34bc526a876ab290aa" member_type: VOTER last_known_addr { host: "127.14.72.129" port: 40105 } } peers { permanent_uuid: "9c0b135a16c644708b4440f1b61177fd" member_type: VOTER last_known_addr { host: "127.14.72.130" port: 43107 } } peers { permanent_uuid: "3bdfbfd10adf4445b4a61050894dba14" member_type: VOTER last_known_addr { host: "127.14.72.131" port: 45169 } }
I20260709 13:06:37.785704 14655 catalog_manager.cc:5697] T 0d85be320ec64315b67a3332ad6e1b69 P 3bdfbfd10adf4445b4a61050894dba14 reported cstate change: term changed from 3 to 4, leader changed from 9c0b135a16c644708b4440f1b61177fd (127.14.72.130) to 3bdfbfd10adf4445b4a61050894dba14 (127.14.72.131). New cstate: current_term: 4 leader_uuid: "3bdfbfd10adf4445b4a61050894dba14" committed_config { opid_index: -1 OBSOLETE_local: false peers { permanent_uuid: "36d9acae9cc84a34bc526a876ab290aa" member_type: VOTER last_known_addr { host: "127.14.72.129" port: 40105 } health_report { overall_health: UNKNOWN } } peers { permanent_uuid: "9c0b135a16c644708b4440f1b61177fd" member_type: VOTER last_known_addr { host: "127.14.72.130" port: 43107 } health_report { overall_health: UNKNOWN } } peers { permanent_uuid: "3bdfbfd10adf4445b4a61050894dba14" member_type: VOTER last_known_addr { host: "127.14.72.131" port: 45169 } health_report { overall_health: HEALTHY } } }
I20260709 13:06:37.788218 14904 raft_consensus.cc:1275] T bdaaf72cf1fe4c5b8a8b5527dd923394 P 3bdfbfd10adf4445b4a61050894dba14 [term 3 FOLLOWER]: Refusing update from remote peer 36d9acae9cc84a34bc526a876ab290aa: Log matching property violated. Preceding OpId in replica: term: 2 index: 2. Preceding OpId from leader: term: 3 index: 3. (index mismatch)
I20260709 13:06:37.789999 15135 consensus_queue.cc:1048] T bdaaf72cf1fe4c5b8a8b5527dd923394 P 36d9acae9cc84a34bc526a876ab290aa [LEADER]: Connected to new peer: Peer: permanent_uuid: "3bdfbfd10adf4445b4a61050894dba14" member_type: VOTER last_known_addr { host: "127.14.72.131" port: 45169 }, Status: LMP_MISMATCH, Last received: 0.0, Next index: 3, Last known committed idx: 2, Time since last communication: 0.000s
I20260709 13:06:37.799676 14835 raft_consensus.cc:1275] T bdaaf72cf1fe4c5b8a8b5527dd923394 P 9c0b135a16c644708b4440f1b61177fd [term 3 FOLLOWER]: Refusing update from remote peer 36d9acae9cc84a34bc526a876ab290aa: Log matching property violated. Preceding OpId in replica: term: 2 index: 2. Preceding OpId from leader: term: 3 index: 3. (index mismatch)
I20260709 13:06:37.801770 15134 consensus_queue.cc:1048] T bdaaf72cf1fe4c5b8a8b5527dd923394 P 36d9acae9cc84a34bc526a876ab290aa [LEADER]: Connected to new peer: Peer: permanent_uuid: "9c0b135a16c644708b4440f1b61177fd" member_type: VOTER last_known_addr { host: "127.14.72.130" port: 43107 }, Status: LMP_MISMATCH, Last received: 0.0, Next index: 3, Last known committed idx: 2, Time since last communication: 0.000s
I20260709 13:06:37.953229 14835 raft_consensus.cc:1275] T a4be4ca4d4554f7b8b5e3b19b8df589c P 9c0b135a16c644708b4440f1b61177fd [term 4 FOLLOWER]: Refusing update from remote peer 3bdfbfd10adf4445b4a61050894dba14: Log matching property violated. Preceding OpId in replica: term: 3 index: 3. Preceding OpId from leader: term: 4 index: 4. (index mismatch)
I20260709 13:06:37.955193 15126 consensus_queue.cc:1048] T a4be4ca4d4554f7b8b5e3b19b8df589c P 3bdfbfd10adf4445b4a61050894dba14 [LEADER]: Connected to new peer: Peer: permanent_uuid: "9c0b135a16c644708b4440f1b61177fd" member_type: VOTER last_known_addr { host: "127.14.72.130" port: 43107 }, Status: LMP_MISMATCH, Last received: 0.0, Next index: 4, Last known committed idx: 3, Time since last communication: 0.000s
I20260709 13:06:37.966460 14759 raft_consensus.cc:1275] T a4be4ca4d4554f7b8b5e3b19b8df589c P 36d9acae9cc84a34bc526a876ab290aa [term 4 FOLLOWER]: Refusing update from remote peer 3bdfbfd10adf4445b4a61050894dba14: Log matching property violated. Preceding OpId in replica: term: 3 index: 3. Preceding OpId from leader: term: 4 index: 4. (index mismatch)
I20260709 13:06:37.968348 15126 consensus_queue.cc:1048] T a4be4ca4d4554f7b8b5e3b19b8df589c P 3bdfbfd10adf4445b4a61050894dba14 [LEADER]: Connected to new peer: Peer: permanent_uuid: "36d9acae9cc84a34bc526a876ab290aa" member_type: VOTER last_known_addr { host: "127.14.72.129" port: 40105 }, Status: LMP_MISMATCH, Last received: 0.0, Next index: 4, Last known committed idx: 3, Time since last communication: 0.000s
I20260709 13:06:38.165302 14759 raft_consensus.cc:1275] T 0d85be320ec64315b67a3332ad6e1b69 P 36d9acae9cc84a34bc526a876ab290aa [term 4 FOLLOWER]: Refusing update from remote peer 3bdfbfd10adf4445b4a61050894dba14: Log matching property violated. Preceding OpId in replica: term: 3 index: 3. Preceding OpId from leader: term: 4 index: 4. (index mismatch)
I20260709 13:06:38.167232 15126 consensus_queue.cc:1048] T 0d85be320ec64315b67a3332ad6e1b69 P 3bdfbfd10adf4445b4a61050894dba14 [LEADER]: Connected to new peer: Peer: permanent_uuid: "36d9acae9cc84a34bc526a876ab290aa" member_type: VOTER last_known_addr { host: "127.14.72.129" port: 40105 }, Status: LMP_MISMATCH, Last received: 0.0, Next index: 4, Last known committed idx: 3, Time since last communication: 0.001s
I20260709 13:06:38.177163 14835 raft_consensus.cc:1275] T 0d85be320ec64315b67a3332ad6e1b69 P 9c0b135a16c644708b4440f1b61177fd [term 4 FOLLOWER]: Refusing update from remote peer 3bdfbfd10adf4445b4a61050894dba14: Log matching property violated. Preceding OpId in replica: term: 3 index: 3. Preceding OpId from leader: term: 4 index: 4. (index mismatch)
I20260709 13:06:38.179111 15126 consensus_queue.cc:1048] T 0d85be320ec64315b67a3332ad6e1b69 P 3bdfbfd10adf4445b4a61050894dba14 [LEADER]: Connected to new peer: Peer: permanent_uuid: "9c0b135a16c644708b4440f1b61177fd" member_type: VOTER last_known_addr { host: "127.14.72.130" port: 43107 }, Status: LMP_MISMATCH, Last received: 0.0, Next index: 4, Last known committed idx: 3, Time since last communication: 0.000s
I20260709 13:06:38.223932 14626 auto_leader_rebalancer.cc:141] leader rebalance for table test-workload
I20260709 13:06:38.230839 14626 tablet_server.cc:179] TabletServer@127.14.72.129:0 shutting down...
I20260709 13:06:38.259964 14904 raft_consensus.cc:1275] T c651a4b31e494778ab14d4274219d08b P 3bdfbfd10adf4445b4a61050894dba14 [term 4 FOLLOWER]: Refusing update from remote peer 36d9acae9cc84a34bc526a876ab290aa: Log matching property violated. Preceding OpId in replica: term: 3 index: 3. Preceding OpId from leader: term: 4 index: 4. (index mismatch)
I20260709 13:06:38.262655 15152 consensus_queue.cc:1048] T c651a4b31e494778ab14d4274219d08b P 36d9acae9cc84a34bc526a876ab290aa [LEADER]: Connected to new peer: Peer: permanent_uuid: "3bdfbfd10adf4445b4a61050894dba14" member_type: VOTER last_known_addr { host: "127.14.72.131" port: 45169 }, Status: LMP_MISMATCH, Last received: 0.0, Next index: 4, Last known committed idx: 3, Time since last communication: 0.001s
I20260709 13:06:38.269878 14835 raft_consensus.cc:1275] T c651a4b31e494778ab14d4274219d08b P 9c0b135a16c644708b4440f1b61177fd [term 4 FOLLOWER]: Refusing update from remote peer 36d9acae9cc84a34bc526a876ab290aa: Log matching property violated. Preceding OpId in replica: term: 3 index: 3. Preceding OpId from leader: term: 4 index: 4. (index mismatch)
I20260709 13:06:38.272993 15152 consensus_queue.cc:1048] T c651a4b31e494778ab14d4274219d08b P 36d9acae9cc84a34bc526a876ab290aa [LEADER]: Connected to new peer: Peer: permanent_uuid: "9c0b135a16c644708b4440f1b61177fd" member_type: VOTER last_known_addr { host: "127.14.72.130" port: 43107 }, Status: LMP_MISMATCH, Last received: 0.0, Next index: 4, Last known committed idx: 3, Time since last communication: 0.001s
I20260709 13:06:38.288725 14626 ts_tablet_manager.cc:1507] Shutting down tablet manager...
I20260709 13:06:38.293922 14626 tablet_replica.cc:333] T 1d9427ad0fcd47da9fc196150946e125 P 36d9acae9cc84a34bc526a876ab290aa: stopping tablet replica
I20260709 13:06:38.295266 14626 raft_consensus.cc:2243] T 1d9427ad0fcd47da9fc196150946e125 P 36d9acae9cc84a34bc526a876ab290aa [term 2 FOLLOWER]: Raft consensus shutting down.
I20260709 13:06:38.296121 14626 raft_consensus.cc:2272] T 1d9427ad0fcd47da9fc196150946e125 P 36d9acae9cc84a34bc526a876ab290aa [term 2 FOLLOWER]: Raft consensus is shut down!
I20260709 13:06:38.303155 14626 tablet_replica.cc:333] T c651a4b31e494778ab14d4274219d08b P 36d9acae9cc84a34bc526a876ab290aa: stopping tablet replica
I20260709 13:06:38.303956 14626 raft_consensus.cc:2243] T c651a4b31e494778ab14d4274219d08b P 36d9acae9cc84a34bc526a876ab290aa [term 4 LEADER]: Raft consensus shutting down.
I20260709 13:06:38.304984 14626 raft_consensus.cc:2272] T c651a4b31e494778ab14d4274219d08b P 36d9acae9cc84a34bc526a876ab290aa [term 4 FOLLOWER]: Raft consensus is shut down!
I20260709 13:06:38.307646 14626 tablet_replica.cc:333] T 0d85be320ec64315b67a3332ad6e1b69 P 36d9acae9cc84a34bc526a876ab290aa: stopping tablet replica
I20260709 13:06:38.308305 14626 raft_consensus.cc:2243] T 0d85be320ec64315b67a3332ad6e1b69 P 36d9acae9cc84a34bc526a876ab290aa [term 4 FOLLOWER]: Raft consensus shutting down.
I20260709 13:06:38.308846 14626 raft_consensus.cc:2272] T 0d85be320ec64315b67a3332ad6e1b69 P 36d9acae9cc84a34bc526a876ab290aa [term 4 FOLLOWER]: Raft consensus is shut down!
I20260709 13:06:38.311573 14626 tablet_replica.cc:333] T 44f6c7c778f94d5ea5b0d956db8cd40c P 36d9acae9cc84a34bc526a876ab290aa: stopping tablet replica
I20260709 13:06:38.312402 14626 raft_consensus.cc:2243] T 44f6c7c778f94d5ea5b0d956db8cd40c P 36d9acae9cc84a34bc526a876ab290aa [term 3 FOLLOWER]: Raft consensus shutting down.
I20260709 13:06:38.313076 14626 raft_consensus.cc:2272] T 44f6c7c778f94d5ea5b0d956db8cd40c P 36d9acae9cc84a34bc526a876ab290aa [term 3 FOLLOWER]: Raft consensus is shut down!
I20260709 13:06:38.314962 14626 tablet_replica.cc:333] T 250e404d16b24cbe8f4c2f2b162a5efa P 36d9acae9cc84a34bc526a876ab290aa: stopping tablet replica
I20260709 13:06:38.315578 14626 raft_consensus.cc:2243] T 250e404d16b24cbe8f4c2f2b162a5efa P 36d9acae9cc84a34bc526a876ab290aa [term 3 FOLLOWER]: Raft consensus shutting down.
I20260709 13:06:38.316094 14626 raft_consensus.cc:2272] T 250e404d16b24cbe8f4c2f2b162a5efa P 36d9acae9cc84a34bc526a876ab290aa [term 3 FOLLOWER]: Raft consensus is shut down!
I20260709 13:06:38.318094 14626 tablet_replica.cc:333] T a4be4ca4d4554f7b8b5e3b19b8df589c P 36d9acae9cc84a34bc526a876ab290aa: stopping tablet replica
I20260709 13:06:38.318689 14626 raft_consensus.cc:2243] T a4be4ca4d4554f7b8b5e3b19b8df589c P 36d9acae9cc84a34bc526a876ab290aa [term 4 FOLLOWER]: Raft consensus shutting down.
I20260709 13:06:38.319139 14626 raft_consensus.cc:2272] T a4be4ca4d4554f7b8b5e3b19b8df589c P 36d9acae9cc84a34bc526a876ab290aa [term 4 FOLLOWER]: Raft consensus is shut down!
I20260709 13:06:38.322201 14626 tablet_replica.cc:333] T bdaaf72cf1fe4c5b8a8b5527dd923394 P 36d9acae9cc84a34bc526a876ab290aa: stopping tablet replica
I20260709 13:06:38.322924 14626 raft_consensus.cc:2243] T bdaaf72cf1fe4c5b8a8b5527dd923394 P 36d9acae9cc84a34bc526a876ab290aa [term 3 LEADER]: Raft consensus shutting down.
I20260709 13:06:38.323891 14626 raft_consensus.cc:2272] T bdaaf72cf1fe4c5b8a8b5527dd923394 P 36d9acae9cc84a34bc526a876ab290aa [term 3 FOLLOWER]: Raft consensus is shut down!
I20260709 13:06:38.326373 14626 tablet_replica.cc:333] T a3066f38ab94433a8a9798cda2722503 P 36d9acae9cc84a34bc526a876ab290aa: stopping tablet replica
I20260709 13:06:38.326943 14626 raft_consensus.cc:2243] T a3066f38ab94433a8a9798cda2722503 P 36d9acae9cc84a34bc526a876ab290aa [term 2 LEADER]: Raft consensus shutting down.
I20260709 13:06:38.327751 14626 raft_consensus.cc:2272] T a3066f38ab94433a8a9798cda2722503 P 36d9acae9cc84a34bc526a876ab290aa [term 2 FOLLOWER]: Raft consensus is shut down!
I20260709 13:06:38.330053 14626 tablet_replica.cc:333] T f345ff65fda140739e672582a1c84505 P 36d9acae9cc84a34bc526a876ab290aa: stopping tablet replica
I20260709 13:06:38.330567 14626 raft_consensus.cc:2243] T f345ff65fda140739e672582a1c84505 P 36d9acae9cc84a34bc526a876ab290aa [term 4 FOLLOWER]: Raft consensus shutting down.
I20260709 13:06:38.331058 14626 raft_consensus.cc:2272] T f345ff65fda140739e672582a1c84505 P 36d9acae9cc84a34bc526a876ab290aa [term 4 FOLLOWER]: Raft consensus is shut down!
W20260709 13:06:38.333995 14800 proxy.cc:239] Call had error, refreshing address and retrying: Remote error: Service unavailable: service kudu.consensus.ConsensusService not registered on TabletServer
W20260709 13:06:38.338112 14800 consensus_peers.cc:597] T 250e404d16b24cbe8f4c2f2b162a5efa P 9c0b135a16c644708b4440f1b61177fd -> Peer 36d9acae9cc84a34bc526a876ab290aa (127.14.72.129:40105): Couldn't send request to peer 36d9acae9cc84a34bc526a876ab290aa. Status: Remote error: Service unavailable: service kudu.consensus.ConsensusService not registered on TabletServer. This is attempt 1: this message will repeat every 5th retry.
I20260709 13:06:38.476346 14626 tablet_server.cc:196] TabletServer@127.14.72.129:0 shutdown complete.
W20260709 13:06:38.476823 14874 consensus_peers.cc:597] T a4be4ca4d4554f7b8b5e3b19b8df589c P 3bdfbfd10adf4445b4a61050894dba14 -> Peer 36d9acae9cc84a34bc526a876ab290aa (127.14.72.129:40105): Couldn't send request to peer 36d9acae9cc84a34bc526a876ab290aa. Status: Network error: Client connection negotiation failed: client connection to 127.14.72.129:40105: connect: Connection refused (error 111). This is attempt 1: this message will repeat every 5th retry.
I20260709 13:06:38.499521 14626 tablet_server.cc:179] TabletServer@127.14.72.130:0 shutting down...
W20260709 13:06:38.527182 14874 consensus_peers.cc:597] T 1d9427ad0fcd47da9fc196150946e125 P 3bdfbfd10adf4445b4a61050894dba14 -> Peer 36d9acae9cc84a34bc526a876ab290aa (127.14.72.129:40105): Couldn't send request to peer 36d9acae9cc84a34bc526a876ab290aa. Status: Network error: Client connection negotiation failed: client connection to 127.14.72.129:40105: connect: Connection refused (error 111). This is attempt 1: this message will repeat every 5th retry.
I20260709 13:06:38.535534 14626 ts_tablet_manager.cc:1507] Shutting down tablet manager...
I20260709 13:06:38.536557 14626 tablet_replica.cc:333] T 1d9427ad0fcd47da9fc196150946e125 P 9c0b135a16c644708b4440f1b61177fd: stopping tablet replica
I20260709 13:06:38.537560 14626 raft_consensus.cc:2243] T 1d9427ad0fcd47da9fc196150946e125 P 9c0b135a16c644708b4440f1b61177fd [term 2 FOLLOWER]: Raft consensus shutting down.
I20260709 13:06:38.538229 14626 raft_consensus.cc:2272] T 1d9427ad0fcd47da9fc196150946e125 P 9c0b135a16c644708b4440f1b61177fd [term 2 FOLLOWER]: Raft consensus is shut down!
I20260709 13:06:38.540988 14626 tablet_replica.cc:333] T bdaaf72cf1fe4c5b8a8b5527dd923394 P 9c0b135a16c644708b4440f1b61177fd: stopping tablet replica
I20260709 13:06:38.541778 14626 raft_consensus.cc:2243] T bdaaf72cf1fe4c5b8a8b5527dd923394 P 9c0b135a16c644708b4440f1b61177fd [term 3 FOLLOWER]: Raft consensus shutting down.
I20260709 13:06:38.542346 14626 raft_consensus.cc:2272] T bdaaf72cf1fe4c5b8a8b5527dd923394 P 9c0b135a16c644708b4440f1b61177fd [term 3 FOLLOWER]: Raft consensus is shut down!
I20260709 13:06:38.545723 14626 tablet_replica.cc:333] T 0d85be320ec64315b67a3332ad6e1b69 P 9c0b135a16c644708b4440f1b61177fd: stopping tablet replica
I20260709 13:06:38.546449 14626 raft_consensus.cc:2243] T 0d85be320ec64315b67a3332ad6e1b69 P 9c0b135a16c644708b4440f1b61177fd [term 4 FOLLOWER]: Raft consensus shutting down.
I20260709 13:06:38.546954 14626 raft_consensus.cc:2272] T 0d85be320ec64315b67a3332ad6e1b69 P 9c0b135a16c644708b4440f1b61177fd [term 4 FOLLOWER]: Raft consensus is shut down!
I20260709 13:06:38.549769 14626 tablet_replica.cc:333] T a3066f38ab94433a8a9798cda2722503 P 9c0b135a16c644708b4440f1b61177fd: stopping tablet replica
I20260709 13:06:38.550407 14626 raft_consensus.cc:2243] T a3066f38ab94433a8a9798cda2722503 P 9c0b135a16c644708b4440f1b61177fd [term 2 FOLLOWER]: Raft consensus shutting down.
I20260709 13:06:38.550864 14626 raft_consensus.cc:2272] T a3066f38ab94433a8a9798cda2722503 P 9c0b135a16c644708b4440f1b61177fd [term 2 FOLLOWER]: Raft consensus is shut down!
I20260709 13:06:38.553272 14626 tablet_replica.cc:333] T f345ff65fda140739e672582a1c84505 P 9c0b135a16c644708b4440f1b61177fd: stopping tablet replica
I20260709 13:06:38.553901 14626 raft_consensus.cc:2243] T f345ff65fda140739e672582a1c84505 P 9c0b135a16c644708b4440f1b61177fd [term 4 LEADER]: Raft consensus shutting down.
I20260709 13:06:38.554735 14626 raft_consensus.cc:2272] T f345ff65fda140739e672582a1c84505 P 9c0b135a16c644708b4440f1b61177fd [term 4 FOLLOWER]: Raft consensus is shut down!
I20260709 13:06:38.556618 14626 tablet_replica.cc:333] T 250e404d16b24cbe8f4c2f2b162a5efa P 9c0b135a16c644708b4440f1b61177fd: stopping tablet replica
I20260709 13:06:38.557214 14626 raft_consensus.cc:2243] T 250e404d16b24cbe8f4c2f2b162a5efa P 9c0b135a16c644708b4440f1b61177fd [term 3 LEADER]: Raft consensus shutting down.
I20260709 13:06:38.558213 14626 raft_consensus.cc:2272] T 250e404d16b24cbe8f4c2f2b162a5efa P 9c0b135a16c644708b4440f1b61177fd [term 3 FOLLOWER]: Raft consensus is shut down!
I20260709 13:06:38.560150 14626 tablet_replica.cc:333] T a4be4ca4d4554f7b8b5e3b19b8df589c P 9c0b135a16c644708b4440f1b61177fd: stopping tablet replica
I20260709 13:06:38.560693 14626 raft_consensus.cc:2243] T a4be4ca4d4554f7b8b5e3b19b8df589c P 9c0b135a16c644708b4440f1b61177fd [term 4 FOLLOWER]: Raft consensus shutting down.
I20260709 13:06:38.561160 14626 raft_consensus.cc:2272] T a4be4ca4d4554f7b8b5e3b19b8df589c P 9c0b135a16c644708b4440f1b61177fd [term 4 FOLLOWER]: Raft consensus is shut down!
I20260709 13:06:38.563606 14626 tablet_replica.cc:333] T 44f6c7c778f94d5ea5b0d956db8cd40c P 9c0b135a16c644708b4440f1b61177fd: stopping tablet replica
I20260709 13:06:38.564193 14626 raft_consensus.cc:2243] T 44f6c7c778f94d5ea5b0d956db8cd40c P 9c0b135a16c644708b4440f1b61177fd [term 3 LEADER]: Raft consensus shutting down.
I20260709 13:06:38.565070 14626 raft_consensus.cc:2272] T 44f6c7c778f94d5ea5b0d956db8cd40c P 9c0b135a16c644708b4440f1b61177fd [term 3 FOLLOWER]: Raft consensus is shut down!
I20260709 13:06:38.567041 14626 tablet_replica.cc:333] T c651a4b31e494778ab14d4274219d08b P 9c0b135a16c644708b4440f1b61177fd: stopping tablet replica
I20260709 13:06:38.567581 14626 raft_consensus.cc:2243] T c651a4b31e494778ab14d4274219d08b P 9c0b135a16c644708b4440f1b61177fd [term 4 FOLLOWER]: Raft consensus shutting down.
I20260709 13:06:38.568053 14626 raft_consensus.cc:2272] T c651a4b31e494778ab14d4274219d08b P 9c0b135a16c644708b4440f1b61177fd [term 4 FOLLOWER]: Raft consensus is shut down!
I20260709 13:06:38.599803 14626 tablet_server.cc:196] TabletServer@127.14.72.130:0 shutdown complete.
I20260709 13:06:38.622833 14626 tablet_server.cc:179] TabletServer@127.14.72.131:0 shutting down...
W20260709 13:06:38.661239 14873 consensus_peers.cc:597] T 0d85be320ec64315b67a3332ad6e1b69 P 3bdfbfd10adf4445b4a61050894dba14 -> Peer 9c0b135a16c644708b4440f1b61177fd (127.14.72.130:43107): Couldn't send request to peer 9c0b135a16c644708b4440f1b61177fd. Status: Network error: Client connection negotiation failed: client connection to 127.14.72.130:43107: connect: Connection refused (error 111). This is attempt 1: this message will repeat every 5th retry.
I20260709 13:06:38.667697 14626 ts_tablet_manager.cc:1507] Shutting down tablet manager...
I20260709 13:06:38.668628 14626 tablet_replica.cc:333] T 1d9427ad0fcd47da9fc196150946e125 P 3bdfbfd10adf4445b4a61050894dba14: stopping tablet replica
I20260709 13:06:38.669386 14626 raft_consensus.cc:2243] T 1d9427ad0fcd47da9fc196150946e125 P 3bdfbfd10adf4445b4a61050894dba14 [term 2 LEADER]: Raft consensus shutting down.
I20260709 13:06:38.670430 14626 raft_consensus.cc:2272] T 1d9427ad0fcd47da9fc196150946e125 P 3bdfbfd10adf4445b4a61050894dba14 [term 2 FOLLOWER]: Raft consensus is shut down!
I20260709 13:06:38.672766 14626 tablet_replica.cc:333] T 0d85be320ec64315b67a3332ad6e1b69 P 3bdfbfd10adf4445b4a61050894dba14: stopping tablet replica
I20260709 13:06:38.673415 14626 raft_consensus.cc:2243] T 0d85be320ec64315b67a3332ad6e1b69 P 3bdfbfd10adf4445b4a61050894dba14 [term 4 LEADER]: Raft consensus shutting down.
I20260709 13:06:38.674397 14626 raft_consensus.cc:2272] T 0d85be320ec64315b67a3332ad6e1b69 P 3bdfbfd10adf4445b4a61050894dba14 [term 4 FOLLOWER]: Raft consensus is shut down!
I20260709 13:06:38.677536 14626 tablet_replica.cc:333] T bdaaf72cf1fe4c5b8a8b5527dd923394 P 3bdfbfd10adf4445b4a61050894dba14: stopping tablet replica
I20260709 13:06:38.678159 14626 raft_consensus.cc:2243] T bdaaf72cf1fe4c5b8a8b5527dd923394 P 3bdfbfd10adf4445b4a61050894dba14 [term 3 FOLLOWER]: Raft consensus shutting down.
I20260709 13:06:38.678666 14626 raft_consensus.cc:2272] T bdaaf72cf1fe4c5b8a8b5527dd923394 P 3bdfbfd10adf4445b4a61050894dba14 [term 3 FOLLOWER]: Raft consensus is shut down!
I20260709 13:06:38.681300 14626 tablet_replica.cc:333] T f345ff65fda140739e672582a1c84505 P 3bdfbfd10adf4445b4a61050894dba14: stopping tablet replica
I20260709 13:06:38.681983 14626 raft_consensus.cc:2243] T f345ff65fda140739e672582a1c84505 P 3bdfbfd10adf4445b4a61050894dba14 [term 4 FOLLOWER]: Raft consensus shutting down.
I20260709 13:06:38.682505 14626 raft_consensus.cc:2272] T f345ff65fda140739e672582a1c84505 P 3bdfbfd10adf4445b4a61050894dba14 [term 4 FOLLOWER]: Raft consensus is shut down!
I20260709 13:06:38.684517 14626 tablet_replica.cc:333] T a3066f38ab94433a8a9798cda2722503 P 3bdfbfd10adf4445b4a61050894dba14: stopping tablet replica
I20260709 13:06:38.685460 14626 raft_consensus.cc:2243] T a3066f38ab94433a8a9798cda2722503 P 3bdfbfd10adf4445b4a61050894dba14 [term 2 FOLLOWER]: Raft consensus shutting down.
I20260709 13:06:38.686028 14626 raft_consensus.cc:2272] T a3066f38ab94433a8a9798cda2722503 P 3bdfbfd10adf4445b4a61050894dba14 [term 2 FOLLOWER]: Raft consensus is shut down!
I20260709 13:06:38.688525 14626 tablet_replica.cc:333] T 44f6c7c778f94d5ea5b0d956db8cd40c P 3bdfbfd10adf4445b4a61050894dba14: stopping tablet replica
I20260709 13:06:38.689057 14626 raft_consensus.cc:2243] T 44f6c7c778f94d5ea5b0d956db8cd40c P 3bdfbfd10adf4445b4a61050894dba14 [term 3 FOLLOWER]: Raft consensus shutting down.
I20260709 13:06:38.689446 14626 raft_consensus.cc:2272] T 44f6c7c778f94d5ea5b0d956db8cd40c P 3bdfbfd10adf4445b4a61050894dba14 [term 3 FOLLOWER]: Raft consensus is shut down!
I20260709 13:06:38.691159 14626 tablet_replica.cc:333] T c651a4b31e494778ab14d4274219d08b P 3bdfbfd10adf4445b4a61050894dba14: stopping tablet replica
I20260709 13:06:38.691620 14626 raft_consensus.cc:2243] T c651a4b31e494778ab14d4274219d08b P 3bdfbfd10adf4445b4a61050894dba14 [term 4 FOLLOWER]: Raft consensus shutting down.
I20260709 13:06:38.692027 14626 raft_consensus.cc:2272] T c651a4b31e494778ab14d4274219d08b P 3bdfbfd10adf4445b4a61050894dba14 [term 4 FOLLOWER]: Raft consensus is shut down!
I20260709 13:06:38.694327 14626 tablet_replica.cc:333] T 250e404d16b24cbe8f4c2f2b162a5efa P 3bdfbfd10adf4445b4a61050894dba14: stopping tablet replica
I20260709 13:06:38.694909 14626 raft_consensus.cc:2243] T 250e404d16b24cbe8f4c2f2b162a5efa P 3bdfbfd10adf4445b4a61050894dba14 [term 3 FOLLOWER]: Raft consensus shutting down.
I20260709 13:06:38.695369 14626 raft_consensus.cc:2272] T 250e404d16b24cbe8f4c2f2b162a5efa P 3bdfbfd10adf4445b4a61050894dba14 [term 3 FOLLOWER]: Raft consensus is shut down!
I20260709 13:06:38.697956 14626 tablet_replica.cc:333] T a4be4ca4d4554f7b8b5e3b19b8df589c P 3bdfbfd10adf4445b4a61050894dba14: stopping tablet replica
I20260709 13:06:38.698812 14626 raft_consensus.cc:2243] T a4be4ca4d4554f7b8b5e3b19b8df589c P 3bdfbfd10adf4445b4a61050894dba14 [term 4 LEADER]: Raft consensus shutting down.
I20260709 13:06:38.699980 14626 raft_consensus.cc:2272] T a4be4ca4d4554f7b8b5e3b19b8df589c P 3bdfbfd10adf4445b4a61050894dba14 [term 4 FOLLOWER]: Raft consensus is shut down!
I20260709 13:06:38.729593 14626 tablet_server.cc:196] TabletServer@127.14.72.131:0 shutdown complete.
I20260709 13:06:38.750043 14626 master.cc:562] Master@127.14.72.190:38485 shutting down...
I20260709 13:06:38.879431 14713 catalog_manager.cc:805] Waiting for catalog manager background task thread to start: Service unavailable: Catalog manager is not initialized. State: Closing
I20260709 13:06:38.993757 14626 raft_consensus.cc:2243] T 00000000000000000000000000000000 P 36f9e2da51884903a6b13582539db95f [term 1 LEADER]: Raft consensus shutting down.
I20260709 13:06:38.994463 14626 raft_consensus.cc:2272] T 00000000000000000000000000000000 P 36f9e2da51884903a6b13582539db95f [term 1 FOLLOWER]: Raft consensus is shut down!
I20260709 13:06:38.994868 14626 tablet_replica.cc:333] T 00000000000000000000000000000000 P 36f9e2da51884903a6b13582539db95f: stopping tablet replica
I20260709 13:06:39.018013 14626 master.cc:584] Master@127.14.72.190:38485 shutdown complete.
36d9acae9cc84a34bc526a876ab290aa  4
3bdfbfd10adf4445b4a61050894dba14  1
9c0b135a16c644708b4440f1b61177fd  4
[       OK ] LeaderRebalancerTest.FunctionalTestForDivided (15391 ms)
[ RUN      ] LeaderRebalancerTest.FunctionalTestForNotDivided
I20260709 13:06:39.072664 14626 internal_mini_cluster.cc:156] Creating distributed mini masters. Addrs: 127.14.72.190:34451
I20260709 13:06:39.074390 14626 file_cache.cc:504] Constructed file cache file cache with capacity 419430
W20260709 13:06:39.082417 15165 instance_detector.cc:116] could not retrieve Azure instance metadata: Network error: curl error: HTTP response code said error: The requested URL returned error: 404
W20260709 13:06:39.082434 15164 instance_detector.cc:116] could not retrieve AWS instance metadata: Network error: curl error: HTTP response code said error: The requested URL returned error: 404
W20260709 13:06:39.083871 15167 instance_detector.cc:116] could not retrieve OpenStack instance metadata: Network error: curl error: HTTP response code said error: The requested URL returned error: 404
I20260709 13:06:39.084457 14626 server_base.cc:1061] running on GCE node
I20260709 13:06:39.086660 14626 hybrid_clock.cc:584] initializing the hybrid clock with 'system_unsync' time source
W20260709 13:06:39.086980 14626 system_unsync_time.cc:38] NTP support is disabled. Clock error bounds will not be accurate. This configuration is not suitable for distributed clusters.
I20260709 13:06:39.087137 14626 hybrid_clock.cc:648] HybridClock initialized: now 1783602399087118 us; error 0 us; skew 500 ppm
I20260709 13:06:39.087726 14626 server_base.cc:861] Flag tcmalloc_max_total_thread_cache_bytes is not working since tcmalloc is not enabled.
I20260709 13:06:39.093468 14626 webserver.cc:533] Webserver started at http://127.14.72.190:37899/ using document root <none> and password file <none>
I20260709 13:06:39.094918 14626 fs_manager.cc:362] Metadata directory not provided
I20260709 13:06:39.095172 14626 fs_manager.cc:368] Using write-ahead log directory (fs_wal_dir) as metadata directory
I20260709 13:06:39.095455 14626 server_base.cc:909] This appears to be a new deployment of Kudu; creating new FS layout
I20260709 13:06:39.097024 14626 fs_manager.cc:1068] Generated new instance metadata in path /tmp/dist-test-taskOfV3CA/test-tmp/auto_leader_rebalancer-test.0.LeaderRebalancerTest.FunctionalTestForNotDivided.1783602383475508-14626-0/minicluster-data/master-0-root/instance:
uuid: "6f8cc28f7c9d41aeb28bc8f3ef7c81be"
format_stamp: "Formatted at 2026-07-09 13:06:39 on dist-test-slave-l8g5"
I20260709 13:06:39.103404 14626 fs_manager.cc:696] Time spent creating directory manager: real 0.005s	user 0.005s	sys 0.000s
I20260709 13:06:39.108273 15172 log_block_manager.cc:4127] Time spent loading block containers with low live blocks: real 0.000s	user 0.000s	sys 0.000s
I20260709 13:06:39.109949 14626 fs_manager.cc:730] Time spent opening block manager: real 0.004s	user 0.003s	sys 0.000s
I20260709 13:06:39.111040 14626 fs_manager.cc:647] Opened local filesystem: /tmp/dist-test-taskOfV3CA/test-tmp/auto_leader_rebalancer-test.0.LeaderRebalancerTest.FunctionalTestForNotDivided.1783602383475508-14626-0/minicluster-data/master-0-root
uuid: "6f8cc28f7c9d41aeb28bc8f3ef7c81be"
format_stamp: "Formatted at 2026-07-09 13:06:39 on dist-test-slave-l8g5"
I20260709 13:06:39.111430 14626 fs_report.cc:389] FS layout report
--------------------
wal directory: /tmp/dist-test-taskOfV3CA/test-tmp/auto_leader_rebalancer-test.0.LeaderRebalancerTest.FunctionalTestForNotDivided.1783602383475508-14626-0/minicluster-data/master-0-root
metadata directory: /tmp/dist-test-taskOfV3CA/test-tmp/auto_leader_rebalancer-test.0.LeaderRebalancerTest.FunctionalTestForNotDivided.1783602383475508-14626-0/minicluster-data/master-0-root
1 data directories: /tmp/dist-test-taskOfV3CA/test-tmp/auto_leader_rebalancer-test.0.LeaderRebalancerTest.FunctionalTestForNotDivided.1783602383475508-14626-0/minicluster-data/master-0-root/data
Total live blocks: 0
Total live bytes: 0
Total live bytes (after alignment): 0
Total number of LBM containers: 0 (0 full)
Did not check for missing blocks
Did not check for orphaned blocks
Total full LBM containers with extra space: 0 (0 repaired)
Total full LBM container extra space in bytes: 0 (0 repaired)
Total incomplete LBM containers: 0 (0 repaired)
Total LBM partial records: 0 (0 repaired)
Total corrupted LBM metadata records in RocksDB: 0 (0 repaired)
I20260709 13:06:39.141191 14626 rpc_server.cc:225] running with OpenSSL 1.1.1  11 Sep 2018
I20260709 13:06:39.142858 14626 kserver.cc:163] Server-wide thread pool size limit: 3276
I20260709 13:06:39.198120 14626 rpc_server.cc:307] RPC server started. Bound to: 127.14.72.190:34451
I20260709 13:06:39.198275 15223 acceptor_pool.cc:272] collecting diagnostics on the listening RPC socket 127.14.72.190:34451 every 8 connection(s)
I20260709 13:06:39.205663 15224 data_dirs.cc:400] Could only allocate 1 dirs of requested 3 for tablet 00000000000000000000000000000000. 1 dirs total, 0 dirs full, 0 dirs failed
I20260709 13:06:39.219084 15224 tablet_bootstrap.cc:492] T 00000000000000000000000000000000 P 6f8cc28f7c9d41aeb28bc8f3ef7c81be: Bootstrap starting.
I20260709 13:06:39.225265 15224 tablet_bootstrap.cc:654] T 00000000000000000000000000000000 P 6f8cc28f7c9d41aeb28bc8f3ef7c81be: Neither blocks nor log segments found. Creating new log.
I20260709 13:06:39.231861 15224 tablet_bootstrap.cc:492] T 00000000000000000000000000000000 P 6f8cc28f7c9d41aeb28bc8f3ef7c81be: No bootstrap required, opened a new log
I20260709 13:06:39.234375 15224 raft_consensus.cc:359] T 00000000000000000000000000000000 P 6f8cc28f7c9d41aeb28bc8f3ef7c81be [term 0 FOLLOWER]: Replica starting. Triggering 0 pending ops. Active config: opid_index: -1 OBSOLETE_local: true peers { permanent_uuid: "6f8cc28f7c9d41aeb28bc8f3ef7c81be" member_type: VOTER }
I20260709 13:06:39.234890 15224 raft_consensus.cc:385] T 00000000000000000000000000000000 P 6f8cc28f7c9d41aeb28bc8f3ef7c81be [term 0 FOLLOWER]: Consensus starting up: Expiring failure detector timer to make a prompt election more likely
I20260709 13:06:39.235311 15224 raft_consensus.cc:740] T 00000000000000000000000000000000 P 6f8cc28f7c9d41aeb28bc8f3ef7c81be [term 0 FOLLOWER]: Becoming Follower/Learner. State: Replica: 6f8cc28f7c9d41aeb28bc8f3ef7c81be, State: Initialized, Role: FOLLOWER
I20260709 13:06:39.236107 15224 consensus_queue.cc:260] T 00000000000000000000000000000000 P 6f8cc28f7c9d41aeb28bc8f3ef7c81be [NON_LEADER]: Queue going to NON_LEADER mode. State: All replicated index: 0, Majority replicated index: 0, Committed index: 0, Last appended: 0.0, Last appended by leader: 0, Current term: 0, Majority size: -1, State: 0, Mode: NON_LEADER, active raft config: opid_index: -1 OBSOLETE_local: true peers { permanent_uuid: "6f8cc28f7c9d41aeb28bc8f3ef7c81be" member_type: VOTER }
I20260709 13:06:39.236639 15224 raft_consensus.cc:399] T 00000000000000000000000000000000 P 6f8cc28f7c9d41aeb28bc8f3ef7c81be [term 0 FOLLOWER]: Only one voter in the Raft config. Triggering election immediately
I20260709 13:06:39.236910 15224 raft_consensus.cc:493] T 00000000000000000000000000000000 P 6f8cc28f7c9d41aeb28bc8f3ef7c81be [term 0 FOLLOWER]: Starting leader election (initial election of a single-replica configuration)
I20260709 13:06:39.237198 15224 raft_consensus.cc:3060] T 00000000000000000000000000000000 P 6f8cc28f7c9d41aeb28bc8f3ef7c81be [term 0 FOLLOWER]: Advancing to term 1
I20260709 13:06:39.242910 15224 raft_consensus.cc:515] T 00000000000000000000000000000000 P 6f8cc28f7c9d41aeb28bc8f3ef7c81be [term 1 FOLLOWER]: Starting leader election with config: opid_index: -1 OBSOLETE_local: true peers { permanent_uuid: "6f8cc28f7c9d41aeb28bc8f3ef7c81be" member_type: VOTER }
I20260709 13:06:39.243655 15224 leader_election.cc:304] T 00000000000000000000000000000000 P 6f8cc28f7c9d41aeb28bc8f3ef7c81be [CANDIDATE]: Term 1 election: Election decided. Result: candidate won. Election summary: received 1 responses out of 1 voters: 1 yes votes; 0 no votes. yes voters: 6f8cc28f7c9d41aeb28bc8f3ef7c81be; no voters: 
I20260709 13:06:39.245034 15224 leader_election.cc:290] T 00000000000000000000000000000000 P 6f8cc28f7c9d41aeb28bc8f3ef7c81be [CANDIDATE]: Term 1 election: Requested vote from peers 
I20260709 13:06:39.245656 15227 raft_consensus.cc:2804] T 00000000000000000000000000000000 P 6f8cc28f7c9d41aeb28bc8f3ef7c81be [term 1 FOLLOWER]: Leader election won for term 1
I20260709 13:06:39.247393 15227 raft_consensus.cc:697] T 00000000000000000000000000000000 P 6f8cc28f7c9d41aeb28bc8f3ef7c81be [term 1 LEADER]: Becoming Leader. State: Replica: 6f8cc28f7c9d41aeb28bc8f3ef7c81be, State: Running, Role: LEADER
I20260709 13:06:39.248137 15227 consensus_queue.cc:237] T 00000000000000000000000000000000 P 6f8cc28f7c9d41aeb28bc8f3ef7c81be [LEADER]: Queue going to LEADER mode. State: All replicated index: 0, Majority replicated index: 0, Committed index: 0, Last appended: 0.0, Last appended by leader: 0, Current term: 1, Majority size: 1, State: 0, Mode: LEADER, active raft config: opid_index: -1 OBSOLETE_local: true peers { permanent_uuid: "6f8cc28f7c9d41aeb28bc8f3ef7c81be" member_type: VOTER }
I20260709 13:06:39.248829 15224 sys_catalog.cc:565] T 00000000000000000000000000000000 P 6f8cc28f7c9d41aeb28bc8f3ef7c81be [sys.catalog]: configured and running, proceeding with master startup.
I20260709 13:06:39.253568 15228 sys_catalog.cc:455] T 00000000000000000000000000000000 P 6f8cc28f7c9d41aeb28bc8f3ef7c81be [sys.catalog]: SysCatalogTable state changed. Reason: RaftConsensus started. Latest consensus state: current_term: 1 leader_uuid: "6f8cc28f7c9d41aeb28bc8f3ef7c81be" committed_config { opid_index: -1 OBSOLETE_local: true peers { permanent_uuid: "6f8cc28f7c9d41aeb28bc8f3ef7c81be" member_type: VOTER } }
I20260709 13:06:39.253647 15229 sys_catalog.cc:455] T 00000000000000000000000000000000 P 6f8cc28f7c9d41aeb28bc8f3ef7c81be [sys.catalog]: SysCatalogTable state changed. Reason: New leader 6f8cc28f7c9d41aeb28bc8f3ef7c81be. Latest consensus state: current_term: 1 leader_uuid: "6f8cc28f7c9d41aeb28bc8f3ef7c81be" committed_config { opid_index: -1 OBSOLETE_local: true peers { permanent_uuid: "6f8cc28f7c9d41aeb28bc8f3ef7c81be" member_type: VOTER } }
I20260709 13:06:39.254462 15228 sys_catalog.cc:458] T 00000000000000000000000000000000 P 6f8cc28f7c9d41aeb28bc8f3ef7c81be [sys.catalog]: This master's current role is: LEADER
I20260709 13:06:39.254549 15229 sys_catalog.cc:458] T 00000000000000000000000000000000 P 6f8cc28f7c9d41aeb28bc8f3ef7c81be [sys.catalog]: This master's current role is: LEADER
I20260709 13:06:39.261014 15233 catalog_manager.cc:1511] Loading table and tablet metadata into memory...
I20260709 13:06:39.267951 15233 catalog_manager.cc:1520] Initializing Kudu cluster ID...
I20260709 13:06:39.271832 14626 internal_mini_cluster.cc:184] Waiting to initialize catalog manager on master 0
I20260709 13:06:39.277387 15233 catalog_manager.cc:1383] Generated new cluster ID: edb88893d49a4f2691925ed2fbf44907
I20260709 13:06:39.277770 15233 catalog_manager.cc:1531] Initializing Kudu internal certificate authority...
I20260709 13:06:39.320794 15233 catalog_manager.cc:1406] Generated new certificate authority record
