I20260709 13:06:59.113199 15866 tablet_service.cc:1917] Received RequestConsensusVote() RPC: tablet_id: "1fe97c88ad784ed187fc3c06c50304b3" candidate_uuid: "9dfbe7a02c284549805476f97884143a" candidate_term: 1 candidate_status { last_received { term: 0 index: 0 } } ignore_live_leader: false dest_uuid: "582c58844ece4c5e8b2b09cb8eea7e7f"
I20260709 13:06:59.113899 15866 raft_consensus.cc:3060] T 1fe97c88ad784ed187fc3c06c50304b3 P 582c58844ece4c5e8b2b09cb8eea7e7f [term 0 FOLLOWER]: Advancing to term 1
I20260709 13:06:59.101351 16103 raft_consensus.cc:493] T e8352f26105746beb1a68448617366f9 P 9dfbe7a02c284549805476f97884143a [term 0 FOLLOWER]: Starting pre-election (no leader contacted us within the election timeout)
I20260709 13:06:59.129307 16103 raft_consensus.cc:515] T e8352f26105746beb1a68448617366f9 P 9dfbe7a02c284549805476f97884143a [term 0 FOLLOWER]: Starting pre-election with config: opid_index: -1 OBSOLETE_local: false peers { permanent_uuid: "9dfbe7a02c284549805476f97884143a" member_type: VOTER last_known_addr { host: "127.14.72.129" port: 45907 } } peers { permanent_uuid: "582c58844ece4c5e8b2b09cb8eea7e7f" member_type: VOTER last_known_addr { host: "127.14.72.130" port: 33133 } } peers { permanent_uuid: "36a6bcf61cc54692b8b93c9536b2c536" member_type: VOTER last_known_addr { host: "127.14.72.131" port: 42879 } }
I20260709 13:06:59.131704 16103 leader_election.cc:290] T e8352f26105746beb1a68448617366f9 P 9dfbe7a02c284549805476f97884143a [CANDIDATE]: Term 1 pre-election: Requested pre-vote from peers 582c58844ece4c5e8b2b09cb8eea7e7f (127.14.72.130:33133), 36a6bcf61cc54692b8b93c9536b2c536 (127.14.72.131:42879)
I20260709 13:06:59.132499 15862 tablet_service.cc:1917] Received RequestConsensusVote() RPC: tablet_id: "e8352f26105746beb1a68448617366f9" candidate_uuid: "9dfbe7a02c284549805476f97884143a" candidate_term: 1 candidate_status { last_received { term: 0 index: 0 } } ignore_live_leader: false dest_uuid: "582c58844ece4c5e8b2b09cb8eea7e7f" is_pre_election: true
I20260709 13:06:59.133220 15862 raft_consensus.cc:2468] T e8352f26105746beb1a68448617366f9 P 582c58844ece4c5e8b2b09cb8eea7e7f [term 0 FOLLOWER]: Leader pre-election vote request: Granting yes vote for candidate 9dfbe7a02c284549805476f97884143a in term 0.
I20260709 13:06:59.134464 15756 leader_election.cc:304] T e8352f26105746beb1a68448617366f9 P 9dfbe7a02c284549805476f97884143a [CANDIDATE]: Term 1 pre-election: Election decided. Result: candidate won. Election summary: received 2 responses out of 3 voters: 2 yes votes; 0 no votes. yes voters: 582c58844ece4c5e8b2b09cb8eea7e7f, 9dfbe7a02c284549805476f97884143a; no voters: 
I20260709 13:06:59.135406 15940 tablet_service.cc:1917] Received RequestConsensusVote() RPC: tablet_id: "e8352f26105746beb1a68448617366f9" candidate_uuid: "9dfbe7a02c284549805476f97884143a" candidate_term: 1 candidate_status { last_received { term: 0 index: 0 } } ignore_live_leader: false dest_uuid: "36a6bcf61cc54692b8b93c9536b2c536" is_pre_election: true
I20260709 13:06:59.137105 16207 raft_consensus.cc:2804] T e8352f26105746beb1a68448617366f9 P 9dfbe7a02c284549805476f97884143a [term 0 FOLLOWER]: Leader pre-election won for term 1
I20260709 13:06:59.137936 16207 raft_consensus.cc:493] T e8352f26105746beb1a68448617366f9 P 9dfbe7a02c284549805476f97884143a [term 0 FOLLOWER]: Starting leader election (no leader contacted us within the election timeout)
I20260709 13:06:59.138657 16207 raft_consensus.cc:3060] T e8352f26105746beb1a68448617366f9 P 9dfbe7a02c284549805476f97884143a [term 0 FOLLOWER]: Advancing to term 1
W20260709 13:06:59.146277 15757 leader_election.cc:343] T e8352f26105746beb1a68448617366f9 P 9dfbe7a02c284549805476f97884143a [CANDIDATE]: Term 1 pre-election: Tablet error from VoteRequest() call to peer 36a6bcf61cc54692b8b93c9536b2c536 (127.14.72.131:42879): Illegal state: must be running to vote when last-logged opid is not known
I20260709 13:06:59.150391 16207 raft_consensus.cc:515] T e8352f26105746beb1a68448617366f9 P 9dfbe7a02c284549805476f97884143a [term 1 FOLLOWER]: Starting leader election with config: opid_index: -1 OBSOLETE_local: false peers { permanent_uuid: "9dfbe7a02c284549805476f97884143a" member_type: VOTER last_known_addr { host: "127.14.72.129" port: 45907 } } peers { permanent_uuid: "582c58844ece4c5e8b2b09cb8eea7e7f" member_type: VOTER last_known_addr { host: "127.14.72.130" port: 33133 } } peers { permanent_uuid: "36a6bcf61cc54692b8b93c9536b2c536" member_type: VOTER last_known_addr { host: "127.14.72.131" port: 42879 } }
I20260709 13:06:59.152603 15866 raft_consensus.cc:2468] T 1fe97c88ad784ed187fc3c06c50304b3 P 582c58844ece4c5e8b2b09cb8eea7e7f [term 1 FOLLOWER]: Leader election vote request: Granting yes vote for candidate 9dfbe7a02c284549805476f97884143a in term 1.
I20260709 13:06:59.154386 16230 leader_election.cc:290] T 1fe97c88ad784ed187fc3c06c50304b3 P 9dfbe7a02c284549805476f97884143a [CANDIDATE]: Term 1 election: Requested vote from peers 582c58844ece4c5e8b2b09cb8eea7e7f (127.14.72.130:33133), 36a6bcf61cc54692b8b93c9536b2c536 (127.14.72.131:42879)
I20260709 13:06:59.155756 15756 leader_election.cc:304] T 1fe97c88ad784ed187fc3c06c50304b3 P 9dfbe7a02c284549805476f97884143a [CANDIDATE]: Term 1 election: Election decided. Result: candidate won. Election summary: received 2 responses out of 3 voters: 2 yes votes; 0 no votes. yes voters: 582c58844ece4c5e8b2b09cb8eea7e7f, 9dfbe7a02c284549805476f97884143a; no voters: 
I20260709 13:06:59.156780 16230 raft_consensus.cc:2804] T 1fe97c88ad784ed187fc3c06c50304b3 P 9dfbe7a02c284549805476f97884143a [term 1 FOLLOWER]: Leader election won for term 1
I20260709 13:06:59.157668 16230 raft_consensus.cc:697] T 1fe97c88ad784ed187fc3c06c50304b3 P 9dfbe7a02c284549805476f97884143a [term 1 LEADER]: Becoming Leader. State: Replica: 9dfbe7a02c284549805476f97884143a, State: Running, Role: LEADER
I20260709 13:06:59.157516 15686 catalog_manager.cc:5697] T bd862a9eb0bd4ff0ad6ca6a5eebeda24 P 9dfbe7a02c284549805476f97884143a reported cstate change: term changed from 0 to 1, leader changed from <none> to 9dfbe7a02c284549805476f97884143a (127.14.72.129). New cstate: current_term: 1 leader_uuid: "9dfbe7a02c284549805476f97884143a" committed_config { opid_index: -1 OBSOLETE_local: false peers { permanent_uuid: "9dfbe7a02c284549805476f97884143a" member_type: VOTER last_known_addr { host: "127.14.72.129" port: 45907 } health_report { overall_health: HEALTHY } } peers { permanent_uuid: "582c58844ece4c5e8b2b09cb8eea7e7f" member_type: VOTER last_known_addr { host: "127.14.72.130" port: 33133 } health_report { overall_health: UNKNOWN } } peers { permanent_uuid: "36a6bcf61cc54692b8b93c9536b2c536" member_type: VOTER last_known_addr { host: "127.14.72.131" port: 42879 } health_report { overall_health: UNKNOWN } } }
I20260709 13:06:59.158555 16230 consensus_queue.cc:237] T 1fe97c88ad784ed187fc3c06c50304b3 P 9dfbe7a02c284549805476f97884143a [LEADER]: Queue going to LEADER mode. State: All replicated index: 0, Majority replicated index: 0, Committed index: 0, Last appended: 0.0, Last appended by leader: 0, Current term: 1, Majority size: 2, State: 0, Mode: LEADER, active raft config: opid_index: -1 OBSOLETE_local: false peers { permanent_uuid: "9dfbe7a02c284549805476f97884143a" member_type: VOTER last_known_addr { host: "127.14.72.129" port: 45907 } } peers { permanent_uuid: "582c58844ece4c5e8b2b09cb8eea7e7f" member_type: VOTER last_known_addr { host: "127.14.72.130" port: 33133 } } peers { permanent_uuid: "36a6bcf61cc54692b8b93c9536b2c536" member_type: VOTER last_known_addr { host: "127.14.72.131" port: 42879 } }
I20260709 13:06:59.160177 15940 tablet_service.cc:1917] Received RequestConsensusVote() RPC: tablet_id: "1fe97c88ad784ed187fc3c06c50304b3" candidate_uuid: "9dfbe7a02c284549805476f97884143a" candidate_term: 1 candidate_status { last_received { term: 0 index: 0 } } ignore_live_leader: false dest_uuid: "36a6bcf61cc54692b8b93c9536b2c536"
I20260709 13:06:59.170166 15940 raft_consensus.cc:3060] T 1fe97c88ad784ed187fc3c06c50304b3 P 36a6bcf61cc54692b8b93c9536b2c536 [term 0 FOLLOWER]: Advancing to term 1
I20260709 13:06:59.076746 15982 raft_consensus.cc:740] T ece6f3215c044818815ae16f7b9179cf P 582c58844ece4c5e8b2b09cb8eea7e7f [term 0 FOLLOWER]: Becoming Follower/Learner. State: Replica: 582c58844ece4c5e8b2b09cb8eea7e7f, State: Initialized, Role: FOLLOWER
I20260709 13:06:59.177511 15937 tablet_service.cc:1917] Received RequestConsensusVote() RPC: tablet_id: "e8352f26105746beb1a68448617366f9" candidate_uuid: "9dfbe7a02c284549805476f97884143a" candidate_term: 1 candidate_status { last_received { term: 0 index: 0 } } ignore_live_leader: false dest_uuid: "36a6bcf61cc54692b8b93c9536b2c536"
I20260709 13:06:59.178068 15982 consensus_queue.cc:260] T ece6f3215c044818815ae16f7b9179cf P 582c58844ece4c5e8b2b09cb8eea7e7f [NON_LEADER]: Queue going to NON_LEADER mode. State: All replicated index: 0, Majority replicated index: 0, Committed index: 0, Last appended: 0.0, Last appended by leader: 0, Current term: 0, Majority size: -1, State: 0, Mode: NON_LEADER, active raft config: opid_index: -1 OBSOLETE_local: false peers { permanent_uuid: "9dfbe7a02c284549805476f97884143a" member_type: VOTER last_known_addr { host: "127.14.72.129" port: 45907 } } peers { permanent_uuid: "582c58844ece4c5e8b2b09cb8eea7e7f" member_type: VOTER last_known_addr { host: "127.14.72.130" port: 33133 } } peers { permanent_uuid: "36a6bcf61cc54692b8b93c9536b2c536" member_type: VOTER last_known_addr { host: "127.14.72.131" port: 42879 } }
I20260709 13:06:59.179999 15940 raft_consensus.cc:2468] T 1fe97c88ad784ed187fc3c06c50304b3 P 36a6bcf61cc54692b8b93c9536b2c536 [term 1 FOLLOWER]: Leader election vote request: Granting yes vote for candidate 9dfbe7a02c284549805476f97884143a in term 1.
I20260709 13:06:59.161468 15866 tablet_service.cc:1917] Received RequestConsensusVote() RPC: tablet_id: "e8352f26105746beb1a68448617366f9" candidate_uuid: "9dfbe7a02c284549805476f97884143a" candidate_term: 1 candidate_status { last_received { term: 0 index: 0 } } ignore_live_leader: false dest_uuid: "582c58844ece4c5e8b2b09cb8eea7e7f"
I20260709 13:06:59.196568 15866 raft_consensus.cc:3060] T e8352f26105746beb1a68448617366f9 P 582c58844ece4c5e8b2b09cb8eea7e7f [term 0 FOLLOWER]: Advancing to term 1
I20260709 13:06:59.197640 15937 raft_consensus.cc:3060] T 2cacbeccadb04d42820b8a804f40caa2 P 36a6bcf61cc54692b8b93c9536b2c536 [term 0 FOLLOWER]: Advancing to term 1
I20260709 13:06:59.180325 15982 ts_tablet_manager.cc:1434] T ece6f3215c044818815ae16f7b9179cf P 582c58844ece4c5e8b2b09cb8eea7e7f: Time spent starting tablet: real 0.245s	user 0.002s	sys 0.004s
I20260709 13:06:59.207316 15981 tablet_bootstrap.cc:492] T 259bfddb180b4e9b869e5a5474c155da P 36a6bcf61cc54692b8b93c9536b2c536: No bootstrap required, opened a new log
I20260709 13:06:59.162416 16207 leader_election.cc:290] T e8352f26105746beb1a68448617366f9 P 9dfbe7a02c284549805476f97884143a [CANDIDATE]: Term 1 election: Requested vote from peers 582c58844ece4c5e8b2b09cb8eea7e7f (127.14.72.130:33133), 36a6bcf61cc54692b8b93c9536b2c536 (127.14.72.131:42879)
W20260709 13:06:59.195787 15757 leader_election.cc:343] T e8352f26105746beb1a68448617366f9 P 9dfbe7a02c284549805476f97884143a [CANDIDATE]: Term 1 election: Tablet error from VoteRequest() call to peer 36a6bcf61cc54692b8b93c9536b2c536 (127.14.72.131:42879): Illegal state: must be running to vote when last-logged opid is not known
I20260709 13:06:59.208186 15981 ts_tablet_manager.cc:1403] T 259bfddb180b4e9b869e5a5474c155da P 36a6bcf61cc54692b8b93c9536b2c536: Time spent bootstrapping tablet: real 0.125s	user 0.075s	sys 0.047s
I20260709 13:06:59.217818 15982 tablet_bootstrap.cc:492] T 61584924ccf24b5b8d8fd9b5052a1a15 P 582c58844ece4c5e8b2b09cb8eea7e7f: Bootstrap starting.
I20260709 13:06:59.218132 16207 raft_consensus.cc:493] T 61584924ccf24b5b8d8fd9b5052a1a15 P 9dfbe7a02c284549805476f97884143a [term 0 FOLLOWER]: Starting pre-election (no leader contacted us within the election timeout)
I20260709 13:06:59.218606 16207 raft_consensus.cc:515] T 61584924ccf24b5b8d8fd9b5052a1a15 P 9dfbe7a02c284549805476f97884143a [term 0 FOLLOWER]: Starting pre-election with config: opid_index: -1 OBSOLETE_local: false peers { permanent_uuid: "9dfbe7a02c284549805476f97884143a" member_type: VOTER last_known_addr { host: "127.14.72.129" port: 45907 } } peers { permanent_uuid: "582c58844ece4c5e8b2b09cb8eea7e7f" member_type: VOTER last_known_addr { host: "127.14.72.130" port: 33133 } } peers { permanent_uuid: "36a6bcf61cc54692b8b93c9536b2c536" member_type: VOTER last_known_addr { host: "127.14.72.131" port: 42879 } }
I20260709 13:06:59.223215 15861 tablet_service.cc:1917] Received RequestConsensusVote() RPC: tablet_id: "61584924ccf24b5b8d8fd9b5052a1a15" candidate_uuid: "9dfbe7a02c284549805476f97884143a" candidate_term: 1 candidate_status { last_received { term: 0 index: 0 } } ignore_live_leader: false dest_uuid: "582c58844ece4c5e8b2b09cb8eea7e7f" is_pre_election: true
I20260709 13:06:59.225570 15866 raft_consensus.cc:2468] T e8352f26105746beb1a68448617366f9 P 582c58844ece4c5e8b2b09cb8eea7e7f [term 1 FOLLOWER]: Leader election vote request: Granting yes vote for candidate 9dfbe7a02c284549805476f97884143a in term 1.
I20260709 13:06:59.227370 15981 raft_consensus.cc:359] T 259bfddb180b4e9b869e5a5474c155da P 36a6bcf61cc54692b8b93c9536b2c536 [term 0 FOLLOWER]: Replica starting. Triggering 0 pending ops. Active config: opid_index: -1 OBSOLETE_local: false peers { permanent_uuid: "9dfbe7a02c284549805476f97884143a" member_type: VOTER last_known_addr { host: "127.14.72.129" port: 45907 } } peers { permanent_uuid: "582c58844ece4c5e8b2b09cb8eea7e7f" member_type: VOTER last_known_addr { host: "127.14.72.130" port: 33133 } } peers { permanent_uuid: "36a6bcf61cc54692b8b93c9536b2c536" member_type: VOTER last_known_addr { host: "127.14.72.131" port: 42879 } }
W20260709 13:06:59.227895 15756 leader_election.cc:343] T 61584924ccf24b5b8d8fd9b5052a1a15 P 9dfbe7a02c284549805476f97884143a [CANDIDATE]: Term 1 pre-election: Tablet error from VoteRequest() call to peer 582c58844ece4c5e8b2b09cb8eea7e7f (127.14.72.130:33133): Illegal state: must be running to vote when last-logged opid is not known
I20260709 13:06:59.228158 15981 raft_consensus.cc:385] T 259bfddb180b4e9b869e5a5474c155da P 36a6bcf61cc54692b8b93c9536b2c536 [term 0 FOLLOWER]: Consensus starting up: Expiring failure detector timer to make a prompt election more likely
I20260709 13:06:59.228487 15981 raft_consensus.cc:740] T 259bfddb180b4e9b869e5a5474c155da P 36a6bcf61cc54692b8b93c9536b2c536 [term 0 FOLLOWER]: Becoming Follower/Learner. State: Replica: 36a6bcf61cc54692b8b93c9536b2c536, State: Initialized, Role: FOLLOWER
I20260709 13:06:59.228641 15756 leader_election.cc:304] T e8352f26105746beb1a68448617366f9 P 9dfbe7a02c284549805476f97884143a [CANDIDATE]: Term 1 election: Election decided. Result: candidate won. Election summary: received 3 responses out of 3 voters: 2 yes votes; 1 no votes. yes voters: 582c58844ece4c5e8b2b09cb8eea7e7f, 9dfbe7a02c284549805476f97884143a; no voters: 36a6bcf61cc54692b8b93c9536b2c536
I20260709 13:06:59.230638 16103 raft_consensus.cc:2804] T e8352f26105746beb1a68448617366f9 P 9dfbe7a02c284549805476f97884143a [term 1 FOLLOWER]: Leader election won for term 1
I20260709 13:06:59.232097 16103 raft_consensus.cc:697] T e8352f26105746beb1a68448617366f9 P 9dfbe7a02c284549805476f97884143a [term 1 LEADER]: Becoming Leader. State: Replica: 9dfbe7a02c284549805476f97884143a, State: Running, Role: LEADER
I20260709 13:06:59.233220 16103 consensus_queue.cc:237] T e8352f26105746beb1a68448617366f9 P 9dfbe7a02c284549805476f97884143a [LEADER]: Queue going to LEADER mode. State: All replicated index: 0, Majority replicated index: 0, Committed index: 0, Last appended: 0.0, Last appended by leader: 0, Current term: 1, Majority size: 2, State: 0, Mode: LEADER, active raft config: opid_index: -1 OBSOLETE_local: false peers { permanent_uuid: "9dfbe7a02c284549805476f97884143a" member_type: VOTER last_known_addr { host: "127.14.72.129" port: 45907 } } peers { permanent_uuid: "582c58844ece4c5e8b2b09cb8eea7e7f" member_type: VOTER last_known_addr { host: "127.14.72.130" port: 33133 } } peers { permanent_uuid: "36a6bcf61cc54692b8b93c9536b2c536" member_type: VOTER last_known_addr { host: "127.14.72.131" port: 42879 } }
I20260709 13:06:59.235189 16207 leader_election.cc:290] T 61584924ccf24b5b8d8fd9b5052a1a15 P 9dfbe7a02c284549805476f97884143a [CANDIDATE]: Term 1 pre-election: Requested pre-vote from peers 582c58844ece4c5e8b2b09cb8eea7e7f (127.14.72.130:33133), 36a6bcf61cc54692b8b93c9536b2c536 (127.14.72.131:42879)
I20260709 13:06:59.236173 16250 raft_consensus.cc:493] T 723b04df011d48818c50ead996334abe P 9dfbe7a02c284549805476f97884143a [term 0 FOLLOWER]: Starting pre-election (no leader contacted us within the election timeout)
I20260709 13:06:59.237071 15940 tablet_service.cc:1917] Received RequestConsensusVote() RPC: tablet_id: "61584924ccf24b5b8d8fd9b5052a1a15" candidate_uuid: "9dfbe7a02c284549805476f97884143a" candidate_term: 1 candidate_status { last_received { term: 0 index: 0 } } ignore_live_leader: false dest_uuid: "36a6bcf61cc54692b8b93c9536b2c536" is_pre_election: true
I20260709 13:06:59.236860 16250 raft_consensus.cc:515] T 723b04df011d48818c50ead996334abe P 9dfbe7a02c284549805476f97884143a [term 0 FOLLOWER]: Starting pre-election with config: opid_index: -1 OBSOLETE_local: false peers { permanent_uuid: "9dfbe7a02c284549805476f97884143a" member_type: VOTER last_known_addr { host: "127.14.72.129" port: 45907 } } peers { permanent_uuid: "582c58844ece4c5e8b2b09cb8eea7e7f" member_type: VOTER last_known_addr { host: "127.14.72.130" port: 33133 } } peers { permanent_uuid: "36a6bcf61cc54692b8b93c9536b2c536" member_type: VOTER last_known_addr { host: "127.14.72.131" port: 42879 } }
W20260709 13:06:59.238678 15757 leader_election.cc:343] T 61584924ccf24b5b8d8fd9b5052a1a15 P 9dfbe7a02c284549805476f97884143a [CANDIDATE]: Term 1 pre-election: Tablet error from VoteRequest() call to peer 36a6bcf61cc54692b8b93c9536b2c536 (127.14.72.131:42879): Illegal state: must be running to vote when last-logged opid is not known
I20260709 13:06:59.239130 15757 leader_election.cc:304] T 61584924ccf24b5b8d8fd9b5052a1a15 P 9dfbe7a02c284549805476f97884143a [CANDIDATE]: Term 1 pre-election: Election decided. Result: candidate lost. Election summary: received 3 responses out of 3 voters: 1 yes votes; 2 no votes. yes voters: 9dfbe7a02c284549805476f97884143a; no voters: 36a6bcf61cc54692b8b93c9536b2c536, 582c58844ece4c5e8b2b09cb8eea7e7f
I20260709 13:06:59.240089 16250 leader_election.cc:290] T 723b04df011d48818c50ead996334abe P 9dfbe7a02c284549805476f97884143a [CANDIDATE]: Term 1 pre-election: Requested pre-vote from peers 582c58844ece4c5e8b2b09cb8eea7e7f (127.14.72.130:33133), 36a6bcf61cc54692b8b93c9536b2c536 (127.14.72.131:42879)
I20260709 13:06:59.240885 16250 raft_consensus.cc:2749] T 61584924ccf24b5b8d8fd9b5052a1a15 P 9dfbe7a02c284549805476f97884143a [term 0 FOLLOWER]: Leader pre-election lost for term 1. Reason: could not achieve majority
I20260709 13:06:59.242486 15940 tablet_service.cc:1917] Received RequestConsensusVote() RPC: tablet_id: "723b04df011d48818c50ead996334abe" candidate_uuid: "9dfbe7a02c284549805476f97884143a" candidate_term: 1 candidate_status { last_received { term: 0 index: 0 } } ignore_live_leader: false dest_uuid: "36a6bcf61cc54692b8b93c9536b2c536" is_pre_election: true
I20260709 13:06:59.243016 15862 tablet_service.cc:1917] Received RequestConsensusVote() RPC: tablet_id: "723b04df011d48818c50ead996334abe" candidate_uuid: "9dfbe7a02c284549805476f97884143a" candidate_term: 1 candidate_status { last_received { term: 0 index: 0 } } ignore_live_leader: false dest_uuid: "582c58844ece4c5e8b2b09cb8eea7e7f" is_pre_election: true
I20260709 13:06:59.243201 15940 raft_consensus.cc:2468] T 723b04df011d48818c50ead996334abe P 36a6bcf61cc54692b8b93c9536b2c536 [term 0 FOLLOWER]: Leader pre-election vote request: Granting yes vote for candidate 9dfbe7a02c284549805476f97884143a in term 0.
I20260709 13:06:59.243830 15862 raft_consensus.cc:2468] T 723b04df011d48818c50ead996334abe P 582c58844ece4c5e8b2b09cb8eea7e7f [term 0 FOLLOWER]: Leader pre-election vote request: Granting yes vote for candidate 9dfbe7a02c284549805476f97884143a in term 0.
I20260709 13:06:59.229892 15981 consensus_queue.cc:260] T 259bfddb180b4e9b869e5a5474c155da P 36a6bcf61cc54692b8b93c9536b2c536 [NON_LEADER]: Queue going to NON_LEADER mode. State: All replicated index: 0, Majority replicated index: 0, Committed index: 0, Last appended: 0.0, Last appended by leader: 0, Current term: 0, Majority size: -1, State: 0, Mode: NON_LEADER, active raft config: opid_index: -1 OBSOLETE_local: false peers { permanent_uuid: "9dfbe7a02c284549805476f97884143a" member_type: VOTER last_known_addr { host: "127.14.72.129" port: 45907 } } peers { permanent_uuid: "582c58844ece4c5e8b2b09cb8eea7e7f" member_type: VOTER last_known_addr { host: "127.14.72.130" port: 33133 } } peers { permanent_uuid: "36a6bcf61cc54692b8b93c9536b2c536" member_type: VOTER last_known_addr { host: "127.14.72.131" port: 42879 } }
I20260709 13:06:59.245585 15757 leader_election.cc:304] T 723b04df011d48818c50ead996334abe P 9dfbe7a02c284549805476f97884143a [CANDIDATE]: Term 1 pre-election: Election decided. Result: candidate won. Election summary: received 2 responses out of 3 voters: 2 yes votes; 0 no votes. yes voters: 36a6bcf61cc54692b8b93c9536b2c536, 9dfbe7a02c284549805476f97884143a; no voters: 
I20260709 13:06:59.246438 15687 catalog_manager.cc:5697] T 1fe97c88ad784ed187fc3c06c50304b3 P 9dfbe7a02c284549805476f97884143a reported cstate change: term changed from 0 to 1, leader changed from <none> to 9dfbe7a02c284549805476f97884143a (127.14.72.129). New cstate: current_term: 1 leader_uuid: "9dfbe7a02c284549805476f97884143a" committed_config { opid_index: -1 OBSOLETE_local: false peers { permanent_uuid: "9dfbe7a02c284549805476f97884143a" member_type: VOTER last_known_addr { host: "127.14.72.129" port: 45907 } health_report { overall_health: HEALTHY } } peers { permanent_uuid: "582c58844ece4c5e8b2b09cb8eea7e7f" member_type: VOTER last_known_addr { host: "127.14.72.130" port: 33133 } health_report { overall_health: UNKNOWN } } peers { permanent_uuid: "36a6bcf61cc54692b8b93c9536b2c536" member_type: VOTER last_known_addr { host: "127.14.72.131" port: 42879 } health_report { overall_health: UNKNOWN } } }
I20260709 13:06:59.247853 16207 raft_consensus.cc:2804] T 723b04df011d48818c50ead996334abe P 9dfbe7a02c284549805476f97884143a [term 0 FOLLOWER]: Leader pre-election won for term 1
I20260709 13:06:59.249063 16207 raft_consensus.cc:493] T 723b04df011d48818c50ead996334abe P 9dfbe7a02c284549805476f97884143a [term 0 FOLLOWER]: Starting leader election (no leader contacted us within the election timeout)
I20260709 13:06:59.249768 16207 raft_consensus.cc:3060] T 723b04df011d48818c50ead996334abe P 9dfbe7a02c284549805476f97884143a [term 0 FOLLOWER]: Advancing to term 1
I20260709 13:06:59.250097 15981 ts_tablet_manager.cc:1434] T 259bfddb180b4e9b869e5a5474c155da P 36a6bcf61cc54692b8b93c9536b2c536: Time spent starting tablet: real 0.037s	user 0.008s	sys 0.000s
I20260709 13:06:59.251282 15981 tablet_bootstrap.cc:492] T bd862a9eb0bd4ff0ad6ca6a5eebeda24 P 36a6bcf61cc54692b8b93c9536b2c536: Bootstrap starting.
I20260709 13:06:59.274746 15980 tablet_bootstrap.cc:492] T 9501e98ece144a519f74b32ea03a2224 P 9dfbe7a02c284549805476f97884143a: No bootstrap required, opened a new log
I20260709 13:06:59.275521 15980 ts_tablet_manager.cc:1403] T 9501e98ece144a519f74b32ea03a2224 P 9dfbe7a02c284549805476f97884143a: Time spent bootstrapping tablet: real 0.282s	user 0.059s	sys 0.086s
I20260709 13:06:59.280615 15686 catalog_manager.cc:5697] T e8352f26105746beb1a68448617366f9 P 9dfbe7a02c284549805476f97884143a reported cstate change: term changed from 0 to 1, leader changed from <none> to 9dfbe7a02c284549805476f97884143a (127.14.72.129). New cstate: current_term: 1 leader_uuid: "9dfbe7a02c284549805476f97884143a" committed_config { opid_index: -1 OBSOLETE_local: false peers { permanent_uuid: "9dfbe7a02c284549805476f97884143a" member_type: VOTER last_known_addr { host: "127.14.72.129" port: 45907 } health_report { overall_health: HEALTHY } } peers { permanent_uuid: "582c58844ece4c5e8b2b09cb8eea7e7f" member_type: VOTER last_known_addr { host: "127.14.72.130" port: 33133 } health_report { overall_health: UNKNOWN } } peers { permanent_uuid: "36a6bcf61cc54692b8b93c9536b2c536" member_type: VOTER last_known_addr { host: "127.14.72.131" port: 42879 } health_report { overall_health: UNKNOWN } } }
I20260709 13:06:59.278442 15981 tablet_bootstrap.cc:654] T bd862a9eb0bd4ff0ad6ca6a5eebeda24 P 36a6bcf61cc54692b8b93c9536b2c536: Neither blocks nor log segments found. Creating new log.
I20260709 13:06:59.284154 16207 raft_consensus.cc:515] T 723b04df011d48818c50ead996334abe P 9dfbe7a02c284549805476f97884143a [term 1 FOLLOWER]: Starting leader election with config: opid_index: -1 OBSOLETE_local: false peers { permanent_uuid: "9dfbe7a02c284549805476f97884143a" member_type: VOTER last_known_addr { host: "127.14.72.129" port: 45907 } } peers { permanent_uuid: "582c58844ece4c5e8b2b09cb8eea7e7f" member_type: VOTER last_known_addr { host: "127.14.72.130" port: 33133 } } peers { permanent_uuid: "36a6bcf61cc54692b8b93c9536b2c536" member_type: VOTER last_known_addr { host: "127.14.72.131" port: 42879 } }
I20260709 13:06:59.281366 15980 raft_consensus.cc:359] T 9501e98ece144a519f74b32ea03a2224 P 9dfbe7a02c284549805476f97884143a [term 0 FOLLOWER]: Replica starting. Triggering 0 pending ops. Active config: opid_index: -1 OBSOLETE_local: false peers { permanent_uuid: "9dfbe7a02c284549805476f97884143a" member_type: VOTER last_known_addr { host: "127.14.72.129" port: 45907 } } peers { permanent_uuid: "582c58844ece4c5e8b2b09cb8eea7e7f" member_type: VOTER last_known_addr { host: "127.14.72.130" port: 33133 } } peers { permanent_uuid: "36a6bcf61cc54692b8b93c9536b2c536" member_type: VOTER last_known_addr { host: "127.14.72.131" port: 42879 } }
I20260709 13:06:59.285688 15980 raft_consensus.cc:385] T 9501e98ece144a519f74b32ea03a2224 P 9dfbe7a02c284549805476f97884143a [term 0 FOLLOWER]: Consensus starting up: Expiring failure detector timer to make a prompt election more likely
I20260709 13:06:59.286055 15980 raft_consensus.cc:740] T 9501e98ece144a519f74b32ea03a2224 P 9dfbe7a02c284549805476f97884143a [term 0 FOLLOWER]: Becoming Follower/Learner. State: Replica: 9dfbe7a02c284549805476f97884143a, State: Initialized, Role: FOLLOWER
I20260709 13:06:59.287246 15980 consensus_queue.cc:260] T 9501e98ece144a519f74b32ea03a2224 P 9dfbe7a02c284549805476f97884143a [NON_LEADER]: Queue going to NON_LEADER mode. State: All replicated index: 0, Majority replicated index: 0, Committed index: 0, Last appended: 0.0, Last appended by leader: 0, Current term: 0, Majority size: -1, State: 0, Mode: NON_LEADER, active raft config: opid_index: -1 OBSOLETE_local: false peers { permanent_uuid: "9dfbe7a02c284549805476f97884143a" member_type: VOTER last_known_addr { host: "127.14.72.129" port: 45907 } } peers { permanent_uuid: "582c58844ece4c5e8b2b09cb8eea7e7f" member_type: VOTER last_known_addr { host: "127.14.72.130" port: 33133 } } peers { permanent_uuid: "36a6bcf61cc54692b8b93c9536b2c536" member_type: VOTER last_known_addr { host: "127.14.72.131" port: 42879 } }
I20260709 13:06:59.290824 15937 tablet_service.cc:1917] Received RequestConsensusVote() RPC: tablet_id: "723b04df011d48818c50ead996334abe" candidate_uuid: "9dfbe7a02c284549805476f97884143a" candidate_term: 1 candidate_status { last_received { term: 0 index: 0 } } ignore_live_leader: false dest_uuid: "36a6bcf61cc54692b8b93c9536b2c536"
I20260709 13:06:59.291538 15937 raft_consensus.cc:3060] T 723b04df011d48818c50ead996334abe P 36a6bcf61cc54692b8b93c9536b2c536 [term 0 FOLLOWER]: Advancing to term 1
I20260709 13:06:59.292004 15982 tablet_bootstrap.cc:654] T 61584924ccf24b5b8d8fd9b5052a1a15 P 582c58844ece4c5e8b2b09cb8eea7e7f: Neither blocks nor log segments found. Creating new log.
I20260709 13:06:59.291858 15866 tablet_service.cc:1917] Received RequestConsensusVote() RPC: tablet_id: "723b04df011d48818c50ead996334abe" candidate_uuid: "9dfbe7a02c284549805476f97884143a" candidate_term: 1 candidate_status { last_received { term: 0 index: 0 } } ignore_live_leader: false dest_uuid: "582c58844ece4c5e8b2b09cb8eea7e7f"
I20260709 13:06:59.294273 15866 raft_consensus.cc:3060] T 723b04df011d48818c50ead996334abe P 582c58844ece4c5e8b2b09cb8eea7e7f [term 0 FOLLOWER]: Advancing to term 1
I20260709 13:06:59.293490 15980 ts_tablet_manager.cc:1434] T 9501e98ece144a519f74b32ea03a2224 P 9dfbe7a02c284549805476f97884143a: Time spent starting tablet: real 0.015s	user 0.006s	sys 0.000s
I20260709 13:06:59.297935 15980 tablet_bootstrap.cc:492] T edc2d4679c4c4c3d85a48c881ea9964d P 9dfbe7a02c284549805476f97884143a: Bootstrap starting.
I20260709 13:06:59.300423 15937 raft_consensus.cc:2468] T 723b04df011d48818c50ead996334abe P 36a6bcf61cc54692b8b93c9536b2c536 [term 1 FOLLOWER]: Leader election vote request: Granting yes vote for candidate 9dfbe7a02c284549805476f97884143a in term 1.
I20260709 13:06:59.301294 16207 leader_election.cc:290] T 723b04df011d48818c50ead996334abe P 9dfbe7a02c284549805476f97884143a [CANDIDATE]: Term 1 election: Requested vote from peers 582c58844ece4c5e8b2b09cb8eea7e7f (127.14.72.130:33133), 36a6bcf61cc54692b8b93c9536b2c536 (127.14.72.131:42879)
I20260709 13:06:59.304397 16028 consensus_queue.cc:1048] T a93b930d7fd74ee3a73cd1dff8c2eb69 P 582c58844ece4c5e8b2b09cb8eea7e7f [LEADER]: Connected to new peer: Peer: permanent_uuid: "36a6bcf61cc54692b8b93c9536b2c536" member_type: VOTER last_known_addr { host: "127.14.72.131" port: 42879 }, Status: LMP_MISMATCH, Last received: 0.0, Next index: 1, Last known committed idx: 0, Time since last communication: 0.000s
I20260709 13:06:59.308115 15757 leader_election.cc:304] T 723b04df011d48818c50ead996334abe P 9dfbe7a02c284549805476f97884143a [CANDIDATE]: Term 1 election: Election decided. Result: candidate won. Election summary: received 2 responses out of 3 voters: 2 yes votes; 0 no votes. yes voters: 36a6bcf61cc54692b8b93c9536b2c536, 9dfbe7a02c284549805476f97884143a; no voters: 
I20260709 13:06:59.309011 15980 tablet_bootstrap.cc:654] T edc2d4679c4c4c3d85a48c881ea9964d P 9dfbe7a02c284549805476f97884143a: Neither blocks nor log segments found. Creating new log.
I20260709 13:06:59.309234 16207 raft_consensus.cc:2804] T 723b04df011d48818c50ead996334abe P 9dfbe7a02c284549805476f97884143a [term 1 FOLLOWER]: Leader election won for term 1
I20260709 13:06:59.311401 15866 raft_consensus.cc:2468] T 723b04df011d48818c50ead996334abe P 582c58844ece4c5e8b2b09cb8eea7e7f [term 1 FOLLOWER]: Leader election vote request: Granting yes vote for candidate 9dfbe7a02c284549805476f97884143a in term 1.
I20260709 13:06:59.313359 16207 raft_consensus.cc:697] T 723b04df011d48818c50ead996334abe P 9dfbe7a02c284549805476f97884143a [term 1 LEADER]: Becoming Leader. State: Replica: 9dfbe7a02c284549805476f97884143a, State: Running, Role: LEADER
I20260709 13:06:59.314483 16207 consensus_queue.cc:237] T 723b04df011d48818c50ead996334abe P 9dfbe7a02c284549805476f97884143a [LEADER]: Queue going to LEADER mode. State: All replicated index: 0, Majority replicated index: 0, Committed index: 0, Last appended: 0.0, Last appended by leader: 0, Current term: 1, Majority size: 2, State: 0, Mode: LEADER, active raft config: opid_index: -1 OBSOLETE_local: false peers { permanent_uuid: "9dfbe7a02c284549805476f97884143a" member_type: VOTER last_known_addr { host: "127.14.72.129" port: 45907 } } peers { permanent_uuid: "582c58844ece4c5e8b2b09cb8eea7e7f" member_type: VOTER last_known_addr { host: "127.14.72.130" port: 33133 } } peers { permanent_uuid: "36a6bcf61cc54692b8b93c9536b2c536" member_type: VOTER last_known_addr { host: "127.14.72.131" port: 42879 } }
I20260709 13:06:59.325242 15981 tablet_bootstrap.cc:492] T bd862a9eb0bd4ff0ad6ca6a5eebeda24 P 36a6bcf61cc54692b8b93c9536b2c536: No bootstrap required, opened a new log
I20260709 13:06:59.325919 15981 ts_tablet_manager.cc:1403] T bd862a9eb0bd4ff0ad6ca6a5eebeda24 P 36a6bcf61cc54692b8b93c9536b2c536: Time spent bootstrapping tablet: real 0.075s	user 0.015s	sys 0.000s
I20260709 13:06:59.329622 15981 raft_consensus.cc:359] T bd862a9eb0bd4ff0ad6ca6a5eebeda24 P 36a6bcf61cc54692b8b93c9536b2c536 [term 0 FOLLOWER]: Replica starting. Triggering 0 pending ops. Active config: opid_index: -1 OBSOLETE_local: false peers { permanent_uuid: "9dfbe7a02c284549805476f97884143a" member_type: VOTER last_known_addr { host: "127.14.72.129" port: 45907 } } peers { permanent_uuid: "582c58844ece4c5e8b2b09cb8eea7e7f" member_type: VOTER last_known_addr { host: "127.14.72.130" port: 33133 } } peers { permanent_uuid: "36a6bcf61cc54692b8b93c9536b2c536" member_type: VOTER last_known_addr { host: "127.14.72.131" port: 42879 } }
I20260709 13:06:59.330492 15981 raft_consensus.cc:385] T bd862a9eb0bd4ff0ad6ca6a5eebeda24 P 36a6bcf61cc54692b8b93c9536b2c536 [term 0 FOLLOWER]: Consensus starting up: Expiring failure detector timer to make a prompt election more likely
I20260709 13:06:59.330780 15981 raft_consensus.cc:740] T bd862a9eb0bd4ff0ad6ca6a5eebeda24 P 36a6bcf61cc54692b8b93c9536b2c536 [term 0 FOLLOWER]: Becoming Follower/Learner. State: Replica: 36a6bcf61cc54692b8b93c9536b2c536, State: Initialized, Role: FOLLOWER
I20260709 13:06:59.331771 15981 consensus_queue.cc:260] T bd862a9eb0bd4ff0ad6ca6a5eebeda24 P 36a6bcf61cc54692b8b93c9536b2c536 [NON_LEADER]: Queue going to NON_LEADER mode. State: All replicated index: 0, Majority replicated index: 0, Committed index: 0, Last appended: 0.0, Last appended by leader: 0, Current term: 0, Majority size: -1, State: 0, Mode: NON_LEADER, active raft config: opid_index: -1 OBSOLETE_local: false peers { permanent_uuid: "9dfbe7a02c284549805476f97884143a" member_type: VOTER last_known_addr { host: "127.14.72.129" port: 45907 } } peers { permanent_uuid: "582c58844ece4c5e8b2b09cb8eea7e7f" member_type: VOTER last_known_addr { host: "127.14.72.130" port: 33133 } } peers { permanent_uuid: "36a6bcf61cc54692b8b93c9536b2c536" member_type: VOTER last_known_addr { host: "127.14.72.131" port: 42879 } }
I20260709 13:06:59.334609 15982 tablet_bootstrap.cc:492] T 61584924ccf24b5b8d8fd9b5052a1a15 P 582c58844ece4c5e8b2b09cb8eea7e7f: No bootstrap required, opened a new log
I20260709 13:06:59.335422 15982 ts_tablet_manager.cc:1403] T 61584924ccf24b5b8d8fd9b5052a1a15 P 582c58844ece4c5e8b2b09cb8eea7e7f: Time spent bootstrapping tablet: real 0.118s	user 0.011s	sys 0.015s
I20260709 13:06:59.347721 16235 consensus_queue.cc:1048] T a93b930d7fd74ee3a73cd1dff8c2eb69 P 582c58844ece4c5e8b2b09cb8eea7e7f [LEADER]: Connected to new peer: Peer: permanent_uuid: "9dfbe7a02c284549805476f97884143a" member_type: VOTER last_known_addr { host: "127.14.72.129" port: 45907 }, Status: LMP_MISMATCH, Last received: 0.0, Next index: 1, Last known committed idx: 0, Time since last communication: 0.000s
I20260709 13:06:59.358306 16113 raft_consensus.cc:493] T bd862a9eb0bd4ff0ad6ca6a5eebeda24 P 36a6bcf61cc54692b8b93c9536b2c536 [term 0 FOLLOWER]: Starting pre-election (no leader contacted us within the election timeout)
I20260709 13:06:59.358897 16113 raft_consensus.cc:515] T bd862a9eb0bd4ff0ad6ca6a5eebeda24 P 36a6bcf61cc54692b8b93c9536b2c536 [term 0 FOLLOWER]: Starting pre-election with config: opid_index: -1 OBSOLETE_local: false peers { permanent_uuid: "9dfbe7a02c284549805476f97884143a" member_type: VOTER last_known_addr { host: "127.14.72.129" port: 45907 } } peers { permanent_uuid: "582c58844ece4c5e8b2b09cb8eea7e7f" member_type: VOTER last_known_addr { host: "127.14.72.130" port: 33133 } } peers { permanent_uuid: "36a6bcf61cc54692b8b93c9536b2c536" member_type: VOTER last_known_addr { host: "127.14.72.131" port: 42879 } }
I20260709 13:06:59.361047 16113 leader_election.cc:290] T bd862a9eb0bd4ff0ad6ca6a5eebeda24 P 36a6bcf61cc54692b8b93c9536b2c536 [CANDIDATE]: Term 1 pre-election: Requested pre-vote from peers 9dfbe7a02c284549805476f97884143a (127.14.72.129:45907), 582c58844ece4c5e8b2b09cb8eea7e7f (127.14.72.130:33133)
I20260709 13:06:59.363839 15789 tablet_service.cc:1917] Received RequestConsensusVote() RPC: tablet_id: "bd862a9eb0bd4ff0ad6ca6a5eebeda24" candidate_uuid: "36a6bcf61cc54692b8b93c9536b2c536" candidate_term: 1 candidate_status { last_received { term: 0 index: 0 } } ignore_live_leader: false dest_uuid: "9dfbe7a02c284549805476f97884143a" is_pre_election: true
I20260709 13:06:59.369056 15981 ts_tablet_manager.cc:1434] T bd862a9eb0bd4ff0ad6ca6a5eebeda24 P 36a6bcf61cc54692b8b93c9536b2c536: Time spent starting tablet: real 0.043s	user 0.008s	sys 0.000s
I20260709 13:06:59.374706 15981 tablet_bootstrap.cc:492] T e8352f26105746beb1a68448617366f9 P 36a6bcf61cc54692b8b93c9536b2c536: Bootstrap starting.
I20260709 13:06:59.363862 15866 tablet_service.cc:1917] Received RequestConsensusVote() RPC: tablet_id: "bd862a9eb0bd4ff0ad6ca6a5eebeda24" candidate_uuid: "36a6bcf61cc54692b8b93c9536b2c536" candidate_term: 1 candidate_status { last_received { term: 0 index: 0 } } ignore_live_leader: false dest_uuid: "582c58844ece4c5e8b2b09cb8eea7e7f" is_pre_election: true
I20260709 13:06:59.376662 15866 raft_consensus.cc:2393] T bd862a9eb0bd4ff0ad6ca6a5eebeda24 P 582c58844ece4c5e8b2b09cb8eea7e7f [term 1 FOLLOWER]: Leader pre-election vote request: Denying vote to candidate 36a6bcf61cc54692b8b93c9536b2c536 in current term 1: Already voted for candidate 9dfbe7a02c284549805476f97884143a in this term.
I20260709 13:06:59.378010 15905 leader_election.cc:304] T bd862a9eb0bd4ff0ad6ca6a5eebeda24 P 36a6bcf61cc54692b8b93c9536b2c536 [CANDIDATE]: Term 1 pre-election: Election decided. Result: candidate lost. Election summary: received 3 responses out of 3 voters: 1 yes votes; 2 no votes. yes voters: 36a6bcf61cc54692b8b93c9536b2c536; no voters: 582c58844ece4c5e8b2b09cb8eea7e7f, 9dfbe7a02c284549805476f97884143a
I20260709 13:06:59.378770 16113 raft_consensus.cc:3060] T bd862a9eb0bd4ff0ad6ca6a5eebeda24 P 36a6bcf61cc54692b8b93c9536b2c536 [term 0 FOLLOWER]: Advancing to term 1
I20260709 13:06:59.378480 15686 catalog_manager.cc:5697] T 723b04df011d48818c50ead996334abe P 9dfbe7a02c284549805476f97884143a reported cstate change: term changed from 0 to 1, leader changed from <none> to 9dfbe7a02c284549805476f97884143a (127.14.72.129). New cstate: current_term: 1 leader_uuid: "9dfbe7a02c284549805476f97884143a" committed_config { opid_index: -1 OBSOLETE_local: false peers { permanent_uuid: "9dfbe7a02c284549805476f97884143a" member_type: VOTER last_known_addr { host: "127.14.72.129" port: 45907 } health_report { overall_health: HEALTHY } } peers { permanent_uuid: "582c58844ece4c5e8b2b09cb8eea7e7f" member_type: VOTER last_known_addr { host: "127.14.72.130" port: 33133 } health_report { overall_health: UNKNOWN } } peers { permanent_uuid: "36a6bcf61cc54692b8b93c9536b2c536" member_type: VOTER last_known_addr { host: "127.14.72.131" port: 42879 } health_report { overall_health: UNKNOWN } } }
I20260709 13:06:59.386147 15982 raft_consensus.cc:359] T 61584924ccf24b5b8d8fd9b5052a1a15 P 582c58844ece4c5e8b2b09cb8eea7e7f [term 0 FOLLOWER]: Replica starting. Triggering 0 pending ops. Active config: opid_index: -1 OBSOLETE_local: false peers { permanent_uuid: "9dfbe7a02c284549805476f97884143a" member_type: VOTER last_known_addr { host: "127.14.72.129" port: 45907 } } peers { permanent_uuid: "582c58844ece4c5e8b2b09cb8eea7e7f" member_type: VOTER last_known_addr { host: "127.14.72.130" port: 33133 } } peers { permanent_uuid: "36a6bcf61cc54692b8b93c9536b2c536" member_type: VOTER last_known_addr { host: "127.14.72.131" port: 42879 } }
I20260709 13:06:59.386999 15982 raft_consensus.cc:385] T 61584924ccf24b5b8d8fd9b5052a1a15 P 582c58844ece4c5e8b2b09cb8eea7e7f [term 0 FOLLOWER]: Consensus starting up: Expiring failure detector timer to make a prompt election more likely
I20260709 13:06:59.387307 15982 raft_consensus.cc:740] T 61584924ccf24b5b8d8fd9b5052a1a15 P 582c58844ece4c5e8b2b09cb8eea7e7f [term 0 FOLLOWER]: Becoming Follower/Learner. State: Replica: 582c58844ece4c5e8b2b09cb8eea7e7f, State: Initialized, Role: FOLLOWER
I20260709 13:06:59.388198 15982 consensus_queue.cc:260] T 61584924ccf24b5b8d8fd9b5052a1a15 P 582c58844ece4c5e8b2b09cb8eea7e7f [NON_LEADER]: Queue going to NON_LEADER mode. State: All replicated index: 0, Majority replicated index: 0, Committed index: 0, Last appended: 0.0, Last appended by leader: 0, Current term: 0, Majority size: -1, State: 0, Mode: NON_LEADER, active raft config: opid_index: -1 OBSOLETE_local: false peers { permanent_uuid: "9dfbe7a02c284549805476f97884143a" member_type: VOTER last_known_addr { host: "127.14.72.129" port: 45907 } } peers { permanent_uuid: "582c58844ece4c5e8b2b09cb8eea7e7f" member_type: VOTER last_known_addr { host: "127.14.72.130" port: 33133 } } peers { permanent_uuid: "36a6bcf61cc54692b8b93c9536b2c536" member_type: VOTER last_known_addr { host: "127.14.72.131" port: 42879 } }
I20260709 13:06:59.390173 16113 raft_consensus.cc:2749] T bd862a9eb0bd4ff0ad6ca6a5eebeda24 P 36a6bcf61cc54692b8b93c9536b2c536 [term 1 FOLLOWER]: Leader pre-election lost for term 1. Reason: could not achieve majority
I20260709 13:06:59.391032 15980 tablet_bootstrap.cc:492] T edc2d4679c4c4c3d85a48c881ea9964d P 9dfbe7a02c284549805476f97884143a: No bootstrap required, opened a new log
I20260709 13:06:59.393318 15980 ts_tablet_manager.cc:1403] T edc2d4679c4c4c3d85a48c881ea9964d P 9dfbe7a02c284549805476f97884143a: Time spent bootstrapping tablet: real 0.096s	user 0.011s	sys 0.019s
I20260709 13:06:59.396857 15980 raft_consensus.cc:359] T edc2d4679c4c4c3d85a48c881ea9964d P 9dfbe7a02c284549805476f97884143a [term 0 FOLLOWER]: Replica starting. Triggering 0 pending ops. Active config: opid_index: -1 OBSOLETE_local: false peers { permanent_uuid: "9dfbe7a02c284549805476f97884143a" member_type: VOTER last_known_addr { host: "127.14.72.129" port: 45907 } } peers { permanent_uuid: "582c58844ece4c5e8b2b09cb8eea7e7f" member_type: VOTER last_known_addr { host: "127.14.72.130" port: 33133 } } peers { permanent_uuid: "36a6bcf61cc54692b8b93c9536b2c536" member_type: VOTER last_known_addr { host: "127.14.72.131" port: 42879 } }
I20260709 13:06:59.397670 15980 raft_consensus.cc:385] T edc2d4679c4c4c3d85a48c881ea9964d P 9dfbe7a02c284549805476f97884143a [term 0 FOLLOWER]: Consensus starting up: Expiring failure detector timer to make a prompt election more likely
I20260709 13:06:59.398005 15980 raft_consensus.cc:740] T edc2d4679c4c4c3d85a48c881ea9964d P 9dfbe7a02c284549805476f97884143a [term 0 FOLLOWER]: Becoming Follower/Learner. State: Replica: 9dfbe7a02c284549805476f97884143a, State: Initialized, Role: FOLLOWER
I20260709 13:06:59.398684 15980 consensus_queue.cc:260] T edc2d4679c4c4c3d85a48c881ea9964d P 9dfbe7a02c284549805476f97884143a [NON_LEADER]: Queue going to NON_LEADER mode. State: All replicated index: 0, Majority replicated index: 0, Committed index: 0, Last appended: 0.0, Last appended by leader: 0, Current term: 0, Majority size: -1, State: 0, Mode: NON_LEADER, active raft config: opid_index: -1 OBSOLETE_local: false peers { permanent_uuid: "9dfbe7a02c284549805476f97884143a" member_type: VOTER last_known_addr { host: "127.14.72.129" port: 45907 } } peers { permanent_uuid: "582c58844ece4c5e8b2b09cb8eea7e7f" member_type: VOTER last_known_addr { host: "127.14.72.130" port: 33133 } } peers { permanent_uuid: "36a6bcf61cc54692b8b93c9536b2c536" member_type: VOTER last_known_addr { host: "127.14.72.131" port: 42879 } }
I20260709 13:06:59.401012 15982 ts_tablet_manager.cc:1434] T 61584924ccf24b5b8d8fd9b5052a1a15 P 582c58844ece4c5e8b2b09cb8eea7e7f: Time spent starting tablet: real 0.065s	user 0.008s	sys 0.000s
I20260709 13:06:59.392830 15981 tablet_bootstrap.cc:654] T e8352f26105746beb1a68448617366f9 P 36a6bcf61cc54692b8b93c9536b2c536: Neither blocks nor log segments found. Creating new log.
I20260709 13:06:59.401326 15980 ts_tablet_manager.cc:1434] T edc2d4679c4c4c3d85a48c881ea9964d P 9dfbe7a02c284549805476f97884143a: Time spent starting tablet: real 0.008s	user 0.005s	sys 0.001s
I20260709 13:06:59.402855 15980 tablet_bootstrap.cc:492] T ece6f3215c044818815ae16f7b9179cf P 9dfbe7a02c284549805476f97884143a: Bootstrap starting.
I20260709 13:06:59.406481 16250 consensus_queue.cc:1048] T bd862a9eb0bd4ff0ad6ca6a5eebeda24 P 9dfbe7a02c284549805476f97884143a [LEADER]: Connected to new peer: Peer: permanent_uuid: "36a6bcf61cc54692b8b93c9536b2c536" member_type: VOTER last_known_addr { host: "127.14.72.131" port: 42879 }, Status: LMP_MISMATCH, Last received: 0.0, Next index: 1, Last known committed idx: 0, Time since last communication: 0.001s
I20260709 13:06:59.409269 15980 tablet_bootstrap.cc:654] T ece6f3215c044818815ae16f7b9179cf P 9dfbe7a02c284549805476f97884143a: Neither blocks nor log segments found. Creating new log.
I20260709 13:06:59.412516 15982 tablet_bootstrap.cc:492] T 2b22aeb3ec1f4514866fcb28379221a8 P 582c58844ece4c5e8b2b09cb8eea7e7f: Bootstrap starting.
I20260709 13:06:59.420288 16103 raft_consensus.cc:493] T 9501e98ece144a519f74b32ea03a2224 P 9dfbe7a02c284549805476f97884143a [term 0 FOLLOWER]: Starting pre-election (no leader contacted us within the election timeout)
I20260709 13:06:59.420956 16103 raft_consensus.cc:515] T 9501e98ece144a519f74b32ea03a2224 P 9dfbe7a02c284549805476f97884143a [term 0 FOLLOWER]: Starting pre-election with config: opid_index: -1 OBSOLETE_local: false peers { permanent_uuid: "9dfbe7a02c284549805476f97884143a" member_type: VOTER last_known_addr { host: "127.14.72.129" port: 45907 } } peers { permanent_uuid: "582c58844ece4c5e8b2b09cb8eea7e7f" member_type: VOTER last_known_addr { host: "127.14.72.130" port: 33133 } } peers { permanent_uuid: "36a6bcf61cc54692b8b93c9536b2c536" member_type: VOTER last_known_addr { host: "127.14.72.131" port: 42879 } }
I20260709 13:06:59.424281 15866 tablet_service.cc:1917] Received RequestConsensusVote() RPC: tablet_id: "9501e98ece144a519f74b32ea03a2224" candidate_uuid: "9dfbe7a02c284549805476f97884143a" candidate_term: 1 candidate_status { last_received { term: 0 index: 0 } } ignore_live_leader: false dest_uuid: "582c58844ece4c5e8b2b09cb8eea7e7f" is_pre_election: true
W20260709 13:06:59.426672 15756 leader_election.cc:343] T 9501e98ece144a519f74b32ea03a2224 P 9dfbe7a02c284549805476f97884143a [CANDIDATE]: Term 1 pre-election: Tablet error from VoteRequest() call to peer 582c58844ece4c5e8b2b09cb8eea7e7f (127.14.72.130:33133): Illegal state: must be running to vote when last-logged opid is not known
I20260709 13:06:59.430613 15982 tablet_bootstrap.cc:654] T 2b22aeb3ec1f4514866fcb28379221a8 P 582c58844ece4c5e8b2b09cb8eea7e7f: Neither blocks nor log segments found. Creating new log.
I20260709 13:06:59.437867 16103 leader_election.cc:290] T 9501e98ece144a519f74b32ea03a2224 P 9dfbe7a02c284549805476f97884143a [CANDIDATE]: Term 1 pre-election: Requested pre-vote from peers 582c58844ece4c5e8b2b09cb8eea7e7f (127.14.72.130:33133), 36a6bcf61cc54692b8b93c9536b2c536 (127.14.72.131:42879)
I20260709 13:06:59.440399 15935 tablet_service.cc:1917] Received RequestConsensusVote() RPC: tablet_id: "9501e98ece144a519f74b32ea03a2224" candidate_uuid: "9dfbe7a02c284549805476f97884143a" candidate_term: 1 candidate_status { last_received { term: 0 index: 0 } } ignore_live_leader: false dest_uuid: "36a6bcf61cc54692b8b93c9536b2c536" is_pre_election: true
W20260709 13:06:59.442520 15757 leader_election.cc:343] T 9501e98ece144a519f74b32ea03a2224 P 9dfbe7a02c284549805476f97884143a [CANDIDATE]: Term 1 pre-election: Tablet error from VoteRequest() call to peer 36a6bcf61cc54692b8b93c9536b2c536 (127.14.72.131:42879): Illegal state: must be running to vote when last-logged opid is not known
I20260709 13:06:59.443011 15757 leader_election.cc:304] T 9501e98ece144a519f74b32ea03a2224 P 9dfbe7a02c284549805476f97884143a [CANDIDATE]: Term 1 pre-election: Election decided. Result: candidate lost. Election summary: received 3 responses out of 3 voters: 1 yes votes; 2 no votes. yes voters: 9dfbe7a02c284549805476f97884143a; no voters: 36a6bcf61cc54692b8b93c9536b2c536, 582c58844ece4c5e8b2b09cb8eea7e7f
I20260709 13:06:59.443981 15980 tablet_bootstrap.cc:492] T ece6f3215c044818815ae16f7b9179cf P 9dfbe7a02c284549805476f97884143a: No bootstrap required, opened a new log
I20260709 13:06:59.445020 15980 ts_tablet_manager.cc:1403] T ece6f3215c044818815ae16f7b9179cf P 9dfbe7a02c284549805476f97884143a: Time spent bootstrapping tablet: real 0.043s	user 0.011s	sys 0.010s
I20260709 13:06:59.446291 16230 raft_consensus.cc:2749] T 9501e98ece144a519f74b32ea03a2224 P 9dfbe7a02c284549805476f97884143a [term 0 FOLLOWER]: Leader pre-election lost for term 1. Reason: could not achieve majority
I20260709 13:06:59.446774 16207 consensus_queue.cc:1048] T bd862a9eb0bd4ff0ad6ca6a5eebeda24 P 9dfbe7a02c284549805476f97884143a [LEADER]: Connected to new peer: Peer: permanent_uuid: "582c58844ece4c5e8b2b09cb8eea7e7f" member_type: VOTER last_known_addr { host: "127.14.72.130" port: 33133 }, Status: LMP_MISMATCH, Last received: 0.0, Next index: 1, Last known committed idx: 0, Time since last communication: 0.000s
I20260709 13:06:59.448026 15982 tablet_bootstrap.cc:492] T 2b22aeb3ec1f4514866fcb28379221a8 P 582c58844ece4c5e8b2b09cb8eea7e7f: No bootstrap required, opened a new log
I20260709 13:06:59.448583 15982 ts_tablet_manager.cc:1403] T 2b22aeb3ec1f4514866fcb28379221a8 P 582c58844ece4c5e8b2b09cb8eea7e7f: Time spent bootstrapping tablet: real 0.036s	user 0.012s	sys 0.000s
