I20260709 13:06:33.668763 27914 raft_consensus.cc:993] T 51082cc604f0420581a5f0d2128f0251 P b3b6eda653c44eac83b2c0cac49c0064: : Instructing follower 105f22a6bf654dc5900d931563337a99 to start an election
I20260709 13:06:33.669292 27868 raft_consensus.cc:1081] T 51082cc604f0420581a5f0d2128f0251 P b3b6eda653c44eac83b2c0cac49c0064 [term 2 LEADER]: Signalling peer 105f22a6bf654dc5900d931563337a99 to start an election
I20260709 13:06:33.670650 27729 tablet_service.cc:2044] Received Run Leader Election RPC: tablet_id: "51082cc604f0420581a5f0d2128f0251"
dest_uuid: "105f22a6bf654dc5900d931563337a99"
 from {username='slave'} at 127.0.0.1:45876
I20260709 13:06:33.671129 27729 raft_consensus.cc:493] T 51082cc604f0420581a5f0d2128f0251 P 105f22a6bf654dc5900d931563337a99 [term 2 FOLLOWER]: Starting forced leader election (received explicit request)
I20260709 13:06:33.671485 27729 raft_consensus.cc:3060] T 51082cc604f0420581a5f0d2128f0251 P 105f22a6bf654dc5900d931563337a99 [term 2 FOLLOWER]: Advancing to term 3
I20260709 13:06:33.676599 27729 raft_consensus.cc:515] T 51082cc604f0420581a5f0d2128f0251 P 105f22a6bf654dc5900d931563337a99 [term 3 FOLLOWER]: Starting forced leader election with config: opid_index: -1 OBSOLETE_local: false peers { permanent_uuid: "4b5b9ceed5e94ea6b4590cf400c3020a" member_type: VOTER last_known_addr { host: "127.26.205.193" port: 41389 } } peers { permanent_uuid: "b3b6eda653c44eac83b2c0cac49c0064" member_type: VOTER last_known_addr { host: "127.26.205.194" port: 46883 } } peers { permanent_uuid: "105f22a6bf654dc5900d931563337a99" member_type: VOTER last_known_addr { host: "127.26.205.195" port: 40537 } }
I20260709 13:06:33.678233 27729 leader_election.cc:290] T 51082cc604f0420581a5f0d2128f0251 P 105f22a6bf654dc5900d931563337a99 [CANDIDATE]: Term 3 election: Requested vote from peers 4b5b9ceed5e94ea6b4590cf400c3020a (127.26.205.193:41389), b3b6eda653c44eac83b2c0cac49c0064 (127.26.205.194:46883)
I20260709 13:06:33.679333 27582 tablet_service.cc:1917] Received RequestConsensusVote() RPC: tablet_id: "51082cc604f0420581a5f0d2128f0251" candidate_uuid: "105f22a6bf654dc5900d931563337a99" candidate_term: 3 candidate_status { last_received { term: 2 index: 2 } } ignore_live_leader: true dest_uuid: "4b5b9ceed5e94ea6b4590cf400c3020a"
I20260709 13:06:33.679409 27655 tablet_service.cc:1917] Received RequestConsensusVote() RPC: tablet_id: "51082cc604f0420581a5f0d2128f0251" candidate_uuid: "105f22a6bf654dc5900d931563337a99" candidate_term: 3 candidate_status { last_received { term: 2 index: 2 } } ignore_live_leader: true dest_uuid: "b3b6eda653c44eac83b2c0cac49c0064"
I20260709 13:06:33.680111 27582 raft_consensus.cc:3060] T 51082cc604f0420581a5f0d2128f0251 P 4b5b9ceed5e94ea6b4590cf400c3020a [term 2 FOLLOWER]: Advancing to term 3
I20260709 13:06:33.680194 27655 raft_consensus.cc:3055] T 51082cc604f0420581a5f0d2128f0251 P b3b6eda653c44eac83b2c0cac49c0064 [term 2 LEADER]: Stepping down as leader of term 2
I20260709 13:06:33.680579 27655 raft_consensus.cc:740] T 51082cc604f0420581a5f0d2128f0251 P b3b6eda653c44eac83b2c0cac49c0064 [term 2 LEADER]: Becoming Follower/Learner. State: Replica: b3b6eda653c44eac83b2c0cac49c0064, State: Running, Role: LEADER
I20260709 13:06:33.681246 27655 consensus_queue.cc:260] T 51082cc604f0420581a5f0d2128f0251 P b3b6eda653c44eac83b2c0cac49c0064 [NON_LEADER]: Queue going to NON_LEADER mode. State: All replicated index: 0, Majority replicated index: 2, Committed index: 2, Last appended: 2.2, Last appended by leader: 2, Current term: 2, Majority size: -1, State: 0, Mode: NON_LEADER, active raft config: opid_index: -1 OBSOLETE_local: false peers { permanent_uuid: "4b5b9ceed5e94ea6b4590cf400c3020a" member_type: VOTER last_known_addr { host: "127.26.205.193" port: 41389 } } peers { permanent_uuid: "b3b6eda653c44eac83b2c0cac49c0064" member_type: VOTER last_known_addr { host: "127.26.205.194" port: 46883 } } peers { permanent_uuid: "105f22a6bf654dc5900d931563337a99" member_type: VOTER last_known_addr { host: "127.26.205.195" port: 40537 } }
I20260709 13:06:33.682385 27655 raft_consensus.cc:3060] T 51082cc604f0420581a5f0d2128f0251 P b3b6eda653c44eac83b2c0cac49c0064 [term 2 FOLLOWER]: Advancing to term 3
I20260709 13:06:33.685118 27582 raft_consensus.cc:2468] T 51082cc604f0420581a5f0d2128f0251 P 4b5b9ceed5e94ea6b4590cf400c3020a [term 3 FOLLOWER]: Leader election vote request: Granting yes vote for candidate 105f22a6bf654dc5900d931563337a99 in term 3.
I20260709 13:06:33.686460 27697 leader_election.cc:304] T 51082cc604f0420581a5f0d2128f0251 P 105f22a6bf654dc5900d931563337a99 [CANDIDATE]: Term 3 election: Election decided. Result: candidate won. Election summary: received 2 responses out of 3 voters: 2 yes votes; 0 no votes. yes voters: 105f22a6bf654dc5900d931563337a99, 4b5b9ceed5e94ea6b4590cf400c3020a; no voters: 
I20260709 13:06:33.687513 27873 raft_consensus.cc:2804] T 51082cc604f0420581a5f0d2128f0251 P 105f22a6bf654dc5900d931563337a99 [term 3 FOLLOWER]: Leader election won for term 3
I20260709 13:06:33.688243 27655 raft_consensus.cc:2468] T 51082cc604f0420581a5f0d2128f0251 P b3b6eda653c44eac83b2c0cac49c0064 [term 3 FOLLOWER]: Leader election vote request: Granting yes vote for candidate 105f22a6bf654dc5900d931563337a99 in term 3.
I20260709 13:06:33.691226 27873 raft_consensus.cc:697] T 51082cc604f0420581a5f0d2128f0251 P 105f22a6bf654dc5900d931563337a99 [term 3 LEADER]: Becoming Leader. State: Replica: 105f22a6bf654dc5900d931563337a99, State: Running, Role: LEADER
I20260709 13:06:33.692143 27873 consensus_queue.cc:237] T 51082cc604f0420581a5f0d2128f0251 P 105f22a6bf654dc5900d931563337a99 [LEADER]: Queue going to LEADER mode. State: All replicated index: 0, Majority replicated index: 2, Committed index: 2, Last appended: 2.2, Last appended by leader: 2, Current term: 3, Majority size: 2, State: 0, Mode: LEADER, active raft config: opid_index: -1 OBSOLETE_local: false peers { permanent_uuid: "4b5b9ceed5e94ea6b4590cf400c3020a" member_type: VOTER last_known_addr { host: "127.26.205.193" port: 41389 } } peers { permanent_uuid: "b3b6eda653c44eac83b2c0cac49c0064" member_type: VOTER last_known_addr { host: "127.26.205.194" port: 46883 } } peers { permanent_uuid: "105f22a6bf654dc5900d931563337a99" member_type: VOTER last_known_addr { host: "127.26.205.195" port: 40537 } }
I20260709 13:06:33.698679 27478 catalog_manager.cc:5697] T 51082cc604f0420581a5f0d2128f0251 P 105f22a6bf654dc5900d931563337a99 reported cstate change: term changed from 2 to 3, leader changed from b3b6eda653c44eac83b2c0cac49c0064 (127.26.205.194) to 105f22a6bf654dc5900d931563337a99 (127.26.205.195). New cstate: current_term: 3 leader_uuid: "105f22a6bf654dc5900d931563337a99" committed_config { opid_index: -1 OBSOLETE_local: false peers { permanent_uuid: "4b5b9ceed5e94ea6b4590cf400c3020a" member_type: VOTER last_known_addr { host: "127.26.205.193" port: 41389 } health_report { overall_health: UNKNOWN } } peers { permanent_uuid: "b3b6eda653c44eac83b2c0cac49c0064" member_type: VOTER last_known_addr { host: "127.26.205.194" port: 46883 } health_report { overall_health: UNKNOWN } } peers { permanent_uuid: "105f22a6bf654dc5900d931563337a99" member_type: VOTER last_known_addr { host: "127.26.205.195" port: 40537 } health_report { overall_health: HEALTHY } } }
I20260709 13:06:33.802829 27914 raft_consensus.cc:993] T 686b2f47b7a0458285cd504218f564e7 P b3b6eda653c44eac83b2c0cac49c0064: : Instructing follower 4b5b9ceed5e94ea6b4590cf400c3020a to start an election
I20260709 13:06:33.803267 27868 raft_consensus.cc:1081] T 686b2f47b7a0458285cd504218f564e7 P b3b6eda653c44eac83b2c0cac49c0064 [term 2 LEADER]: Signalling peer 4b5b9ceed5e94ea6b4590cf400c3020a to start an election
I20260709 13:06:33.804539 27582 tablet_service.cc:2044] Received Run Leader Election RPC: tablet_id: "686b2f47b7a0458285cd504218f564e7"
dest_uuid: "4b5b9ceed5e94ea6b4590cf400c3020a"
 from {username='slave'} at 127.0.0.1:39558
I20260709 13:06:33.804984 27582 raft_consensus.cc:493] T 686b2f47b7a0458285cd504218f564e7 P 4b5b9ceed5e94ea6b4590cf400c3020a [term 2 FOLLOWER]: Starting forced leader election (received explicit request)
I20260709 13:06:33.805248 27582 raft_consensus.cc:3060] T 686b2f47b7a0458285cd504218f564e7 P 4b5b9ceed5e94ea6b4590cf400c3020a [term 2 FOLLOWER]: Advancing to term 3
I20260709 13:06:33.808861 27582 raft_consensus.cc:515] T 686b2f47b7a0458285cd504218f564e7 P 4b5b9ceed5e94ea6b4590cf400c3020a [term 3 FOLLOWER]: Starting forced leader election with config: opid_index: -1 OBSOLETE_local: false peers { permanent_uuid: "4b5b9ceed5e94ea6b4590cf400c3020a" member_type: VOTER last_known_addr { host: "127.26.205.193" port: 41389 } } peers { permanent_uuid: "b3b6eda653c44eac83b2c0cac49c0064" member_type: VOTER last_known_addr { host: "127.26.205.194" port: 46883 } } peers { permanent_uuid: "105f22a6bf654dc5900d931563337a99" member_type: VOTER last_known_addr { host: "127.26.205.195" port: 40537 } }
I20260709 13:06:33.810499 27582 leader_election.cc:290] T 686b2f47b7a0458285cd504218f564e7 P 4b5b9ceed5e94ea6b4590cf400c3020a [CANDIDATE]: Term 3 election: Requested vote from peers b3b6eda653c44eac83b2c0cac49c0064 (127.26.205.194:46883), 105f22a6bf654dc5900d931563337a99 (127.26.205.195:40537)
I20260709 13:06:33.811183 27655 tablet_service.cc:1917] Received RequestConsensusVote() RPC: tablet_id: "686b2f47b7a0458285cd504218f564e7" candidate_uuid: "4b5b9ceed5e94ea6b4590cf400c3020a" candidate_term: 3 candidate_status { last_received { term: 2 index: 2 } } ignore_live_leader: true dest_uuid: "b3b6eda653c44eac83b2c0cac49c0064"
I20260709 13:06:33.811769 27655 raft_consensus.cc:3055] T 686b2f47b7a0458285cd504218f564e7 P b3b6eda653c44eac83b2c0cac49c0064 [term 2 LEADER]: Stepping down as leader of term 2
I20260709 13:06:33.811710 27729 tablet_service.cc:1917] Received RequestConsensusVote() RPC: tablet_id: "686b2f47b7a0458285cd504218f564e7" candidate_uuid: "4b5b9ceed5e94ea6b4590cf400c3020a" candidate_term: 3 candidate_status { last_received { term: 2 index: 2 } } ignore_live_leader: true dest_uuid: "105f22a6bf654dc5900d931563337a99"
I20260709 13:06:33.812146 27655 raft_consensus.cc:740] T 686b2f47b7a0458285cd504218f564e7 P b3b6eda653c44eac83b2c0cac49c0064 [term 2 LEADER]: Becoming Follower/Learner. State: Replica: b3b6eda653c44eac83b2c0cac49c0064, State: Running, Role: LEADER
I20260709 13:06:33.812309 27729 raft_consensus.cc:3060] T 686b2f47b7a0458285cd504218f564e7 P 105f22a6bf654dc5900d931563337a99 [term 2 FOLLOWER]: Advancing to term 3
I20260709 13:06:33.812990 27655 consensus_queue.cc:260] T 686b2f47b7a0458285cd504218f564e7 P b3b6eda653c44eac83b2c0cac49c0064 [NON_LEADER]: Queue going to NON_LEADER mode. State: All replicated index: 0, Majority replicated index: 2, Committed index: 2, Last appended: 2.2, Last appended by leader: 2, Current term: 2, Majority size: -1, State: 0, Mode: NON_LEADER, active raft config: opid_index: -1 OBSOLETE_local: false peers { permanent_uuid: "4b5b9ceed5e94ea6b4590cf400c3020a" member_type: VOTER last_known_addr { host: "127.26.205.193" port: 41389 } } peers { permanent_uuid: "b3b6eda653c44eac83b2c0cac49c0064" member_type: VOTER last_known_addr { host: "127.26.205.194" port: 46883 } } peers { permanent_uuid: "105f22a6bf654dc5900d931563337a99" member_type: VOTER last_known_addr { host: "127.26.205.195" port: 40537 } }
I20260709 13:06:33.814186 27655 raft_consensus.cc:3060] T 686b2f47b7a0458285cd504218f564e7 P b3b6eda653c44eac83b2c0cac49c0064 [term 2 FOLLOWER]: Advancing to term 3
I20260709 13:06:33.818532 27729 raft_consensus.cc:2468] T 686b2f47b7a0458285cd504218f564e7 P 105f22a6bf654dc5900d931563337a99 [term 3 FOLLOWER]: Leader election vote request: Granting yes vote for candidate 4b5b9ceed5e94ea6b4590cf400c3020a in term 3.
I20260709 13:06:33.819919 27545 leader_election.cc:304] T 686b2f47b7a0458285cd504218f564e7 P 4b5b9ceed5e94ea6b4590cf400c3020a [CANDIDATE]: Term 3 election: Election decided. Result: candidate won. Election summary: received 2 responses out of 3 voters: 2 yes votes; 0 no votes. yes voters: 105f22a6bf654dc5900d931563337a99, 4b5b9ceed5e94ea6b4590cf400c3020a; no voters: 
I20260709 13:06:33.820322 27655 raft_consensus.cc:2468] T 686b2f47b7a0458285cd504218f564e7 P b3b6eda653c44eac83b2c0cac49c0064 [term 3 FOLLOWER]: Leader election vote request: Granting yes vote for candidate 4b5b9ceed5e94ea6b4590cf400c3020a in term 3.
I20260709 13:06:33.821748 27922 raft_consensus.cc:2804] T 686b2f47b7a0458285cd504218f564e7 P 4b5b9ceed5e94ea6b4590cf400c3020a [term 3 FOLLOWER]: Leader election won for term 3
I20260709 13:06:33.822760 27922 raft_consensus.cc:697] T 686b2f47b7a0458285cd504218f564e7 P 4b5b9ceed5e94ea6b4590cf400c3020a [term 3 LEADER]: Becoming Leader. State: Replica: 4b5b9ceed5e94ea6b4590cf400c3020a, State: Running, Role: LEADER
I20260709 13:06:33.823474 27922 consensus_queue.cc:237] T 686b2f47b7a0458285cd504218f564e7 P 4b5b9ceed5e94ea6b4590cf400c3020a [LEADER]: Queue going to LEADER mode. State: All replicated index: 0, Majority replicated index: 2, Committed index: 2, Last appended: 2.2, Last appended by leader: 2, Current term: 3, Majority size: 2, State: 0, Mode: LEADER, active raft config: opid_index: -1 OBSOLETE_local: false peers { permanent_uuid: "4b5b9ceed5e94ea6b4590cf400c3020a" member_type: VOTER last_known_addr { host: "127.26.205.193" port: 41389 } } peers { permanent_uuid: "b3b6eda653c44eac83b2c0cac49c0064" member_type: VOTER last_known_addr { host: "127.26.205.194" port: 46883 } } peers { permanent_uuid: "105f22a6bf654dc5900d931563337a99" member_type: VOTER last_known_addr { host: "127.26.205.195" port: 40537 } }
I20260709 13:06:33.830120 27478 catalog_manager.cc:5697] T 686b2f47b7a0458285cd504218f564e7 P 4b5b9ceed5e94ea6b4590cf400c3020a reported cstate change: term changed from 2 to 3, leader changed from b3b6eda653c44eac83b2c0cac49c0064 (127.26.205.194) to 4b5b9ceed5e94ea6b4590cf400c3020a (127.26.205.193). New cstate: current_term: 3 leader_uuid: "4b5b9ceed5e94ea6b4590cf400c3020a" committed_config { opid_index: -1 OBSOLETE_local: false peers { permanent_uuid: "4b5b9ceed5e94ea6b4590cf400c3020a" member_type: VOTER last_known_addr { host: "127.26.205.193" port: 41389 } health_report { overall_health: HEALTHY } } peers { permanent_uuid: "b3b6eda653c44eac83b2c0cac49c0064" member_type: VOTER last_known_addr { host: "127.26.205.194" port: 46883 } health_report { overall_health: UNKNOWN } } peers { permanent_uuid: "105f22a6bf654dc5900d931563337a99" member_type: VOTER last_known_addr { host: "127.26.205.195" port: 40537 } health_report { overall_health: UNKNOWN } } }
I20260709 13:06:33.976763 27914 raft_consensus.cc:993] T 9427d2e0b38a478586ac663ceb05be45 P b3b6eda653c44eac83b2c0cac49c0064: : Instructing follower 105f22a6bf654dc5900d931563337a99 to start an election
I20260709 13:06:33.977141 27868 raft_consensus.cc:1081] T 9427d2e0b38a478586ac663ceb05be45 P b3b6eda653c44eac83b2c0cac49c0064 [term 2 LEADER]: Signalling peer 105f22a6bf654dc5900d931563337a99 to start an election
I20260709 13:06:33.978308 27729 tablet_service.cc:2044] Received Run Leader Election RPC: tablet_id: "9427d2e0b38a478586ac663ceb05be45"
dest_uuid: "105f22a6bf654dc5900d931563337a99"
 from {username='slave'} at 127.0.0.1:45876
I20260709 13:06:33.978762 27729 raft_consensus.cc:493] T 9427d2e0b38a478586ac663ceb05be45 P 105f22a6bf654dc5900d931563337a99 [term 2 FOLLOWER]: Starting forced leader election (received explicit request)
I20260709 13:06:33.979058 27729 raft_consensus.cc:3060] T 9427d2e0b38a478586ac663ceb05be45 P 105f22a6bf654dc5900d931563337a99 [term 2 FOLLOWER]: Advancing to term 3
I20260709 13:06:33.983413 27729 raft_consensus.cc:515] T 9427d2e0b38a478586ac663ceb05be45 P 105f22a6bf654dc5900d931563337a99 [term 3 FOLLOWER]: Starting forced leader election with config: opid_index: -1 OBSOLETE_local: false peers { permanent_uuid: "4b5b9ceed5e94ea6b4590cf400c3020a" member_type: VOTER last_known_addr { host: "127.26.205.193" port: 41389 } } peers { permanent_uuid: "b3b6eda653c44eac83b2c0cac49c0064" member_type: VOTER last_known_addr { host: "127.26.205.194" port: 46883 } } peers { permanent_uuid: "105f22a6bf654dc5900d931563337a99" member_type: VOTER last_known_addr { host: "127.26.205.195" port: 40537 } }
I20260709 13:06:33.985013 27729 leader_election.cc:290] T 9427d2e0b38a478586ac663ceb05be45 P 105f22a6bf654dc5900d931563337a99 [CANDIDATE]: Term 3 election: Requested vote from peers 4b5b9ceed5e94ea6b4590cf400c3020a (127.26.205.193:41389), b3b6eda653c44eac83b2c0cac49c0064 (127.26.205.194:46883)
I20260709 13:06:33.985698 27582 tablet_service.cc:1917] Received RequestConsensusVote() RPC: tablet_id: "9427d2e0b38a478586ac663ceb05be45" candidate_uuid: "105f22a6bf654dc5900d931563337a99" candidate_term: 3 candidate_status { last_received { term: 2 index: 2 } } ignore_live_leader: true dest_uuid: "4b5b9ceed5e94ea6b4590cf400c3020a"
I20260709 13:06:33.985904 27655 tablet_service.cc:1917] Received RequestConsensusVote() RPC: tablet_id: "9427d2e0b38a478586ac663ceb05be45" candidate_uuid: "105f22a6bf654dc5900d931563337a99" candidate_term: 3 candidate_status { last_received { term: 2 index: 2 } } ignore_live_leader: true dest_uuid: "b3b6eda653c44eac83b2c0cac49c0064"
I20260709 13:06:33.986217 27582 raft_consensus.cc:3060] T 9427d2e0b38a478586ac663ceb05be45 P 4b5b9ceed5e94ea6b4590cf400c3020a [term 2 FOLLOWER]: Advancing to term 3
I20260709 13:06:33.986440 27655 raft_consensus.cc:3055] T 9427d2e0b38a478586ac663ceb05be45 P b3b6eda653c44eac83b2c0cac49c0064 [term 2 LEADER]: Stepping down as leader of term 2
I20260709 13:06:33.986771 27655 raft_consensus.cc:740] T 9427d2e0b38a478586ac663ceb05be45 P b3b6eda653c44eac83b2c0cac49c0064 [term 2 LEADER]: Becoming Follower/Learner. State: Replica: b3b6eda653c44eac83b2c0cac49c0064, State: Running, Role: LEADER
I20260709 13:06:33.987353 27655 consensus_queue.cc:260] T 9427d2e0b38a478586ac663ceb05be45 P b3b6eda653c44eac83b2c0cac49c0064 [NON_LEADER]: Queue going to NON_LEADER mode. State: All replicated index: 0, Majority replicated index: 2, Committed index: 2, Last appended: 2.2, Last appended by leader: 2, Current term: 2, Majority size: -1, State: 0, Mode: NON_LEADER, active raft config: opid_index: -1 OBSOLETE_local: false peers { permanent_uuid: "4b5b9ceed5e94ea6b4590cf400c3020a" member_type: VOTER last_known_addr { host: "127.26.205.193" port: 41389 } } peers { permanent_uuid: "b3b6eda653c44eac83b2c0cac49c0064" member_type: VOTER last_known_addr { host: "127.26.205.194" port: 46883 } } peers { permanent_uuid: "105f22a6bf654dc5900d931563337a99" member_type: VOTER last_known_addr { host: "127.26.205.195" port: 40537 } }
I20260709 13:06:33.988210 27655 raft_consensus.cc:3060] T 9427d2e0b38a478586ac663ceb05be45 P b3b6eda653c44eac83b2c0cac49c0064 [term 2 FOLLOWER]: Advancing to term 3
I20260709 13:06:33.990233 27582 raft_consensus.cc:2468] T 9427d2e0b38a478586ac663ceb05be45 P 4b5b9ceed5e94ea6b4590cf400c3020a [term 3 FOLLOWER]: Leader election vote request: Granting yes vote for candidate 105f22a6bf654dc5900d931563337a99 in term 3.
I20260709 13:06:33.991102 27697 leader_election.cc:304] T 9427d2e0b38a478586ac663ceb05be45 P 105f22a6bf654dc5900d931563337a99 [CANDIDATE]: Term 3 election: Election decided. Result: candidate won. Election summary: received 2 responses out of 3 voters: 2 yes votes; 0 no votes. yes voters: 105f22a6bf654dc5900d931563337a99, 4b5b9ceed5e94ea6b4590cf400c3020a; no voters: 
I20260709 13:06:33.991822 27873 raft_consensus.cc:2804] T 9427d2e0b38a478586ac663ceb05be45 P 105f22a6bf654dc5900d931563337a99 [term 3 FOLLOWER]: Leader election won for term 3
I20260709 13:06:33.992272 27873 raft_consensus.cc:697] T 9427d2e0b38a478586ac663ceb05be45 P 105f22a6bf654dc5900d931563337a99 [term 3 LEADER]: Becoming Leader. State: Replica: 105f22a6bf654dc5900d931563337a99, State: Running, Role: LEADER
I20260709 13:06:33.993474 27655 raft_consensus.cc:2468] T 9427d2e0b38a478586ac663ceb05be45 P b3b6eda653c44eac83b2c0cac49c0064 [term 3 FOLLOWER]: Leader election vote request: Granting yes vote for candidate 105f22a6bf654dc5900d931563337a99 in term 3.
I20260709 13:06:33.993136 27873 consensus_queue.cc:237] T 9427d2e0b38a478586ac663ceb05be45 P 105f22a6bf654dc5900d931563337a99 [LEADER]: Queue going to LEADER mode. State: All replicated index: 0, Majority replicated index: 2, Committed index: 2, Last appended: 2.2, Last appended by leader: 2, Current term: 3, Majority size: 2, State: 0, Mode: LEADER, active raft config: opid_index: -1 OBSOLETE_local: false peers { permanent_uuid: "4b5b9ceed5e94ea6b4590cf400c3020a" member_type: VOTER last_known_addr { host: "127.26.205.193" port: 41389 } } peers { permanent_uuid: "b3b6eda653c44eac83b2c0cac49c0064" member_type: VOTER last_known_addr { host: "127.26.205.194" port: 46883 } } peers { permanent_uuid: "105f22a6bf654dc5900d931563337a99" member_type: VOTER last_known_addr { host: "127.26.205.195" port: 40537 } }
I20260709 13:06:33.999658 27478 catalog_manager.cc:5697] T 9427d2e0b38a478586ac663ceb05be45 P 105f22a6bf654dc5900d931563337a99 reported cstate change: term changed from 2 to 3, leader changed from b3b6eda653c44eac83b2c0cac49c0064 (127.26.205.194) to 105f22a6bf654dc5900d931563337a99 (127.26.205.195). New cstate: current_term: 3 leader_uuid: "105f22a6bf654dc5900d931563337a99" committed_config { opid_index: -1 OBSOLETE_local: false peers { permanent_uuid: "4b5b9ceed5e94ea6b4590cf400c3020a" member_type: VOTER last_known_addr { host: "127.26.205.193" port: 41389 } health_report { overall_health: UNKNOWN } } peers { permanent_uuid: "b3b6eda653c44eac83b2c0cac49c0064" member_type: VOTER last_known_addr { host: "127.26.205.194" port: 46883 } health_report { overall_health: UNKNOWN } } peers { permanent_uuid: "105f22a6bf654dc5900d931563337a99" member_type: VOTER last_known_addr { host: "127.26.205.195" port: 40537 } health_report { overall_health: HEALTHY } } }
I20260709 13:06:34.032177 27914 raft_consensus.cc:993] T 5293f0c968ea47bf865a33c9a999691c P b3b6eda653c44eac83b2c0cac49c0064: : Instructing follower 4b5b9ceed5e94ea6b4590cf400c3020a to start an election
I20260709 13:06:34.032581 27868 raft_consensus.cc:1081] T 5293f0c968ea47bf865a33c9a999691c P b3b6eda653c44eac83b2c0cac49c0064 [term 4 LEADER]: Signalling peer 4b5b9ceed5e94ea6b4590cf400c3020a to start an election
I20260709 13:06:34.033782 27582 tablet_service.cc:2044] Received Run Leader Election RPC: tablet_id: "5293f0c968ea47bf865a33c9a999691c"
dest_uuid: "4b5b9ceed5e94ea6b4590cf400c3020a"
 from {username='slave'} at 127.0.0.1:39558
I20260709 13:06:34.034186 27582 raft_consensus.cc:493] T 5293f0c968ea47bf865a33c9a999691c P 4b5b9ceed5e94ea6b4590cf400c3020a [term 4 FOLLOWER]: Starting forced leader election (received explicit request)
I20260709 13:06:34.034441 27582 raft_consensus.cc:3060] T 5293f0c968ea47bf865a33c9a999691c P 4b5b9ceed5e94ea6b4590cf400c3020a [term 4 FOLLOWER]: Advancing to term 5
I20260709 13:06:34.038113 27582 raft_consensus.cc:515] T 5293f0c968ea47bf865a33c9a999691c P 4b5b9ceed5e94ea6b4590cf400c3020a [term 5 FOLLOWER]: Starting forced leader election with config: opid_index: -1 OBSOLETE_local: false peers { permanent_uuid: "4b5b9ceed5e94ea6b4590cf400c3020a" member_type: VOTER last_known_addr { host: "127.26.205.193" port: 41389 } } peers { permanent_uuid: "b3b6eda653c44eac83b2c0cac49c0064" member_type: VOTER last_known_addr { host: "127.26.205.194" port: 46883 } } peers { permanent_uuid: "105f22a6bf654dc5900d931563337a99" member_type: VOTER last_known_addr { host: "127.26.205.195" port: 40537 } }
I20260709 13:06:34.039552 27582 leader_election.cc:290] T 5293f0c968ea47bf865a33c9a999691c P 4b5b9ceed5e94ea6b4590cf400c3020a [CANDIDATE]: Term 5 election: Requested vote from peers b3b6eda653c44eac83b2c0cac49c0064 (127.26.205.194:46883), 105f22a6bf654dc5900d931563337a99 (127.26.205.195:40537)
I20260709 13:06:34.040414 27729 tablet_service.cc:1917] Received RequestConsensusVote() RPC: tablet_id: "5293f0c968ea47bf865a33c9a999691c" candidate_uuid: "4b5b9ceed5e94ea6b4590cf400c3020a" candidate_term: 5 candidate_status { last_received { term: 4 index: 4 } } ignore_live_leader: true dest_uuid: "105f22a6bf654dc5900d931563337a99"
I20260709 13:06:34.040954 27729 raft_consensus.cc:3060] T 5293f0c968ea47bf865a33c9a999691c P 105f22a6bf654dc5900d931563337a99 [term 4 FOLLOWER]: Advancing to term 5
I20260709 13:06:34.041190 27868 raft_consensus.cc:993] T 83c29b8ba6a14f709dd6c329f27b730e P b3b6eda653c44eac83b2c0cac49c0064: : Instructing follower 4b5b9ceed5e94ea6b4590cf400c3020a to start an election
I20260709 13:06:34.040990 27655 tablet_service.cc:1917] Received RequestConsensusVote() RPC: tablet_id: "5293f0c968ea47bf865a33c9a999691c" candidate_uuid: "4b5b9ceed5e94ea6b4590cf400c3020a" candidate_term: 5 candidate_status { last_received { term: 4 index: 4 } } ignore_live_leader: true dest_uuid: "b3b6eda653c44eac83b2c0cac49c0064"
I20260709 13:06:34.042115 27914 raft_consensus.cc:1081] T 83c29b8ba6a14f709dd6c329f27b730e P b3b6eda653c44eac83b2c0cac49c0064 [term 2 LEADER]: Signalling peer 4b5b9ceed5e94ea6b4590cf400c3020a to start an election
I20260709 13:06:34.042137 27655 raft_consensus.cc:3055] T 5293f0c968ea47bf865a33c9a999691c P b3b6eda653c44eac83b2c0cac49c0064 [term 4 LEADER]: Stepping down as leader of term 4
I20260709 13:06:34.042604 27655 raft_consensus.cc:740] T 5293f0c968ea47bf865a33c9a999691c P b3b6eda653c44eac83b2c0cac49c0064 [term 4 LEADER]: Becoming Follower/Learner. State: Replica: b3b6eda653c44eac83b2c0cac49c0064, State: Running, Role: LEADER
I20260709 13:06:34.043747 27582 tablet_service.cc:2044] Received Run Leader Election RPC: tablet_id: "83c29b8ba6a14f709dd6c329f27b730e"
dest_uuid: "4b5b9ceed5e94ea6b4590cf400c3020a"
 from {username='slave'} at 127.0.0.1:39558
I20260709 13:06:34.044229 27582 raft_consensus.cc:493] T 83c29b8ba6a14f709dd6c329f27b730e P 4b5b9ceed5e94ea6b4590cf400c3020a [term 2 FOLLOWER]: Starting forced leader election (received explicit request)
I20260709 13:06:34.043978 27655 consensus_queue.cc:260] T 5293f0c968ea47bf865a33c9a999691c P b3b6eda653c44eac83b2c0cac49c0064 [NON_LEADER]: Queue going to NON_LEADER mode. State: All replicated index: 0, Majority replicated index: 4, Committed index: 4, Last appended: 4.4, Last appended by leader: 4, Current term: 4, Majority size: -1, State: 0, Mode: NON_LEADER, active raft config: opid_index: -1 OBSOLETE_local: false peers { permanent_uuid: "4b5b9ceed5e94ea6b4590cf400c3020a" member_type: VOTER last_known_addr { host: "127.26.205.193" port: 41389 } } peers { permanent_uuid: "b3b6eda653c44eac83b2c0cac49c0064" member_type: VOTER last_known_addr { host: "127.26.205.194" port: 46883 } } peers { permanent_uuid: "105f22a6bf654dc5900d931563337a99" member_type: VOTER last_known_addr { host: "127.26.205.195" port: 40537 } }
I20260709 13:06:34.044557 27582 raft_consensus.cc:3060] T 83c29b8ba6a14f709dd6c329f27b730e P 4b5b9ceed5e94ea6b4590cf400c3020a [term 2 FOLLOWER]: Advancing to term 3
I20260709 13:06:34.045050 27655 raft_consensus.cc:3060] T 5293f0c968ea47bf865a33c9a999691c P b3b6eda653c44eac83b2c0cac49c0064 [term 4 FOLLOWER]: Advancing to term 5
I20260709 13:06:34.047322 27729 raft_consensus.cc:2468] T 5293f0c968ea47bf865a33c9a999691c P 105f22a6bf654dc5900d931563337a99 [term 5 FOLLOWER]: Leader election vote request: Granting yes vote for candidate 4b5b9ceed5e94ea6b4590cf400c3020a in term 5.
I20260709 13:06:34.048358 27545 leader_election.cc:304] T 5293f0c968ea47bf865a33c9a999691c P 4b5b9ceed5e94ea6b4590cf400c3020a [CANDIDATE]: Term 5 election: Election decided. Result: candidate won. Election summary: received 2 responses out of 3 voters: 2 yes votes; 0 no votes. yes voters: 105f22a6bf654dc5900d931563337a99, 4b5b9ceed5e94ea6b4590cf400c3020a; no voters: 
I20260709 13:06:34.049136 27922 raft_consensus.cc:2804] T 5293f0c968ea47bf865a33c9a999691c P 4b5b9ceed5e94ea6b4590cf400c3020a [term 5 FOLLOWER]: Leader election won for term 5
I20260709 13:06:34.049166 27582 raft_consensus.cc:515] T 83c29b8ba6a14f709dd6c329f27b730e P 4b5b9ceed5e94ea6b4590cf400c3020a [term 3 FOLLOWER]: Starting forced leader election with config: opid_index: -1 OBSOLETE_local: false peers { permanent_uuid: "4b5b9ceed5e94ea6b4590cf400c3020a" member_type: VOTER last_known_addr { host: "127.26.205.193" port: 41389 } } peers { permanent_uuid: "b3b6eda653c44eac83b2c0cac49c0064" member_type: VOTER last_known_addr { host: "127.26.205.194" port: 46883 } } peers { permanent_uuid: "105f22a6bf654dc5900d931563337a99" member_type: VOTER last_known_addr { host: "127.26.205.195" port: 40537 } }
I20260709 13:06:34.049710 27922 raft_consensus.cc:697] T 5293f0c968ea47bf865a33c9a999691c P 4b5b9ceed5e94ea6b4590cf400c3020a [term 5 LEADER]: Becoming Leader. State: Replica: 4b5b9ceed5e94ea6b4590cf400c3020a, State: Running, Role: LEADER
I20260709 13:06:34.049965 27655 raft_consensus.cc:2468] T 5293f0c968ea47bf865a33c9a999691c P b3b6eda653c44eac83b2c0cac49c0064 [term 5 FOLLOWER]: Leader election vote request: Granting yes vote for candidate 4b5b9ceed5e94ea6b4590cf400c3020a in term 5.
I20260709 13:06:34.050969 27582 leader_election.cc:290] T 83c29b8ba6a14f709dd6c329f27b730e P 4b5b9ceed5e94ea6b4590cf400c3020a [CANDIDATE]: Term 3 election: Requested vote from peers b3b6eda653c44eac83b2c0cac49c0064 (127.26.205.194:46883), 105f22a6bf654dc5900d931563337a99 (127.26.205.195:40537)
I20260709 13:06:34.050645 27922 consensus_queue.cc:237] T 5293f0c968ea47bf865a33c9a999691c P 4b5b9ceed5e94ea6b4590cf400c3020a [LEADER]: Queue going to LEADER mode. State: All replicated index: 0, Majority replicated index: 4, Committed index: 4, Last appended: 4.4, Last appended by leader: 4, Current term: 5, Majority size: 2, State: 0, Mode: LEADER, active raft config: opid_index: -1 OBSOLETE_local: false peers { permanent_uuid: "4b5b9ceed5e94ea6b4590cf400c3020a" member_type: VOTER last_known_addr { host: "127.26.205.193" port: 41389 } } peers { permanent_uuid: "b3b6eda653c44eac83b2c0cac49c0064" member_type: VOTER last_known_addr { host: "127.26.205.194" port: 46883 } } peers { permanent_uuid: "105f22a6bf654dc5900d931563337a99" member_type: VOTER last_known_addr { host: "127.26.205.195" port: 40537 } }
I20260709 13:06:34.051559 27655 tablet_service.cc:1917] Received RequestConsensusVote() RPC: tablet_id: "83c29b8ba6a14f709dd6c329f27b730e" candidate_uuid: "4b5b9ceed5e94ea6b4590cf400c3020a" candidate_term: 3 candidate_status { last_received { term: 2 index: 2 } } ignore_live_leader: true dest_uuid: "b3b6eda653c44eac83b2c0cac49c0064"
I20260709 13:06:34.052109 27655 raft_consensus.cc:3055] T 83c29b8ba6a14f709dd6c329f27b730e P b3b6eda653c44eac83b2c0cac49c0064 [term 2 LEADER]: Stepping down as leader of term 2
I20260709 13:06:34.052388 27729 tablet_service.cc:1917] Received RequestConsensusVote() RPC: tablet_id: "83c29b8ba6a14f709dd6c329f27b730e" candidate_uuid: "4b5b9ceed5e94ea6b4590cf400c3020a" candidate_term: 3 candidate_status { last_received { term: 2 index: 2 } } ignore_live_leader: true dest_uuid: "105f22a6bf654dc5900d931563337a99"
I20260709 13:06:34.052413 27655 raft_consensus.cc:740] T 83c29b8ba6a14f709dd6c329f27b730e P b3b6eda653c44eac83b2c0cac49c0064 [term 2 LEADER]: Becoming Follower/Learner. State: Replica: b3b6eda653c44eac83b2c0cac49c0064, State: Running, Role: LEADER
I20260709 13:06:34.052889 27729 raft_consensus.cc:3060] T 83c29b8ba6a14f709dd6c329f27b730e P 105f22a6bf654dc5900d931563337a99 [term 2 FOLLOWER]: Advancing to term 3
I20260709 13:06:34.053361 27655 consensus_queue.cc:260] T 83c29b8ba6a14f709dd6c329f27b730e P b3b6eda653c44eac83b2c0cac49c0064 [NON_LEADER]: Queue going to NON_LEADER mode. State: All replicated index: 0, Majority replicated index: 2, Committed index: 2, Last appended: 2.2, Last appended by leader: 2, Current term: 2, Majority size: -1, State: 0, Mode: NON_LEADER, active raft config: opid_index: -1 OBSOLETE_local: false peers { permanent_uuid: "4b5b9ceed5e94ea6b4590cf400c3020a" member_type: VOTER last_known_addr { host: "127.26.205.193" port: 41389 } } peers { permanent_uuid: "b3b6eda653c44eac83b2c0cac49c0064" member_type: VOTER last_known_addr { host: "127.26.205.194" port: 46883 } } peers { permanent_uuid: "105f22a6bf654dc5900d931563337a99" member_type: VOTER last_known_addr { host: "127.26.205.195" port: 40537 } }
I20260709 13:06:34.054759 27655 raft_consensus.cc:3060] T 83c29b8ba6a14f709dd6c329f27b730e P b3b6eda653c44eac83b2c0cac49c0064 [term 2 FOLLOWER]: Advancing to term 3
I20260709 13:06:34.058066 27729 raft_consensus.cc:2468] T 83c29b8ba6a14f709dd6c329f27b730e P 105f22a6bf654dc5900d931563337a99 [term 3 FOLLOWER]: Leader election vote request: Granting yes vote for candidate 4b5b9ceed5e94ea6b4590cf400c3020a in term 3.
I20260709 13:06:34.058876 27545 leader_election.cc:304] T 83c29b8ba6a14f709dd6c329f27b730e P 4b5b9ceed5e94ea6b4590cf400c3020a [CANDIDATE]: Term 3 election: Election decided. Result: candidate won. Election summary: received 2 responses out of 3 voters: 2 yes votes; 0 no votes. yes voters: 105f22a6bf654dc5900d931563337a99, 4b5b9ceed5e94ea6b4590cf400c3020a; no voters: 
I20260709 13:06:34.059563 27922 raft_consensus.cc:2804] T 83c29b8ba6a14f709dd6c329f27b730e P 4b5b9ceed5e94ea6b4590cf400c3020a [term 3 FOLLOWER]: Leader election won for term 3
I20260709 13:06:34.058883 27478 catalog_manager.cc:5697] T 5293f0c968ea47bf865a33c9a999691c P 4b5b9ceed5e94ea6b4590cf400c3020a reported cstate change: term changed from 4 to 5, leader changed from b3b6eda653c44eac83b2c0cac49c0064 (127.26.205.194) to 4b5b9ceed5e94ea6b4590cf400c3020a (127.26.205.193). New cstate: current_term: 5 leader_uuid: "4b5b9ceed5e94ea6b4590cf400c3020a" committed_config { opid_index: -1 OBSOLETE_local: false peers { permanent_uuid: "4b5b9ceed5e94ea6b4590cf400c3020a" member_type: VOTER last_known_addr { host: "127.26.205.193" port: 41389 } health_report { overall_health: HEALTHY } } peers { permanent_uuid: "b3b6eda653c44eac83b2c0cac49c0064" member_type: VOTER last_known_addr { host: "127.26.205.194" port: 46883 } health_report { overall_health: UNKNOWN } } peers { permanent_uuid: "105f22a6bf654dc5900d931563337a99" member_type: VOTER last_known_addr { host: "127.26.205.195" port: 40537 } health_report { overall_health: UNKNOWN } } }
I20260709 13:06:34.060132 27922 raft_consensus.cc:697] T 83c29b8ba6a14f709dd6c329f27b730e P 4b5b9ceed5e94ea6b4590cf400c3020a [term 3 LEADER]: Becoming Leader. State: Replica: 4b5b9ceed5e94ea6b4590cf400c3020a, State: Running, Role: LEADER
I20260709 13:06:34.060176 27655 raft_consensus.cc:2468] T 83c29b8ba6a14f709dd6c329f27b730e P b3b6eda653c44eac83b2c0cac49c0064 [term 3 FOLLOWER]: Leader election vote request: Granting yes vote for candidate 4b5b9ceed5e94ea6b4590cf400c3020a in term 3.
I20260709 13:06:34.060951 27922 consensus_queue.cc:237] T 83c29b8ba6a14f709dd6c329f27b730e P 4b5b9ceed5e94ea6b4590cf400c3020a [LEADER]: Queue going to LEADER mode. State: All replicated index: 0, Majority replicated index: 2, Committed index: 2, Last appended: 2.2, Last appended by leader: 2, Current term: 3, Majority size: 2, State: 0, Mode: LEADER, active raft config: opid_index: -1 OBSOLETE_local: false peers { permanent_uuid: "4b5b9ceed5e94ea6b4590cf400c3020a" member_type: VOTER last_known_addr { host: "127.26.205.193" port: 41389 } } peers { permanent_uuid: "b3b6eda653c44eac83b2c0cac49c0064" member_type: VOTER last_known_addr { host: "127.26.205.194" port: 46883 } } peers { permanent_uuid: "105f22a6bf654dc5900d931563337a99" member_type: VOTER last_known_addr { host: "127.26.205.195" port: 40537 } }
I20260709 13:06:34.070381 27478 catalog_manager.cc:5697] T 83c29b8ba6a14f709dd6c329f27b730e P 4b5b9ceed5e94ea6b4590cf400c3020a reported cstate change: term changed from 2 to 3, leader changed from b3b6eda653c44eac83b2c0cac49c0064 (127.26.205.194) to 4b5b9ceed5e94ea6b4590cf400c3020a (127.26.205.193). New cstate: current_term: 3 leader_uuid: "4b5b9ceed5e94ea6b4590cf400c3020a" committed_config { opid_index: -1 OBSOLETE_local: false peers { permanent_uuid: "4b5b9ceed5e94ea6b4590cf400c3020a" member_type: VOTER last_known_addr { host: "127.26.205.193" port: 41389 } health_report { overall_health: HEALTHY } } peers { permanent_uuid: "b3b6eda653c44eac83b2c0cac49c0064" member_type: VOTER last_known_addr { host: "127.26.205.194" port: 46883 } health_report { overall_health: UNKNOWN } } peers { permanent_uuid: "105f22a6bf654dc5900d931563337a99" member_type: VOTER last_known_addr { host: "127.26.205.195" port: 40537 } health_report { overall_health: UNKNOWN } } }
I20260709 13:06:34.215636 27582 raft_consensus.cc:1275] T 51082cc604f0420581a5f0d2128f0251 P 4b5b9ceed5e94ea6b4590cf400c3020a [term 3 FOLLOWER]: Refusing update from remote peer 105f22a6bf654dc5900d931563337a99: Log matching property violated. Preceding OpId in replica: term: 2 index: 2. Preceding OpId from leader: term: 3 index: 3. (index mismatch)
I20260709 13:06:34.216787 27873 consensus_queue.cc:1048] T 51082cc604f0420581a5f0d2128f0251 P 105f22a6bf654dc5900d931563337a99 [LEADER]: Connected to new peer: Peer: permanent_uuid: "4b5b9ceed5e94ea6b4590cf400c3020a" member_type: VOTER last_known_addr { host: "127.26.205.193" port: 41389 }, Status: LMP_MISMATCH, Last received: 0.0, Next index: 3, Last known committed idx: 2, Time since last communication: 0.000s
I20260709 13:06:34.226392 27655 raft_consensus.cc:1275] T 51082cc604f0420581a5f0d2128f0251 P b3b6eda653c44eac83b2c0cac49c0064 [term 3 FOLLOWER]: Refusing update from remote peer 105f22a6bf654dc5900d931563337a99: Log matching property violated. Preceding OpId in replica: term: 2 index: 2. Preceding OpId from leader: term: 3 index: 3. (index mismatch)
I20260709 13:06:34.227694 27873 consensus_queue.cc:1048] T 51082cc604f0420581a5f0d2128f0251 P 105f22a6bf654dc5900d931563337a99 [LEADER]: Connected to new peer: Peer: permanent_uuid: "b3b6eda653c44eac83b2c0cac49c0064" member_type: VOTER last_known_addr { host: "127.26.205.194" port: 46883 }, Status: LMP_MISMATCH, Last received: 0.0, Next index: 3, Last known committed idx: 2, Time since last communication: 0.000s
I20260709 13:06:34.315531 27729 raft_consensus.cc:1275] T 686b2f47b7a0458285cd504218f564e7 P 105f22a6bf654dc5900d931563337a99 [term 3 FOLLOWER]: Refusing update from remote peer 4b5b9ceed5e94ea6b4590cf400c3020a: Log matching property violated. Preceding OpId in replica: term: 2 index: 2. Preceding OpId from leader: term: 3 index: 3. (index mismatch)
I20260709 13:06:34.316669 27922 consensus_queue.cc:1048] T 686b2f47b7a0458285cd504218f564e7 P 4b5b9ceed5e94ea6b4590cf400c3020a [LEADER]: Connected to new peer: Peer: permanent_uuid: "105f22a6bf654dc5900d931563337a99" member_type: VOTER last_known_addr { host: "127.26.205.195" port: 40537 }, Status: LMP_MISMATCH, Last received: 0.0, Next index: 3, Last known committed idx: 2, Time since last communication: 0.000s
I20260709 13:06:34.323026 27655 raft_consensus.cc:1275] T 686b2f47b7a0458285cd504218f564e7 P b3b6eda653c44eac83b2c0cac49c0064 [term 3 FOLLOWER]: Refusing update from remote peer 4b5b9ceed5e94ea6b4590cf400c3020a: Log matching property violated. Preceding OpId in replica: term: 2 index: 2. Preceding OpId from leader: term: 3 index: 3. (index mismatch)
I20260709 13:06:34.325129 27922 consensus_queue.cc:1048] T 686b2f47b7a0458285cd504218f564e7 P 4b5b9ceed5e94ea6b4590cf400c3020a [LEADER]: Connected to new peer: Peer: permanent_uuid: "b3b6eda653c44eac83b2c0cac49c0064" member_type: VOTER last_known_addr { host: "127.26.205.194" port: 46883 }, Status: LMP_MISMATCH, Last received: 0.0, Next index: 3, Last known committed idx: 2, Time since last communication: 0.000s
I20260709 13:06:34.458814 27729 raft_consensus.cc:1275] T 5293f0c968ea47bf865a33c9a999691c P 105f22a6bf654dc5900d931563337a99 [term 5 FOLLOWER]: Refusing update from remote peer 4b5b9ceed5e94ea6b4590cf400c3020a: Log matching property violated. Preceding OpId in replica: term: 4 index: 4. Preceding OpId from leader: term: 5 index: 5. (index mismatch)
I20260709 13:06:34.459869 27922 consensus_queue.cc:1048] T 5293f0c968ea47bf865a33c9a999691c P 4b5b9ceed5e94ea6b4590cf400c3020a [LEADER]: Connected to new peer: Peer: permanent_uuid: "105f22a6bf654dc5900d931563337a99" member_type: VOTER last_known_addr { host: "127.26.205.195" port: 40537 }, Status: LMP_MISMATCH, Last received: 0.0, Next index: 5, Last known committed idx: 4, Time since last communication: 0.000s
I20260709 13:06:34.468995 27655 raft_consensus.cc:1275] T 5293f0c968ea47bf865a33c9a999691c P b3b6eda653c44eac83b2c0cac49c0064 [term 5 FOLLOWER]: Refusing update from remote peer 4b5b9ceed5e94ea6b4590cf400c3020a: Log matching property violated. Preceding OpId in replica: term: 4 index: 4. Preceding OpId from leader: term: 5 index: 5. (index mismatch)
I20260709 13:06:34.470432 27923 consensus_queue.cc:1048] T 5293f0c968ea47bf865a33c9a999691c P 4b5b9ceed5e94ea6b4590cf400c3020a [LEADER]: Connected to new peer: Peer: permanent_uuid: "b3b6eda653c44eac83b2c0cac49c0064" member_type: VOTER last_known_addr { host: "127.26.205.194" port: 46883 }, Status: LMP_MISMATCH, Last received: 0.0, Next index: 5, Last known committed idx: 4, Time since last communication: 0.000s
I20260709 13:06:34.477222 27729 raft_consensus.cc:1275] T 83c29b8ba6a14f709dd6c329f27b730e P 105f22a6bf654dc5900d931563337a99 [term 3 FOLLOWER]: Refusing update from remote peer 4b5b9ceed5e94ea6b4590cf400c3020a: Log matching property violated. Preceding OpId in replica: term: 2 index: 2. Preceding OpId from leader: term: 3 index: 3. (index mismatch)
I20260709 13:06:34.478413 27923 consensus_queue.cc:1048] T 83c29b8ba6a14f709dd6c329f27b730e P 4b5b9ceed5e94ea6b4590cf400c3020a [LEADER]: Connected to new peer: Peer: permanent_uuid: "105f22a6bf654dc5900d931563337a99" member_type: VOTER last_known_addr { host: "127.26.205.195" port: 40537 }, Status: LMP_MISMATCH, Last received: 0.0, Next index: 3, Last known committed idx: 2, Time since last communication: 0.000s
I20260709 13:06:34.487775 27655 raft_consensus.cc:1275] T 83c29b8ba6a14f709dd6c329f27b730e P b3b6eda653c44eac83b2c0cac49c0064 [term 3 FOLLOWER]: Refusing update from remote peer 4b5b9ceed5e94ea6b4590cf400c3020a: Log matching property violated. Preceding OpId in replica: term: 2 index: 2. Preceding OpId from leader: term: 3 index: 3. (index mismatch)
I20260709 13:06:34.489009 27923 consensus_queue.cc:1048] T 83c29b8ba6a14f709dd6c329f27b730e P 4b5b9ceed5e94ea6b4590cf400c3020a [LEADER]: Connected to new peer: Peer: permanent_uuid: "b3b6eda653c44eac83b2c0cac49c0064" member_type: VOTER last_known_addr { host: "127.26.205.194" port: 46883 }, Status: LMP_MISMATCH, Last received: 0.0, Next index: 3, Last known committed idx: 2, Time since last communication: 0.000s
I20260709 13:06:34.564913 27655 raft_consensus.cc:1275] T 9427d2e0b38a478586ac663ceb05be45 P b3b6eda653c44eac83b2c0cac49c0064 [term 3 FOLLOWER]: Refusing update from remote peer 105f22a6bf654dc5900d931563337a99: Log matching property violated. Preceding OpId in replica: term: 2 index: 2. Preceding OpId from leader: term: 3 index: 3. (index mismatch)
I20260709 13:06:34.566236 27873 consensus_queue.cc:1048] T 9427d2e0b38a478586ac663ceb05be45 P 105f22a6bf654dc5900d931563337a99 [LEADER]: Connected to new peer: Peer: permanent_uuid: "b3b6eda653c44eac83b2c0cac49c0064" member_type: VOTER last_known_addr { host: "127.26.205.194" port: 46883 }, Status: LMP_MISMATCH, Last received: 0.0, Next index: 3, Last known committed idx: 2, Time since last communication: 0.000s
I20260709 13:06:34.573282 27582 raft_consensus.cc:1275] T 9427d2e0b38a478586ac663ceb05be45 P 4b5b9ceed5e94ea6b4590cf400c3020a [term 3 FOLLOWER]: Refusing update from remote peer 105f22a6bf654dc5900d931563337a99: Log matching property violated. Preceding OpId in replica: term: 2 index: 2. Preceding OpId from leader: term: 3 index: 3. (index mismatch)
I20260709 13:06:34.575043 27915 consensus_queue.cc:1048] T 9427d2e0b38a478586ac663ceb05be45 P 105f22a6bf654dc5900d931563337a99 [LEADER]: Connected to new peer: Peer: permanent_uuid: "4b5b9ceed5e94ea6b4590cf400c3020a" member_type: VOTER last_known_addr { host: "127.26.205.193" port: 41389 }, Status: LMP_MISMATCH, Last received: 0.0, Next index: 3, Last known committed idx: 2, Time since last communication: 0.000s
I20260709 13:06:34.652866 27447 auto_leader_rebalancer.cc:141] leader rebalance for table test-workload
I20260709 13:06:34.657819 27447 tablet_server.cc:179] TabletServer@127.26.205.193:0 shutting down...
I20260709 13:06:34.683022 27447 ts_tablet_manager.cc:1507] Shutting down tablet manager...
I20260709 13:06:34.683794 27447 tablet_replica.cc:333] T 5293f0c968ea47bf865a33c9a999691c P 4b5b9ceed5e94ea6b4590cf400c3020a: stopping tablet replica
I20260709 13:06:34.684496 27447 raft_consensus.cc:2243] T 5293f0c968ea47bf865a33c9a999691c P 4b5b9ceed5e94ea6b4590cf400c3020a [term 5 LEADER]: Raft consensus shutting down.
I20260709 13:06:34.685233 27447 raft_consensus.cc:2272] T 5293f0c968ea47bf865a33c9a999691c P 4b5b9ceed5e94ea6b4590cf400c3020a [term 5 FOLLOWER]: Raft consensus is shut down!
I20260709 13:06:34.688169 27447 tablet_replica.cc:333] T 9427d2e0b38a478586ac663ceb05be45 P 4b5b9ceed5e94ea6b4590cf400c3020a: stopping tablet replica
I20260709 13:06:34.688699 27447 raft_consensus.cc:2243] T 9427d2e0b38a478586ac663ceb05be45 P 4b5b9ceed5e94ea6b4590cf400c3020a [term 3 FOLLOWER]: Raft consensus shutting down.
I20260709 13:06:34.689061 27447 raft_consensus.cc:2272] T 9427d2e0b38a478586ac663ceb05be45 P 4b5b9ceed5e94ea6b4590cf400c3020a [term 3 FOLLOWER]: Raft consensus is shut down!
I20260709 13:06:34.691067 27447 tablet_replica.cc:333] T 83c29b8ba6a14f709dd6c329f27b730e P 4b5b9ceed5e94ea6b4590cf400c3020a: stopping tablet replica
I20260709 13:06:34.691556 27447 raft_consensus.cc:2243] T 83c29b8ba6a14f709dd6c329f27b730e P 4b5b9ceed5e94ea6b4590cf400c3020a [term 3 LEADER]: Raft consensus shutting down.
I20260709 13:06:34.692348 27447 raft_consensus.cc:2272] T 83c29b8ba6a14f709dd6c329f27b730e P 4b5b9ceed5e94ea6b4590cf400c3020a [term 3 FOLLOWER]: Raft consensus is shut down!
I20260709 13:06:34.694350 27447 tablet_replica.cc:333] T 3e7c6c780099473ca41362d080d97598 P 4b5b9ceed5e94ea6b4590cf400c3020a: stopping tablet replica
I20260709 13:06:34.694785 27447 raft_consensus.cc:2243] T 3e7c6c780099473ca41362d080d97598 P 4b5b9ceed5e94ea6b4590cf400c3020a [term 3 FOLLOWER]: Raft consensus shutting down.
I20260709 13:06:34.695125 27447 raft_consensus.cc:2272] T 3e7c6c780099473ca41362d080d97598 P 4b5b9ceed5e94ea6b4590cf400c3020a [term 3 FOLLOWER]: Raft consensus is shut down!
I20260709 13:06:34.696762 27447 tablet_replica.cc:333] T 8f1e93d54ce44109a86df9c9e7013e24 P 4b5b9ceed5e94ea6b4590cf400c3020a: stopping tablet replica
I20260709 13:06:34.697252 27447 raft_consensus.cc:2243] T 8f1e93d54ce44109a86df9c9e7013e24 P 4b5b9ceed5e94ea6b4590cf400c3020a [term 2 FOLLOWER]: Raft consensus shutting down.
I20260709 13:06:34.697711 27447 raft_consensus.cc:2272] T 8f1e93d54ce44109a86df9c9e7013e24 P 4b5b9ceed5e94ea6b4590cf400c3020a [term 2 FOLLOWER]: Raft consensus is shut down!
I20260709 13:06:34.699677 27447 tablet_replica.cc:333] T 609d94e09e134d039ca0b0d2b43fae8e P 4b5b9ceed5e94ea6b4590cf400c3020a: stopping tablet replica
I20260709 13:06:34.700203 27447 raft_consensus.cc:2243] T 609d94e09e134d039ca0b0d2b43fae8e P 4b5b9ceed5e94ea6b4590cf400c3020a [term 4 FOLLOWER]: Raft consensus shutting down.
I20260709 13:06:34.700692 27447 raft_consensus.cc:2272] T 609d94e09e134d039ca0b0d2b43fae8e P 4b5b9ceed5e94ea6b4590cf400c3020a [term 4 FOLLOWER]: Raft consensus is shut down!
I20260709 13:06:34.702702 27447 tablet_replica.cc:333] T 51082cc604f0420581a5f0d2128f0251 P 4b5b9ceed5e94ea6b4590cf400c3020a: stopping tablet replica
I20260709 13:06:34.703100 27447 raft_consensus.cc:2243] T 51082cc604f0420581a5f0d2128f0251 P 4b5b9ceed5e94ea6b4590cf400c3020a [term 3 FOLLOWER]: Raft consensus shutting down.
I20260709 13:06:34.703439 27447 raft_consensus.cc:2272] T 51082cc604f0420581a5f0d2128f0251 P 4b5b9ceed5e94ea6b4590cf400c3020a [term 3 FOLLOWER]: Raft consensus is shut down!
I20260709 13:06:34.705408 27447 tablet_replica.cc:333] T 686b2f47b7a0458285cd504218f564e7 P 4b5b9ceed5e94ea6b4590cf400c3020a: stopping tablet replica
I20260709 13:06:34.705878 27447 raft_consensus.cc:2243] T 686b2f47b7a0458285cd504218f564e7 P 4b5b9ceed5e94ea6b4590cf400c3020a [term 3 LEADER]: Raft consensus shutting down.
I20260709 13:06:34.706485 27447 raft_consensus.cc:2272] T 686b2f47b7a0458285cd504218f564e7 P 4b5b9ceed5e94ea6b4590cf400c3020a [term 3 FOLLOWER]: Raft consensus is shut down!
I20260709 13:06:34.708056 27447 tablet_replica.cc:333] T d59bb23e71b84d86b24004cd16e52ba0 P 4b5b9ceed5e94ea6b4590cf400c3020a: stopping tablet replica
I20260709 13:06:34.708441 27447 raft_consensus.cc:2243] T d59bb23e71b84d86b24004cd16e52ba0 P 4b5b9ceed5e94ea6b4590cf400c3020a [term 1 FOLLOWER]: Raft consensus shutting down.
I20260709 13:06:34.708756 27447 raft_consensus.cc:2272] T d59bb23e71b84d86b24004cd16e52ba0 P 4b5b9ceed5e94ea6b4590cf400c3020a [term 1 FOLLOWER]: Raft consensus is shut down!
W20260709 13:06:34.801707 27623 proxy.cc:239] Call had error, refreshing address and retrying: Network error: Client connection negotiation failed: client connection to 127.26.205.193:41389: connect: Connection refused (error 111)
I20260709 13:06:34.803004 27447 tablet_server.cc:196] TabletServer@127.26.205.193:0 shutdown complete.
W20260709 13:06:34.805160 27623 consensus_peers.cc:597] T 8f1e93d54ce44109a86df9c9e7013e24 P b3b6eda653c44eac83b2c0cac49c0064 -> Peer 4b5b9ceed5e94ea6b4590cf400c3020a (127.26.205.193:41389): Couldn't send request to peer 4b5b9ceed5e94ea6b4590cf400c3020a. Status: Network error: Client connection negotiation failed: client connection to 127.26.205.193:41389: connect: Connection refused (error 111). This is attempt 1: this message will repeat every 5th retry.
I20260709 13:06:34.820221 27447 tablet_server.cc:179] TabletServer@127.26.205.194:0 shutting down...
