I20260709 13:06:48.562321 24711 ts_tablet_manager.cc:1434] T e0fda5014c7a4fd882149b8a3d00bf6c P bcae73bbe3974dd29e0ae6ab288636a0: Time spent starting tablet: real 0.008s	user 0.005s	sys 0.000s
I20260709 13:06:48.562167 24837 raft_consensus.cc:515] T cad64b9219ca43919e1a34f79b9157c5 P bcae73bbe3974dd29e0ae6ab288636a0 [term 0 FOLLOWER]: Starting pre-election with config: opid_index: -1 OBSOLETE_local: false peers { permanent_uuid: "dd086a31456b42d887aff9035502a7cb" member_type: VOTER last_known_addr { host: "127.22.218.1" port: 40787 } } peers { permanent_uuid: "bcae73bbe3974dd29e0ae6ab288636a0" member_type: VOTER last_known_addr { host: "127.22.218.2" port: 39679 } } peers { permanent_uuid: "05ad422c0a3f4434b55b88a4d7f3c849" member_type: VOTER last_known_addr { host: "127.22.218.3" port: 46553 } }
I20260709 13:06:48.564168 24837 leader_election.cc:290] T cad64b9219ca43919e1a34f79b9157c5 P bcae73bbe3974dd29e0ae6ab288636a0 [CANDIDATE]: Term 1 pre-election: Requested pre-vote from peers dd086a31456b42d887aff9035502a7cb (127.22.218.1:40787), 05ad422c0a3f4434b55b88a4d7f3c849 (127.22.218.3:46553)
I20260709 13:06:48.567868 24670 tablet_service.cc:1917] Received RequestConsensusVote() RPC: tablet_id: "cad64b9219ca43919e1a34f79b9157c5" candidate_uuid: "bcae73bbe3974dd29e0ae6ab288636a0" candidate_term: 1 candidate_status { last_received { term: 0 index: 0 } } ignore_live_leader: false dest_uuid: "05ad422c0a3f4434b55b88a4d7f3c849" is_pre_election: true
I20260709 13:06:48.568521 24670 raft_consensus.cc:2468] T cad64b9219ca43919e1a34f79b9157c5 P 05ad422c0a3f4434b55b88a4d7f3c849 [term 0 FOLLOWER]: Leader pre-election vote request: Granting yes vote for candidate bcae73bbe3974dd29e0ae6ab288636a0 in term 0.
I20260709 13:06:48.565568 24718 raft_consensus.cc:493] T cad64b9219ca43919e1a34f79b9157c5 P dd086a31456b42d887aff9035502a7cb [term 0 FOLLOWER]: Starting pre-election (no leader contacted us within the election timeout)
I20260709 13:06:48.569262 24718 raft_consensus.cc:515] T cad64b9219ca43919e1a34f79b9157c5 P dd086a31456b42d887aff9035502a7cb [term 0 FOLLOWER]: Starting pre-election with config: opid_index: -1 OBSOLETE_local: false peers { permanent_uuid: "dd086a31456b42d887aff9035502a7cb" member_type: VOTER last_known_addr { host: "127.22.218.1" port: 40787 } } peers { permanent_uuid: "bcae73bbe3974dd29e0ae6ab288636a0" member_type: VOTER last_known_addr { host: "127.22.218.2" port: 39679 } } peers { permanent_uuid: "05ad422c0a3f4434b55b88a4d7f3c849" member_type: VOTER last_known_addr { host: "127.22.218.3" port: 46553 } }
I20260709 13:06:48.570238 24561 leader_election.cc:304] T cad64b9219ca43919e1a34f79b9157c5 P bcae73bbe3974dd29e0ae6ab288636a0 [CANDIDATE]: Term 1 pre-election: Election decided. Result: candidate won. Election summary: received 2 responses out of 3 voters: 2 yes votes; 0 no votes. yes voters: 05ad422c0a3f4434b55b88a4d7f3c849, bcae73bbe3974dd29e0ae6ab288636a0; no voters: 
I20260709 13:06:48.571074 24718 leader_election.cc:290] T cad64b9219ca43919e1a34f79b9157c5 P dd086a31456b42d887aff9035502a7cb [CANDIDATE]: Term 1 pre-election: Requested pre-vote from peers bcae73bbe3974dd29e0ae6ab288636a0 (127.22.218.2:39679), 05ad422c0a3f4434b55b88a4d7f3c849 (127.22.218.3:46553)
I20260709 13:06:48.571480 24974 raft_consensus.cc:2804] T cad64b9219ca43919e1a34f79b9157c5 P bcae73bbe3974dd29e0ae6ab288636a0 [term 0 FOLLOWER]: Leader pre-election won for term 1
I20260709 13:06:48.572192 24873 raft_consensus.cc:493] T 49bc4e6abab646878257c31bd1253a1a P 05ad422c0a3f4434b55b88a4d7f3c849 [term 0 FOLLOWER]: Starting pre-election (no leader contacted us within the election timeout)
I20260709 13:06:48.572651 24873 raft_consensus.cc:515] T 49bc4e6abab646878257c31bd1253a1a P 05ad422c0a3f4434b55b88a4d7f3c849 [term 0 FOLLOWER]: Starting pre-election with config: opid_index: -1 OBSOLETE_local: false peers { permanent_uuid: "dd086a31456b42d887aff9035502a7cb" member_type: VOTER last_known_addr { host: "127.22.218.1" port: 40787 } } peers { permanent_uuid: "bcae73bbe3974dd29e0ae6ab288636a0" member_type: VOTER last_known_addr { host: "127.22.218.2" port: 39679 } } peers { permanent_uuid: "05ad422c0a3f4434b55b88a4d7f3c849" member_type: VOTER last_known_addr { host: "127.22.218.3" port: 46553 } }
I20260709 13:06:48.573159 24713 tablet_bootstrap.cc:492] T f91be78e452f4ba98b1337033a16891a P dd086a31456b42d887aff9035502a7cb: No bootstrap required, opened a new log
I20260709 13:06:48.573596 24713 ts_tablet_manager.cc:1403] T f91be78e452f4ba98b1337033a16891a P dd086a31456b42d887aff9035502a7cb: Time spent bootstrapping tablet: real 0.020s	user 0.013s	sys 0.001s
I20260709 13:06:48.573871 24714 tablet_bootstrap.cc:492] T 78d2fc4aadeb47c09c6e8f6360f86068 P 05ad422c0a3f4434b55b88a4d7f3c849: Bootstrap starting.
I20260709 13:06:48.575476 24873 leader_election.cc:290] T 49bc4e6abab646878257c31bd1253a1a P 05ad422c0a3f4434b55b88a4d7f3c849 [CANDIDATE]: Term 1 pre-election: Requested pre-vote from peers dd086a31456b42d887aff9035502a7cb (127.22.218.1:40787), bcae73bbe3974dd29e0ae6ab288636a0 (127.22.218.2:39679)
I20260709 13:06:48.575897 24713 raft_consensus.cc:359] T f91be78e452f4ba98b1337033a16891a P dd086a31456b42d887aff9035502a7cb [term 0 FOLLOWER]: Replica starting. Triggering 0 pending ops. Active config: opid_index: -1 OBSOLETE_local: false peers { permanent_uuid: "dd086a31456b42d887aff9035502a7cb" member_type: VOTER last_known_addr { host: "127.22.218.1" port: 40787 } } peers { permanent_uuid: "bcae73bbe3974dd29e0ae6ab288636a0" member_type: VOTER last_known_addr { host: "127.22.218.2" port: 39679 } } peers { permanent_uuid: "05ad422c0a3f4434b55b88a4d7f3c849" member_type: VOTER last_known_addr { host: "127.22.218.3" port: 46553 } }
I20260709 13:06:48.576561 24713 raft_consensus.cc:385] T f91be78e452f4ba98b1337033a16891a P dd086a31456b42d887aff9035502a7cb [term 0 FOLLOWER]: Consensus starting up: Expiring failure detector timer to make a prompt election more likely
I20260709 13:06:48.576817 24713 raft_consensus.cc:740] T f91be78e452f4ba98b1337033a16891a P dd086a31456b42d887aff9035502a7cb [term 0 FOLLOWER]: Becoming Follower/Learner. State: Replica: dd086a31456b42d887aff9035502a7cb, State: Initialized, Role: FOLLOWER
I20260709 13:06:48.578140 24519 tablet_service.cc:1917] Received RequestConsensusVote() RPC: tablet_id: "49bc4e6abab646878257c31bd1253a1a" candidate_uuid: "05ad422c0a3f4434b55b88a4d7f3c849" candidate_term: 1 candidate_status { last_received { term: 0 index: 0 } } ignore_live_leader: false dest_uuid: "dd086a31456b42d887aff9035502a7cb" is_pre_election: true
I20260709 13:06:48.579550 24593 tablet_service.cc:1917] Received RequestConsensusVote() RPC: tablet_id: "49bc4e6abab646878257c31bd1253a1a" candidate_uuid: "05ad422c0a3f4434b55b88a4d7f3c849" candidate_term: 1 candidate_status { last_received { term: 0 index: 0 } } ignore_live_leader: false dest_uuid: "bcae73bbe3974dd29e0ae6ab288636a0" is_pre_election: true
I20260709 13:06:48.571856 24974 raft_consensus.cc:493] T cad64b9219ca43919e1a34f79b9157c5 P bcae73bbe3974dd29e0ae6ab288636a0 [term 0 FOLLOWER]: Starting leader election (no leader contacted us within the election timeout)
I20260709 13:06:48.580163 24974 raft_consensus.cc:3060] T cad64b9219ca43919e1a34f79b9157c5 P bcae73bbe3974dd29e0ae6ab288636a0 [term 0 FOLLOWER]: Advancing to term 1
I20260709 13:06:48.580560 24714 tablet_bootstrap.cc:654] T 78d2fc4aadeb47c09c6e8f6360f86068 P 05ad422c0a3f4434b55b88a4d7f3c849: Neither blocks nor log segments found. Creating new log.
W20260709 13:06:48.580883 24636 leader_election.cc:343] T 49bc4e6abab646878257c31bd1253a1a P 05ad422c0a3f4434b55b88a4d7f3c849 [CANDIDATE]: Term 1 pre-election: Tablet error from VoteRequest() call to peer bcae73bbe3974dd29e0ae6ab288636a0 (127.22.218.2:39679): Illegal state: must be running to vote when last-logged opid is not known
I20260709 13:06:48.581907 24711 tablet_bootstrap.cc:492] T 4fec01b256b6419c943b57ef458d6aca P bcae73bbe3974dd29e0ae6ab288636a0: Bootstrap starting.
I20260709 13:06:48.584805 24593 tablet_service.cc:1917] Received RequestConsensusVote() RPC: tablet_id: "cad64b9219ca43919e1a34f79b9157c5" candidate_uuid: "dd086a31456b42d887aff9035502a7cb" candidate_term: 1 candidate_status { last_received { term: 0 index: 0 } } ignore_live_leader: false dest_uuid: "bcae73bbe3974dd29e0ae6ab288636a0" is_pre_election: true
I20260709 13:06:48.566218 24521 tablet_service.cc:1917] Received RequestConsensusVote() RPC: tablet_id: "cad64b9219ca43919e1a34f79b9157c5" candidate_uuid: "bcae73bbe3974dd29e0ae6ab288636a0" candidate_term: 1 candidate_status { last_received { term: 0 index: 0 } } ignore_live_leader: false dest_uuid: "dd086a31456b42d887aff9035502a7cb" is_pre_election: true
I20260709 13:06:48.585850 24521 raft_consensus.cc:2468] T cad64b9219ca43919e1a34f79b9157c5 P dd086a31456b42d887aff9035502a7cb [term 0 FOLLOWER]: Leader pre-election vote request: Granting yes vote for candidate bcae73bbe3974dd29e0ae6ab288636a0 in term 0.
I20260709 13:06:48.584748 24717 raft_consensus.cc:493] T 2a11f99e834a479ca52d49a4ae1bea8d P bcae73bbe3974dd29e0ae6ab288636a0 [term 0 FOLLOWER]: Starting pre-election (no leader contacted us within the election timeout)
I20260709 13:06:48.588915 24717 raft_consensus.cc:515] T 2a11f99e834a479ca52d49a4ae1bea8d P bcae73bbe3974dd29e0ae6ab288636a0 [term 0 FOLLOWER]: Starting pre-election with config: opid_index: -1 OBSOLETE_local: false peers { permanent_uuid: "dd086a31456b42d887aff9035502a7cb" member_type: VOTER last_known_addr { host: "127.22.218.1" port: 40787 } } peers { permanent_uuid: "bcae73bbe3974dd29e0ae6ab288636a0" member_type: VOTER last_known_addr { host: "127.22.218.2" port: 39679 } } peers { permanent_uuid: "05ad422c0a3f4434b55b88a4d7f3c849" member_type: VOTER last_known_addr { host: "127.22.218.3" port: 46553 } }
W20260709 13:06:48.595516 24635 leader_election.cc:343] T 49bc4e6abab646878257c31bd1253a1a P 05ad422c0a3f4434b55b88a4d7f3c849 [CANDIDATE]: Term 1 pre-election: Tablet error from VoteRequest() call to peer dd086a31456b42d887aff9035502a7cb (127.22.218.1:40787): Illegal state: must be running to vote when last-logged opid is not known
I20260709 13:06:48.578176 24713 consensus_queue.cc:260] T f91be78e452f4ba98b1337033a16891a P dd086a31456b42d887aff9035502a7cb [NON_LEADER]: Queue going to NON_LEADER mode. State: All replicated index: 0, Majority replicated index: 0, Committed index: 0, Last appended: 0.0, Last appended by leader: 0, Current term: 0, Majority size: -1, State: 0, Mode: NON_LEADER, active raft config: opid_index: -1 OBSOLETE_local: false peers { permanent_uuid: "dd086a31456b42d887aff9035502a7cb" member_type: VOTER last_known_addr { host: "127.22.218.1" port: 40787 } } peers { permanent_uuid: "bcae73bbe3974dd29e0ae6ab288636a0" member_type: VOTER last_known_addr { host: "127.22.218.2" port: 39679 } } peers { permanent_uuid: "05ad422c0a3f4434b55b88a4d7f3c849" member_type: VOTER last_known_addr { host: "127.22.218.3" port: 46553 } }
I20260709 13:06:48.596130 24635 leader_election.cc:304] T 49bc4e6abab646878257c31bd1253a1a P 05ad422c0a3f4434b55b88a4d7f3c849 [CANDIDATE]: Term 1 pre-election: Election decided. Result: candidate lost. Election summary: received 3 responses out of 3 voters: 1 yes votes; 2 no votes. yes voters: 05ad422c0a3f4434b55b88a4d7f3c849; no voters: bcae73bbe3974dd29e0ae6ab288636a0, dd086a31456b42d887aff9035502a7cb
I20260709 13:06:48.596848 24873 raft_consensus.cc:2749] T 49bc4e6abab646878257c31bd1253a1a P 05ad422c0a3f4434b55b88a4d7f3c849 [term 0 FOLLOWER]: Leader pre-election lost for term 1. Reason: could not achieve majority
I20260709 13:06:48.598577 24711 tablet_bootstrap.cc:654] T 4fec01b256b6419c943b57ef458d6aca P bcae73bbe3974dd29e0ae6ab288636a0: Neither blocks nor log segments found. Creating new log.
I20260709 13:06:48.608848 24670 tablet_service.cc:1917] Received RequestConsensusVote() RPC: tablet_id: "cad64b9219ca43919e1a34f79b9157c5" candidate_uuid: "dd086a31456b42d887aff9035502a7cb" candidate_term: 1 candidate_status { last_received { term: 0 index: 0 } } ignore_live_leader: false dest_uuid: "05ad422c0a3f4434b55b88a4d7f3c849" is_pre_election: true
I20260709 13:06:48.617678 24717 leader_election.cc:290] T 2a11f99e834a479ca52d49a4ae1bea8d P bcae73bbe3974dd29e0ae6ab288636a0 [CANDIDATE]: Term 1 pre-election: Requested pre-vote from peers dd086a31456b42d887aff9035502a7cb (127.22.218.1:40787), 05ad422c0a3f4434b55b88a4d7f3c849 (127.22.218.3:46553)
I20260709 13:06:48.620325 24713 ts_tablet_manager.cc:1434] T f91be78e452f4ba98b1337033a16891a P dd086a31456b42d887aff9035502a7cb: Time spent starting tablet: real 0.046s	user 0.008s	sys 0.000s
I20260709 13:06:48.621179 24713 tablet_bootstrap.cc:492] T 33970dcf5a5d415e8d4036916a274e4f P dd086a31456b42d887aff9035502a7cb: Bootstrap starting.
I20260709 13:06:48.620086 24522 tablet_service.cc:1917] Received RequestConsensusVote() RPC: tablet_id: "2a11f99e834a479ca52d49a4ae1bea8d" candidate_uuid: "bcae73bbe3974dd29e0ae6ab288636a0" candidate_term: 1 candidate_status { last_received { term: 0 index: 0 } } ignore_live_leader: false dest_uuid: "dd086a31456b42d887aff9035502a7cb" is_pre_election: true
I20260709 13:06:48.623770 24667 tablet_service.cc:1917] Received RequestConsensusVote() RPC: tablet_id: "2a11f99e834a479ca52d49a4ae1bea8d" candidate_uuid: "bcae73bbe3974dd29e0ae6ab288636a0" candidate_term: 1 candidate_status { last_received { term: 0 index: 0 } } ignore_live_leader: false dest_uuid: "05ad422c0a3f4434b55b88a4d7f3c849" is_pre_election: true
W20260709 13:06:48.624936 24561 leader_election.cc:343] T 2a11f99e834a479ca52d49a4ae1bea8d P bcae73bbe3974dd29e0ae6ab288636a0 [CANDIDATE]: Term 1 pre-election: Tablet error from VoteRequest() call to peer 05ad422c0a3f4434b55b88a4d7f3c849 (127.22.218.3:46553): Illegal state: must be running to vote when last-logged opid is not known
I20260709 13:06:48.620532 24670 raft_consensus.cc:2468] T cad64b9219ca43919e1a34f79b9157c5 P 05ad422c0a3f4434b55b88a4d7f3c849 [term 0 FOLLOWER]: Leader pre-election vote request: Granting yes vote for candidate dd086a31456b42d887aff9035502a7cb in term 0.
I20260709 13:06:48.627038 24486 leader_election.cc:304] T cad64b9219ca43919e1a34f79b9157c5 P dd086a31456b42d887aff9035502a7cb [CANDIDATE]: Term 1 pre-election: Election decided. Result: candidate won. Election summary: received 2 responses out of 3 voters: 2 yes votes; 0 no votes. yes voters: 05ad422c0a3f4434b55b88a4d7f3c849, dd086a31456b42d887aff9035502a7cb; no voters: 
W20260709 13:06:48.627707 24561 leader_election.cc:343] T 2a11f99e834a479ca52d49a4ae1bea8d P bcae73bbe3974dd29e0ae6ab288636a0 [CANDIDATE]: Term 1 pre-election: Tablet error from VoteRequest() call to peer dd086a31456b42d887aff9035502a7cb (127.22.218.1:40787): Illegal state: must be running to vote when last-logged opid is not known
I20260709 13:06:48.628130 24561 leader_election.cc:304] T 2a11f99e834a479ca52d49a4ae1bea8d P bcae73bbe3974dd29e0ae6ab288636a0 [CANDIDATE]: Term 1 pre-election: Election decided. Result: candidate lost. Election summary: received 3 responses out of 3 voters: 1 yes votes; 2 no votes. yes voters: bcae73bbe3974dd29e0ae6ab288636a0; no voters: 05ad422c0a3f4434b55b88a4d7f3c849, dd086a31456b42d887aff9035502a7cb
I20260709 13:06:48.628707 24717 raft_consensus.cc:2749] T 2a11f99e834a479ca52d49a4ae1bea8d P bcae73bbe3974dd29e0ae6ab288636a0 [term 0 FOLLOWER]: Leader pre-election lost for term 1. Reason: could not achieve majority
I20260709 13:06:48.629938 24768 raft_consensus.cc:2804] T cad64b9219ca43919e1a34f79b9157c5 P dd086a31456b42d887aff9035502a7cb [term 0 FOLLOWER]: Leader pre-election won for term 1
I20260709 13:06:48.630308 24768 raft_consensus.cc:493] T cad64b9219ca43919e1a34f79b9157c5 P dd086a31456b42d887aff9035502a7cb [term 0 FOLLOWER]: Starting leader election (no leader contacted us within the election timeout)
I20260709 13:06:48.631031 24768 raft_consensus.cc:3060] T cad64b9219ca43919e1a34f79b9157c5 P dd086a31456b42d887aff9035502a7cb [term 0 FOLLOWER]: Advancing to term 1
I20260709 13:06:48.631664 24714 tablet_bootstrap.cc:492] T 78d2fc4aadeb47c09c6e8f6360f86068 P 05ad422c0a3f4434b55b88a4d7f3c849: No bootstrap required, opened a new log
I20260709 13:06:48.632120 24714 ts_tablet_manager.cc:1403] T 78d2fc4aadeb47c09c6e8f6360f86068 P 05ad422c0a3f4434b55b88a4d7f3c849: Time spent bootstrapping tablet: real 0.058s	user 0.013s	sys 0.024s
I20260709 13:06:48.632460 24817 consensus_queue.cc:1048] T 94141b988fbd4aa8a1e6590d2900d3e1 P dd086a31456b42d887aff9035502a7cb [LEADER]: Connected to new peer: Peer: permanent_uuid: "05ad422c0a3f4434b55b88a4d7f3c849" member_type: VOTER last_known_addr { host: "127.22.218.3" port: 46553 }, Status: LMP_MISMATCH, Last received: 0.0, Next index: 1, Last known committed idx: 0, Time since last communication: 0.000s
I20260709 13:06:48.634354 24714 raft_consensus.cc:359] T 78d2fc4aadeb47c09c6e8f6360f86068 P 05ad422c0a3f4434b55b88a4d7f3c849 [term 0 FOLLOWER]: Replica starting. Triggering 0 pending ops. Active config: opid_index: -1 OBSOLETE_local: false peers { permanent_uuid: "dd086a31456b42d887aff9035502a7cb" member_type: VOTER last_known_addr { host: "127.22.218.1" port: 40787 } } peers { permanent_uuid: "bcae73bbe3974dd29e0ae6ab288636a0" member_type: VOTER last_known_addr { host: "127.22.218.2" port: 39679 } } peers { permanent_uuid: "05ad422c0a3f4434b55b88a4d7f3c849" member_type: VOTER last_known_addr { host: "127.22.218.3" port: 46553 } }
I20260709 13:06:48.635020 24714 raft_consensus.cc:385] T 78d2fc4aadeb47c09c6e8f6360f86068 P 05ad422c0a3f4434b55b88a4d7f3c849 [term 0 FOLLOWER]: Consensus starting up: Expiring failure detector timer to make a prompt election more likely
I20260709 13:06:48.635293 24714 raft_consensus.cc:740] T 78d2fc4aadeb47c09c6e8f6360f86068 P 05ad422c0a3f4434b55b88a4d7f3c849 [term 0 FOLLOWER]: Becoming Follower/Learner. State: Replica: 05ad422c0a3f4434b55b88a4d7f3c849, State: Initialized, Role: FOLLOWER
I20260709 13:06:48.635934 24714 consensus_queue.cc:260] T 78d2fc4aadeb47c09c6e8f6360f86068 P 05ad422c0a3f4434b55b88a4d7f3c849 [NON_LEADER]: Queue going to NON_LEADER mode. State: All replicated index: 0, Majority replicated index: 0, Committed index: 0, Last appended: 0.0, Last appended by leader: 0, Current term: 0, Majority size: -1, State: 0, Mode: NON_LEADER, active raft config: opid_index: -1 OBSOLETE_local: false peers { permanent_uuid: "dd086a31456b42d887aff9035502a7cb" member_type: VOTER last_known_addr { host: "127.22.218.1" port: 40787 } } peers { permanent_uuid: "bcae73bbe3974dd29e0ae6ab288636a0" member_type: VOTER last_known_addr { host: "127.22.218.2" port: 39679 } } peers { permanent_uuid: "05ad422c0a3f4434b55b88a4d7f3c849" member_type: VOTER last_known_addr { host: "127.22.218.3" port: 46553 } }
I20260709 13:06:48.644992 24711 tablet_bootstrap.cc:492] T 4fec01b256b6419c943b57ef458d6aca P bcae73bbe3974dd29e0ae6ab288636a0: No bootstrap required, opened a new log
I20260709 13:06:48.646627 24711 ts_tablet_manager.cc:1403] T 4fec01b256b6419c943b57ef458d6aca P bcae73bbe3974dd29e0ae6ab288636a0: Time spent bootstrapping tablet: real 0.065s	user 0.011s	sys 0.013s
I20260709 13:06:48.647936 24713 tablet_bootstrap.cc:654] T 33970dcf5a5d415e8d4036916a274e4f P dd086a31456b42d887aff9035502a7cb: Neither blocks nor log segments found. Creating new log.
I20260709 13:06:48.648221 24714 ts_tablet_manager.cc:1434] T 78d2fc4aadeb47c09c6e8f6360f86068 P 05ad422c0a3f4434b55b88a4d7f3c849: Time spent starting tablet: real 0.016s	user 0.006s	sys 0.000s
I20260709 13:06:48.649071 24714 tablet_bootstrap.cc:492] T 33970dcf5a5d415e8d4036916a274e4f P 05ad422c0a3f4434b55b88a4d7f3c849: Bootstrap starting.
I20260709 13:06:48.650247 24768 raft_consensus.cc:515] T cad64b9219ca43919e1a34f79b9157c5 P dd086a31456b42d887aff9035502a7cb [term 1 FOLLOWER]: Starting leader election with config: opid_index: -1 OBSOLETE_local: false peers { permanent_uuid: "dd086a31456b42d887aff9035502a7cb" member_type: VOTER last_known_addr { host: "127.22.218.1" port: 40787 } } peers { permanent_uuid: "bcae73bbe3974dd29e0ae6ab288636a0" member_type: VOTER last_known_addr { host: "127.22.218.2" port: 39679 } } peers { permanent_uuid: "05ad422c0a3f4434b55b88a4d7f3c849" member_type: VOTER last_known_addr { host: "127.22.218.3" port: 46553 } }
I20260709 13:06:48.654132 24974 raft_consensus.cc:515] T cad64b9219ca43919e1a34f79b9157c5 P bcae73bbe3974dd29e0ae6ab288636a0 [term 1 FOLLOWER]: Starting leader election with config: opid_index: -1 OBSOLETE_local: false peers { permanent_uuid: "dd086a31456b42d887aff9035502a7cb" member_type: VOTER last_known_addr { host: "127.22.218.1" port: 40787 } } peers { permanent_uuid: "bcae73bbe3974dd29e0ae6ab288636a0" member_type: VOTER last_known_addr { host: "127.22.218.2" port: 39679 } } peers { permanent_uuid: "05ad422c0a3f4434b55b88a4d7f3c849" member_type: VOTER last_known_addr { host: "127.22.218.3" port: 46553 } }
I20260709 13:06:48.655845 24593 raft_consensus.cc:2393] T cad64b9219ca43919e1a34f79b9157c5 P bcae73bbe3974dd29e0ae6ab288636a0 [term 1 FOLLOWER]: Leader pre-election vote request: Denying vote to candidate dd086a31456b42d887aff9035502a7cb in current term 1: Already voted for candidate bcae73bbe3974dd29e0ae6ab288636a0 in this term.
I20260709 13:06:48.657423 24594 tablet_service.cc:1917] Received RequestConsensusVote() RPC: tablet_id: "cad64b9219ca43919e1a34f79b9157c5" candidate_uuid: "dd086a31456b42d887aff9035502a7cb" candidate_term: 1 candidate_status { last_received { term: 0 index: 0 } } ignore_live_leader: false dest_uuid: "bcae73bbe3974dd29e0ae6ab288636a0"
I20260709 13:06:48.658265 24594 raft_consensus.cc:2393] T cad64b9219ca43919e1a34f79b9157c5 P bcae73bbe3974dd29e0ae6ab288636a0 [term 1 FOLLOWER]: Leader election vote request: Denying vote to candidate dd086a31456b42d887aff9035502a7cb in current term 1: Already voted for candidate bcae73bbe3974dd29e0ae6ab288636a0 in this term.
I20260709 13:06:48.661592 24521 tablet_service.cc:1917] Received RequestConsensusVote() RPC: tablet_id: "cad64b9219ca43919e1a34f79b9157c5" candidate_uuid: "bcae73bbe3974dd29e0ae6ab288636a0" candidate_term: 1 candidate_status { last_received { term: 0 index: 0 } } ignore_live_leader: false dest_uuid: "dd086a31456b42d887aff9035502a7cb"
I20260709 13:06:48.661791 24670 tablet_service.cc:1917] Received RequestConsensusVote() RPC: tablet_id: "cad64b9219ca43919e1a34f79b9157c5" candidate_uuid: "bcae73bbe3974dd29e0ae6ab288636a0" candidate_term: 1 candidate_status { last_received { term: 0 index: 0 } } ignore_live_leader: false dest_uuid: "05ad422c0a3f4434b55b88a4d7f3c849"
I20260709 13:06:48.657544 24768 leader_election.cc:290] T cad64b9219ca43919e1a34f79b9157c5 P dd086a31456b42d887aff9035502a7cb [CANDIDATE]: Term 1 election: Requested vote from peers bcae73bbe3974dd29e0ae6ab288636a0 (127.22.218.2:39679), 05ad422c0a3f4434b55b88a4d7f3c849 (127.22.218.3:46553)
I20260709 13:06:48.659761 24711 raft_consensus.cc:359] T 4fec01b256b6419c943b57ef458d6aca P bcae73bbe3974dd29e0ae6ab288636a0 [term 0 FOLLOWER]: Replica starting. Triggering 0 pending ops. Active config: opid_index: -1 OBSOLETE_local: false peers { permanent_uuid: "dd086a31456b42d887aff9035502a7cb" member_type: VOTER last_known_addr { host: "127.22.218.1" port: 40787 } } peers { permanent_uuid: "bcae73bbe3974dd29e0ae6ab288636a0" member_type: VOTER last_known_addr { host: "127.22.218.2" port: 39679 } } peers { permanent_uuid: "05ad422c0a3f4434b55b88a4d7f3c849" member_type: VOTER last_known_addr { host: "127.22.218.3" port: 46553 } }
I20260709 13:06:48.659824 24974 leader_election.cc:290] T cad64b9219ca43919e1a34f79b9157c5 P bcae73bbe3974dd29e0ae6ab288636a0 [CANDIDATE]: Term 1 election: Requested vote from peers dd086a31456b42d887aff9035502a7cb (127.22.218.1:40787), 05ad422c0a3f4434b55b88a4d7f3c849 (127.22.218.3:46553)
I20260709 13:06:48.662351 24670 raft_consensus.cc:3060] T cad64b9219ca43919e1a34f79b9157c5 P 05ad422c0a3f4434b55b88a4d7f3c849 [term 0 FOLLOWER]: Advancing to term 1
I20260709 13:06:48.662344 24521 raft_consensus.cc:2393] T cad64b9219ca43919e1a34f79b9157c5 P dd086a31456b42d887aff9035502a7cb [term 1 FOLLOWER]: Leader election vote request: Denying vote to candidate bcae73bbe3974dd29e0ae6ab288636a0 in current term 1: Already voted for candidate dd086a31456b42d887aff9035502a7cb in this term.
I20260709 13:06:48.664641 24711 raft_consensus.cc:385] T 4fec01b256b6419c943b57ef458d6aca P bcae73bbe3974dd29e0ae6ab288636a0 [term 0 FOLLOWER]: Consensus starting up: Expiring failure detector timer to make a prompt election more likely
I20260709 13:06:48.673319 24711 raft_consensus.cc:740] T 4fec01b256b6419c943b57ef458d6aca P bcae73bbe3974dd29e0ae6ab288636a0 [term 0 FOLLOWER]: Becoming Follower/Learner. State: Replica: bcae73bbe3974dd29e0ae6ab288636a0, State: Initialized, Role: FOLLOWER
I20260709 13:06:48.673949 24711 consensus_queue.cc:260] T 4fec01b256b6419c943b57ef458d6aca P bcae73bbe3974dd29e0ae6ab288636a0 [NON_LEADER]: Queue going to NON_LEADER mode. State: All replicated index: 0, Majority replicated index: 0, Committed index: 0, Last appended: 0.0, Last appended by leader: 0, Current term: 0, Majority size: -1, State: 0, Mode: NON_LEADER, active raft config: opid_index: -1 OBSOLETE_local: false peers { permanent_uuid: "dd086a31456b42d887aff9035502a7cb" member_type: VOTER last_known_addr { host: "127.22.218.1" port: 40787 } } peers { permanent_uuid: "bcae73bbe3974dd29e0ae6ab288636a0" member_type: VOTER last_known_addr { host: "127.22.218.2" port: 39679 } } peers { permanent_uuid: "05ad422c0a3f4434b55b88a4d7f3c849" member_type: VOTER last_known_addr { host: "127.22.218.3" port: 46553 } }
I20260709 13:06:48.674474 24667 tablet_service.cc:1917] Received RequestConsensusVote() RPC: tablet_id: "cad64b9219ca43919e1a34f79b9157c5" candidate_uuid: "dd086a31456b42d887aff9035502a7cb" candidate_term: 1 candidate_status { last_received { term: 0 index: 0 } } ignore_live_leader: false dest_uuid: "05ad422c0a3f4434b55b88a4d7f3c849"
I20260709 13:06:48.675643 24711 ts_tablet_manager.cc:1434] T 4fec01b256b6419c943b57ef458d6aca P bcae73bbe3974dd29e0ae6ab288636a0: Time spent starting tablet: real 0.029s	user 0.005s	sys 0.001s
I20260709 13:06:48.680816 24711 tablet_bootstrap.cc:492] T 322d3d1ead0c4e3b9b98b85eb8fa6e3e P bcae73bbe3974dd29e0ae6ab288636a0: Bootstrap starting.
I20260709 13:06:48.680728 24717 consensus_queue.cc:1048] T f91be78e452f4ba98b1337033a16891a P bcae73bbe3974dd29e0ae6ab288636a0 [LEADER]: Connected to new peer: Peer: permanent_uuid: "05ad422c0a3f4434b55b88a4d7f3c849" member_type: VOTER last_known_addr { host: "127.22.218.3" port: 46553 }, Status: LMP_MISMATCH, Last received: 0.0, Next index: 1, Last known committed idx: 0, Time since last communication: 0.000s
I20260709 13:06:48.681278 24486 leader_election.cc:304] T cad64b9219ca43919e1a34f79b9157c5 P dd086a31456b42d887aff9035502a7cb [CANDIDATE]: Term 1 election: Election decided. Result: candidate lost. Election summary: received 3 responses out of 3 voters: 1 yes votes; 2 no votes. yes voters: dd086a31456b42d887aff9035502a7cb; no voters: 05ad422c0a3f4434b55b88a4d7f3c849, bcae73bbe3974dd29e0ae6ab288636a0
I20260709 13:06:48.682300 24768 raft_consensus.cc:2749] T cad64b9219ca43919e1a34f79b9157c5 P dd086a31456b42d887aff9035502a7cb [term 1 FOLLOWER]: Leader election lost for term 1. Reason: could not achieve majority
I20260709 13:06:48.666462 24714 tablet_bootstrap.cc:654] T 33970dcf5a5d415e8d4036916a274e4f P 05ad422c0a3f4434b55b88a4d7f3c849: Neither blocks nor log segments found. Creating new log.
I20260709 13:06:48.669153 24670 raft_consensus.cc:2468] T cad64b9219ca43919e1a34f79b9157c5 P 05ad422c0a3f4434b55b88a4d7f3c849 [term 1 FOLLOWER]: Leader election vote request: Granting yes vote for candidate bcae73bbe3974dd29e0ae6ab288636a0 in term 1.
I20260709 13:06:48.685058 24837 consensus_queue.cc:1048] T 3ca872d7d7f5478b97e3aa0e057d682c P bcae73bbe3974dd29e0ae6ab288636a0 [LEADER]: Connected to new peer: Peer: permanent_uuid: "dd086a31456b42d887aff9035502a7cb" member_type: VOTER last_known_addr { host: "127.22.218.1" port: 40787 }, Status: LMP_MISMATCH, Last received: 0.0, Next index: 1, Last known committed idx: 0, Time since last communication: 0.000s
I20260709 13:06:48.686228 24561 leader_election.cc:304] T cad64b9219ca43919e1a34f79b9157c5 P bcae73bbe3974dd29e0ae6ab288636a0 [CANDIDATE]: Term 1 election: Election decided. Result: candidate won. Election summary: received 3 responses out of 3 voters: 2 yes votes; 1 no votes. yes voters: 05ad422c0a3f4434b55b88a4d7f3c849, bcae73bbe3974dd29e0ae6ab288636a0; no voters: dd086a31456b42d887aff9035502a7cb
I20260709 13:06:48.687069 24717 raft_consensus.cc:2804] T cad64b9219ca43919e1a34f79b9157c5 P bcae73bbe3974dd29e0ae6ab288636a0 [term 1 FOLLOWER]: Leader election won for term 1
I20260709 13:06:48.687615 24717 raft_consensus.cc:697] T cad64b9219ca43919e1a34f79b9157c5 P bcae73bbe3974dd29e0ae6ab288636a0 [term 1 LEADER]: Becoming Leader. State: Replica: bcae73bbe3974dd29e0ae6ab288636a0, State: Running, Role: LEADER
I20260709 13:06:48.688349 24717 consensus_queue.cc:237] T cad64b9219ca43919e1a34f79b9157c5 P bcae73bbe3974dd29e0ae6ab288636a0 [LEADER]: Queue going to LEADER mode. State: All replicated index: 0, Majority replicated index: 0, Committed index: 0, Last appended: 0.0, Last appended by leader: 0, Current term: 1, Majority size: 2, State: 0, Mode: LEADER, active raft config: opid_index: -1 OBSOLETE_local: false peers { permanent_uuid: "dd086a31456b42d887aff9035502a7cb" member_type: VOTER last_known_addr { host: "127.22.218.1" port: 40787 } } peers { permanent_uuid: "bcae73bbe3974dd29e0ae6ab288636a0" member_type: VOTER last_known_addr { host: "127.22.218.2" port: 39679 } } peers { permanent_uuid: "05ad422c0a3f4434b55b88a4d7f3c849" member_type: VOTER last_known_addr { host: "127.22.218.3" port: 46553 } }
I20260709 13:06:48.709256 24522 raft_consensus.cc:3060] T f91be78e452f4ba98b1337033a16891a P dd086a31456b42d887aff9035502a7cb [term 0 FOLLOWER]: Advancing to term 1
I20260709 13:06:48.717659 24713 tablet_bootstrap.cc:492] T 33970dcf5a5d415e8d4036916a274e4f P dd086a31456b42d887aff9035502a7cb: No bootstrap required, opened a new log
I20260709 13:06:48.718144 24713 ts_tablet_manager.cc:1403] T 33970dcf5a5d415e8d4036916a274e4f P dd086a31456b42d887aff9035502a7cb: Time spent bootstrapping tablet: real 0.097s	user 0.018s	sys 0.021s
I20260709 13:06:48.721889 24711 tablet_bootstrap.cc:654] T 322d3d1ead0c4e3b9b98b85eb8fa6e3e P bcae73bbe3974dd29e0ae6ab288636a0: Neither blocks nor log segments found. Creating new log.
I20260709 13:06:48.729230 24837 consensus_queue.cc:1048] T 3ca872d7d7f5478b97e3aa0e057d682c P bcae73bbe3974dd29e0ae6ab288636a0 [LEADER]: Connected to new peer: Peer: permanent_uuid: "05ad422c0a3f4434b55b88a4d7f3c849" member_type: VOTER last_known_addr { host: "127.22.218.3" port: 46553 }, Status: LMP_MISMATCH, Last received: 0.0, Next index: 1, Last known committed idx: 0, Time since last communication: 0.000s
I20260709 13:06:48.729451 24713 raft_consensus.cc:359] T 33970dcf5a5d415e8d4036916a274e4f P dd086a31456b42d887aff9035502a7cb [term 0 FOLLOWER]: Replica starting. Triggering 0 pending ops. Active config: opid_index: -1 OBSOLETE_local: false peers { permanent_uuid: "dd086a31456b42d887aff9035502a7cb" member_type: VOTER last_known_addr { host: "127.22.218.1" port: 40787 } } peers { permanent_uuid: "bcae73bbe3974dd29e0ae6ab288636a0" member_type: VOTER last_known_addr { host: "127.22.218.2" port: 39679 } } peers { permanent_uuid: "05ad422c0a3f4434b55b88a4d7f3c849" member_type: VOTER last_known_addr { host: "127.22.218.3" port: 46553 } }
I20260709 13:06:48.730118 24713 raft_consensus.cc:385] T 33970dcf5a5d415e8d4036916a274e4f P dd086a31456b42d887aff9035502a7cb [term 0 FOLLOWER]: Consensus starting up: Expiring failure detector timer to make a prompt election more likely
I20260709 13:06:48.730361 24713 raft_consensus.cc:740] T 33970dcf5a5d415e8d4036916a274e4f P dd086a31456b42d887aff9035502a7cb [term 0 FOLLOWER]: Becoming Follower/Learner. State: Replica: dd086a31456b42d887aff9035502a7cb, State: Initialized, Role: FOLLOWER
I20260709 13:06:48.730978 24713 consensus_queue.cc:260] T 33970dcf5a5d415e8d4036916a274e4f P dd086a31456b42d887aff9035502a7cb [NON_LEADER]: Queue going to NON_LEADER mode. State: All replicated index: 0, Majority replicated index: 0, Committed index: 0, Last appended: 0.0, Last appended by leader: 0, Current term: 0, Majority size: -1, State: 0, Mode: NON_LEADER, active raft config: opid_index: -1 OBSOLETE_local: false peers { permanent_uuid: "dd086a31456b42d887aff9035502a7cb" member_type: VOTER last_known_addr { host: "127.22.218.1" port: 40787 } } peers { permanent_uuid: "bcae73bbe3974dd29e0ae6ab288636a0" member_type: VOTER last_known_addr { host: "127.22.218.2" port: 39679 } } peers { permanent_uuid: "05ad422c0a3f4434b55b88a4d7f3c849" member_type: VOTER last_known_addr { host: "127.22.218.3" port: 46553 } }
I20260709 13:06:48.732883 24713 ts_tablet_manager.cc:1434] T 33970dcf5a5d415e8d4036916a274e4f P dd086a31456b42d887aff9035502a7cb: Time spent starting tablet: real 0.014s	user 0.006s	sys 0.001s
I20260709 13:06:48.733691 24713 tablet_bootstrap.cc:492] T 537cc50d86434cbeaf05ab0a29347f3b P dd086a31456b42d887aff9035502a7cb: Bootstrap starting.
I20260709 13:06:48.745067 24768 consensus_queue.cc:1048] T e0fda5014c7a4fd882149b8a3d00bf6c P dd086a31456b42d887aff9035502a7cb [LEADER]: Connected to new peer: Peer: permanent_uuid: "05ad422c0a3f4434b55b88a4d7f3c849" member_type: VOTER last_known_addr { host: "127.22.218.3" port: 46553 }, Status: LMP_MISMATCH, Last received: 0.0, Next index: 1, Last known committed idx: 0, Time since last communication: 0.000s
I20260709 13:06:48.746273 24418 catalog_manager.cc:5697] T cad64b9219ca43919e1a34f79b9157c5 P bcae73bbe3974dd29e0ae6ab288636a0 reported cstate change: term changed from 0 to 1, leader changed from <none> to bcae73bbe3974dd29e0ae6ab288636a0 (127.22.218.2). New cstate: current_term: 1 leader_uuid: "bcae73bbe3974dd29e0ae6ab288636a0" committed_config { opid_index: -1 OBSOLETE_local: false peers { permanent_uuid: "dd086a31456b42d887aff9035502a7cb" member_type: VOTER last_known_addr { host: "127.22.218.1" port: 40787 } health_report { overall_health: UNKNOWN } } peers { permanent_uuid: "bcae73bbe3974dd29e0ae6ab288636a0" member_type: VOTER last_known_addr { host: "127.22.218.2" port: 39679 } health_report { overall_health: HEALTHY } } peers { permanent_uuid: "05ad422c0a3f4434b55b88a4d7f3c849" member_type: VOTER last_known_addr { host: "127.22.218.3" port: 46553 } health_report { overall_health: UNKNOWN } } }
I20260709 13:06:48.751127 24714 tablet_bootstrap.cc:492] T 33970dcf5a5d415e8d4036916a274e4f P 05ad422c0a3f4434b55b88a4d7f3c849: No bootstrap required, opened a new log
I20260709 13:06:48.751605 24714 ts_tablet_manager.cc:1403] T 33970dcf5a5d415e8d4036916a274e4f P 05ad422c0a3f4434b55b88a4d7f3c849: Time spent bootstrapping tablet: real 0.103s	user 0.012s	sys 0.006s
I20260709 13:06:48.768055 24717 consensus_queue.cc:1048] T f91be78e452f4ba98b1337033a16891a P bcae73bbe3974dd29e0ae6ab288636a0 [LEADER]: Connected to new peer: Peer: permanent_uuid: "dd086a31456b42d887aff9035502a7cb" member_type: VOTER last_known_addr { host: "127.22.218.1" port: 40787 }, Status: LMP_MISMATCH, Last received: 0.0, Next index: 1, Last known committed idx: 0, Time since last communication: 0.000s
I20260709 13:06:48.782389 24713 tablet_bootstrap.cc:654] T 537cc50d86434cbeaf05ab0a29347f3b P dd086a31456b42d887aff9035502a7cb: Neither blocks nor log segments found. Creating new log.
I20260709 13:06:48.782269 24714 raft_consensus.cc:359] T 33970dcf5a5d415e8d4036916a274e4f P 05ad422c0a3f4434b55b88a4d7f3c849 [term 0 FOLLOWER]: Replica starting. Triggering 0 pending ops. Active config: opid_index: -1 OBSOLETE_local: false peers { permanent_uuid: "dd086a31456b42d887aff9035502a7cb" member_type: VOTER last_known_addr { host: "127.22.218.1" port: 40787 } } peers { permanent_uuid: "bcae73bbe3974dd29e0ae6ab288636a0" member_type: VOTER last_known_addr { host: "127.22.218.2" port: 39679 } } peers { permanent_uuid: "05ad422c0a3f4434b55b88a4d7f3c849" member_type: VOTER last_known_addr { host: "127.22.218.3" port: 46553 } }
I20260709 13:06:48.804729 24714 raft_consensus.cc:385] T 33970dcf5a5d415e8d4036916a274e4f P 05ad422c0a3f4434b55b88a4d7f3c849 [term 0 FOLLOWER]: Consensus starting up: Expiring failure detector timer to make a prompt election more likely
I20260709 13:06:48.807760 24714 raft_consensus.cc:740] T 33970dcf5a5d415e8d4036916a274e4f P 05ad422c0a3f4434b55b88a4d7f3c849 [term 0 FOLLOWER]: Becoming Follower/Learner. State: Replica: 05ad422c0a3f4434b55b88a4d7f3c849, State: Initialized, Role: FOLLOWER
I20260709 13:06:48.809098 24714 consensus_queue.cc:260] T 33970dcf5a5d415e8d4036916a274e4f P 05ad422c0a3f4434b55b88a4d7f3c849 [NON_LEADER]: Queue going to NON_LEADER mode. State: All replicated index: 0, Majority replicated index: 0, Committed index: 0, Last appended: 0.0, Last appended by leader: 0, Current term: 0, Majority size: -1, State: 0, Mode: NON_LEADER, active raft config: opid_index: -1 OBSOLETE_local: false peers { permanent_uuid: "dd086a31456b42d887aff9035502a7cb" member_type: VOTER last_known_addr { host: "127.22.218.1" port: 40787 } } peers { permanent_uuid: "bcae73bbe3974dd29e0ae6ab288636a0" member_type: VOTER last_known_addr { host: "127.22.218.2" port: 39679 } } peers { permanent_uuid: "05ad422c0a3f4434b55b88a4d7f3c849" member_type: VOTER last_known_addr { host: "127.22.218.3" port: 46553 } }
I20260709 13:06:48.819645 24711 tablet_bootstrap.cc:492] T 322d3d1ead0c4e3b9b98b85eb8fa6e3e P bcae73bbe3974dd29e0ae6ab288636a0: No bootstrap required, opened a new log
I20260709 13:06:48.820164 24711 ts_tablet_manager.cc:1403] T 322d3d1ead0c4e3b9b98b85eb8fa6e3e P bcae73bbe3974dd29e0ae6ab288636a0: Time spent bootstrapping tablet: real 0.140s	user 0.017s	sys 0.012s
I20260709 13:06:48.821494 24714 ts_tablet_manager.cc:1434] T 33970dcf5a5d415e8d4036916a274e4f P 05ad422c0a3f4434b55b88a4d7f3c849: Time spent starting tablet: real 0.070s	user 0.008s	sys 0.000s
I20260709 13:06:48.822407 24714 tablet_bootstrap.cc:492] T 4fec01b256b6419c943b57ef458d6aca P 05ad422c0a3f4434b55b88a4d7f3c849: Bootstrap starting.
I20260709 13:06:48.823858 24713 tablet_bootstrap.cc:492] T 537cc50d86434cbeaf05ab0a29347f3b P dd086a31456b42d887aff9035502a7cb: No bootstrap required, opened a new log
I20260709 13:06:48.824084 24597 raft_consensus.cc:3060] T e0fda5014c7a4fd882149b8a3d00bf6c P bcae73bbe3974dd29e0ae6ab288636a0 [term 0 FOLLOWER]: Advancing to term 1
I20260709 13:06:48.824312 24713 ts_tablet_manager.cc:1403] T 537cc50d86434cbeaf05ab0a29347f3b P dd086a31456b42d887aff9035502a7cb: Time spent bootstrapping tablet: real 0.091s	user 0.005s	sys 0.006s
I20260709 13:06:48.825963 24711 raft_consensus.cc:359] T 322d3d1ead0c4e3b9b98b85eb8fa6e3e P bcae73bbe3974dd29e0ae6ab288636a0 [term 0 FOLLOWER]: Replica starting. Triggering 0 pending ops. Active config: opid_index: -1 OBSOLETE_local: false peers { permanent_uuid: "dd086a31456b42d887aff9035502a7cb" member_type: VOTER last_known_addr { host: "127.22.218.1" port: 40787 } } peers { permanent_uuid: "bcae73bbe3974dd29e0ae6ab288636a0" member_type: VOTER last_known_addr { host: "127.22.218.2" port: 39679 } } peers { permanent_uuid: "05ad422c0a3f4434b55b88a4d7f3c849" member_type: VOTER last_known_addr { host: "127.22.218.3" port: 46553 } }
I20260709 13:06:48.826663 24713 raft_consensus.cc:359] T 537cc50d86434cbeaf05ab0a29347f3b P dd086a31456b42d887aff9035502a7cb [term 0 FOLLOWER]: Replica starting. Triggering 0 pending ops. Active config: opid_index: -1 OBSOLETE_local: false peers { permanent_uuid: "dd086a31456b42d887aff9035502a7cb" member_type: VOTER last_known_addr { host: "127.22.218.1" port: 40787 } } peers { permanent_uuid: "bcae73bbe3974dd29e0ae6ab288636a0" member_type: VOTER last_known_addr { host: "127.22.218.2" port: 39679 } } peers { permanent_uuid: "05ad422c0a3f4434b55b88a4d7f3c849" member_type: VOTER last_known_addr { host: "127.22.218.3" port: 46553 } }
I20260709 13:06:48.827291 24713 raft_consensus.cc:385] T 537cc50d86434cbeaf05ab0a29347f3b P dd086a31456b42d887aff9035502a7cb [term 0 FOLLOWER]: Consensus starting up: Expiring failure detector timer to make a prompt election more likely
I20260709 13:06:48.827543 24713 raft_consensus.cc:740] T 537cc50d86434cbeaf05ab0a29347f3b P dd086a31456b42d887aff9035502a7cb [term 0 FOLLOWER]: Becoming Follower/Learner. State: Replica: dd086a31456b42d887aff9035502a7cb, State: Initialized, Role: FOLLOWER
I20260709 13:06:48.828483 24714 tablet_bootstrap.cc:654] T 4fec01b256b6419c943b57ef458d6aca P 05ad422c0a3f4434b55b88a4d7f3c849: Neither blocks nor log segments found. Creating new log.
I20260709 13:06:48.834029 24717 raft_consensus.cc:493] T 4fec01b256b6419c943b57ef458d6aca P bcae73bbe3974dd29e0ae6ab288636a0 [term 0 FOLLOWER]: Starting pre-election (no leader contacted us within the election timeout)
I20260709 13:06:48.834872 24717 raft_consensus.cc:515] T 4fec01b256b6419c943b57ef458d6aca P bcae73bbe3974dd29e0ae6ab288636a0 [term 0 FOLLOWER]: Starting pre-election with config: opid_index: -1 OBSOLETE_local: false peers { permanent_uuid: "dd086a31456b42d887aff9035502a7cb" member_type: VOTER last_known_addr { host: "127.22.218.1" port: 40787 } } peers { permanent_uuid: "bcae73bbe3974dd29e0ae6ab288636a0" member_type: VOTER last_known_addr { host: "127.22.218.2" port: 39679 } } peers { permanent_uuid: "05ad422c0a3f4434b55b88a4d7f3c849" member_type: VOTER last_known_addr { host: "127.22.218.3" port: 46553 } }
I20260709 13:06:48.836526 24717 leader_election.cc:290] T 4fec01b256b6419c943b57ef458d6aca P bcae73bbe3974dd29e0ae6ab288636a0 [CANDIDATE]: Term 1 pre-election: Requested pre-vote from peers dd086a31456b42d887aff9035502a7cb (127.22.218.1:40787), 05ad422c0a3f4434b55b88a4d7f3c849 (127.22.218.3:46553)
I20260709 13:06:48.841822 24522 tablet_service.cc:1917] Received RequestConsensusVote() RPC: tablet_id: "4fec01b256b6419c943b57ef458d6aca" candidate_uuid: "bcae73bbe3974dd29e0ae6ab288636a0" candidate_term: 1 candidate_status { last_received { term: 0 index: 0 } } ignore_live_leader: false dest_uuid: "dd086a31456b42d887aff9035502a7cb" is_pre_election: true
I20260709 13:06:48.826627 24711 raft_consensus.cc:385] T 322d3d1ead0c4e3b9b98b85eb8fa6e3e P bcae73bbe3974dd29e0ae6ab288636a0 [term 0 FOLLOWER]: Consensus starting up: Expiring failure detector timer to make a prompt election more likely
I20260709 13:06:48.842532 24667 tablet_service.cc:1917] Received RequestConsensusVote() RPC: tablet_id: "4fec01b256b6419c943b57ef458d6aca" candidate_uuid: "bcae73bbe3974dd29e0ae6ab288636a0" candidate_term: 1 candidate_status { last_received { term: 0 index: 0 } } ignore_live_leader: false dest_uuid: "05ad422c0a3f4434b55b88a4d7f3c849" is_pre_election: true
I20260709 13:06:48.842921 24711 raft_consensus.cc:740] T 322d3d1ead0c4e3b9b98b85eb8fa6e3e P bcae73bbe3974dd29e0ae6ab288636a0 [term 0 FOLLOWER]: Becoming Follower/Learner. State: Replica: bcae73bbe3974dd29e0ae6ab288636a0, State: Initialized, Role: FOLLOWER
I20260709 13:06:48.843568 24711 consensus_queue.cc:260] T 322d3d1ead0c4e3b9b98b85eb8fa6e3e P bcae73bbe3974dd29e0ae6ab288636a0 [NON_LEADER]: Queue going to NON_LEADER mode. State: All replicated index: 0, Majority replicated index: 0, Committed index: 0, Last appended: 0.0, Last appended by leader: 0, Current term: 0, Majority size: -1, State: 0, Mode: NON_LEADER, active raft config: opid_index: -1 OBSOLETE_local: false peers { permanent_uuid: "dd086a31456b42d887aff9035502a7cb" member_type: VOTER last_known_addr { host: "127.22.218.1" port: 40787 } } peers { permanent_uuid: "bcae73bbe3974dd29e0ae6ab288636a0" member_type: VOTER last_known_addr { host: "127.22.218.2" port: 39679 } } peers { permanent_uuid: "05ad422c0a3f4434b55b88a4d7f3c849" member_type: VOTER last_known_addr { host: "127.22.218.3" port: 46553 } }
I20260709 13:06:48.845434 24711 ts_tablet_manager.cc:1434] T 322d3d1ead0c4e3b9b98b85eb8fa6e3e P bcae73bbe3974dd29e0ae6ab288636a0: Time spent starting tablet: real 0.025s	user 0.005s	sys 0.000s
I20260709 13:06:48.846253 24711 tablet_bootstrap.cc:492] T 5460819d35f548bca7d3c76de7a35831 P bcae73bbe3974dd29e0ae6ab288636a0: Bootstrap starting.
W20260709 13:06:48.850244 24561 leader_election.cc:343] T 4fec01b256b6419c943b57ef458d6aca P bcae73bbe3974dd29e0ae6ab288636a0 [CANDIDATE]: Term 1 pre-election: Tablet error from VoteRequest() call to peer dd086a31456b42d887aff9035502a7cb (127.22.218.1:40787): Illegal state: must be running to vote when last-logged opid is not known
W20260709 13:06:48.850867 24561 leader_election.cc:343] T 4fec01b256b6419c943b57ef458d6aca P bcae73bbe3974dd29e0ae6ab288636a0 [CANDIDATE]: Term 1 pre-election: Tablet error from VoteRequest() call to peer 05ad422c0a3f4434b55b88a4d7f3c849 (127.22.218.3:46553): Illegal state: must be running to vote when last-logged opid is not known
I20260709 13:06:48.851199 24561 leader_election.cc:304] T 4fec01b256b6419c943b57ef458d6aca P bcae73bbe3974dd29e0ae6ab288636a0 [CANDIDATE]: Term 1 pre-election: Election decided. Result: candidate lost. Election summary: received 3 responses out of 3 voters: 1 yes votes; 2 no votes. yes voters: bcae73bbe3974dd29e0ae6ab288636a0; no voters: 05ad422c0a3f4434b55b88a4d7f3c849, dd086a31456b42d887aff9035502a7cb
I20260709 13:06:48.852025 24717 raft_consensus.cc:2749] T 4fec01b256b6419c943b57ef458d6aca P bcae73bbe3974dd29e0ae6ab288636a0 [term 0 FOLLOWER]: Leader pre-election lost for term 1. Reason: could not achieve majority
I20260709 13:06:48.854595 24711 tablet_bootstrap.cc:654] T 5460819d35f548bca7d3c76de7a35831 P bcae73bbe3974dd29e0ae6ab288636a0: Neither blocks nor log segments found. Creating new log.
I20260709 13:06:48.856890 24713 consensus_queue.cc:260] T 537cc50d86434cbeaf05ab0a29347f3b P dd086a31456b42d887aff9035502a7cb [NON_LEADER]: Queue going to NON_LEADER mode. State: All replicated index: 0, Majority replicated index: 0, Committed index: 0, Last appended: 0.0, Last appended by leader: 0, Current term: 0, Majority size: -1, State: 0, Mode: NON_LEADER, active raft config: opid_index: -1 OBSOLETE_local: false peers { permanent_uuid: "dd086a31456b42d887aff9035502a7cb" member_type: VOTER last_known_addr { host: "127.22.218.1" port: 40787 } } peers { permanent_uuid: "bcae73bbe3974dd29e0ae6ab288636a0" member_type: VOTER last_known_addr { host: "127.22.218.2" port: 39679 } } peers { permanent_uuid: "05ad422c0a3f4434b55b88a4d7f3c849" member_type: VOTER last_known_addr { host: "127.22.218.3" port: 46553 } }
I20260709 13:06:48.865535 24817 consensus_queue.cc:1048] T e0fda5014c7a4fd882149b8a3d00bf6c P dd086a31456b42d887aff9035502a7cb [LEADER]: Connected to new peer: Peer: permanent_uuid: "bcae73bbe3974dd29e0ae6ab288636a0" member_type: VOTER last_known_addr { host: "127.22.218.2" port: 39679 }, Status: LMP_MISMATCH, Last received: 0.0, Next index: 1, Last known committed idx: 0, Time since last communication: 0.000s
I20260709 13:06:48.873068 24714 tablet_bootstrap.cc:492] T 4fec01b256b6419c943b57ef458d6aca P 05ad422c0a3f4434b55b88a4d7f3c849: No bootstrap required, opened a new log
I20260709 13:06:48.873598 24714 ts_tablet_manager.cc:1403] T 4fec01b256b6419c943b57ef458d6aca P 05ad422c0a3f4434b55b88a4d7f3c849: Time spent bootstrapping tablet: real 0.051s	user 0.015s	sys 0.012s
I20260709 13:06:48.876475 24714 raft_consensus.cc:359] T 4fec01b256b6419c943b57ef458d6aca P 05ad422c0a3f4434b55b88a4d7f3c849 [term 0 FOLLOWER]: Replica starting. Triggering 0 pending ops. Active config: opid_index: -1 OBSOLETE_local: false peers { permanent_uuid: "dd086a31456b42d887aff9035502a7cb" member_type: VOTER last_known_addr { host: "127.22.218.1" port: 40787 } } peers { permanent_uuid: "bcae73bbe3974dd29e0ae6ab288636a0" member_type: VOTER last_known_addr { host: "127.22.218.2" port: 39679 } } peers { permanent_uuid: "05ad422c0a3f4434b55b88a4d7f3c849" member_type: VOTER last_known_addr { host: "127.22.218.3" port: 46553 } }
I20260709 13:06:48.877774 24714 raft_consensus.cc:385] T 4fec01b256b6419c943b57ef458d6aca P 05ad422c0a3f4434b55b88a4d7f3c849 [term 0 FOLLOWER]: Consensus starting up: Expiring failure detector timer to make a prompt election more likely
I20260709 13:06:48.878039 24714 raft_consensus.cc:740] T 4fec01b256b6419c943b57ef458d6aca P 05ad422c0a3f4434b55b88a4d7f3c849 [term 0 FOLLOWER]: Becoming Follower/Learner. State: Replica: 05ad422c0a3f4434b55b88a4d7f3c849, State: Initialized, Role: FOLLOWER
I20260709 13:06:48.873541 24713 ts_tablet_manager.cc:1434] T 537cc50d86434cbeaf05ab0a29347f3b P dd086a31456b42d887aff9035502a7cb: Time spent starting tablet: real 0.049s	user 0.007s	sys 0.000s
I20260709 13:06:48.878639 24714 consensus_queue.cc:260] T 4fec01b256b6419c943b57ef458d6aca P 05ad422c0a3f4434b55b88a4d7f3c849 [NON_LEADER]: Queue going to NON_LEADER mode. State: All replicated index: 0, Majority replicated index: 0, Committed index: 0, Last appended: 0.0, Last appended by leader: 0, Current term: 0, Majority size: -1, State: 0, Mode: NON_LEADER, active raft config: opid_index: -1 OBSOLETE_local: false peers { permanent_uuid: "dd086a31456b42d887aff9035502a7cb" member_type: VOTER last_known_addr { host: "127.22.218.1" port: 40787 } } peers { permanent_uuid: "bcae73bbe3974dd29e0ae6ab288636a0" member_type: VOTER last_known_addr { host: "127.22.218.2" port: 39679 } } peers { permanent_uuid: "05ad422c0a3f4434b55b88a4d7f3c849" member_type: VOTER last_known_addr { host: "127.22.218.3" port: 46553 } }
I20260709 13:06:48.879103 24713 tablet_bootstrap.cc:492] T 49bc4e6abab646878257c31bd1253a1a P dd086a31456b42d887aff9035502a7cb: Bootstrap starting.
I20260709 13:06:48.881356 24714 ts_tablet_manager.cc:1434] T 4fec01b256b6419c943b57ef458d6aca P 05ad422c0a3f4434b55b88a4d7f3c849: Time spent starting tablet: real 0.007s	user 0.003s	sys 0.002s
I20260709 13:06:48.882156 24714 tablet_bootstrap.cc:492] T f546048ec4264ee39bff228d182b9380 P 05ad422c0a3f4434b55b88a4d7f3c849: Bootstrap starting.
I20260709 13:06:48.885040 24713 tablet_bootstrap.cc:654] T 49bc4e6abab646878257c31bd1253a1a P dd086a31456b42d887aff9035502a7cb: Neither blocks nor log segments found. Creating new log.
