I20260709 13:06:44.845177 23782 tablet_service.cc:1511] Processing CreateTablet for tablet 79f81e430a9f44aaacc75efe40e67187 (DEFAULT_TABLE table=test-workload [id=04e6e38d4a8941ca908b34ffa78ad5d5]), partition=RANGE (key) PARTITION 509572378 <= VALUES < 545970405
I20260709 13:06:44.854061 23780 tablet_service.cc:1511] Processing CreateTablet for tablet f9935f2eb4fb4c589f79d3a6a7fc6cbe (DEFAULT_TABLE table=test-workload [id=04e6e38d4a8941ca908b34ffa78ad5d5]), partition=RANGE (key) PARTITION 545970405 <= VALUES < 582368432
I20260709 13:06:44.857244 23709 data_dirs.cc:400] Could only allocate 1 dirs of requested 3 for tablet 58466cac88ad4cfeb64af3293d379bb8. 1 dirs total, 0 dirs full, 0 dirs failed
I20260709 13:06:44.856061 23778 data_dirs.cc:400] Could only allocate 1 dirs of requested 3 for tablet b8edd348e1b4460880fc8d7f1349baa7. 1 dirs total, 0 dirs full, 0 dirs failed
I20260709 13:06:44.870627 23711 tablet_service.cc:1511] Processing CreateTablet for tablet f9935f2eb4fb4c589f79d3a6a7fc6cbe (DEFAULT_TABLE table=test-workload [id=04e6e38d4a8941ca908b34ffa78ad5d5]), partition=RANGE (key) PARTITION 545970405 <= VALUES < 582368432
I20260709 13:06:44.872162 23711 data_dirs.cc:400] Could only allocate 1 dirs of requested 3 for tablet f9935f2eb4fb4c589f79d3a6a7fc6cbe. 1 dirs total, 0 dirs full, 0 dirs failed
I20260709 13:06:44.873791 23710 tablet_service.cc:1511] Processing CreateTablet for tablet 79f81e430a9f44aaacc75efe40e67187 (DEFAULT_TABLE table=test-workload [id=04e6e38d4a8941ca908b34ffa78ad5d5]), partition=RANGE (key) PARTITION 509572378 <= VALUES < 545970405
I20260709 13:06:44.875175 23710 data_dirs.cc:400] Could only allocate 1 dirs of requested 3 for tablet 79f81e430a9f44aaacc75efe40e67187. 1 dirs total, 0 dirs full, 0 dirs failed
I20260709 13:06:44.876061 23786 data_dirs.cc:400] Could only allocate 1 dirs of requested 3 for tablet b56ba19b893d418e93b607496993a0d3. 1 dirs total, 0 dirs full, 0 dirs failed
I20260709 13:06:44.876274 23838 tablet_bootstrap.cc:492] T ba3d0a431f3d41f79a2e88d19496afdd P 22f1ffdabc794691b635241e97ff6c1d: Bootstrap starting.
I20260709 13:06:44.880075 23781 data_dirs.cc:400] Could only allocate 1 dirs of requested 3 for tablet 97b4a139f54d4cb7814baa0cc7127816. 1 dirs total, 0 dirs full, 0 dirs failed
I20260709 13:06:44.881748 23837 tablet_bootstrap.cc:654] T 56367cab124645e0801835eaf566bd53 P 8c6e498ebfb14c16856c59dcbb0f121f: Neither blocks nor log segments found. Creating new log.
I20260709 13:06:44.872365 23712 tablet_service.cc:1511] Processing CreateTablet for tablet b56ba19b893d418e93b607496993a0d3 (DEFAULT_TABLE table=test-workload [id=04e6e38d4a8941ca908b34ffa78ad5d5]), partition=RANGE (key) PARTITION 473174351 <= VALUES < 509572378
I20260709 13:06:44.885754 23638 tablet_service.cc:1511] Processing CreateTablet for tablet 56de157169804ff0a8b095ec235546af (DEFAULT_TABLE table=test-workload [id=04e6e38d4a8941ca908b34ffa78ad5d5]), partition=RANGE (key) PARTITION 582368432 <= VALUES < 618766459
I20260709 13:06:44.885798 23712 data_dirs.cc:400] Could only allocate 1 dirs of requested 3 for tablet b56ba19b893d418e93b607496993a0d3. 1 dirs total, 0 dirs full, 0 dirs failed
I20260709 13:06:44.894600 23638 data_dirs.cc:400] Could only allocate 1 dirs of requested 3 for tablet 56de157169804ff0a8b095ec235546af. 1 dirs total, 0 dirs full, 0 dirs failed
I20260709 13:06:44.892059 23779 data_dirs.cc:400] Could only allocate 1 dirs of requested 3 for tablet 58466cac88ad4cfeb64af3293d379bb8. 1 dirs total, 0 dirs full, 0 dirs failed
I20260709 13:06:44.893056 23839 tablet_bootstrap.cc:492] T 1bdc717bce08445b84328d9fd1f3176b P d6e0e8a7a63643d99760fba648885512: Bootstrap starting.
I20260709 13:06:44.900064 23780 data_dirs.cc:400] Could only allocate 1 dirs of requested 3 for tablet f9935f2eb4fb4c589f79d3a6a7fc6cbe. 1 dirs total, 0 dirs full, 0 dirs failed
W20260709 13:06:44.906373 23594 auto_rebalancer.cc:288] Could not retrieve cluster info: Service unavailable: Tablet not running
I20260709 13:06:44.906787 23706 tablet_service.cc:1511] Processing CreateTablet for tablet 56de157169804ff0a8b095ec235546af (DEFAULT_TABLE table=test-workload [id=04e6e38d4a8941ca908b34ffa78ad5d5]), partition=RANGE (key) PARTITION 582368432 <= VALUES < 618766459
I20260709 13:06:44.908207 23706 data_dirs.cc:400] Could only allocate 1 dirs of requested 3 for tablet 56de157169804ff0a8b095ec235546af. 1 dirs total, 0 dirs full, 0 dirs failed
I20260709 13:06:44.932947 23782 data_dirs.cc:400] Could only allocate 1 dirs of requested 3 for tablet 79f81e430a9f44aaacc75efe40e67187. 1 dirs total, 0 dirs full, 0 dirs failed
I20260709 13:06:44.943753 23785 tablet_service.cc:1511] Processing CreateTablet for tablet 56de157169804ff0a8b095ec235546af (DEFAULT_TABLE table=test-workload [id=04e6e38d4a8941ca908b34ffa78ad5d5]), partition=RANGE (key) PARTITION 582368432 <= VALUES < 618766459
I20260709 13:06:44.945298 23785 data_dirs.cc:400] Could only allocate 1 dirs of requested 3 for tablet 56de157169804ff0a8b095ec235546af. 1 dirs total, 0 dirs full, 0 dirs failed
I20260709 13:06:44.959873 23839 tablet_bootstrap.cc:654] T 1bdc717bce08445b84328d9fd1f3176b P d6e0e8a7a63643d99760fba648885512: Neither blocks nor log segments found. Creating new log.
W20260709 13:06:44.972349 23532 outbound_call.cc:321] RPC callback for RPC call kudu.tserver.TabletServerAdminService.CreateTablet -> {remote=127.21.246.129:37051, user_credentials={real_user=slave}} blocked reactor thread for 46819.1us
I20260709 13:06:44.974188 23837 tablet_bootstrap.cc:492] T 56367cab124645e0801835eaf566bd53 P 8c6e498ebfb14c16856c59dcbb0f121f: No bootstrap required, opened a new log
I20260709 13:06:44.974725 23837 ts_tablet_manager.cc:1403] T 56367cab124645e0801835eaf566bd53 P 8c6e498ebfb14c16856c59dcbb0f121f: Time spent bootstrapping tablet: real 0.186s	user 0.005s	sys 0.014s
I20260709 13:06:44.978235 23837 raft_consensus.cc:359] T 56367cab124645e0801835eaf566bd53 P 8c6e498ebfb14c16856c59dcbb0f121f [term 0 FOLLOWER]: Replica starting. Triggering 0 pending ops. Active config: opid_index: -1 OBSOLETE_local: false peers { permanent_uuid: "8c6e498ebfb14c16856c59dcbb0f121f" member_type: VOTER last_known_addr { host: "127.21.246.129" port: 37051 } } peers { permanent_uuid: "22f1ffdabc794691b635241e97ff6c1d" member_type: VOTER last_known_addr { host: "127.21.246.130" port: 35997 } } peers { permanent_uuid: "d6e0e8a7a63643d99760fba648885512" member_type: VOTER last_known_addr { host: "127.21.246.131" port: 42649 } }
I20260709 13:06:44.986582 23838 tablet_bootstrap.cc:654] T ba3d0a431f3d41f79a2e88d19496afdd P 22f1ffdabc794691b635241e97ff6c1d: Neither blocks nor log segments found. Creating new log.
I20260709 13:06:44.979609 23837 raft_consensus.cc:385] T 56367cab124645e0801835eaf566bd53 P 8c6e498ebfb14c16856c59dcbb0f121f [term 0 FOLLOWER]: Consensus starting up: Expiring failure detector timer to make a prompt election more likely
I20260709 13:06:45.005764 23710 tablet_service.cc:1511] Processing CreateTablet for tablet 1089cc96a0bf4c84bab84237cb23e541 (DEFAULT_TABLE table=test-workload [id=04e6e38d4a8941ca908b34ffa78ad5d5]), partition=RANGE (key) PARTITION 618766459 <= VALUES < 655164486
I20260709 13:06:45.007503 23779 tablet_service.cc:1511] Processing CreateTablet for tablet 1089cc96a0bf4c84bab84237cb23e541 (DEFAULT_TABLE table=test-workload [id=04e6e38d4a8941ca908b34ffa78ad5d5]), partition=RANGE (key) PARTITION 618766459 <= VALUES < 655164486
I20260709 13:06:45.011828 23837 raft_consensus.cc:740] T 56367cab124645e0801835eaf566bd53 P 8c6e498ebfb14c16856c59dcbb0f121f [term 0 FOLLOWER]: Becoming Follower/Learner. State: Replica: 8c6e498ebfb14c16856c59dcbb0f121f, State: Initialized, Role: FOLLOWER
I20260709 13:06:45.012449 23779 data_dirs.cc:400] Could only allocate 1 dirs of requested 3 for tablet 1089cc96a0bf4c84bab84237cb23e541. 1 dirs total, 0 dirs full, 0 dirs failed
I20260709 13:06:45.012715 23837 consensus_queue.cc:260] T 56367cab124645e0801835eaf566bd53 P 8c6e498ebfb14c16856c59dcbb0f121f [NON_LEADER]: Queue going to NON_LEADER mode. State: All replicated index: 0, Majority replicated index: 0, Committed index: 0, Last appended: 0.0, Last appended by leader: 0, Current term: 0, Majority size: -1, State: 0, Mode: NON_LEADER, active raft config: opid_index: -1 OBSOLETE_local: false peers { permanent_uuid: "8c6e498ebfb14c16856c59dcbb0f121f" member_type: VOTER last_known_addr { host: "127.21.246.129" port: 37051 } } peers { permanent_uuid: "22f1ffdabc794691b635241e97ff6c1d" member_type: VOTER last_known_addr { host: "127.21.246.130" port: 35997 } } peers { permanent_uuid: "d6e0e8a7a63643d99760fba648885512" member_type: VOTER last_known_addr { host: "127.21.246.131" port: 42649 } }
I20260709 13:06:45.014633 23710 data_dirs.cc:400] Could only allocate 1 dirs of requested 3 for tablet 1089cc96a0bf4c84bab84237cb23e541. 1 dirs total, 0 dirs full, 0 dirs failed
I20260709 13:06:45.018275 23839 tablet_bootstrap.cc:492] T 1bdc717bce08445b84328d9fd1f3176b P d6e0e8a7a63643d99760fba648885512: No bootstrap required, opened a new log
I20260709 13:06:45.018959 23839 ts_tablet_manager.cc:1403] T 1bdc717bce08445b84328d9fd1f3176b P d6e0e8a7a63643d99760fba648885512: Time spent bootstrapping tablet: real 0.126s	user 0.006s	sys 0.008s
I20260709 13:06:45.007476 23633 tablet_service.cc:1511] Processing CreateTablet for tablet b9ddac9b21ad4978a7e77f38d065d645 (DEFAULT_TABLE table=test-workload [id=04e6e38d4a8941ca908b34ffa78ad5d5]), partition=RANGE (key) PARTITION 655164486 <= VALUES < 691562513
I20260709 13:06:45.023940 23633 data_dirs.cc:400] Could only allocate 1 dirs of requested 3 for tablet b9ddac9b21ad4978a7e77f38d065d645. 1 dirs total, 0 dirs full, 0 dirs failed
I20260709 13:06:45.025804 23839 raft_consensus.cc:359] T 1bdc717bce08445b84328d9fd1f3176b P d6e0e8a7a63643d99760fba648885512 [term 0 FOLLOWER]: Replica starting. Triggering 0 pending ops. Active config: opid_index: -1 OBSOLETE_local: false peers { permanent_uuid: "8c6e498ebfb14c16856c59dcbb0f121f" member_type: VOTER last_known_addr { host: "127.21.246.129" port: 37051 } } peers { permanent_uuid: "22f1ffdabc794691b635241e97ff6c1d" member_type: VOTER last_known_addr { host: "127.21.246.130" port: 35997 } } peers { permanent_uuid: "d6e0e8a7a63643d99760fba648885512" member_type: VOTER last_known_addr { host: "127.21.246.131" port: 42649 } }
I20260709 13:06:45.026568 23839 raft_consensus.cc:385] T 1bdc717bce08445b84328d9fd1f3176b P d6e0e8a7a63643d99760fba648885512 [term 0 FOLLOWER]: Consensus starting up: Expiring failure detector timer to make a prompt election more likely
I20260709 13:06:45.026890 23839 raft_consensus.cc:740] T 1bdc717bce08445b84328d9fd1f3176b P d6e0e8a7a63643d99760fba648885512 [term 0 FOLLOWER]: Becoming Follower/Learner. State: Replica: d6e0e8a7a63643d99760fba648885512, State: Initialized, Role: FOLLOWER
I20260709 13:06:45.027661 23839 consensus_queue.cc:260] T 1bdc717bce08445b84328d9fd1f3176b P d6e0e8a7a63643d99760fba648885512 [NON_LEADER]: Queue going to NON_LEADER mode. State: All replicated index: 0, Majority replicated index: 0, Committed index: 0, Last appended: 0.0, Last appended by leader: 0, Current term: 0, Majority size: -1, State: 0, Mode: NON_LEADER, active raft config: opid_index: -1 OBSOLETE_local: false peers { permanent_uuid: "8c6e498ebfb14c16856c59dcbb0f121f" member_type: VOTER last_known_addr { host: "127.21.246.129" port: 37051 } } peers { permanent_uuid: "22f1ffdabc794691b635241e97ff6c1d" member_type: VOTER last_known_addr { host: "127.21.246.130" port: 35997 } } peers { permanent_uuid: "d6e0e8a7a63643d99760fba648885512" member_type: VOTER last_known_addr { host: "127.21.246.131" port: 42649 } }
I20260709 13:06:45.007476 23632 tablet_service.cc:1511] Processing CreateTablet for tablet 1089cc96a0bf4c84bab84237cb23e541 (DEFAULT_TABLE table=test-workload [id=04e6e38d4a8941ca908b34ffa78ad5d5]), partition=RANGE (key) PARTITION 618766459 <= VALUES < 655164486
I20260709 13:06:45.033286 23632 data_dirs.cc:400] Could only allocate 1 dirs of requested 3 for tablet 1089cc96a0bf4c84bab84237cb23e541. 1 dirs total, 0 dirs full, 0 dirs failed
I20260709 13:06:45.045624 23837 ts_tablet_manager.cc:1434] T 56367cab124645e0801835eaf566bd53 P 8c6e498ebfb14c16856c59dcbb0f121f: Time spent starting tablet: real 0.071s	user 0.017s	sys 0.006s
I20260709 13:06:45.048413 23710 tablet_service.cc:1511] Processing CreateTablet for tablet b9ddac9b21ad4978a7e77f38d065d645 (DEFAULT_TABLE table=test-workload [id=04e6e38d4a8941ca908b34ffa78ad5d5]), partition=RANGE (key) PARTITION 655164486 <= VALUES < 691562513
I20260709 13:06:45.048743 23673 heartbeater.cc:499] Master 127.21.246.190:37535 was elected leader, sending a full tablet report...
I20260709 13:06:45.050323 23837 tablet_bootstrap.cc:492] T 43b96d5e956f4c81902248f3f94f6e68 P 8c6e498ebfb14c16856c59dcbb0f121f: Bootstrap starting.
I20260709 13:06:45.068679 23638 tablet_service.cc:1511] Processing CreateTablet for tablet 9a04a07c4e9d4291a74062f723a3df08 (DEFAULT_TABLE table=test-workload [id=04e6e38d4a8941ca908b34ffa78ad5d5]), partition=RANGE (key) PARTITION 691562513 <= VALUES < 727960540
I20260709 13:06:45.070187 23779 tablet_service.cc:1511] Processing CreateTablet for tablet b9ddac9b21ad4978a7e77f38d065d645 (DEFAULT_TABLE table=test-workload [id=04e6e38d4a8941ca908b34ffa78ad5d5]), partition=RANGE (key) PARTITION 655164486 <= VALUES < 691562513
I20260709 13:06:45.070215 23638 data_dirs.cc:400] Could only allocate 1 dirs of requested 3 for tablet 9a04a07c4e9d4291a74062f723a3df08. 1 dirs total, 0 dirs full, 0 dirs failed
I20260709 13:06:45.075043 23822 heartbeater.cc:499] Master 127.21.246.190:37535 was elected leader, sending a full tablet report...
I20260709 13:06:45.075609 23839 ts_tablet_manager.cc:1434] T 1bdc717bce08445b84328d9fd1f3176b P d6e0e8a7a63643d99760fba648885512: Time spent starting tablet: real 0.053s	user 0.025s	sys 0.019s
I20260709 13:06:45.079233 23837 tablet_bootstrap.cc:654] T 43b96d5e956f4c81902248f3f94f6e68 P 8c6e498ebfb14c16856c59dcbb0f121f: Neither blocks nor log segments found. Creating new log.
I20260709 13:06:45.081141 23781 tablet_service.cc:1511] Processing CreateTablet for tablet 9a04a07c4e9d4291a74062f723a3df08 (DEFAULT_TABLE table=test-workload [id=04e6e38d4a8941ca908b34ffa78ad5d5]), partition=RANGE (key) PARTITION 691562513 <= VALUES < 727960540
I20260709 13:06:45.083463 23705 tablet_service.cc:1511] Processing CreateTablet for tablet 9a04a07c4e9d4291a74062f723a3df08 (DEFAULT_TABLE table=test-workload [id=04e6e38d4a8941ca908b34ffa78ad5d5]), partition=RANGE (key) PARTITION 691562513 <= VALUES < 727960540
I20260709 13:06:45.085031 23710 data_dirs.cc:400] Could only allocate 1 dirs of requested 3 for tablet b9ddac9b21ad4978a7e77f38d065d645. 1 dirs total, 0 dirs full, 0 dirs failed
I20260709 13:06:45.086802 23781 data_dirs.cc:400] Could only allocate 1 dirs of requested 3 for tablet 9a04a07c4e9d4291a74062f723a3df08. 1 dirs total, 0 dirs full, 0 dirs failed
I20260709 13:06:45.093261 23705 data_dirs.cc:400] Could only allocate 1 dirs of requested 3 for tablet 9a04a07c4e9d4291a74062f723a3df08. 1 dirs total, 0 dirs full, 0 dirs failed
I20260709 13:06:45.095059 23633 tablet_service.cc:1511] Processing CreateTablet for tablet ee5fc30304ac4ef594d79c84914dbace (DEFAULT_TABLE table=test-workload [id=04e6e38d4a8941ca908b34ffa78ad5d5]), partition=RANGE (key) PARTITION 727960540 <= VALUES < 764358567
I20260709 13:06:45.096913 23633 data_dirs.cc:400] Could only allocate 1 dirs of requested 3 for tablet ee5fc30304ac4ef594d79c84914dbace. 1 dirs total, 0 dirs full, 0 dirs failed
I20260709 13:06:45.097131 23839 tablet_bootstrap.cc:492] T af0f32a57d8d412f8145e9f319609bd7 P d6e0e8a7a63643d99760fba648885512: Bootstrap starting.
I20260709 13:06:45.104044 23707 tablet_service.cc:1511] Processing CreateTablet for tablet ee5fc30304ac4ef594d79c84914dbace (DEFAULT_TABLE table=test-workload [id=04e6e38d4a8941ca908b34ffa78ad5d5]), partition=RANGE (key) PARTITION 727960540 <= VALUES < 764358567
I20260709 13:06:45.105571 23707 data_dirs.cc:400] Could only allocate 1 dirs of requested 3 for tablet ee5fc30304ac4ef594d79c84914dbace. 1 dirs total, 0 dirs full, 0 dirs failed
I20260709 13:06:45.102398 23779 data_dirs.cc:400] Could only allocate 1 dirs of requested 3 for tablet b9ddac9b21ad4978a7e77f38d065d645. 1 dirs total, 0 dirs full, 0 dirs failed
I20260709 13:06:45.111718 23843 raft_consensus.cc:493] T 1bdc717bce08445b84328d9fd1f3176b P d6e0e8a7a63643d99760fba648885512 [term 0 FOLLOWER]: Starting pre-election (no leader contacted us within the election timeout)
I20260709 13:06:45.112514 23843 raft_consensus.cc:515] T 1bdc717bce08445b84328d9fd1f3176b P d6e0e8a7a63643d99760fba648885512 [term 0 FOLLOWER]: Starting pre-election with config: opid_index: -1 OBSOLETE_local: false peers { permanent_uuid: "8c6e498ebfb14c16856c59dcbb0f121f" member_type: VOTER last_known_addr { host: "127.21.246.129" port: 37051 } } peers { permanent_uuid: "22f1ffdabc794691b635241e97ff6c1d" member_type: VOTER last_known_addr { host: "127.21.246.130" port: 35997 } } peers { permanent_uuid: "d6e0e8a7a63643d99760fba648885512" member_type: VOTER last_known_addr { host: "127.21.246.131" port: 42649 } }
I20260709 13:06:45.121054 23843 leader_election.cc:290] T 1bdc717bce08445b84328d9fd1f3176b P d6e0e8a7a63643d99760fba648885512 [CANDIDATE]: Term 1 pre-election: Requested pre-vote from peers 8c6e498ebfb14c16856c59dcbb0f121f (127.21.246.129:37051), 22f1ffdabc794691b635241e97ff6c1d (127.21.246.130:35997)
I20260709 13:06:45.139645 23782 tablet_service.cc:1511] Processing CreateTablet for tablet ee5fc30304ac4ef594d79c84914dbace (DEFAULT_TABLE table=test-workload [id=04e6e38d4a8941ca908b34ffa78ad5d5]), partition=RANGE (key) PARTITION 727960540 <= VALUES < 764358567
I20260709 13:06:45.141336 23782 data_dirs.cc:400] Could only allocate 1 dirs of requested 3 for tablet ee5fc30304ac4ef594d79c84914dbace. 1 dirs total, 0 dirs full, 0 dirs failed
I20260709 13:06:45.139645 23632 tablet_service.cc:1511] Processing CreateTablet for tablet 3c40db27d33b4173ba18a241fc792421 (DEFAULT_TABLE table=test-workload [id=04e6e38d4a8941ca908b34ffa78ad5d5]), partition=RANGE (key) PARTITION 764358567 <= VALUES < 800756594
I20260709 13:06:45.145053 23632 data_dirs.cc:400] Could only allocate 1 dirs of requested 3 for tablet 3c40db27d33b4173ba18a241fc792421. 1 dirs total, 0 dirs full, 0 dirs failed
I20260709 13:06:45.145795 23838 tablet_bootstrap.cc:492] T ba3d0a431f3d41f79a2e88d19496afdd P 22f1ffdabc794691b635241e97ff6c1d: No bootstrap required, opened a new log
I20260709 13:06:45.146222 23839 tablet_bootstrap.cc:654] T af0f32a57d8d412f8145e9f319609bd7 P d6e0e8a7a63643d99760fba648885512: Neither blocks nor log segments found. Creating new log.
I20260709 13:06:45.146363 23838 ts_tablet_manager.cc:1403] T ba3d0a431f3d41f79a2e88d19496afdd P 22f1ffdabc794691b635241e97ff6c1d: Time spent bootstrapping tablet: real 0.270s	user 0.021s	sys 0.014s
I20260709 13:06:45.149616 23838 raft_consensus.cc:359] T ba3d0a431f3d41f79a2e88d19496afdd P 22f1ffdabc794691b635241e97ff6c1d [term 0 FOLLOWER]: Replica starting. Triggering 0 pending ops. Active config: opid_index: -1 OBSOLETE_local: false peers { permanent_uuid: "8c6e498ebfb14c16856c59dcbb0f121f" member_type: VOTER last_known_addr { host: "127.21.246.129" port: 37051 } } peers { permanent_uuid: "22f1ffdabc794691b635241e97ff6c1d" member_type: VOTER last_known_addr { host: "127.21.246.130" port: 35997 } } peers { permanent_uuid: "d6e0e8a7a63643d99760fba648885512" member_type: VOTER last_known_addr { host: "127.21.246.131" port: 42649 } }
I20260709 13:06:45.150408 23838 raft_consensus.cc:385] T ba3d0a431f3d41f79a2e88d19496afdd P 22f1ffdabc794691b635241e97ff6c1d [term 0 FOLLOWER]: Consensus starting up: Expiring failure detector timer to make a prompt election more likely
I20260709 13:06:45.150724 23838 raft_consensus.cc:740] T ba3d0a431f3d41f79a2e88d19496afdd P 22f1ffdabc794691b635241e97ff6c1d [term 0 FOLLOWER]: Becoming Follower/Learner. State: Replica: 22f1ffdabc794691b635241e97ff6c1d, State: Initialized, Role: FOLLOWER
I20260709 13:06:45.151665 23838 consensus_queue.cc:260] T ba3d0a431f3d41f79a2e88d19496afdd P 22f1ffdabc794691b635241e97ff6c1d [NON_LEADER]: Queue going to NON_LEADER mode. State: All replicated index: 0, Majority replicated index: 0, Committed index: 0, Last appended: 0.0, Last appended by leader: 0, Current term: 0, Majority size: -1, State: 0, Mode: NON_LEADER, active raft config: opid_index: -1 OBSOLETE_local: false peers { permanent_uuid: "8c6e498ebfb14c16856c59dcbb0f121f" member_type: VOTER last_known_addr { host: "127.21.246.129" port: 37051 } } peers { permanent_uuid: "22f1ffdabc794691b635241e97ff6c1d" member_type: VOTER last_known_addr { host: "127.21.246.130" port: 35997 } } peers { permanent_uuid: "d6e0e8a7a63643d99760fba648885512" member_type: VOTER last_known_addr { host: "127.21.246.131" port: 42649 } }
I20260709 13:06:45.157346 23637 tablet_service.cc:1511] Processing CreateTablet for tablet 570958055ab54155a9a7b0c073ccd0e5 (DEFAULT_TABLE table=test-workload [id=04e6e38d4a8941ca908b34ffa78ad5d5]), partition=RANGE (key) PARTITION 800756594 <= VALUES < 837154621
I20260709 13:06:45.159337 23637 data_dirs.cc:400] Could only allocate 1 dirs of requested 3 for tablet 570958055ab54155a9a7b0c073ccd0e5. 1 dirs total, 0 dirs full, 0 dirs failed
I20260709 13:06:45.169497 23748 heartbeater.cc:499] Master 127.21.246.190:37535 was elected leader, sending a full tablet report...
I20260709 13:06:45.172025 23837 tablet_bootstrap.cc:492] T 43b96d5e956f4c81902248f3f94f6e68 P 8c6e498ebfb14c16856c59dcbb0f121f: No bootstrap required, opened a new log
I20260709 13:06:45.172853 23837 ts_tablet_manager.cc:1403] T 43b96d5e956f4c81902248f3f94f6e68 P 8c6e498ebfb14c16856c59dcbb0f121f: Time spent bootstrapping tablet: real 0.123s	user 0.011s	sys 0.022s
I20260709 13:06:45.173123 23778 tablet_service.cc:1511] Processing CreateTablet for tablet 3c40db27d33b4173ba18a241fc792421 (DEFAULT_TABLE table=test-workload [id=04e6e38d4a8941ca908b34ffa78ad5d5]), partition=RANGE (key) PARTITION 764358567 <= VALUES < 800756594
I20260709 13:06:45.174837 23778 data_dirs.cc:400] Could only allocate 1 dirs of requested 3 for tablet 3c40db27d33b4173ba18a241fc792421. 1 dirs total, 0 dirs full, 0 dirs failed
I20260709 13:06:45.174969 23838 ts_tablet_manager.cc:1434] T ba3d0a431f3d41f79a2e88d19496afdd P 22f1ffdabc794691b635241e97ff6c1d: Time spent starting tablet: real 0.028s	user 0.007s	sys 0.008s
I20260709 13:06:45.176627 23837 raft_consensus.cc:359] T 43b96d5e956f4c81902248f3f94f6e68 P 8c6e498ebfb14c16856c59dcbb0f121f [term 0 FOLLOWER]: Replica starting. Triggering 0 pending ops. Active config: opid_index: -1 OBSOLETE_local: false peers { permanent_uuid: "8c6e498ebfb14c16856c59dcbb0f121f" member_type: VOTER last_known_addr { host: "127.21.246.129" port: 37051 } } peers { permanent_uuid: "22f1ffdabc794691b635241e97ff6c1d" member_type: VOTER last_known_addr { host: "127.21.246.130" port: 35997 } } peers { permanent_uuid: "d6e0e8a7a63643d99760fba648885512" member_type: VOTER last_known_addr { host: "127.21.246.131" port: 42649 } }
I20260709 13:06:45.177521 23837 raft_consensus.cc:385] T 43b96d5e956f4c81902248f3f94f6e68 P 8c6e498ebfb14c16856c59dcbb0f121f [term 0 FOLLOWER]: Consensus starting up: Expiring failure detector timer to make a prompt election more likely
I20260709 13:06:45.177891 23837 raft_consensus.cc:740] T 43b96d5e956f4c81902248f3f94f6e68 P 8c6e498ebfb14c16856c59dcbb0f121f [term 0 FOLLOWER]: Becoming Follower/Learner. State: Replica: 8c6e498ebfb14c16856c59dcbb0f121f, State: Initialized, Role: FOLLOWER
I20260709 13:06:45.178824 23837 consensus_queue.cc:260] T 43b96d5e956f4c81902248f3f94f6e68 P 8c6e498ebfb14c16856c59dcbb0f121f [NON_LEADER]: Queue going to NON_LEADER mode. State: All replicated index: 0, Majority replicated index: 0, Committed index: 0, Last appended: 0.0, Last appended by leader: 0, Current term: 0, Majority size: -1, State: 0, Mode: NON_LEADER, active raft config: opid_index: -1 OBSOLETE_local: false peers { permanent_uuid: "8c6e498ebfb14c16856c59dcbb0f121f" member_type: VOTER last_known_addr { host: "127.21.246.129" port: 37051 } } peers { permanent_uuid: "22f1ffdabc794691b635241e97ff6c1d" member_type: VOTER last_known_addr { host: "127.21.246.130" port: 35997 } } peers { permanent_uuid: "d6e0e8a7a63643d99760fba648885512" member_type: VOTER last_known_addr { host: "127.21.246.131" port: 42649 } }
I20260709 13:06:45.179033 23707 tablet_service.cc:1511] Processing CreateTablet for tablet 570958055ab54155a9a7b0c073ccd0e5 (DEFAULT_TABLE table=test-workload [id=04e6e38d4a8941ca908b34ffa78ad5d5]), partition=RANGE (key) PARTITION 800756594 <= VALUES < 837154621
I20260709 13:06:45.177906 23785 tablet_service.cc:1511] Processing CreateTablet for tablet 570958055ab54155a9a7b0c073ccd0e5 (DEFAULT_TABLE table=test-workload [id=04e6e38d4a8941ca908b34ffa78ad5d5]), partition=RANGE (key) PARTITION 800756594 <= VALUES < 837154621
I20260709 13:06:45.180641 23705 tablet_service.cc:1511] Processing CreateTablet for tablet 3c40db27d33b4173ba18a241fc792421 (DEFAULT_TABLE table=test-workload [id=04e6e38d4a8941ca908b34ffa78ad5d5]), partition=RANGE (key) PARTITION 764358567 <= VALUES < 800756594
I20260709 13:06:45.181409 23785 data_dirs.cc:400] Could only allocate 1 dirs of requested 3 for tablet 570958055ab54155a9a7b0c073ccd0e5. 1 dirs total, 0 dirs full, 0 dirs failed
I20260709 13:06:45.183099 23837 ts_tablet_manager.cc:1434] T 43b96d5e956f4c81902248f3f94f6e68 P 8c6e498ebfb14c16856c59dcbb0f121f: Time spent starting tablet: real 0.010s	user 0.008s	sys 0.000s
I20260709 13:06:45.184269 23837 tablet_bootstrap.cc:492] T af0f32a57d8d412f8145e9f319609bd7 P 8c6e498ebfb14c16856c59dcbb0f121f: Bootstrap starting.
I20260709 13:06:45.188457 23638 tablet_service.cc:1511] Processing CreateTablet for tablet 5e0b60ad58824812aeeddc6168b7434c (DEFAULT_TABLE table=test-workload [id=04e6e38d4a8941ca908b34ffa78ad5d5]), partition=RANGE (key) PARTITION 837154621 <= VALUES < 873552648
I20260709 13:06:45.189602 23638 data_dirs.cc:400] Could only allocate 1 dirs of requested 3 for tablet 5e0b60ad58824812aeeddc6168b7434c. 1 dirs total, 0 dirs full, 0 dirs failed
I20260709 13:06:45.205361 23707 data_dirs.cc:400] Could only allocate 1 dirs of requested 3 for tablet 570958055ab54155a9a7b0c073ccd0e5. 1 dirs total, 0 dirs full, 0 dirs failed
I20260709 13:06:45.205742 23723 tablet_service.cc:1917] Received RequestConsensusVote() RPC: tablet_id: "1bdc717bce08445b84328d9fd1f3176b" candidate_uuid: "d6e0e8a7a63643d99760fba648885512" candidate_term: 1 candidate_status { last_received { term: 0 index: 0 } } ignore_live_leader: false dest_uuid: "22f1ffdabc794691b635241e97ff6c1d" is_pre_election: true
W20260709 13:06:45.207568 23761 leader_election.cc:343] T 1bdc717bce08445b84328d9fd1f3176b P d6e0e8a7a63643d99760fba648885512 [CANDIDATE]: Term 1 pre-election: Tablet error from VoteRequest() call to peer 22f1ffdabc794691b635241e97ff6c1d (127.21.246.130:35997): Illegal state: must be running to vote when last-logged opid is not known
I20260709 13:06:45.208245 23705 data_dirs.cc:400] Could only allocate 1 dirs of requested 3 for tablet 3c40db27d33b4173ba18a241fc792421. 1 dirs total, 0 dirs full, 0 dirs failed
I20260709 13:06:45.220528 23838 tablet_bootstrap.cc:492] T 43b96d5e956f4c81902248f3f94f6e68 P 22f1ffdabc794691b635241e97ff6c1d: Bootstrap starting.
I20260709 13:06:45.226061 23837 tablet_bootstrap.cc:654] T af0f32a57d8d412f8145e9f319609bd7 P 8c6e498ebfb14c16856c59dcbb0f121f: Neither blocks nor log segments found. Creating new log.
I20260709 13:06:45.251720 23837 tablet_bootstrap.cc:492] T af0f32a57d8d412f8145e9f319609bd7 P 8c6e498ebfb14c16856c59dcbb0f121f: No bootstrap required, opened a new log
I20260709 13:06:45.252437 23837 ts_tablet_manager.cc:1403] T af0f32a57d8d412f8145e9f319609bd7 P 8c6e498ebfb14c16856c59dcbb0f121f: Time spent bootstrapping tablet: real 0.068s	user 0.014s	sys 0.006s
I20260709 13:06:45.253538 23839 tablet_bootstrap.cc:492] T af0f32a57d8d412f8145e9f319609bd7 P d6e0e8a7a63643d99760fba648885512: No bootstrap required, opened a new log
I20260709 13:06:45.254079 23839 ts_tablet_manager.cc:1403] T af0f32a57d8d412f8145e9f319609bd7 P d6e0e8a7a63643d99760fba648885512: Time spent bootstrapping tablet: real 0.157s	user 0.007s	sys 0.012s
I20260709 13:06:45.254784 23838 tablet_bootstrap.cc:654] T 43b96d5e956f4c81902248f3f94f6e68 P 22f1ffdabc794691b635241e97ff6c1d: Neither blocks nor log segments found. Creating new log.
I20260709 13:06:45.256120 23837 raft_consensus.cc:359] T af0f32a57d8d412f8145e9f319609bd7 P 8c6e498ebfb14c16856c59dcbb0f121f [term 0 FOLLOWER]: Replica starting. Triggering 0 pending ops. Active config: opid_index: -1 OBSOLETE_local: false peers { permanent_uuid: "8c6e498ebfb14c16856c59dcbb0f121f" member_type: VOTER last_known_addr { host: "127.21.246.129" port: 37051 } } peers { permanent_uuid: "22f1ffdabc794691b635241e97ff6c1d" member_type: VOTER last_known_addr { host: "127.21.246.130" port: 35997 } } peers { permanent_uuid: "d6e0e8a7a63643d99760fba648885512" member_type: VOTER last_known_addr { host: "127.21.246.131" port: 42649 } }
I20260709 13:06:45.256927 23837 raft_consensus.cc:385] T af0f32a57d8d412f8145e9f319609bd7 P 8c6e498ebfb14c16856c59dcbb0f121f [term 0 FOLLOWER]: Consensus starting up: Expiring failure detector timer to make a prompt election more likely
I20260709 13:06:45.257244 23837 raft_consensus.cc:740] T af0f32a57d8d412f8145e9f319609bd7 P 8c6e498ebfb14c16856c59dcbb0f121f [term 0 FOLLOWER]: Becoming Follower/Learner. State: Replica: 8c6e498ebfb14c16856c59dcbb0f121f, State: Initialized, Role: FOLLOWER
I20260709 13:06:45.257405 23839 raft_consensus.cc:359] T af0f32a57d8d412f8145e9f319609bd7 P d6e0e8a7a63643d99760fba648885512 [term 0 FOLLOWER]: Replica starting. Triggering 0 pending ops. Active config: opid_index: -1 OBSOLETE_local: false peers { permanent_uuid: "8c6e498ebfb14c16856c59dcbb0f121f" member_type: VOTER last_known_addr { host: "127.21.246.129" port: 37051 } } peers { permanent_uuid: "22f1ffdabc794691b635241e97ff6c1d" member_type: VOTER last_known_addr { host: "127.21.246.130" port: 35997 } } peers { permanent_uuid: "d6e0e8a7a63643d99760fba648885512" member_type: VOTER last_known_addr { host: "127.21.246.131" port: 42649 } }
I20260709 13:06:45.258529 23839 raft_consensus.cc:385] T af0f32a57d8d412f8145e9f319609bd7 P d6e0e8a7a63643d99760fba648885512 [term 0 FOLLOWER]: Consensus starting up: Expiring failure detector timer to make a prompt election more likely
I20260709 13:06:45.258991 23839 raft_consensus.cc:740] T af0f32a57d8d412f8145e9f319609bd7 P d6e0e8a7a63643d99760fba648885512 [term 0 FOLLOWER]: Becoming Follower/Learner. State: Replica: d6e0e8a7a63643d99760fba648885512, State: Initialized, Role: FOLLOWER
I20260709 13:06:45.259310 23837 consensus_queue.cc:260] T af0f32a57d8d412f8145e9f319609bd7 P 8c6e498ebfb14c16856c59dcbb0f121f [NON_LEADER]: Queue going to NON_LEADER mode. State: All replicated index: 0, Majority replicated index: 0, Committed index: 0, Last appended: 0.0, Last appended by leader: 0, Current term: 0, Majority size: -1, State: 0, Mode: NON_LEADER, active raft config: opid_index: -1 OBSOLETE_local: false peers { permanent_uuid: "8c6e498ebfb14c16856c59dcbb0f121f" member_type: VOTER last_known_addr { host: "127.21.246.129" port: 37051 } } peers { permanent_uuid: "22f1ffdabc794691b635241e97ff6c1d" member_type: VOTER last_known_addr { host: "127.21.246.130" port: 35997 } } peers { permanent_uuid: "d6e0e8a7a63643d99760fba648885512" member_type: VOTER last_known_addr { host: "127.21.246.131" port: 42649 } }
I20260709 13:06:45.259930 23839 consensus_queue.cc:260] T af0f32a57d8d412f8145e9f319609bd7 P d6e0e8a7a63643d99760fba648885512 [NON_LEADER]: Queue going to NON_LEADER mode. State: All replicated index: 0, Majority replicated index: 0, Committed index: 0, Last appended: 0.0, Last appended by leader: 0, Current term: 0, Majority size: -1, State: 0, Mode: NON_LEADER, active raft config: opid_index: -1 OBSOLETE_local: false peers { permanent_uuid: "8c6e498ebfb14c16856c59dcbb0f121f" member_type: VOTER last_known_addr { host: "127.21.246.129" port: 37051 } } peers { permanent_uuid: "22f1ffdabc794691b635241e97ff6c1d" member_type: VOTER last_known_addr { host: "127.21.246.130" port: 35997 } } peers { permanent_uuid: "d6e0e8a7a63643d99760fba648885512" member_type: VOTER last_known_addr { host: "127.21.246.131" port: 42649 } }
I20260709 13:06:45.262557 23839 ts_tablet_manager.cc:1434] T af0f32a57d8d412f8145e9f319609bd7 P d6e0e8a7a63643d99760fba648885512: Time spent starting tablet: real 0.008s	user 0.007s	sys 0.001s
I20260709 13:06:45.263191 23837 ts_tablet_manager.cc:1434] T af0f32a57d8d412f8145e9f319609bd7 P 8c6e498ebfb14c16856c59dcbb0f121f: Time spent starting tablet: real 0.010s	user 0.008s	sys 0.000s
I20260709 13:06:45.264752 23837 tablet_bootstrap.cc:492] T d3e102cede06407d91d83a5056058f1a P 8c6e498ebfb14c16856c59dcbb0f121f: Bootstrap starting.
I20260709 13:06:45.267059 23838 tablet_bootstrap.cc:492] T 43b96d5e956f4c81902248f3f94f6e68 P 22f1ffdabc794691b635241e97ff6c1d: No bootstrap required, opened a new log
I20260709 13:06:45.267663 23838 ts_tablet_manager.cc:1403] T 43b96d5e956f4c81902248f3f94f6e68 P 22f1ffdabc794691b635241e97ff6c1d: Time spent bootstrapping tablet: real 0.047s	user 0.013s	sys 0.004s
I20260709 13:06:45.271332 23838 raft_consensus.cc:359] T 43b96d5e956f4c81902248f3f94f6e68 P 22f1ffdabc794691b635241e97ff6c1d [term 0 FOLLOWER]: Replica starting. Triggering 0 pending ops. Active config: opid_index: -1 OBSOLETE_local: false peers { permanent_uuid: "8c6e498ebfb14c16856c59dcbb0f121f" member_type: VOTER last_known_addr { host: "127.21.246.129" port: 37051 } } peers { permanent_uuid: "22f1ffdabc794691b635241e97ff6c1d" member_type: VOTER last_known_addr { host: "127.21.246.130" port: 35997 } } peers { permanent_uuid: "d6e0e8a7a63643d99760fba648885512" member_type: VOTER last_known_addr { host: "127.21.246.131" port: 42649 } }
I20260709 13:06:45.272224 23838 raft_consensus.cc:385] T 43b96d5e956f4c81902248f3f94f6e68 P 22f1ffdabc794691b635241e97ff6c1d [term 0 FOLLOWER]: Consensus starting up: Expiring failure detector timer to make a prompt election more likely
I20260709 13:06:45.272562 23838 raft_consensus.cc:740] T 43b96d5e956f4c81902248f3f94f6e68 P 22f1ffdabc794691b635241e97ff6c1d [term 0 FOLLOWER]: Becoming Follower/Learner. State: Replica: 22f1ffdabc794691b635241e97ff6c1d, State: Initialized, Role: FOLLOWER
I20260709 13:06:45.273020 23837 tablet_bootstrap.cc:654] T d3e102cede06407d91d83a5056058f1a P 8c6e498ebfb14c16856c59dcbb0f121f: Neither blocks nor log segments found. Creating new log.
I20260709 13:06:45.273478 23838 consensus_queue.cc:260] T 43b96d5e956f4c81902248f3f94f6e68 P 22f1ffdabc794691b635241e97ff6c1d [NON_LEADER]: Queue going to NON_LEADER mode. State: All replicated index: 0, Majority replicated index: 0, Committed index: 0, Last appended: 0.0, Last appended by leader: 0, Current term: 0, Majority size: -1, State: 0, Mode: NON_LEADER, active raft config: opid_index: -1 OBSOLETE_local: false peers { permanent_uuid: "8c6e498ebfb14c16856c59dcbb0f121f" member_type: VOTER last_known_addr { host: "127.21.246.129" port: 37051 } } peers { permanent_uuid: "22f1ffdabc794691b635241e97ff6c1d" member_type: VOTER last_known_addr { host: "127.21.246.130" port: 35997 } } peers { permanent_uuid: "d6e0e8a7a63643d99760fba648885512" member_type: VOTER last_known_addr { host: "127.21.246.131" port: 42649 } }
I20260709 13:06:45.275646 23838 ts_tablet_manager.cc:1434] T 43b96d5e956f4c81902248f3f94f6e68 P 22f1ffdabc794691b635241e97ff6c1d: Time spent starting tablet: real 0.008s	user 0.003s	sys 0.001s
I20260709 13:06:45.276722 23838 tablet_bootstrap.cc:492] T b8edd348e1b4460880fc8d7f1349baa7 P 22f1ffdabc794691b635241e97ff6c1d: Bootstrap starting.
I20260709 13:06:45.280849 23837 tablet_bootstrap.cc:492] T d3e102cede06407d91d83a5056058f1a P 8c6e498ebfb14c16856c59dcbb0f121f: No bootstrap required, opened a new log
I20260709 13:06:45.281332 23837 ts_tablet_manager.cc:1403] T d3e102cede06407d91d83a5056058f1a P 8c6e498ebfb14c16856c59dcbb0f121f: Time spent bootstrapping tablet: real 0.017s	user 0.011s	sys 0.003s
I20260709 13:06:45.284238 23838 tablet_bootstrap.cc:654] T b8edd348e1b4460880fc8d7f1349baa7 P 22f1ffdabc794691b635241e97ff6c1d: Neither blocks nor log segments found. Creating new log.
I20260709 13:06:45.285066 23837 raft_consensus.cc:359] T d3e102cede06407d91d83a5056058f1a P 8c6e498ebfb14c16856c59dcbb0f121f [term 0 FOLLOWER]: Replica starting. Triggering 0 pending ops. Active config: opid_index: -1 OBSOLETE_local: false peers { permanent_uuid: "8c6e498ebfb14c16856c59dcbb0f121f" member_type: VOTER last_known_addr { host: "127.21.246.129" port: 37051 } } peers { permanent_uuid: "22f1ffdabc794691b635241e97ff6c1d" member_type: VOTER last_known_addr { host: "127.21.246.130" port: 35997 } } peers { permanent_uuid: "d6e0e8a7a63643d99760fba648885512" member_type: VOTER last_known_addr { host: "127.21.246.131" port: 42649 } }
I20260709 13:06:45.285952 23837 raft_consensus.cc:385] T d3e102cede06407d91d83a5056058f1a P 8c6e498ebfb14c16856c59dcbb0f121f [term 0 FOLLOWER]: Consensus starting up: Expiring failure detector timer to make a prompt election more likely
I20260709 13:06:45.286270 23837 raft_consensus.cc:740] T d3e102cede06407d91d83a5056058f1a P 8c6e498ebfb14c16856c59dcbb0f121f [term 0 FOLLOWER]: Becoming Follower/Learner. State: Replica: 8c6e498ebfb14c16856c59dcbb0f121f, State: Initialized, Role: FOLLOWER
I20260709 13:06:45.287076 23837 consensus_queue.cc:260] T d3e102cede06407d91d83a5056058f1a P 8c6e498ebfb14c16856c59dcbb0f121f [NON_LEADER]: Queue going to NON_LEADER mode. State: All replicated index: 0, Majority replicated index: 0, Committed index: 0, Last appended: 0.0, Last appended by leader: 0, Current term: 0, Majority size: -1, State: 0, Mode: NON_LEADER, active raft config: opid_index: -1 OBSOLETE_local: false peers { permanent_uuid: "8c6e498ebfb14c16856c59dcbb0f121f" member_type: VOTER last_known_addr { host: "127.21.246.129" port: 37051 } } peers { permanent_uuid: "22f1ffdabc794691b635241e97ff6c1d" member_type: VOTER last_known_addr { host: "127.21.246.130" port: 35997 } } peers { permanent_uuid: "d6e0e8a7a63643d99760fba648885512" member_type: VOTER last_known_addr { host: "127.21.246.131" port: 42649 } }
I20260709 13:06:45.290869 23837 ts_tablet_manager.cc:1434] T d3e102cede06407d91d83a5056058f1a P 8c6e498ebfb14c16856c59dcbb0f121f: Time spent starting tablet: real 0.009s	user 0.008s	sys 0.000s
I20260709 13:06:45.292048 23837 tablet_bootstrap.cc:492] T d8e085c3f6a54731b13b18b661ec0dd4 P 8c6e498ebfb14c16856c59dcbb0f121f: Bootstrap starting.
I20260709 13:06:45.293694 23838 tablet_bootstrap.cc:492] T b8edd348e1b4460880fc8d7f1349baa7 P 22f1ffdabc794691b635241e97ff6c1d: No bootstrap required, opened a new log
I20260709 13:06:45.294796 23838 ts_tablet_manager.cc:1403] T b8edd348e1b4460880fc8d7f1349baa7 P 22f1ffdabc794691b635241e97ff6c1d: Time spent bootstrapping tablet: real 0.018s	user 0.011s	sys 0.004s
I20260709 13:06:45.299569 23837 tablet_bootstrap.cc:654] T d8e085c3f6a54731b13b18b661ec0dd4 P 8c6e498ebfb14c16856c59dcbb0f121f: Neither blocks nor log segments found. Creating new log.
I20260709 13:06:45.301928 23838 raft_consensus.cc:359] T b8edd348e1b4460880fc8d7f1349baa7 P 22f1ffdabc794691b635241e97ff6c1d [term 0 FOLLOWER]: Replica starting. Triggering 0 pending ops. Active config: opid_index: -1 OBSOLETE_local: false peers { permanent_uuid: "8c6e498ebfb14c16856c59dcbb0f121f" member_type: VOTER last_known_addr { host: "127.21.246.129" port: 37051 } } peers { permanent_uuid: "22f1ffdabc794691b635241e97ff6c1d" member_type: VOTER last_known_addr { host: "127.21.246.130" port: 35997 } } peers { permanent_uuid: "d6e0e8a7a63643d99760fba648885512" member_type: VOTER last_known_addr { host: "127.21.246.131" port: 42649 } }
I20260709 13:06:45.303812 23838 raft_consensus.cc:385] T b8edd348e1b4460880fc8d7f1349baa7 P 22f1ffdabc794691b635241e97ff6c1d [term 0 FOLLOWER]: Consensus starting up: Expiring failure detector timer to make a prompt election more likely
I20260709 13:06:45.304654 23838 raft_consensus.cc:740] T b8edd348e1b4460880fc8d7f1349baa7 P 22f1ffdabc794691b635241e97ff6c1d [term 0 FOLLOWER]: Becoming Follower/Learner. State: Replica: 22f1ffdabc794691b635241e97ff6c1d, State: Initialized, Role: FOLLOWER
I20260709 13:06:45.315901 23838 consensus_queue.cc:260] T b8edd348e1b4460880fc8d7f1349baa7 P 22f1ffdabc794691b635241e97ff6c1d [NON_LEADER]: Queue going to NON_LEADER mode. State: All replicated index: 0, Majority replicated index: 0, Committed index: 0, Last appended: 0.0, Last appended by leader: 0, Current term: 0, Majority size: -1, State: 0, Mode: NON_LEADER, active raft config: opid_index: -1 OBSOLETE_local: false peers { permanent_uuid: "8c6e498ebfb14c16856c59dcbb0f121f" member_type: VOTER last_known_addr { host: "127.21.246.129" port: 37051 } } peers { permanent_uuid: "22f1ffdabc794691b635241e97ff6c1d" member_type: VOTER last_known_addr { host: "127.21.246.130" port: 35997 } } peers { permanent_uuid: "d6e0e8a7a63643d99760fba648885512" member_type: VOTER last_known_addr { host: "127.21.246.131" port: 42649 } }
I20260709 13:06:45.333554 23838 ts_tablet_manager.cc:1434] T b8edd348e1b4460880fc8d7f1349baa7 P 22f1ffdabc794691b635241e97ff6c1d: Time spent starting tablet: real 0.038s	user 0.008s	sys 0.002s
I20260709 13:06:45.335134 23838 tablet_bootstrap.cc:492] T d8e085c3f6a54731b13b18b661ec0dd4 P 22f1ffdabc794691b635241e97ff6c1d: Bootstrap starting.
I20260709 13:06:45.345655 23838 tablet_bootstrap.cc:654] T d8e085c3f6a54731b13b18b661ec0dd4 P 22f1ffdabc794691b635241e97ff6c1d: Neither blocks nor log segments found. Creating new log.
I20260709 13:06:45.354564 23838 tablet_bootstrap.cc:492] T d8e085c3f6a54731b13b18b661ec0dd4 P 22f1ffdabc794691b635241e97ff6c1d: No bootstrap required, opened a new log
I20260709 13:06:45.355320 23838 ts_tablet_manager.cc:1403] T d8e085c3f6a54731b13b18b661ec0dd4 P 22f1ffdabc794691b635241e97ff6c1d: Time spent bootstrapping tablet: real 0.021s	user 0.013s	sys 0.001s
I20260709 13:06:45.359666 23838 raft_consensus.cc:359] T d8e085c3f6a54731b13b18b661ec0dd4 P 22f1ffdabc794691b635241e97ff6c1d [term 0 FOLLOWER]: Replica starting. Triggering 0 pending ops. Active config: opid_index: -1 OBSOLETE_local: false peers { permanent_uuid: "8c6e498ebfb14c16856c59dcbb0f121f" member_type: VOTER last_known_addr { host: "127.21.246.129" port: 37051 } } peers { permanent_uuid: "22f1ffdabc794691b635241e97ff6c1d" member_type: VOTER last_known_addr { host: "127.21.246.130" port: 35997 } } peers { permanent_uuid: "d6e0e8a7a63643d99760fba648885512" member_type: VOTER last_known_addr { host: "127.21.246.131" port: 42649 } }
I20260709 13:06:45.360859 23838 raft_consensus.cc:385] T d8e085c3f6a54731b13b18b661ec0dd4 P 22f1ffdabc794691b635241e97ff6c1d [term 0 FOLLOWER]: Consensus starting up: Expiring failure detector timer to make a prompt election more likely
I20260709 13:06:45.361272 23838 raft_consensus.cc:740] T d8e085c3f6a54731b13b18b661ec0dd4 P 22f1ffdabc794691b635241e97ff6c1d [term 0 FOLLOWER]: Becoming Follower/Learner. State: Replica: 22f1ffdabc794691b635241e97ff6c1d, State: Initialized, Role: FOLLOWER
I20260709 13:06:45.362370 23838 consensus_queue.cc:260] T d8e085c3f6a54731b13b18b661ec0dd4 P 22f1ffdabc794691b635241e97ff6c1d [NON_LEADER]: Queue going to NON_LEADER mode. State: All replicated index: 0, Majority replicated index: 0, Committed index: 0, Last appended: 0.0, Last appended by leader: 0, Current term: 0, Majority size: -1, State: 0, Mode: NON_LEADER, active raft config: opid_index: -1 OBSOLETE_local: false peers { permanent_uuid: "8c6e498ebfb14c16856c59dcbb0f121f" member_type: VOTER last_known_addr { host: "127.21.246.129" port: 37051 } } peers { permanent_uuid: "22f1ffdabc794691b635241e97ff6c1d" member_type: VOTER last_known_addr { host: "127.21.246.130" port: 35997 } } peers { permanent_uuid: "d6e0e8a7a63643d99760fba648885512" member_type: VOTER last_known_addr { host: "127.21.246.131" port: 42649 } }
I20260709 13:06:45.366474 23838 ts_tablet_manager.cc:1434] T d8e085c3f6a54731b13b18b661ec0dd4 P 22f1ffdabc794691b635241e97ff6c1d: Time spent starting tablet: real 0.011s	user 0.008s	sys 0.000s
I20260709 13:06:45.368070 23838 tablet_bootstrap.cc:492] T 1bdc717bce08445b84328d9fd1f3176b P 22f1ffdabc794691b635241e97ff6c1d: Bootstrap starting.
I20260709 13:06:45.374686 23837 tablet_bootstrap.cc:492] T d8e085c3f6a54731b13b18b661ec0dd4 P 8c6e498ebfb14c16856c59dcbb0f121f: No bootstrap required, opened a new log
I20260709 13:06:45.375340 23837 ts_tablet_manager.cc:1403] T d8e085c3f6a54731b13b18b661ec0dd4 P 8c6e498ebfb14c16856c59dcbb0f121f: Time spent bootstrapping tablet: real 0.084s	user 0.027s	sys 0.031s
I20260709 13:06:45.375634 23838 tablet_bootstrap.cc:654] T 1bdc717bce08445b84328d9fd1f3176b P 22f1ffdabc794691b635241e97ff6c1d: Neither blocks nor log segments found. Creating new log.
I20260709 13:06:45.378705 23837 raft_consensus.cc:359] T d8e085c3f6a54731b13b18b661ec0dd4 P 8c6e498ebfb14c16856c59dcbb0f121f [term 0 FOLLOWER]: Replica starting. Triggering 0 pending ops. Active config: opid_index: -1 OBSOLETE_local: false peers { permanent_uuid: "8c6e498ebfb14c16856c59dcbb0f121f" member_type: VOTER last_known_addr { host: "127.21.246.129" port: 37051 } } peers { permanent_uuid: "22f1ffdabc794691b635241e97ff6c1d" member_type: VOTER last_known_addr { host: "127.21.246.130" port: 35997 } } peers { permanent_uuid: "d6e0e8a7a63643d99760fba648885512" member_type: VOTER last_known_addr { host: "127.21.246.131" port: 42649 } }
I20260709 13:06:45.379810 23837 raft_consensus.cc:385] T d8e085c3f6a54731b13b18b661ec0dd4 P 8c6e498ebfb14c16856c59dcbb0f121f [term 0 FOLLOWER]: Consensus starting up: Expiring failure detector timer to make a prompt election more likely
I20260709 13:06:45.380218 23837 raft_consensus.cc:740] T d8e085c3f6a54731b13b18b661ec0dd4 P 8c6e498ebfb14c16856c59dcbb0f121f [term 0 FOLLOWER]: Becoming Follower/Learner. State: Replica: 8c6e498ebfb14c16856c59dcbb0f121f, State: Initialized, Role: FOLLOWER
I20260709 13:06:45.381210 23837 consensus_queue.cc:260] T d8e085c3f6a54731b13b18b661ec0dd4 P 8c6e498ebfb14c16856c59dcbb0f121f [NON_LEADER]: Queue going to NON_LEADER mode. State: All replicated index: 0, Majority replicated index: 0, Committed index: 0, Last appended: 0.0, Last appended by leader: 0, Current term: 0, Majority size: -1, State: 0, Mode: NON_LEADER, active raft config: opid_index: -1 OBSOLETE_local: false peers { permanent_uuid: "8c6e498ebfb14c16856c59dcbb0f121f" member_type: VOTER last_known_addr { host: "127.21.246.129" port: 37051 } } peers { permanent_uuid: "22f1ffdabc794691b635241e97ff6c1d" member_type: VOTER last_known_addr { host: "127.21.246.130" port: 35997 } } peers { permanent_uuid: "d6e0e8a7a63643d99760fba648885512" member_type: VOTER last_known_addr { host: "127.21.246.131" port: 42649 } }
I20260709 13:06:45.384770 23837 ts_tablet_manager.cc:1434] T d8e085c3f6a54731b13b18b661ec0dd4 P 8c6e498ebfb14c16856c59dcbb0f121f: Time spent starting tablet: real 0.009s	user 0.010s	sys 0.000s
I20260709 13:06:45.501057 23838 tablet_bootstrap.cc:492] T 1bdc717bce08445b84328d9fd1f3176b P 22f1ffdabc794691b635241e97ff6c1d: No bootstrap required, opened a new log
I20260709 13:06:45.501497 23837 tablet_bootstrap.cc:492] T 7329a85bcf314d92b127a261c5cbd01b P 8c6e498ebfb14c16856c59dcbb0f121f: Bootstrap starting.
I20260709 13:06:45.501668 23838 ts_tablet_manager.cc:1403] T 1bdc717bce08445b84328d9fd1f3176b P 22f1ffdabc794691b635241e97ff6c1d: Time spent bootstrapping tablet: real 0.134s	user 0.005s	sys 0.020s
I20260709 13:06:45.506537 23838 raft_consensus.cc:359] T 1bdc717bce08445b84328d9fd1f3176b P 22f1ffdabc794691b635241e97ff6c1d [term 0 FOLLOWER]: Replica starting. Triggering 0 pending ops. Active config: opid_index: -1 OBSOLETE_local: false peers { permanent_uuid: "8c6e498ebfb14c16856c59dcbb0f121f" member_type: VOTER last_known_addr { host: "127.21.246.129" port: 37051 } } peers { permanent_uuid: "22f1ffdabc794691b635241e97ff6c1d" member_type: VOTER last_known_addr { host: "127.21.246.130" port: 35997 } } peers { permanent_uuid: "d6e0e8a7a63643d99760fba648885512" member_type: VOTER last_known_addr { host: "127.21.246.131" port: 42649 } }
I20260709 13:06:45.507813 23838 raft_consensus.cc:385] T 1bdc717bce08445b84328d9fd1f3176b P 22f1ffdabc794691b635241e97ff6c1d [term 0 FOLLOWER]: Consensus starting up: Expiring failure detector timer to make a prompt election more likely
I20260709 13:06:45.509166 23838 raft_consensus.cc:740] T 1bdc717bce08445b84328d9fd1f3176b P 22f1ffdabc794691b635241e97ff6c1d [term 0 FOLLOWER]: Becoming Follower/Learner. State: Replica: 22f1ffdabc794691b635241e97ff6c1d, State: Initialized, Role: FOLLOWER
I20260709 13:06:45.511053 23837 tablet_bootstrap.cc:654] T 7329a85bcf314d92b127a261c5cbd01b P 8c6e498ebfb14c16856c59dcbb0f121f: Neither blocks nor log segments found. Creating new log.
I20260709 13:06:45.510269 23838 consensus_queue.cc:260] T 1bdc717bce08445b84328d9fd1f3176b P 22f1ffdabc794691b635241e97ff6c1d [NON_LEADER]: Queue going to NON_LEADER mode. State: All replicated index: 0, Majority replicated index: 0, Committed index: 0, Last appended: 0.0, Last appended by leader: 0, Current term: 0, Majority size: -1, State: 0, Mode: NON_LEADER, active raft config: opid_index: -1 OBSOLETE_local: false peers { permanent_uuid: "8c6e498ebfb14c16856c59dcbb0f121f" member_type: VOTER last_known_addr { host: "127.21.246.129" port: 37051 } } peers { permanent_uuid: "22f1ffdabc794691b635241e97ff6c1d" member_type: VOTER last_known_addr { host: "127.21.246.130" port: 35997 } } peers { permanent_uuid: "d6e0e8a7a63643d99760fba648885512" member_type: VOTER last_known_addr { host: "127.21.246.131" port: 42649 } }
I20260709 13:06:45.516055 23838 ts_tablet_manager.cc:1434] T 1bdc717bce08445b84328d9fd1f3176b P 22f1ffdabc794691b635241e97ff6c1d: Time spent starting tablet: real 0.014s	user 0.010s	sys 0.000s
