[==========] Running 8 tests from 2 test suites.
[----------] Global test environment set-up.
[----------] 6 tests from LeaderRebalancerTest
[ RUN      ] LeaderRebalancerTest.FunctionalTestForDivided
WARNING: Logging before InitGoogleLogging() is written to STDERR
I20260709 13:06:20.177757 22490 internal_mini_cluster.cc:156] Creating distributed mini masters. Addrs: 127.21.246.190:44121
I20260709 13:06:20.179476 22490 env_posix.cc:2285] Not raising this process' open files per process limit of 1048576; it is already as high as it can go
I20260709 13:06:20.180706 22490 file_cache.cc:504] Constructed file cache file cache with capacity 419430
W20260709 13:06:20.201167 22499 instance_detector.cc:116] could not retrieve OpenStack instance metadata: Network error: curl error: HTTP response code said error: The requested URL returned error: 404
W20260709 13:06:20.201172 22497 instance_detector.cc:116] could not retrieve Azure instance metadata: Network error: curl error: HTTP response code said error: The requested URL returned error: 404
W20260709 13:06:20.201223 22496 instance_detector.cc:116] could not retrieve AWS instance metadata: Network error: curl error: HTTP response code said error: The requested URL returned error: 404
I20260709 13:06:20.202440 22490 server_base.cc:1061] running on GCE node
I20260709 13:06:21.461854 22490 hybrid_clock.cc:584] initializing the hybrid clock with 'system_unsync' time source
W20260709 13:06:21.462174 22490 system_unsync_time.cc:38] NTP support is disabled. Clock error bounds will not be accurate. This configuration is not suitable for distributed clusters.
I20260709 13:06:21.462343 22490 hybrid_clock.cc:648] HybridClock initialized: now 1783602381462325 us; error 0 us; skew 500 ppm
I20260709 13:06:21.463202 22490 server_base.cc:861] Flag tcmalloc_max_total_thread_cache_bytes is not working since tcmalloc is not enabled.
I20260709 13:06:21.471027 22490 webserver.cc:533] Webserver started at http://127.21.246.190:35807/ using document root <none> and password file <none>
I20260709 13:06:21.472095 22490 fs_manager.cc:362] Metadata directory not provided
I20260709 13:06:21.472328 22490 fs_manager.cc:368] Using write-ahead log directory (fs_wal_dir) as metadata directory
I20260709 13:06:21.472774 22490 server_base.cc:909] This appears to be a new deployment of Kudu; creating new FS layout
I20260709 13:06:21.479455 22490 fs_manager.cc:1068] Generated new instance metadata in path /tmp/dist-test-tasksvfyT7/test-tmp/auto_leader_rebalancer-test.0.LeaderRebalancerTest.FunctionalTestForDivided.1783602379988108-22490-0/minicluster-data/master-0-root/instance:
uuid: "cb0807c7ad784ec0a76aea4c138cd791"
format_stamp: "Formatted at 2026-07-09 13:06:21 on dist-test-slave-3hdj"
I20260709 13:06:21.489007 22490 fs_manager.cc:696] Time spent creating directory manager: real 0.008s	user 0.007s	sys 0.000s
I20260709 13:06:21.494956 22505 log_block_manager.cc:4127] Time spent loading block containers with low live blocks: real 0.000s	user 0.000s	sys 0.000s
I20260709 13:06:21.496541 22490 fs_manager.cc:730] Time spent opening block manager: real 0.004s	user 0.002s	sys 0.001s
I20260709 13:06:21.496984 22490 fs_manager.cc:647] Opened local filesystem: /tmp/dist-test-tasksvfyT7/test-tmp/auto_leader_rebalancer-test.0.LeaderRebalancerTest.FunctionalTestForDivided.1783602379988108-22490-0/minicluster-data/master-0-root
uuid: "cb0807c7ad784ec0a76aea4c138cd791"
format_stamp: "Formatted at 2026-07-09 13:06:21 on dist-test-slave-3hdj"
I20260709 13:06:21.497368 22490 fs_report.cc:389] FS layout report
--------------------
wal directory: /tmp/dist-test-tasksvfyT7/test-tmp/auto_leader_rebalancer-test.0.LeaderRebalancerTest.FunctionalTestForDivided.1783602379988108-22490-0/minicluster-data/master-0-root
metadata directory: /tmp/dist-test-tasksvfyT7/test-tmp/auto_leader_rebalancer-test.0.LeaderRebalancerTest.FunctionalTestForDivided.1783602379988108-22490-0/minicluster-data/master-0-root
1 data directories: /tmp/dist-test-tasksvfyT7/test-tmp/auto_leader_rebalancer-test.0.LeaderRebalancerTest.FunctionalTestForDivided.1783602379988108-22490-0/minicluster-data/master-0-root/data
Total live blocks: 0
Total live bytes: 0
Total live bytes (after alignment): 0
Total number of LBM containers: 0 (0 full)
Did not check for missing blocks
Did not check for orphaned blocks
Total full LBM containers with extra space: 0 (0 repaired)
Total full LBM container extra space in bytes: 0 (0 repaired)
Total incomplete LBM containers: 0 (0 repaired)
Total LBM partial records: 0 (0 repaired)
Total corrupted LBM metadata records in RocksDB: 0 (0 repaired)
I20260709 13:06:21.572160 22490 rpc_server.cc:225] running with OpenSSL 1.1.1  11 Sep 2018
I20260709 13:06:21.574106 22490 env_posix.cc:2285] Not raising this process' running threads per effective uid limit of 18446744073709551615; it is already as high as it can go
I20260709 13:06:21.574676 22490 kserver.cc:163] Server-wide thread pool size limit: 3276
I20260709 13:06:21.658097 22490 rpc_server.cc:307] RPC server started. Bound to: 127.21.246.190:44121
I20260709 13:06:21.658185 22556 acceptor_pool.cc:272] collecting diagnostics on the listening RPC socket 127.21.246.190:44121 every 8 connection(s)
I20260709 13:06:21.666851 22557 data_dirs.cc:400] Could only allocate 1 dirs of requested 3 for tablet 00000000000000000000000000000000. 1 dirs total, 0 dirs full, 0 dirs failed
I20260709 13:06:21.691905 22557 tablet_bootstrap.cc:492] T 00000000000000000000000000000000 P cb0807c7ad784ec0a76aea4c138cd791: Bootstrap starting.
I20260709 13:06:21.698212 22557 tablet_bootstrap.cc:654] T 00000000000000000000000000000000 P cb0807c7ad784ec0a76aea4c138cd791: Neither blocks nor log segments found. Creating new log.
I20260709 13:06:21.700295 22557 log.cc:826] T 00000000000000000000000000000000 P cb0807c7ad784ec0a76aea4c138cd791: Log is configured to *not* fsync() on all Append() calls
I20260709 13:06:21.705358 22557 tablet_bootstrap.cc:492] T 00000000000000000000000000000000 P cb0807c7ad784ec0a76aea4c138cd791: No bootstrap required, opened a new log
I20260709 13:06:21.727128 22557 raft_consensus.cc:359] T 00000000000000000000000000000000 P cb0807c7ad784ec0a76aea4c138cd791 [term 0 FOLLOWER]: Replica starting. Triggering 0 pending ops. Active config: opid_index: -1 OBSOLETE_local: true peers { permanent_uuid: "cb0807c7ad784ec0a76aea4c138cd791" member_type: VOTER }
I20260709 13:06:21.727803 22557 raft_consensus.cc:385] T 00000000000000000000000000000000 P cb0807c7ad784ec0a76aea4c138cd791 [term 0 FOLLOWER]: Consensus starting up: Expiring failure detector timer to make a prompt election more likely
I20260709 13:06:21.728050 22557 raft_consensus.cc:740] T 00000000000000000000000000000000 P cb0807c7ad784ec0a76aea4c138cd791 [term 0 FOLLOWER]: Becoming Follower/Learner. State: Replica: cb0807c7ad784ec0a76aea4c138cd791, State: Initialized, Role: FOLLOWER
I20260709 13:06:21.728925 22557 consensus_queue.cc:260] T 00000000000000000000000000000000 P cb0807c7ad784ec0a76aea4c138cd791 [NON_LEADER]: Queue going to NON_LEADER mode. State: All replicated index: 0, Majority replicated index: 0, Committed index: 0, Last appended: 0.0, Last appended by leader: 0, Current term: 0, Majority size: -1, State: 0, Mode: NON_LEADER, active raft config: opid_index: -1 OBSOLETE_local: true peers { permanent_uuid: "cb0807c7ad784ec0a76aea4c138cd791" member_type: VOTER }
I20260709 13:06:21.729429 22557 raft_consensus.cc:399] T 00000000000000000000000000000000 P cb0807c7ad784ec0a76aea4c138cd791 [term 0 FOLLOWER]: Only one voter in the Raft config. Triggering election immediately
I20260709 13:06:21.729699 22557 raft_consensus.cc:493] T 00000000000000000000000000000000 P cb0807c7ad784ec0a76aea4c138cd791 [term 0 FOLLOWER]: Starting leader election (initial election of a single-replica configuration)
I20260709 13:06:21.730005 22557 raft_consensus.cc:3060] T 00000000000000000000000000000000 P cb0807c7ad784ec0a76aea4c138cd791 [term 0 FOLLOWER]: Advancing to term 1
I20260709 13:06:21.734262 22557 raft_consensus.cc:515] T 00000000000000000000000000000000 P cb0807c7ad784ec0a76aea4c138cd791 [term 1 FOLLOWER]: Starting leader election with config: opid_index: -1 OBSOLETE_local: true peers { permanent_uuid: "cb0807c7ad784ec0a76aea4c138cd791" member_type: VOTER }
I20260709 13:06:21.735037 22557 leader_election.cc:304] T 00000000000000000000000000000000 P cb0807c7ad784ec0a76aea4c138cd791 [CANDIDATE]: Term 1 election: Election decided. Result: candidate won. Election summary: received 1 responses out of 1 voters: 1 yes votes; 0 no votes. yes voters: cb0807c7ad784ec0a76aea4c138cd791; no voters: 
I20260709 13:06:21.736901 22557 leader_election.cc:290] T 00000000000000000000000000000000 P cb0807c7ad784ec0a76aea4c138cd791 [CANDIDATE]: Term 1 election: Requested vote from peers 
I20260709 13:06:21.737283 22560 raft_consensus.cc:2804] T 00000000000000000000000000000000 P cb0807c7ad784ec0a76aea4c138cd791 [term 1 FOLLOWER]: Leader election won for term 1
I20260709 13:06:21.739655 22560 raft_consensus.cc:697] T 00000000000000000000000000000000 P cb0807c7ad784ec0a76aea4c138cd791 [term 1 LEADER]: Becoming Leader. State: Replica: cb0807c7ad784ec0a76aea4c138cd791, State: Running, Role: LEADER
I20260709 13:06:21.740736 22560 consensus_queue.cc:237] T 00000000000000000000000000000000 P cb0807c7ad784ec0a76aea4c138cd791 [LEADER]: Queue going to LEADER mode. State: All replicated index: 0, Majority replicated index: 0, Committed index: 0, Last appended: 0.0, Last appended by leader: 0, Current term: 1, Majority size: 1, State: 0, Mode: LEADER, active raft config: opid_index: -1 OBSOLETE_local: true peers { permanent_uuid: "cb0807c7ad784ec0a76aea4c138cd791" member_type: VOTER }
I20260709 13:06:21.741958 22557 sys_catalog.cc:565] T 00000000000000000000000000000000 P cb0807c7ad784ec0a76aea4c138cd791 [sys.catalog]: configured and running, proceeding with master startup.
I20260709 13:06:21.753720 22561 sys_catalog.cc:455] T 00000000000000000000000000000000 P cb0807c7ad784ec0a76aea4c138cd791 [sys.catalog]: SysCatalogTable state changed. Reason: RaftConsensus started. Latest consensus state: current_term: 1 leader_uuid: "cb0807c7ad784ec0a76aea4c138cd791" committed_config { opid_index: -1 OBSOLETE_local: true peers { permanent_uuid: "cb0807c7ad784ec0a76aea4c138cd791" member_type: VOTER } }
I20260709 13:06:21.753950 22562 sys_catalog.cc:455] T 00000000000000000000000000000000 P cb0807c7ad784ec0a76aea4c138cd791 [sys.catalog]: SysCatalogTable state changed. Reason: New leader cb0807c7ad784ec0a76aea4c138cd791. Latest consensus state: current_term: 1 leader_uuid: "cb0807c7ad784ec0a76aea4c138cd791" committed_config { opid_index: -1 OBSOLETE_local: true peers { permanent_uuid: "cb0807c7ad784ec0a76aea4c138cd791" member_type: VOTER } }
I20260709 13:06:21.754837 22562 sys_catalog.cc:458] T 00000000000000000000000000000000 P cb0807c7ad784ec0a76aea4c138cd791 [sys.catalog]: This master's current role is: LEADER
I20260709 13:06:21.754846 22561 sys_catalog.cc:458] T 00000000000000000000000000000000 P cb0807c7ad784ec0a76aea4c138cd791 [sys.catalog]: This master's current role is: LEADER
I20260709 13:06:21.757710 22570 catalog_manager.cc:1511] Loading table and tablet metadata into memory...
I20260709 13:06:21.771663 22570 catalog_manager.cc:1520] Initializing Kudu cluster ID...
I20260709 13:06:21.774339 22490 internal_mini_cluster.cc:184] Waiting to initialize catalog manager on master 0
I20260709 13:06:21.790298 22570 catalog_manager.cc:1383] Generated new cluster ID: fe5f8c3ea82f4a248ca38b5217e102ee
I20260709 13:06:21.790627 22570 catalog_manager.cc:1531] Initializing Kudu internal certificate authority...
I20260709 13:06:21.817674 22570 catalog_manager.cc:1406] Generated new certificate authority record
I20260709 13:06:21.819439 22570 catalog_manager.cc:1540] Loading token signing keys...
I20260709 13:06:21.837181 22570 catalog_manager.cc:6070] T 00000000000000000000000000000000 P cb0807c7ad784ec0a76aea4c138cd791: Generated new TSK 0
I20260709 13:06:21.838294 22570 catalog_manager.cc:1550] Initializing in-progress tserver states...
I20260709 13:06:21.906358 22490 file_cache.cc:504] Constructed file cache file cache with capacity 419430
W20260709 13:06:21.917289 22579 instance_detector.cc:116] could not retrieve AWS instance metadata: Network error: curl error: HTTP response code said error: The requested URL returned error: 404
W20260709 13:06:21.919615 22580 instance_detector.cc:116] could not retrieve Azure instance metadata: Network error: curl error: HTTP response code said error: The requested URL returned error: 404
I20260709 13:06:21.924612 22490 server_base.cc:1061] running on GCE node
W20260709 13:06:21.924966 22582 instance_detector.cc:116] could not retrieve OpenStack instance metadata: Network error: curl error: HTTP response code said error: The requested URL returned error: 404
I20260709 13:06:21.925905 22490 hybrid_clock.cc:584] initializing the hybrid clock with 'system_unsync' time source
W20260709 13:06:21.926103 22490 system_unsync_time.cc:38] NTP support is disabled. Clock error bounds will not be accurate. This configuration is not suitable for distributed clusters.
I20260709 13:06:21.926316 22490 hybrid_clock.cc:648] HybridClock initialized: now 1783602381926300 us; error 0 us; skew 500 ppm
I20260709 13:06:21.926970 22490 server_base.cc:861] Flag tcmalloc_max_total_thread_cache_bytes is not working since tcmalloc is not enabled.
I20260709 13:06:21.931658 22490 webserver.cc:533] Webserver started at http://127.21.246.129:45893/ using document root <none> and password file <none>
I20260709 13:06:21.932327 22490 fs_manager.cc:362] Metadata directory not provided
I20260709 13:06:21.932533 22490 fs_manager.cc:368] Using write-ahead log directory (fs_wal_dir) as metadata directory
I20260709 13:06:21.932853 22490 server_base.cc:909] This appears to be a new deployment of Kudu; creating new FS layout
I20260709 13:06:21.934017 22490 fs_manager.cc:1068] Generated new instance metadata in path /tmp/dist-test-tasksvfyT7/test-tmp/auto_leader_rebalancer-test.0.LeaderRebalancerTest.FunctionalTestForDivided.1783602379988108-22490-0/minicluster-data/ts-0-root/instance:
uuid: "cf9c882b5ee344ae8dc0deee50cd8b82"
format_stamp: "Formatted at 2026-07-09 13:06:21 on dist-test-slave-3hdj"
I20260709 13:06:21.940480 22490 fs_manager.cc:696] Time spent creating directory manager: real 0.006s	user 0.005s	sys 0.003s
I20260709 13:06:21.945737 22587 log_block_manager.cc:4127] Time spent loading block containers with low live blocks: real 0.000s	user 0.000s	sys 0.000s
I20260709 13:06:21.946762 22490 fs_manager.cc:730] Time spent opening block manager: real 0.004s	user 0.005s	sys 0.000s
I20260709 13:06:21.947135 22490 fs_manager.cc:647] Opened local filesystem: /tmp/dist-test-tasksvfyT7/test-tmp/auto_leader_rebalancer-test.0.LeaderRebalancerTest.FunctionalTestForDivided.1783602379988108-22490-0/minicluster-data/ts-0-root
uuid: "cf9c882b5ee344ae8dc0deee50cd8b82"
format_stamp: "Formatted at 2026-07-09 13:06:21 on dist-test-slave-3hdj"
I20260709 13:06:21.947541 22490 fs_report.cc:389] FS layout report
--------------------
wal directory: /tmp/dist-test-tasksvfyT7/test-tmp/auto_leader_rebalancer-test.0.LeaderRebalancerTest.FunctionalTestForDivided.1783602379988108-22490-0/minicluster-data/ts-0-root
metadata directory: /tmp/dist-test-tasksvfyT7/test-tmp/auto_leader_rebalancer-test.0.LeaderRebalancerTest.FunctionalTestForDivided.1783602379988108-22490-0/minicluster-data/ts-0-root
1 data directories: /tmp/dist-test-tasksvfyT7/test-tmp/auto_leader_rebalancer-test.0.LeaderRebalancerTest.FunctionalTestForDivided.1783602379988108-22490-0/minicluster-data/ts-0-root/data
Total live blocks: 0
Total live bytes: 0
Total live bytes (after alignment): 0
Total number of LBM containers: 0 (0 full)
Did not check for missing blocks
Did not check for orphaned blocks
Total full LBM containers with extra space: 0 (0 repaired)
Total full LBM container extra space in bytes: 0 (0 repaired)
Total incomplete LBM containers: 0 (0 repaired)
Total LBM partial records: 0 (0 repaired)
Total corrupted LBM metadata records in RocksDB: 0 (0 repaired)
I20260709 13:06:21.971971 22490 rpc_server.cc:225] running with OpenSSL 1.1.1  11 Sep 2018
I20260709 13:06:21.973789 22490 kserver.cc:163] Server-wide thread pool size limit: 3276
I20260709 13:06:21.976807 22490 txn_system_client.cc:432] TxnSystemClient initialization is disabled...
I20260709 13:06:21.982625 22490 ts_tablet_manager.cc:585] Loaded tablet metadata (0 total tablets, 0 live tablets)
I20260709 13:06:21.983000 22490 ts_tablet_manager.cc:531] Time spent load tablet metadata: real 0.000s	user 0.000s	sys 0.000s
I20260709 13:06:21.983338 22490 ts_tablet_manager.cc:616] Registered 0 tablets
I20260709 13:06:21.983577 22490 ts_tablet_manager.cc:595] Time spent register tablets: real 0.000s	user 0.000s	sys 0.000s
I20260709 13:06:22.090416 22490 rpc_server.cc:307] RPC server started. Bound to: 127.21.246.129:34611
I20260709 13:06:22.090472 22649 acceptor_pool.cc:272] collecting diagnostics on the listening RPC socket 127.21.246.129:34611 every 8 connection(s)
I20260709 13:06:22.099579 22490 file_cache.cc:504] Constructed file cache file cache with capacity 419430
W20260709 13:06:22.110735 22654 instance_detector.cc:116] could not retrieve AWS instance metadata: Network error: curl error: HTTP response code said error: The requested URL returned error: 404
W20260709 13:06:22.118659 22655 instance_detector.cc:116] could not retrieve Azure instance metadata: Network error: curl error: HTTP response code said error: The requested URL returned error: 404
I20260709 13:06:22.122073 22490 server_base.cc:1061] running on GCE node
W20260709 13:06:22.122752 22657 instance_detector.cc:116] could not retrieve OpenStack instance metadata: Network error: curl error: HTTP response code said error: The requested URL returned error: 404
I20260709 13:06:22.124318 22490 hybrid_clock.cc:584] initializing the hybrid clock with 'system_unsync' time source
W20260709 13:06:22.124828 22490 system_unsync_time.cc:38] NTP support is disabled. Clock error bounds will not be accurate. This configuration is not suitable for distributed clusters.
I20260709 13:06:22.125152 22490 hybrid_clock.cc:648] HybridClock initialized: now 1783602382125129 us; error 0 us; skew 500 ppm
I20260709 13:06:22.126176 22490 server_base.cc:861] Flag tcmalloc_max_total_thread_cache_bytes is not working since tcmalloc is not enabled.
I20260709 13:06:22.129791 22650 heartbeater.cc:344] Connected to a master server at 127.21.246.190:44121
I20260709 13:06:22.130394 22650 heartbeater.cc:461] Registering TS with master...
I20260709 13:06:22.131814 22650 heartbeater.cc:507] Master 127.21.246.190:44121 requested a full tablet report, sending...
I20260709 13:06:22.131883 22490 webserver.cc:533] Webserver started at http://127.21.246.130:36947/ using document root <none> and password file <none>
I20260709 13:06:22.132551 22490 fs_manager.cc:362] Metadata directory not provided
I20260709 13:06:22.132829 22490 fs_manager.cc:368] Using write-ahead log directory (fs_wal_dir) as metadata directory
I20260709 13:06:22.133148 22490 server_base.cc:909] This appears to be a new deployment of Kudu; creating new FS layout
I20260709 13:06:22.134558 22490 fs_manager.cc:1068] Generated new instance metadata in path /tmp/dist-test-tasksvfyT7/test-tmp/auto_leader_rebalancer-test.0.LeaderRebalancerTest.FunctionalTestForDivided.1783602379988108-22490-0/minicluster-data/ts-1-root/instance:
uuid: "4c05607fc9564d778811353286c414fe"
format_stamp: "Formatted at 2026-07-09 13:06:22 on dist-test-slave-3hdj"
I20260709 13:06:22.136025 22522 ts_manager.cc:194] Registered new tserver with Master: cf9c882b5ee344ae8dc0deee50cd8b82 (127.21.246.129:34611)
I20260709 13:06:22.139369 22522 master_service.cc:502] Signed X509 certificate for tserver {username='slave'} at 127.0.0.1:51824
I20260709 13:06:22.143074 22490 fs_manager.cc:696] Time spent creating directory manager: real 0.008s	user 0.010s	sys 0.000s
I20260709 13:06:22.148579 22662 log_block_manager.cc:4127] Time spent loading block containers with low live blocks: real 0.000s	user 0.000s	sys 0.000s
I20260709 13:06:22.149710 22490 fs_manager.cc:730] Time spent opening block manager: real 0.004s	user 0.003s	sys 0.000s
I20260709 13:06:22.150310 22490 fs_manager.cc:647] Opened local filesystem: /tmp/dist-test-tasksvfyT7/test-tmp/auto_leader_rebalancer-test.0.LeaderRebalancerTest.FunctionalTestForDivided.1783602379988108-22490-0/minicluster-data/ts-1-root
uuid: "4c05607fc9564d778811353286c414fe"
format_stamp: "Formatted at 2026-07-09 13:06:22 on dist-test-slave-3hdj"
I20260709 13:06:22.150650 22490 fs_report.cc:389] FS layout report
--------------------
wal directory: /tmp/dist-test-tasksvfyT7/test-tmp/auto_leader_rebalancer-test.0.LeaderRebalancerTest.FunctionalTestForDivided.1783602379988108-22490-0/minicluster-data/ts-1-root
metadata directory: /tmp/dist-test-tasksvfyT7/test-tmp/auto_leader_rebalancer-test.0.LeaderRebalancerTest.FunctionalTestForDivided.1783602379988108-22490-0/minicluster-data/ts-1-root
1 data directories: /tmp/dist-test-tasksvfyT7/test-tmp/auto_leader_rebalancer-test.0.LeaderRebalancerTest.FunctionalTestForDivided.1783602379988108-22490-0/minicluster-data/ts-1-root/data
Total live blocks: 0
Total live bytes: 0
Total live bytes (after alignment): 0
Total number of LBM containers: 0 (0 full)
Did not check for missing blocks
Did not check for orphaned blocks
Total full LBM containers with extra space: 0 (0 repaired)
Total full LBM container extra space in bytes: 0 (0 repaired)
Total incomplete LBM containers: 0 (0 repaired)
Total LBM partial records: 0 (0 repaired)
Total corrupted LBM metadata records in RocksDB: 0 (0 repaired)
I20260709 13:06:22.170671 22490 rpc_server.cc:225] running with OpenSSL 1.1.1  11 Sep 2018
I20260709 13:06:22.172600 22490 kserver.cc:163] Server-wide thread pool size limit: 3276
I20260709 13:06:22.174998 22490 txn_system_client.cc:432] TxnSystemClient initialization is disabled...
I20260709 13:06:22.178284 22490 ts_tablet_manager.cc:585] Loaded tablet metadata (0 total tablets, 0 live tablets)
I20260709 13:06:22.178565 22490 ts_tablet_manager.cc:531] Time spent load tablet metadata: real 0.000s	user 0.000s	sys 0.000s
I20260709 13:06:22.178848 22490 ts_tablet_manager.cc:616] Registered 0 tablets
I20260709 13:06:22.179032 22490 ts_tablet_manager.cc:595] Time spent register tablets: real 0.000s	user 0.000s	sys 0.000s
I20260709 13:06:22.288669 22490 rpc_server.cc:307] RPC server started. Bound to: 127.21.246.130:36715
I20260709 13:06:22.288805 22724 acceptor_pool.cc:272] collecting diagnostics on the listening RPC socket 127.21.246.130:36715 every 8 connection(s)
I20260709 13:06:22.297034 22490 file_cache.cc:504] Constructed file cache file cache with capacity 419430
W20260709 13:06:22.307950 22728 instance_detector.cc:116] could not retrieve AWS instance metadata: Network error: curl error: HTTP response code said error: The requested URL returned error: 404
W20260709 13:06:22.311268 22729 instance_detector.cc:116] could not retrieve Azure instance metadata: Network error: curl error: HTTP response code said error: The requested URL returned error: 404
I20260709 13:06:22.312674 22725 heartbeater.cc:344] Connected to a master server at 127.21.246.190:44121
I20260709 13:06:22.313501 22725 heartbeater.cc:461] Registering TS with master...
I20260709 13:06:22.314960 22725 heartbeater.cc:507] Master 127.21.246.190:44121 requested a full tablet report, sending...
I20260709 13:06:22.316601 22490 server_base.cc:1061] running on GCE node
I20260709 13:06:22.317996 22522 ts_manager.cc:194] Registered new tserver with Master: 4c05607fc9564d778811353286c414fe (127.21.246.130:36715)
W20260709 13:06:22.318266 22731 instance_detector.cc:116] could not retrieve OpenStack instance metadata: Network error: curl error: HTTP response code said error: The requested URL returned error: 404
I20260709 13:06:22.319592 22490 hybrid_clock.cc:584] initializing the hybrid clock with 'system_unsync' time source
I20260709 13:06:22.319803 22522 master_service.cc:502] Signed X509 certificate for tserver {username='slave'} at 127.0.0.1:51828
W20260709 13:06:22.319950 22490 system_unsync_time.cc:38] NTP support is disabled. Clock error bounds will not be accurate. This configuration is not suitable for distributed clusters.
I20260709 13:06:22.320317 22490 hybrid_clock.cc:648] HybridClock initialized: now 1783602382320292 us; error 0 us; skew 500 ppm
I20260709 13:06:22.321293 22490 server_base.cc:861] Flag tcmalloc_max_total_thread_cache_bytes is not working since tcmalloc is not enabled.
I20260709 13:06:22.324390 22490 webserver.cc:533] Webserver started at http://127.21.246.131:43943/ using document root <none> and password file <none>
I20260709 13:06:22.325047 22490 fs_manager.cc:362] Metadata directory not provided
I20260709 13:06:22.325297 22490 fs_manager.cc:368] Using write-ahead log directory (fs_wal_dir) as metadata directory
I20260709 13:06:22.325629 22490 server_base.cc:909] This appears to be a new deployment of Kudu; creating new FS layout
I20260709 13:06:22.327028 22490 fs_manager.cc:1068] Generated new instance metadata in path /tmp/dist-test-tasksvfyT7/test-tmp/auto_leader_rebalancer-test.0.LeaderRebalancerTest.FunctionalTestForDivided.1783602379988108-22490-0/minicluster-data/ts-2-root/instance:
uuid: "6f21f217330c4a1e9496096a1ca3c40e"
format_stamp: "Formatted at 2026-07-09 13:06:22 on dist-test-slave-3hdj"
I20260709 13:06:22.333339 22490 fs_manager.cc:696] Time spent creating directory manager: real 0.006s	user 0.008s	sys 0.000s
I20260709 13:06:22.337522 22736 log_block_manager.cc:4127] Time spent loading block containers with low live blocks: real 0.000s	user 0.000s	sys 0.000s
I20260709 13:06:22.338945 22490 fs_manager.cc:730] Time spent opening block manager: real 0.004s	user 0.003s	sys 0.001s
I20260709 13:06:22.339459 22490 fs_manager.cc:647] Opened local filesystem: /tmp/dist-test-tasksvfyT7/test-tmp/auto_leader_rebalancer-test.0.LeaderRebalancerTest.FunctionalTestForDivided.1783602379988108-22490-0/minicluster-data/ts-2-root
uuid: "6f21f217330c4a1e9496096a1ca3c40e"
format_stamp: "Formatted at 2026-07-09 13:06:22 on dist-test-slave-3hdj"
I20260709 13:06:22.339923 22490 fs_report.cc:389] FS layout report
--------------------
wal directory: /tmp/dist-test-tasksvfyT7/test-tmp/auto_leader_rebalancer-test.0.LeaderRebalancerTest.FunctionalTestForDivided.1783602379988108-22490-0/minicluster-data/ts-2-root
metadata directory: /tmp/dist-test-tasksvfyT7/test-tmp/auto_leader_rebalancer-test.0.LeaderRebalancerTest.FunctionalTestForDivided.1783602379988108-22490-0/minicluster-data/ts-2-root
1 data directories: /tmp/dist-test-tasksvfyT7/test-tmp/auto_leader_rebalancer-test.0.LeaderRebalancerTest.FunctionalTestForDivided.1783602379988108-22490-0/minicluster-data/ts-2-root/data
Total live blocks: 0
Total live bytes: 0
Total live bytes (after alignment): 0
Total number of LBM containers: 0 (0 full)
Did not check for missing blocks
Did not check for orphaned blocks
Total full LBM containers with extra space: 0 (0 repaired)
Total full LBM container extra space in bytes: 0 (0 repaired)
Total incomplete LBM containers: 0 (0 repaired)
Total LBM partial records: 0 (0 repaired)
Total corrupted LBM metadata records in RocksDB: 0 (0 repaired)
I20260709 13:06:22.357988 22490 rpc_server.cc:225] running with OpenSSL 1.1.1  11 Sep 2018
I20260709 13:06:22.359404 22490 kserver.cc:163] Server-wide thread pool size limit: 3276
I20260709 13:06:22.361251 22490 txn_system_client.cc:432] TxnSystemClient initialization is disabled...
I20260709 13:06:22.363922 22490 ts_tablet_manager.cc:585] Loaded tablet metadata (0 total tablets, 0 live tablets)
I20260709 13:06:22.364176 22490 ts_tablet_manager.cc:531] Time spent load tablet metadata: real 0.000s	user 0.000s	sys 0.000s
I20260709 13:06:22.364436 22490 ts_tablet_manager.cc:616] Registered 0 tablets
I20260709 13:06:22.364630 22490 ts_tablet_manager.cc:595] Time spent register tablets: real 0.000s	user 0.000s	sys 0.000s
I20260709 13:06:22.468101 22490 rpc_server.cc:307] RPC server started. Bound to: 127.21.246.131:36205
I20260709 13:06:22.468322 22798 acceptor_pool.cc:272] collecting diagnostics on the listening RPC socket 127.21.246.131:36205 every 8 connection(s)
I20260709 13:06:22.489717 22799 heartbeater.cc:344] Connected to a master server at 127.21.246.190:44121
I20260709 13:06:22.490200 22799 heartbeater.cc:461] Registering TS with master...
I20260709 13:06:22.491590 22799 heartbeater.cc:507] Master 127.21.246.190:44121 requested a full tablet report, sending...
I20260709 13:06:22.495100 22522 ts_manager.cc:194] Registered new tserver with Master: 6f21f217330c4a1e9496096a1ca3c40e (127.21.246.131:36205)
I20260709 13:06:22.496052 22490 internal_mini_cluster.cc:371] 3 TS(s) registered with all masters after 0.022208335s
I20260709 13:06:22.497373 22522 master_service.cc:502] Signed X509 certificate for tserver {username='slave'} at 127.0.0.1:51838
I20260709 13:06:22.560672 22522 catalog_manager.cc:2283] Servicing CreateTable request from {username='slave'} at 127.0.0.1:51840:
name: "test-workload"
schema {
  columns {
    name: "key"
    type: INT32
    is_key: true
    is_nullable: false
    encoding: AUTO_ENCODING
    compression: DEFAULT_COMPRESSION
    cfile_block_size: 0
    immutable: false
  }
  columns {
    name: "int_val"
    type: INT32
    is_key: false
    is_nullable: false
    encoding: AUTO_ENCODING
    compression: DEFAULT_COMPRESSION
    cfile_block_size: 0
    immutable: false
  }
  columns {
    name: "string_val"
    type: STRING
    is_key: false
    is_nullable: true
    encoding: AUTO_ENCODING
    compression: DEFAULT_COMPRESSION
    cfile_block_size: 0
    immutable: false
  }
}
num_replicas: 3
split_rows_range_bounds {
  rows: "\004\001\000\216\3438\016\004\001\000\034\307q\034\004\001\000\252\252\252*\004\001\0008\216\3438\004\001\000\306q\034G\004\001\000TUUU\004\001\000\3428\216c\004\001\000p\034\307q""\004\001\000\216\3438\016\004\001\000\034\307q\034\004\001\000\252\252\252*\004\001\0008\216\3438\004\001\000\306q\034G\004\001\000TUUU\004\001\000\3428\216c\004\001\000p\034\307q"
  indirect_data: """"
}
partition_schema {
  range_schema {
    columns {
      name: "key"
    }
  }
}
W20260709 13:06:22.565164 22522 catalog_manager.cc:7077] The number of live tablet servers is not enough to re-replicate a tablet replica of the newly created table test-workload in case of a server failure: 4 tablet servers would be needed, 3 are available. Consider bringing up more tablet servers.
I20260709 13:06:22.703372 22690 tablet_service.cc:1511] Processing CreateTablet for tablet 802f3ab0f81e44dea3dc3b8c27ad7cea (DEFAULT_TABLE table=test-workload [id=6850af3106b94e269f8ea9290be31569]), partition=RANGE (key) PARTITION VALUES < 238609294
I20260709 13:06:22.705338 22690 data_dirs.cc:400] Could only allocate 1 dirs of requested 3 for tablet 802f3ab0f81e44dea3dc3b8c27ad7cea. 1 dirs total, 0 dirs full, 0 dirs failed
I20260709 13:06:22.709055 22615 tablet_service.cc:1511] Processing CreateTablet for tablet 802f3ab0f81e44dea3dc3b8c27ad7cea (DEFAULT_TABLE table=test-workload [id=6850af3106b94e269f8ea9290be31569]), partition=RANGE (key) PARTITION VALUES < 238609294
I20260709 13:06:22.710762 22615 data_dirs.cc:400] Could only allocate 1 dirs of requested 3 for tablet 802f3ab0f81e44dea3dc3b8c27ad7cea. 1 dirs total, 0 dirs full, 0 dirs failed
I20260709 13:06:22.711180 22764 tablet_service.cc:1511] Processing CreateTablet for tablet 802f3ab0f81e44dea3dc3b8c27ad7cea (DEFAULT_TABLE table=test-workload [id=6850af3106b94e269f8ea9290be31569]), partition=RANGE (key) PARTITION VALUES < 238609294
I20260709 13:06:22.712955 22764 data_dirs.cc:400] Could only allocate 1 dirs of requested 3 for tablet 802f3ab0f81e44dea3dc3b8c27ad7cea. 1 dirs total, 0 dirs full, 0 dirs failed
I20260709 13:06:22.713255 22614 tablet_service.cc:1511] Processing CreateTablet for tablet 93e0643fbfac4c66b70fe75968548191 (DEFAULT_TABLE table=test-workload [id=6850af3106b94e269f8ea9290be31569]), partition=RANGE (key) PARTITION 238609294 <= VALUES < 477218588
I20260709 13:06:22.714761 22614 data_dirs.cc:400] Could only allocate 1 dirs of requested 3 for tablet 93e0643fbfac4c66b70fe75968548191. 1 dirs total, 0 dirs full, 0 dirs failed
I20260709 13:06:22.717151 22613 tablet_service.cc:1511] Processing CreateTablet for tablet 951c0e80b052496e9e45203fe59288c6 (DEFAULT_TABLE table=test-workload [id=6850af3106b94e269f8ea9290be31569]), partition=RANGE (key) PARTITION 477218588 <= VALUES < 715827882
I20260709 13:06:22.718760 22613 data_dirs.cc:400] Could only allocate 1 dirs of requested 3 for tablet 951c0e80b052496e9e45203fe59288c6. 1 dirs total, 0 dirs full, 0 dirs failed
I20260709 13:06:22.718598 22763 tablet_service.cc:1511] Processing CreateTablet for tablet 93e0643fbfac4c66b70fe75968548191 (DEFAULT_TABLE table=test-workload [id=6850af3106b94e269f8ea9290be31569]), partition=RANGE (key) PARTITION 238609294 <= VALUES < 477218588
I20260709 13:06:22.719214 22687 tablet_service.cc:1511] Processing CreateTablet for tablet bb11162172fd4989b2a4c5213959a167 (DEFAULT_TABLE table=test-workload [id=6850af3106b94e269f8ea9290be31569]), partition=RANGE (key) PARTITION 715827882 <= VALUES < 954437176
I20260709 13:06:22.720224 22763 data_dirs.cc:400] Could only allocate 1 dirs of requested 3 for tablet 93e0643fbfac4c66b70fe75968548191. 1 dirs total, 0 dirs full, 0 dirs failed
I20260709 13:06:22.720782 22687 data_dirs.cc:400] Could only allocate 1 dirs of requested 3 for tablet bb11162172fd4989b2a4c5213959a167. 1 dirs total, 0 dirs full, 0 dirs failed
I20260709 13:06:22.721745 22612 tablet_service.cc:1511] Processing CreateTablet for tablet bb11162172fd4989b2a4c5213959a167 (DEFAULT_TABLE table=test-workload [id=6850af3106b94e269f8ea9290be31569]), partition=RANGE (key) PARTITION 715827882 <= VALUES < 954437176
I20260709 13:06:22.725311 22762 tablet_service.cc:1511] Processing CreateTablet for tablet 951c0e80b052496e9e45203fe59288c6 (DEFAULT_TABLE table=test-workload [id=6850af3106b94e269f8ea9290be31569]), partition=RANGE (key) PARTITION 477218588 <= VALUES < 715827882
I20260709 13:06:22.726982 22762 data_dirs.cc:400] Could only allocate 1 dirs of requested 3 for tablet 951c0e80b052496e9e45203fe59288c6. 1 dirs total, 0 dirs full, 0 dirs failed
I20260709 13:06:22.729362 22689 tablet_service.cc:1511] Processing CreateTablet for tablet 93e0643fbfac4c66b70fe75968548191 (DEFAULT_TABLE table=test-workload [id=6850af3106b94e269f8ea9290be31569]), partition=RANGE (key) PARTITION 238609294 <= VALUES < 477218588
I20260709 13:06:22.733168 22688 tablet_service.cc:1511] Processing CreateTablet for tablet 951c0e80b052496e9e45203fe59288c6 (DEFAULT_TABLE table=test-workload [id=6850af3106b94e269f8ea9290be31569]), partition=RANGE (key) PARTITION 477218588 <= VALUES < 715827882
I20260709 13:06:22.734735 22689 data_dirs.cc:400] Could only allocate 1 dirs of requested 3 for tablet 93e0643fbfac4c66b70fe75968548191. 1 dirs total, 0 dirs full, 0 dirs failed
I20260709 13:06:22.740135 22688 data_dirs.cc:400] Could only allocate 1 dirs of requested 3 for tablet 951c0e80b052496e9e45203fe59288c6. 1 dirs total, 0 dirs full, 0 dirs failed
I20260709 13:06:22.723616 22612 data_dirs.cc:400] Could only allocate 1 dirs of requested 3 for tablet bb11162172fd4989b2a4c5213959a167. 1 dirs total, 0 dirs full, 0 dirs failed
W20260709 13:06:22.769184 22569 auto_rebalancer.cc:288] Could not retrieve cluster info: Service unavailable: Tablet not running
I20260709 13:06:22.787114 22764 tablet_service.cc:1511] Processing CreateTablet for tablet bb11162172fd4989b2a4c5213959a167 (DEFAULT_TABLE table=test-workload [id=6850af3106b94e269f8ea9290be31569]), partition=RANGE (key) PARTITION 715827882 <= VALUES < 954437176
I20260709 13:06:22.788714 22764 data_dirs.cc:400] Could only allocate 1 dirs of requested 3 for tablet bb11162172fd4989b2a4c5213959a167. 1 dirs total, 0 dirs full, 0 dirs failed
I20260709 13:06:22.821524 22817 tablet_bootstrap.cc:492] T 93e0643fbfac4c66b70fe75968548191 P 6f21f217330c4a1e9496096a1ca3c40e: Bootstrap starting.
I20260709 13:06:22.825922 22611 tablet_service.cc:1511] Processing CreateTablet for tablet 61430d6fafb3405f9e4e31cfbcdd20e7 (DEFAULT_TABLE table=test-workload [id=6850af3106b94e269f8ea9290be31569]), partition=RANGE (key) PARTITION 954437176 <= VALUES < 1193046470
I20260709 13:06:22.835603 22611 data_dirs.cc:400] Could only allocate 1 dirs of requested 3 for tablet 61430d6fafb3405f9e4e31cfbcdd20e7. 1 dirs total, 0 dirs full, 0 dirs failed
I20260709 13:06:22.841755 22818 tablet_bootstrap.cc:492] T bb11162172fd4989b2a4c5213959a167 P 4c05607fc9564d778811353286c414fe: Bootstrap starting.
I20260709 13:06:22.846742 22690 tablet_service.cc:1511] Processing CreateTablet for tablet 61430d6fafb3405f9e4e31cfbcdd20e7 (DEFAULT_TABLE table=test-workload [id=6850af3106b94e269f8ea9290be31569]), partition=RANGE (key) PARTITION 954437176 <= VALUES < 1193046470
I20260709 13:06:22.858126 22819 tablet_bootstrap.cc:492] T 951c0e80b052496e9e45203fe59288c6 P cf9c882b5ee344ae8dc0deee50cd8b82: Bootstrap starting.
I20260709 13:06:22.858340 22763 tablet_service.cc:1511] Processing CreateTablet for tablet 61430d6fafb3405f9e4e31cfbcdd20e7 (DEFAULT_TABLE table=test-workload [id=6850af3106b94e269f8ea9290be31569]), partition=RANGE (key) PARTITION 954437176 <= VALUES < 1193046470
I20260709 13:06:22.861332 22763 data_dirs.cc:400] Could only allocate 1 dirs of requested 3 for tablet 61430d6fafb3405f9e4e31cfbcdd20e7. 1 dirs total, 0 dirs full, 0 dirs failed
I20260709 13:06:22.863082 22817 tablet_bootstrap.cc:654] T 93e0643fbfac4c66b70fe75968548191 P 6f21f217330c4a1e9496096a1ca3c40e: Neither blocks nor log segments found. Creating new log.
I20260709 13:06:22.872959 22687 tablet_service.cc:1511] Processing CreateTablet for tablet 2ad67cc09eb243d68c213f254831cba7 (DEFAULT_TABLE table=test-workload [id=6850af3106b94e269f8ea9290be31569]), partition=RANGE (key) PARTITION 1193046470 <= VALUES < 1431655764
I20260709 13:06:22.871800 22690 data_dirs.cc:400] Could only allocate 1 dirs of requested 3 for tablet 61430d6fafb3405f9e4e31cfbcdd20e7. 1 dirs total, 0 dirs full, 0 dirs failed
I20260709 13:06:22.873740 22614 tablet_service.cc:1511] Processing CreateTablet for tablet 2ad67cc09eb243d68c213f254831cba7 (DEFAULT_TABLE table=test-workload [id=6850af3106b94e269f8ea9290be31569]), partition=RANGE (key) PARTITION 1193046470 <= VALUES < 1431655764
I20260709 13:06:22.875160 22614 data_dirs.cc:400] Could only allocate 1 dirs of requested 3 for tablet 2ad67cc09eb243d68c213f254831cba7. 1 dirs total, 0 dirs full, 0 dirs failed
I20260709 13:06:22.880026 22687 data_dirs.cc:400] Could only allocate 1 dirs of requested 3 for tablet 2ad67cc09eb243d68c213f254831cba7. 1 dirs total, 0 dirs full, 0 dirs failed
I20260709 13:06:22.884948 22764 tablet_service.cc:1511] Processing CreateTablet for tablet 2ad67cc09eb243d68c213f254831cba7 (DEFAULT_TABLE table=test-workload [id=6850af3106b94e269f8ea9290be31569]), partition=RANGE (key) PARTITION 1193046470 <= VALUES < 1431655764
I20260709 13:06:22.886282 22764 data_dirs.cc:400] Could only allocate 1 dirs of requested 3 for tablet 2ad67cc09eb243d68c213f254831cba7. 1 dirs total, 0 dirs full, 0 dirs failed
I20260709 13:06:22.891526 22615 tablet_service.cc:1511] Processing CreateTablet for tablet f391db9867cd4d5eaa95b0036b36fff4 (DEFAULT_TABLE table=test-workload [id=6850af3106b94e269f8ea9290be31569]), partition=RANGE (key) PARTITION 1431655764 <= VALUES < 1670265058
I20260709 13:06:22.894345 22615 data_dirs.cc:400] Could only allocate 1 dirs of requested 3 for tablet f391db9867cd4d5eaa95b0036b36fff4. 1 dirs total, 0 dirs full, 0 dirs failed
I20260709 13:06:22.893800 22688 tablet_service.cc:1511] Processing CreateTablet for tablet f391db9867cd4d5eaa95b0036b36fff4 (DEFAULT_TABLE table=test-workload [id=6850af3106b94e269f8ea9290be31569]), partition=RANGE (key) PARTITION 1431655764 <= VALUES < 1670265058
I20260709 13:06:22.895354 22688 data_dirs.cc:400] Could only allocate 1 dirs of requested 3 for tablet f391db9867cd4d5eaa95b0036b36fff4. 1 dirs total, 0 dirs full, 0 dirs failed
I20260709 13:06:22.914841 22819 tablet_bootstrap.cc:654] T 951c0e80b052496e9e45203fe59288c6 P cf9c882b5ee344ae8dc0deee50cd8b82: Neither blocks nor log segments found. Creating new log.
I20260709 13:06:22.917591 22763 tablet_service.cc:1511] Processing CreateTablet for tablet f391db9867cd4d5eaa95b0036b36fff4 (DEFAULT_TABLE table=test-workload [id=6850af3106b94e269f8ea9290be31569]), partition=RANGE (key) PARTITION 1431655764 <= VALUES < 1670265058
I20260709 13:06:22.919150 22763 data_dirs.cc:400] Could only allocate 1 dirs of requested 3 for tablet f391db9867cd4d5eaa95b0036b36fff4. 1 dirs total, 0 dirs full, 0 dirs failed
I20260709 13:06:22.919730 22818 tablet_bootstrap.cc:654] T bb11162172fd4989b2a4c5213959a167 P 4c05607fc9564d778811353286c414fe: Neither blocks nor log segments found. Creating new log.
I20260709 13:06:22.932567 22689 tablet_service.cc:1511] Processing CreateTablet for tablet 2ff592b9806240089c57c84a5ab0b4e7 (DEFAULT_TABLE table=test-workload [id=6850af3106b94e269f8ea9290be31569]), partition=RANGE (key) PARTITION 1670265058 <= VALUES < 1908874352
I20260709 13:06:22.934154 22689 data_dirs.cc:400] Could only allocate 1 dirs of requested 3 for tablet 2ff592b9806240089c57c84a5ab0b4e7. 1 dirs total, 0 dirs full, 0 dirs failed
I20260709 13:06:22.936981 22818 tablet_bootstrap.cc:492] T bb11162172fd4989b2a4c5213959a167 P 4c05607fc9564d778811353286c414fe: No bootstrap required, opened a new log
I20260709 13:06:22.937541 22818 ts_tablet_manager.cc:1403] T bb11162172fd4989b2a4c5213959a167 P 4c05607fc9564d778811353286c414fe: Time spent bootstrapping tablet: real 0.096s	user 0.008s	sys 0.009s
I20260709 13:06:22.941339 22818 raft_consensus.cc:359] T bb11162172fd4989b2a4c5213959a167 P 4c05607fc9564d778811353286c414fe [term 0 FOLLOWER]: Replica starting. Triggering 0 pending ops. Active config: opid_index: -1 OBSOLETE_local: false peers { permanent_uuid: "cf9c882b5ee344ae8dc0deee50cd8b82" member_type: VOTER last_known_addr { host: "127.21.246.129" port: 34611 } } peers { permanent_uuid: "4c05607fc9564d778811353286c414fe" member_type: VOTER last_known_addr { host: "127.21.246.130" port: 36715 } } peers { permanent_uuid: "6f21f217330c4a1e9496096a1ca3c40e" member_type: VOTER last_known_addr { host: "127.21.246.131" port: 36205 } }
I20260709 13:06:22.942152 22818 raft_consensus.cc:385] T bb11162172fd4989b2a4c5213959a167 P 4c05607fc9564d778811353286c414fe [term 0 FOLLOWER]: Consensus starting up: Expiring failure detector timer to make a prompt election more likely
I20260709 13:06:22.942456 22818 raft_consensus.cc:740] T bb11162172fd4989b2a4c5213959a167 P 4c05607fc9564d778811353286c414fe [term 0 FOLLOWER]: Becoming Follower/Learner. State: Replica: 4c05607fc9564d778811353286c414fe, State: Initialized, Role: FOLLOWER
I20260709 13:06:22.944020 22614 tablet_service.cc:1511] Processing CreateTablet for tablet 2ff592b9806240089c57c84a5ab0b4e7 (DEFAULT_TABLE table=test-workload [id=6850af3106b94e269f8ea9290be31569]), partition=RANGE (key) PARTITION 1670265058 <= VALUES < 1908874352
I20260709 13:06:22.944897 22819 tablet_bootstrap.cc:492] T 951c0e80b052496e9e45203fe59288c6 P cf9c882b5ee344ae8dc0deee50cd8b82: No bootstrap required, opened a new log
I20260709 13:06:22.945340 22614 data_dirs.cc:400] Could only allocate 1 dirs of requested 3 for tablet 2ff592b9806240089c57c84a5ab0b4e7. 1 dirs total, 0 dirs full, 0 dirs failed
I20260709 13:06:22.944958 22764 tablet_service.cc:1511] Processing CreateTablet for tablet 2ff592b9806240089c57c84a5ab0b4e7 (DEFAULT_TABLE table=test-workload [id=6850af3106b94e269f8ea9290be31569]), partition=RANGE (key) PARTITION 1670265058 <= VALUES < 1908874352
I20260709 13:06:22.945430 22819 ts_tablet_manager.cc:1403] T 951c0e80b052496e9e45203fe59288c6 P cf9c882b5ee344ae8dc0deee50cd8b82: Time spent bootstrapping tablet: real 0.088s	user 0.007s	sys 0.008s
I20260709 13:06:22.946404 22764 data_dirs.cc:400] Could only allocate 1 dirs of requested 3 for tablet 2ff592b9806240089c57c84a5ab0b4e7. 1 dirs total, 0 dirs full, 0 dirs failed
I20260709 13:06:22.950968 22686 tablet_service.cc:1511] Processing CreateTablet for tablet aea168dfa71e426f9e5bf318a6cfc016 (DEFAULT_TABLE table=test-workload [id=6850af3106b94e269f8ea9290be31569]), partition=RANGE (key) PARTITION 1908874352 <= VALUES
I20260709 13:06:22.953543 22611 tablet_service.cc:1511] Processing CreateTablet for tablet aea168dfa71e426f9e5bf318a6cfc016 (DEFAULT_TABLE table=test-workload [id=6850af3106b94e269f8ea9290be31569]), partition=RANGE (key) PARTITION 1908874352 <= VALUES
I20260709 13:06:22.955294 22611 data_dirs.cc:400] Could only allocate 1 dirs of requested 3 for tablet aea168dfa71e426f9e5bf318a6cfc016. 1 dirs total, 0 dirs full, 0 dirs failed
I20260709 13:06:22.963647 22817 tablet_bootstrap.cc:492] T 93e0643fbfac4c66b70fe75968548191 P 6f21f217330c4a1e9496096a1ca3c40e: No bootstrap required, opened a new log
I20260709 13:06:22.964318 22817 ts_tablet_manager.cc:1403] T 93e0643fbfac4c66b70fe75968548191 P 6f21f217330c4a1e9496096a1ca3c40e: Time spent bootstrapping tablet: real 0.144s	user 0.021s	sys 0.004s
I20260709 13:06:22.967486 22817 raft_consensus.cc:359] T 93e0643fbfac4c66b70fe75968548191 P 6f21f217330c4a1e9496096a1ca3c40e [term 0 FOLLOWER]: Replica starting. Triggering 0 pending ops. Active config: opid_index: -1 OBSOLETE_local: false peers { permanent_uuid: "cf9c882b5ee344ae8dc0deee50cd8b82" member_type: VOTER last_known_addr { host: "127.21.246.129" port: 34611 } } peers { permanent_uuid: "4c05607fc9564d778811353286c414fe" member_type: VOTER last_known_addr { host: "127.21.246.130" port: 36715 } } peers { permanent_uuid: "6f21f217330c4a1e9496096a1ca3c40e" member_type: VOTER last_known_addr { host: "127.21.246.131" port: 36205 } }
I20260709 13:06:22.968633 22817 raft_consensus.cc:385] T 93e0643fbfac4c66b70fe75968548191 P 6f21f217330c4a1e9496096a1ca3c40e [term 0 FOLLOWER]: Consensus starting up: Expiring failure detector timer to make a prompt election more likely
I20260709 13:06:22.969131 22817 raft_consensus.cc:740] T 93e0643fbfac4c66b70fe75968548191 P 6f21f217330c4a1e9496096a1ca3c40e [term 0 FOLLOWER]: Becoming Follower/Learner. State: Replica: 6f21f217330c4a1e9496096a1ca3c40e, State: Initialized, Role: FOLLOWER
I20260709 13:06:22.969904 22819 raft_consensus.cc:359] T 951c0e80b052496e9e45203fe59288c6 P cf9c882b5ee344ae8dc0deee50cd8b82 [term 0 FOLLOWER]: Replica starting. Triggering 0 pending ops. Active config: opid_index: -1 OBSOLETE_local: false peers { permanent_uuid: "cf9c882b5ee344ae8dc0deee50cd8b82" member_type: VOTER last_known_addr { host: "127.21.246.129" port: 34611 } } peers { permanent_uuid: "4c05607fc9564d778811353286c414fe" member_type: VOTER last_known_addr { host: "127.21.246.130" port: 36715 } } peers { permanent_uuid: "6f21f217330c4a1e9496096a1ca3c40e" member_type: VOTER last_known_addr { host: "127.21.246.131" port: 36205 } }
I20260709 13:06:22.970728 22819 raft_consensus.cc:385] T 951c0e80b052496e9e45203fe59288c6 P cf9c882b5ee344ae8dc0deee50cd8b82 [term 0 FOLLOWER]: Consensus starting up: Expiring failure detector timer to make a prompt election more likely
I20260709 13:06:22.970973 22817 consensus_queue.cc:260] T 93e0643fbfac4c66b70fe75968548191 P 6f21f217330c4a1e9496096a1ca3c40e [NON_LEADER]: Queue going to NON_LEADER mode. State: All replicated index: 0, Majority replicated index: 0, Committed index: 0, Last appended: 0.0, Last appended by leader: 0, Current term: 0, Majority size: -1, State: 0, Mode: NON_LEADER, active raft config: opid_index: -1 OBSOLETE_local: false peers { permanent_uuid: "cf9c882b5ee344ae8dc0deee50cd8b82" member_type: VOTER last_known_addr { host: "127.21.246.129" port: 34611 } } peers { permanent_uuid: "4c05607fc9564d778811353286c414fe" member_type: VOTER last_known_addr { host: "127.21.246.130" port: 36715 } } peers { permanent_uuid: "6f21f217330c4a1e9496096a1ca3c40e" member_type: VOTER last_known_addr { host: "127.21.246.131" port: 36205 } }
I20260709 13:06:22.972607 22762 tablet_service.cc:1511] Processing CreateTablet for tablet aea168dfa71e426f9e5bf318a6cfc016 (DEFAULT_TABLE table=test-workload [id=6850af3106b94e269f8ea9290be31569]), partition=RANGE (key) PARTITION 1908874352 <= VALUES
I20260709 13:06:22.971033 22819 raft_consensus.cc:740] T 951c0e80b052496e9e45203fe59288c6 P cf9c882b5ee344ae8dc0deee50cd8b82 [term 0 FOLLOWER]: Becoming Follower/Learner. State: Replica: cf9c882b5ee344ae8dc0deee50cd8b82, State: Initialized, Role: FOLLOWER
I20260709 13:06:22.974318 22686 data_dirs.cc:400] Could only allocate 1 dirs of requested 3 for tablet aea168dfa71e426f9e5bf318a6cfc016. 1 dirs total, 0 dirs full, 0 dirs failed
I20260709 13:06:22.974407 22819 consensus_queue.cc:260] T 951c0e80b052496e9e45203fe59288c6 P cf9c882b5ee344ae8dc0deee50cd8b82 [NON_LEADER]: Queue going to NON_LEADER mode. State: All replicated index: 0, Majority replicated index: 0, Committed index: 0, Last appended: 0.0, Last appended by leader: 0, Current term: 0, Majority size: -1, State: 0, Mode: NON_LEADER, active raft config: opid_index: -1 OBSOLETE_local: false peers { permanent_uuid: "cf9c882b5ee344ae8dc0deee50cd8b82" member_type: VOTER last_known_addr { host: "127.21.246.129" port: 34611 } } peers { permanent_uuid: "4c05607fc9564d778811353286c414fe" member_type: VOTER last_known_addr { host: "127.21.246.130" port: 36715 } } peers { permanent_uuid: "6f21f217330c4a1e9496096a1ca3c40e" member_type: VOTER last_known_addr { host: "127.21.246.131" port: 36205 } }
I20260709 13:06:22.976495 22762 data_dirs.cc:400] Could only allocate 1 dirs of requested 3 for tablet aea168dfa71e426f9e5bf318a6cfc016. 1 dirs total, 0 dirs full, 0 dirs failed
