I20260709 12:57:27.510030  1207 tablet_service.cc:1917] Received RequestConsensusVote() RPC: tablet_id: "64709a298bb04a9f9f420844bfd42b6e" candidate_uuid: "3a3aeb691f034c05bb619acbe2b799a2" candidate_term: 2 candidate_status { last_received { term: 1 index: 1 } } ignore_live_leader: true dest_uuid: "e1bd52d1a6464a28883ce197402458b0"
I20260709 12:57:27.508224  1293 consensus_queue.cc:237] T 81efe8040fe641e4b13b9dfb17ad27c9 P ed835105b8ba4ec597569197b523619b [LEADER]: Queue going to LEADER mode. State: All replicated index: 0, Majority replicated index: 0, Committed index: 0, Last appended: 1.1, Last appended by leader: 1, Current term: 2, Majority size: 2, State: 0, Mode: LEADER, active raft config: opid_index: -1 OBSOLETE_local: false peers { permanent_uuid: "ed835105b8ba4ec597569197b523619b" member_type: VOTER last_known_addr { host: "127.0.107.193" port: 34617 } } peers { permanent_uuid: "3a3aeb691f034c05bb619acbe2b799a2" member_type: VOTER last_known_addr { host: "127.0.107.194" port: 33215 } } peers { permanent_uuid: "e1bd52d1a6464a28883ce197402458b0" member_type: VOTER last_known_addr { host: "127.0.107.195" port: 37823 } }
I20260709 12:57:27.510592  1207 raft_consensus.cc:3055] T 64709a298bb04a9f9f420844bfd42b6e P e1bd52d1a6464a28883ce197402458b0 [term 1 LEADER]: Stepping down as leader of term 1
I20260709 12:57:27.506335  1206 consensus_queue.cc:260] T a2a95e169da34f22956bcd6a3766bf1b P e1bd52d1a6464a28883ce197402458b0 [NON_LEADER]: Queue going to NON_LEADER mode. State: All replicated index: 0, Majority replicated index: 1, Committed index: 1, Last appended: 1.1, Last appended by leader: 1, Current term: 1, Majority size: -1, State: 0, Mode: NON_LEADER, active raft config: opid_index: -1 OBSOLETE_local: false peers { permanent_uuid: "ed835105b8ba4ec597569197b523619b" member_type: VOTER last_known_addr { host: "127.0.107.193" port: 34617 } } peers { permanent_uuid: "3a3aeb691f034c05bb619acbe2b799a2" member_type: VOTER last_known_addr { host: "127.0.107.194" port: 33215 } } peers { permanent_uuid: "e1bd52d1a6464a28883ce197402458b0" member_type: VOTER last_known_addr { host: "127.0.107.195" port: 37823 } }
I20260709 12:57:27.511101  1207 raft_consensus.cc:740] T 64709a298bb04a9f9f420844bfd42b6e P e1bd52d1a6464a28883ce197402458b0 [term 1 LEADER]: Becoming Follower/Learner. State: Replica: e1bd52d1a6464a28883ce197402458b0, State: Running, Role: LEADER
I20260709 12:57:27.511873  1206 raft_consensus.cc:3060] T a2a95e169da34f22956bcd6a3766bf1b P e1bd52d1a6464a28883ce197402458b0 [term 1 FOLLOWER]: Advancing to term 2
I20260709 12:57:27.511931  1207 consensus_queue.cc:260] T 64709a298bb04a9f9f420844bfd42b6e P e1bd52d1a6464a28883ce197402458b0 [NON_LEADER]: Queue going to NON_LEADER mode. State: All replicated index: 0, Majority replicated index: 1, Committed index: 1, Last appended: 1.1, Last appended by leader: 1, Current term: 1, Majority size: -1, State: 0, Mode: NON_LEADER, active raft config: opid_index: -1 OBSOLETE_local: false peers { permanent_uuid: "ed835105b8ba4ec597569197b523619b" member_type: VOTER last_known_addr { host: "127.0.107.193" port: 34617 } } peers { permanent_uuid: "3a3aeb691f034c05bb619acbe2b799a2" member_type: VOTER last_known_addr { host: "127.0.107.194" port: 33215 } } peers { permanent_uuid: "e1bd52d1a6464a28883ce197402458b0" member_type: VOTER last_known_addr { host: "127.0.107.195" port: 37823 } }
I20260709 12:57:27.513204  1207 raft_consensus.cc:3060] T 64709a298bb04a9f9f420844bfd42b6e P e1bd52d1a6464a28883ce197402458b0 [term 1 FOLLOWER]: Advancing to term 2
I20260709 12:57:27.521152   955 catalog_manager.cc:5697] T 81efe8040fe641e4b13b9dfb17ad27c9 P ed835105b8ba4ec597569197b523619b reported cstate change: term changed from 1 to 2, leader changed from 3a3aeb691f034c05bb619acbe2b799a2 (127.0.107.194) to ed835105b8ba4ec597569197b523619b (127.0.107.193). New cstate: current_term: 2 leader_uuid: "ed835105b8ba4ec597569197b523619b" committed_config { opid_index: -1 OBSOLETE_local: false peers { permanent_uuid: "ed835105b8ba4ec597569197b523619b" member_type: VOTER last_known_addr { host: "127.0.107.193" port: 34617 } health_report { overall_health: HEALTHY } } peers { permanent_uuid: "3a3aeb691f034c05bb619acbe2b799a2" member_type: VOTER last_known_addr { host: "127.0.107.194" port: 33215 } health_report { overall_health: UNKNOWN } } peers { permanent_uuid: "e1bd52d1a6464a28883ce197402458b0" member_type: VOTER last_known_addr { host: "127.0.107.195" port: 37823 } health_report { overall_health: UNKNOWN } } }
I20260709 12:57:27.584585  1339 raft_consensus.cc:993] T 2efe52c56e9d4c1f9a767391590acd51 P e1bd52d1a6464a28883ce197402458b0: : Instructing follower ed835105b8ba4ec597569197b523619b to start an election
I20260709 12:57:27.585019  1277 raft_consensus.cc:1081] T 2efe52c56e9d4c1f9a767391590acd51 P e1bd52d1a6464a28883ce197402458b0 [term 1 LEADER]: Signalling peer ed835105b8ba4ec597569197b523619b to start an election
I20260709 12:57:27.586360  1058 tablet_service.cc:2044] Received Run Leader Election RPC: tablet_id: "2efe52c56e9d4c1f9a767391590acd51"
dest_uuid: "ed835105b8ba4ec597569197b523619b"
 from {username='slave'} at 127.0.0.1:38912
I20260709 12:57:27.586807  1058 raft_consensus.cc:493] T 2efe52c56e9d4c1f9a767391590acd51 P ed835105b8ba4ec597569197b523619b [term 1 FOLLOWER]: Starting forced leader election (received explicit request)
I20260709 12:57:27.587085  1058 raft_consensus.cc:3060] T 2efe52c56e9d4c1f9a767391590acd51 P ed835105b8ba4ec597569197b523619b [term 1 FOLLOWER]: Advancing to term 2
I20260709 12:57:27.596936  1056 raft_consensus.cc:2468] T a2a95e169da34f22956bcd6a3766bf1b P ed835105b8ba4ec597569197b523619b [term 2 FOLLOWER]: Leader election vote request: Granting yes vote for candidate 3a3aeb691f034c05bb619acbe2b799a2 in term 2.
I20260709 12:57:27.597029  1206 raft_consensus.cc:2468] T a2a95e169da34f22956bcd6a3766bf1b P e1bd52d1a6464a28883ce197402458b0 [term 2 FOLLOWER]: Leader election vote request: Granting yes vote for candidate 3a3aeb691f034c05bb619acbe2b799a2 in term 2.
I20260709 12:57:27.597321  1207 raft_consensus.cc:2468] T 64709a298bb04a9f9f420844bfd42b6e P e1bd52d1a6464a28883ce197402458b0 [term 2 FOLLOWER]: Leader election vote request: Granting yes vote for candidate 3a3aeb691f034c05bb619acbe2b799a2 in term 2.
I20260709 12:57:27.597029  1055 raft_consensus.cc:2468] T 64709a298bb04a9f9f420844bfd42b6e P ed835105b8ba4ec597569197b523619b [term 2 FOLLOWER]: Leader election vote request: Granting yes vote for candidate 3a3aeb691f034c05bb619acbe2b799a2 in term 2.
I20260709 12:57:27.598461  1097 leader_election.cc:304] T a2a95e169da34f22956bcd6a3766bf1b P 3a3aeb691f034c05bb619acbe2b799a2 [CANDIDATE]: Term 2 election: Election decided. Result: candidate won. Election summary: received 2 responses out of 3 voters: 2 yes votes; 0 no votes. yes voters: 3a3aeb691f034c05bb619acbe2b799a2, e1bd52d1a6464a28883ce197402458b0; no voters: 
I20260709 12:57:27.598769  1098 leader_election.cc:304] T 64709a298bb04a9f9f420844bfd42b6e P 3a3aeb691f034c05bb619acbe2b799a2 [CANDIDATE]: Term 2 election: Election decided. Result: candidate won. Election summary: received 2 responses out of 3 voters: 2 yes votes; 0 no votes. yes voters: 3a3aeb691f034c05bb619acbe2b799a2, ed835105b8ba4ec597569197b523619b; no voters: 
I20260709 12:57:27.599834  1289 raft_consensus.cc:2804] T a2a95e169da34f22956bcd6a3766bf1b P 3a3aeb691f034c05bb619acbe2b799a2 [term 2 FOLLOWER]: Leader election won for term 2
I20260709 12:57:27.600191  1284 raft_consensus.cc:2804] T 64709a298bb04a9f9f420844bfd42b6e P 3a3aeb691f034c05bb619acbe2b799a2 [term 2 FOLLOWER]: Leader election won for term 2
I20260709 12:57:27.600332  1289 raft_consensus.cc:697] T a2a95e169da34f22956bcd6a3766bf1b P 3a3aeb691f034c05bb619acbe2b799a2 [term 2 LEADER]: Becoming Leader. State: Replica: 3a3aeb691f034c05bb619acbe2b799a2, State: Running, Role: LEADER
I20260709 12:57:27.600785  1284 raft_consensus.cc:697] T 64709a298bb04a9f9f420844bfd42b6e P 3a3aeb691f034c05bb619acbe2b799a2 [term 2 LEADER]: Becoming Leader. State: Replica: 3a3aeb691f034c05bb619acbe2b799a2, State: Running, Role: LEADER
I20260709 12:57:27.601217  1289 consensus_queue.cc:237] T a2a95e169da34f22956bcd6a3766bf1b P 3a3aeb691f034c05bb619acbe2b799a2 [LEADER]: Queue going to LEADER mode. State: All replicated index: 0, Majority replicated index: 1, Committed index: 1, Last appended: 1.1, Last appended by leader: 1, Current term: 2, Majority size: 2, State: 0, Mode: LEADER, active raft config: opid_index: -1 OBSOLETE_local: false peers { permanent_uuid: "ed835105b8ba4ec597569197b523619b" member_type: VOTER last_known_addr { host: "127.0.107.193" port: 34617 } } peers { permanent_uuid: "3a3aeb691f034c05bb619acbe2b799a2" member_type: VOTER last_known_addr { host: "127.0.107.194" port: 33215 } } peers { permanent_uuid: "e1bd52d1a6464a28883ce197402458b0" member_type: VOTER last_known_addr { host: "127.0.107.195" port: 37823 } }
I20260709 12:57:27.602043  1284 consensus_queue.cc:237] T 64709a298bb04a9f9f420844bfd42b6e P 3a3aeb691f034c05bb619acbe2b799a2 [LEADER]: Queue going to LEADER mode. State: All replicated index: 0, Majority replicated index: 1, Committed index: 1, Last appended: 1.1, Last appended by leader: 1, Current term: 2, Majority size: 2, State: 0, Mode: LEADER, active raft config: opid_index: -1 OBSOLETE_local: false peers { permanent_uuid: "ed835105b8ba4ec597569197b523619b" member_type: VOTER last_known_addr { host: "127.0.107.193" port: 34617 } } peers { permanent_uuid: "3a3aeb691f034c05bb619acbe2b799a2" member_type: VOTER last_known_addr { host: "127.0.107.194" port: 33215 } } peers { permanent_uuid: "e1bd52d1a6464a28883ce197402458b0" member_type: VOTER last_known_addr { host: "127.0.107.195" port: 37823 } }
I20260709 12:57:27.606215  1058 raft_consensus.cc:515] T 2efe52c56e9d4c1f9a767391590acd51 P ed835105b8ba4ec597569197b523619b [term 2 FOLLOWER]: Starting forced leader election with config: opid_index: -1 OBSOLETE_local: false peers { permanent_uuid: "ed835105b8ba4ec597569197b523619b" member_type: VOTER last_known_addr { host: "127.0.107.193" port: 34617 } } peers { permanent_uuid: "3a3aeb691f034c05bb619acbe2b799a2" member_type: VOTER last_known_addr { host: "127.0.107.194" port: 33215 } } peers { permanent_uuid: "e1bd52d1a6464a28883ce197402458b0" member_type: VOTER last_known_addr { host: "127.0.107.195" port: 37823 } }
I20260709 12:57:27.608129  1058 leader_election.cc:290] T 2efe52c56e9d4c1f9a767391590acd51 P ed835105b8ba4ec597569197b523619b [CANDIDATE]: Term 2 election: Requested vote from peers 3a3aeb691f034c05bb619acbe2b799a2 (127.0.107.194:33215), e1bd52d1a6464a28883ce197402458b0 (127.0.107.195:37823)
I20260709 12:57:27.608807  1129 tablet_service.cc:1917] Received RequestConsensusVote() RPC: tablet_id: "2efe52c56e9d4c1f9a767391590acd51" candidate_uuid: "ed835105b8ba4ec597569197b523619b" candidate_term: 2 candidate_status { last_received { term: 1 index: 1 } } ignore_live_leader: true dest_uuid: "3a3aeb691f034c05bb619acbe2b799a2"
I20260709 12:57:27.609191  1206 tablet_service.cc:1917] Received RequestConsensusVote() RPC: tablet_id: "2efe52c56e9d4c1f9a767391590acd51" candidate_uuid: "ed835105b8ba4ec597569197b523619b" candidate_term: 2 candidate_status { last_received { term: 1 index: 1 } } ignore_live_leader: true dest_uuid: "e1bd52d1a6464a28883ce197402458b0"
I20260709 12:57:27.609401  1129 raft_consensus.cc:3060] T 2efe52c56e9d4c1f9a767391590acd51 P 3a3aeb691f034c05bb619acbe2b799a2 [term 1 FOLLOWER]: Advancing to term 2
I20260709 12:57:27.609807  1206 raft_consensus.cc:3055] T 2efe52c56e9d4c1f9a767391590acd51 P e1bd52d1a6464a28883ce197402458b0 [term 1 LEADER]: Stepping down as leader of term 1
I20260709 12:57:27.610123  1206 raft_consensus.cc:740] T 2efe52c56e9d4c1f9a767391590acd51 P e1bd52d1a6464a28883ce197402458b0 [term 1 LEADER]: Becoming Follower/Learner. State: Replica: e1bd52d1a6464a28883ce197402458b0, State: Running, Role: LEADER
I20260709 12:57:27.609918   955 catalog_manager.cc:5697] T a2a95e169da34f22956bcd6a3766bf1b P 3a3aeb691f034c05bb619acbe2b799a2 reported cstate change: term changed from 1 to 2, leader changed from e1bd52d1a6464a28883ce197402458b0 (127.0.107.195) to 3a3aeb691f034c05bb619acbe2b799a2 (127.0.107.194). New cstate: current_term: 2 leader_uuid: "3a3aeb691f034c05bb619acbe2b799a2" committed_config { opid_index: -1 OBSOLETE_local: false peers { permanent_uuid: "ed835105b8ba4ec597569197b523619b" member_type: VOTER last_known_addr { host: "127.0.107.193" port: 34617 } health_report { overall_health: UNKNOWN } } peers { permanent_uuid: "3a3aeb691f034c05bb619acbe2b799a2" member_type: VOTER last_known_addr { host: "127.0.107.194" port: 33215 } health_report { overall_health: HEALTHY } } peers { permanent_uuid: "e1bd52d1a6464a28883ce197402458b0" member_type: VOTER last_known_addr { host: "127.0.107.195" port: 37823 } health_report { overall_health: UNKNOWN } } }
I20260709 12:57:27.610801  1206 consensus_queue.cc:260] T 2efe52c56e9d4c1f9a767391590acd51 P e1bd52d1a6464a28883ce197402458b0 [NON_LEADER]: Queue going to NON_LEADER mode. State: All replicated index: 0, Majority replicated index: 1, Committed index: 1, Last appended: 1.1, Last appended by leader: 1, Current term: 1, Majority size: -1, State: 0, Mode: NON_LEADER, active raft config: opid_index: -1 OBSOLETE_local: false peers { permanent_uuid: "ed835105b8ba4ec597569197b523619b" member_type: VOTER last_known_addr { host: "127.0.107.193" port: 34617 } } peers { permanent_uuid: "3a3aeb691f034c05bb619acbe2b799a2" member_type: VOTER last_known_addr { host: "127.0.107.194" port: 33215 } } peers { permanent_uuid: "e1bd52d1a6464a28883ce197402458b0" member_type: VOTER last_known_addr { host: "127.0.107.195" port: 37823 } }
I20260709 12:57:27.611891  1206 raft_consensus.cc:3060] T 2efe52c56e9d4c1f9a767391590acd51 P e1bd52d1a6464a28883ce197402458b0 [term 1 FOLLOWER]: Advancing to term 2
I20260709 12:57:27.611814   955 catalog_manager.cc:5697] T 64709a298bb04a9f9f420844bfd42b6e P 3a3aeb691f034c05bb619acbe2b799a2 reported cstate change: term changed from 1 to 2, leader changed from e1bd52d1a6464a28883ce197402458b0 (127.0.107.195) to 3a3aeb691f034c05bb619acbe2b799a2 (127.0.107.194). New cstate: current_term: 2 leader_uuid: "3a3aeb691f034c05bb619acbe2b799a2" committed_config { opid_index: -1 OBSOLETE_local: false peers { permanent_uuid: "ed835105b8ba4ec597569197b523619b" member_type: VOTER last_known_addr { host: "127.0.107.193" port: 34617 } health_report { overall_health: UNKNOWN } } peers { permanent_uuid: "3a3aeb691f034c05bb619acbe2b799a2" member_type: VOTER last_known_addr { host: "127.0.107.194" port: 33215 } health_report { overall_health: HEALTHY } } peers { permanent_uuid: "e1bd52d1a6464a28883ce197402458b0" member_type: VOTER last_known_addr { host: "127.0.107.195" port: 37823 } health_report { overall_health: UNKNOWN } } }
I20260709 12:57:27.615805  1129 raft_consensus.cc:2468] T 2efe52c56e9d4c1f9a767391590acd51 P 3a3aeb691f034c05bb619acbe2b799a2 [term 2 FOLLOWER]: Leader election vote request: Granting yes vote for candidate ed835105b8ba4ec597569197b523619b in term 2.
I20260709 12:57:27.616945  1022 leader_election.cc:304] T 2efe52c56e9d4c1f9a767391590acd51 P ed835105b8ba4ec597569197b523619b [CANDIDATE]: Term 2 election: Election decided. Result: candidate won. Election summary: received 2 responses out of 3 voters: 2 yes votes; 0 no votes. yes voters: 3a3aeb691f034c05bb619acbe2b799a2, ed835105b8ba4ec597569197b523619b; no voters: 
I20260709 12:57:27.617313  1206 raft_consensus.cc:2468] T 2efe52c56e9d4c1f9a767391590acd51 P e1bd52d1a6464a28883ce197402458b0 [term 2 FOLLOWER]: Leader election vote request: Granting yes vote for candidate ed835105b8ba4ec597569197b523619b in term 2.
I20260709 12:57:27.617739  1293 raft_consensus.cc:2804] T 2efe52c56e9d4c1f9a767391590acd51 P ed835105b8ba4ec597569197b523619b [term 2 FOLLOWER]: Leader election won for term 2
I20260709 12:57:27.618203  1293 raft_consensus.cc:697] T 2efe52c56e9d4c1f9a767391590acd51 P ed835105b8ba4ec597569197b523619b [term 2 LEADER]: Becoming Leader. State: Replica: ed835105b8ba4ec597569197b523619b, State: Running, Role: LEADER
I20260709 12:57:27.619046  1293 consensus_queue.cc:237] T 2efe52c56e9d4c1f9a767391590acd51 P ed835105b8ba4ec597569197b523619b [LEADER]: Queue going to LEADER mode. State: All replicated index: 0, Majority replicated index: 1, Committed index: 1, Last appended: 1.1, Last appended by leader: 1, Current term: 2, Majority size: 2, State: 0, Mode: LEADER, active raft config: opid_index: -1 OBSOLETE_local: false peers { permanent_uuid: "ed835105b8ba4ec597569197b523619b" member_type: VOTER last_known_addr { host: "127.0.107.193" port: 34617 } } peers { permanent_uuid: "3a3aeb691f034c05bb619acbe2b799a2" member_type: VOTER last_known_addr { host: "127.0.107.194" port: 33215 } } peers { permanent_uuid: "e1bd52d1a6464a28883ce197402458b0" member_type: VOTER last_known_addr { host: "127.0.107.195" port: 37823 } }
I20260709 12:57:27.624995   955 catalog_manager.cc:5697] T 2efe52c56e9d4c1f9a767391590acd51 P ed835105b8ba4ec597569197b523619b reported cstate change: term changed from 1 to 2, leader changed from e1bd52d1a6464a28883ce197402458b0 (127.0.107.195) to ed835105b8ba4ec597569197b523619b (127.0.107.193). New cstate: current_term: 2 leader_uuid: "ed835105b8ba4ec597569197b523619b" committed_config { opid_index: -1 OBSOLETE_local: false peers { permanent_uuid: "ed835105b8ba4ec597569197b523619b" member_type: VOTER last_known_addr { host: "127.0.107.193" port: 34617 } health_report { overall_health: HEALTHY } } peers { permanent_uuid: "3a3aeb691f034c05bb619acbe2b799a2" member_type: VOTER last_known_addr { host: "127.0.107.194" port: 33215 } health_report { overall_health: UNKNOWN } } peers { permanent_uuid: "e1bd52d1a6464a28883ce197402458b0" member_type: VOTER last_known_addr { host: "127.0.107.195" port: 37823 } health_report { overall_health: UNKNOWN } } }
I20260709 12:57:27.852413  1284 raft_consensus.cc:993] T 4ff71bf4e6d041e0a8641d4def66cdf3 P 3a3aeb691f034c05bb619acbe2b799a2: : Instructing follower ed835105b8ba4ec597569197b523619b to start an election
I20260709 12:57:27.852875  1289 raft_consensus.cc:1081] T 4ff71bf4e6d041e0a8641d4def66cdf3 P 3a3aeb691f034c05bb619acbe2b799a2 [term 1 LEADER]: Signalling peer ed835105b8ba4ec597569197b523619b to start an election
I20260709 12:57:27.854099  1293 raft_consensus.cc:993] T c67d23d64b0741d6b1945be50f94c1a8 P ed835105b8ba4ec597569197b523619b: : Instructing follower e1bd52d1a6464a28883ce197402458b0 to start an election
I20260709 12:57:27.854606  1293 raft_consensus.cc:1081] T c67d23d64b0741d6b1945be50f94c1a8 P ed835105b8ba4ec597569197b523619b [term 1 LEADER]: Signalling peer e1bd52d1a6464a28883ce197402458b0 to start an election
I20260709 12:57:27.855794  1058 tablet_service.cc:2044] Received Run Leader Election RPC: tablet_id: "4ff71bf4e6d041e0a8641d4def66cdf3"
dest_uuid: "ed835105b8ba4ec597569197b523619b"
 from {username='slave'} at 127.0.0.1:38900
I20260709 12:57:27.856297  1206 tablet_service.cc:2044] Received Run Leader Election RPC: tablet_id: "c67d23d64b0741d6b1945be50f94c1a8"
dest_uuid: "e1bd52d1a6464a28883ce197402458b0"
 from {username='slave'} at 127.0.0.1:44854
I20260709 12:57:27.856341  1058 raft_consensus.cc:493] T 4ff71bf4e6d041e0a8641d4def66cdf3 P ed835105b8ba4ec597569197b523619b [term 1 FOLLOWER]: Starting forced leader election (received explicit request)
I20260709 12:57:27.856922  1206 raft_consensus.cc:493] T c67d23d64b0741d6b1945be50f94c1a8 P e1bd52d1a6464a28883ce197402458b0 [term 1 FOLLOWER]: Starting forced leader election (received explicit request)
I20260709 12:57:27.856976  1058 raft_consensus.cc:3060] T 4ff71bf4e6d041e0a8641d4def66cdf3 P ed835105b8ba4ec597569197b523619b [term 1 FOLLOWER]: Advancing to term 2
I20260709 12:57:27.857473  1206 raft_consensus.cc:3060] T c67d23d64b0741d6b1945be50f94c1a8 P e1bd52d1a6464a28883ce197402458b0 [term 1 FOLLOWER]: Advancing to term 2
I20260709 12:57:27.861614  1058 raft_consensus.cc:515] T 4ff71bf4e6d041e0a8641d4def66cdf3 P ed835105b8ba4ec597569197b523619b [term 2 FOLLOWER]: Starting forced leader election with config: opid_index: -1 OBSOLETE_local: false peers { permanent_uuid: "ed835105b8ba4ec597569197b523619b" member_type: VOTER last_known_addr { host: "127.0.107.193" port: 34617 } } peers { permanent_uuid: "3a3aeb691f034c05bb619acbe2b799a2" member_type: VOTER last_known_addr { host: "127.0.107.194" port: 33215 } } peers { permanent_uuid: "e1bd52d1a6464a28883ce197402458b0" member_type: VOTER last_known_addr { host: "127.0.107.195" port: 37823 } }
I20260709 12:57:27.861816  1206 raft_consensus.cc:515] T c67d23d64b0741d6b1945be50f94c1a8 P e1bd52d1a6464a28883ce197402458b0 [term 2 FOLLOWER]: Starting forced leader election with config: opid_index: -1 OBSOLETE_local: false peers { permanent_uuid: "ed835105b8ba4ec597569197b523619b" member_type: VOTER last_known_addr { host: "127.0.107.193" port: 34617 } } peers { permanent_uuid: "3a3aeb691f034c05bb619acbe2b799a2" member_type: VOTER last_known_addr { host: "127.0.107.194" port: 33215 } } peers { permanent_uuid: "e1bd52d1a6464a28883ce197402458b0" member_type: VOTER last_known_addr { host: "127.0.107.195" port: 37823 } }
I20260709 12:57:27.863222  1058 leader_election.cc:290] T 4ff71bf4e6d041e0a8641d4def66cdf3 P ed835105b8ba4ec597569197b523619b [CANDIDATE]: Term 2 election: Requested vote from peers 3a3aeb691f034c05bb619acbe2b799a2 (127.0.107.194:33215), e1bd52d1a6464a28883ce197402458b0 (127.0.107.195:37823)
I20260709 12:57:27.864452  1058 tablet_service.cc:1917] Received RequestConsensusVote() RPC: tablet_id: "c67d23d64b0741d6b1945be50f94c1a8" candidate_uuid: "e1bd52d1a6464a28883ce197402458b0" candidate_term: 2 candidate_status { last_received { term: 1 index: 1 } } ignore_live_leader: true dest_uuid: "ed835105b8ba4ec597569197b523619b"
I20260709 12:57:27.864693  1207 tablet_service.cc:1917] Received RequestConsensusVote() RPC: tablet_id: "4ff71bf4e6d041e0a8641d4def66cdf3" candidate_uuid: "ed835105b8ba4ec597569197b523619b" candidate_term: 2 candidate_status { last_received { term: 1 index: 1 } } ignore_live_leader: true dest_uuid: "e1bd52d1a6464a28883ce197402458b0"
I20260709 12:57:27.865085  1058 raft_consensus.cc:3055] T c67d23d64b0741d6b1945be50f94c1a8 P ed835105b8ba4ec597569197b523619b [term 1 LEADER]: Stepping down as leader of term 1
I20260709 12:57:27.865227  1207 raft_consensus.cc:3060] T 4ff71bf4e6d041e0a8641d4def66cdf3 P e1bd52d1a6464a28883ce197402458b0 [term 1 FOLLOWER]: Advancing to term 2
I20260709 12:57:27.865175  1129 tablet_service.cc:1917] Received RequestConsensusVote() RPC: tablet_id: "4ff71bf4e6d041e0a8641d4def66cdf3" candidate_uuid: "ed835105b8ba4ec597569197b523619b" candidate_term: 2 candidate_status { last_received { term: 1 index: 1 } } ignore_live_leader: true dest_uuid: "3a3aeb691f034c05bb619acbe2b799a2"
I20260709 12:57:27.864504  1130 tablet_service.cc:1917] Received RequestConsensusVote() RPC: tablet_id: "c67d23d64b0741d6b1945be50f94c1a8" candidate_uuid: "e1bd52d1a6464a28883ce197402458b0" candidate_term: 2 candidate_status { last_received { term: 1 index: 1 } } ignore_live_leader: true dest_uuid: "3a3aeb691f034c05bb619acbe2b799a2"
I20260709 12:57:27.865482  1058 raft_consensus.cc:740] T c67d23d64b0741d6b1945be50f94c1a8 P ed835105b8ba4ec597569197b523619b [term 1 LEADER]: Becoming Follower/Learner. State: Replica: ed835105b8ba4ec597569197b523619b, State: Running, Role: LEADER
I20260709 12:57:27.865763  1206 leader_election.cc:290] T c67d23d64b0741d6b1945be50f94c1a8 P e1bd52d1a6464a28883ce197402458b0 [CANDIDATE]: Term 2 election: Requested vote from peers ed835105b8ba4ec597569197b523619b (127.0.107.193:34617), 3a3aeb691f034c05bb619acbe2b799a2 (127.0.107.194:33215)
I20260709 12:57:27.865970  1130 raft_consensus.cc:3060] T c67d23d64b0741d6b1945be50f94c1a8 P 3a3aeb691f034c05bb619acbe2b799a2 [term 1 FOLLOWER]: Advancing to term 2
I20260709 12:57:27.866446  1058 consensus_queue.cc:260] T c67d23d64b0741d6b1945be50f94c1a8 P ed835105b8ba4ec597569197b523619b [NON_LEADER]: Queue going to NON_LEADER mode. State: All replicated index: 0, Majority replicated index: 1, Committed index: 1, Last appended: 1.1, Last appended by leader: 1, Current term: 1, Majority size: -1, State: 0, Mode: NON_LEADER, active raft config: opid_index: -1 OBSOLETE_local: false peers { permanent_uuid: "ed835105b8ba4ec597569197b523619b" member_type: VOTER last_known_addr { host: "127.0.107.193" port: 34617 } } peers { permanent_uuid: "3a3aeb691f034c05bb619acbe2b799a2" member_type: VOTER last_known_addr { host: "127.0.107.194" port: 33215 } } peers { permanent_uuid: "e1bd52d1a6464a28883ce197402458b0" member_type: VOTER last_known_addr { host: "127.0.107.195" port: 37823 } }
I20260709 12:57:27.867439  1129 raft_consensus.cc:3055] T 4ff71bf4e6d041e0a8641d4def66cdf3 P 3a3aeb691f034c05bb619acbe2b799a2 [term 1 LEADER]: Stepping down as leader of term 1
I20260709 12:57:27.867741  1058 raft_consensus.cc:3060] T c67d23d64b0741d6b1945be50f94c1a8 P ed835105b8ba4ec597569197b523619b [term 1 FOLLOWER]: Advancing to term 2
I20260709 12:57:27.867811  1129 raft_consensus.cc:740] T 4ff71bf4e6d041e0a8641d4def66cdf3 P 3a3aeb691f034c05bb619acbe2b799a2 [term 1 LEADER]: Becoming Follower/Learner. State: Replica: 3a3aeb691f034c05bb619acbe2b799a2, State: Running, Role: LEADER
I20260709 12:57:27.868839  1129 consensus_queue.cc:260] T 4ff71bf4e6d041e0a8641d4def66cdf3 P 3a3aeb691f034c05bb619acbe2b799a2 [NON_LEADER]: Queue going to NON_LEADER mode. State: All replicated index: 0, Majority replicated index: 1, Committed index: 1, Last appended: 1.1, Last appended by leader: 1, Current term: 1, Majority size: -1, State: 0, Mode: NON_LEADER, active raft config: opid_index: -1 OBSOLETE_local: false peers { permanent_uuid: "ed835105b8ba4ec597569197b523619b" member_type: VOTER last_known_addr { host: "127.0.107.193" port: 34617 } } peers { permanent_uuid: "3a3aeb691f034c05bb619acbe2b799a2" member_type: VOTER last_known_addr { host: "127.0.107.194" port: 33215 } } peers { permanent_uuid: "e1bd52d1a6464a28883ce197402458b0" member_type: VOTER last_known_addr { host: "127.0.107.195" port: 37823 } }
I20260709 12:57:27.870074  1129 raft_consensus.cc:3060] T 4ff71bf4e6d041e0a8641d4def66cdf3 P 3a3aeb691f034c05bb619acbe2b799a2 [term 1 FOLLOWER]: Advancing to term 2
I20260709 12:57:27.872288  1207 raft_consensus.cc:2468] T 4ff71bf4e6d041e0a8641d4def66cdf3 P e1bd52d1a6464a28883ce197402458b0 [term 2 FOLLOWER]: Leader election vote request: Granting yes vote for candidate ed835105b8ba4ec597569197b523619b in term 2.
I20260709 12:57:27.873413  1022 leader_election.cc:304] T 4ff71bf4e6d041e0a8641d4def66cdf3 P ed835105b8ba4ec597569197b523619b [CANDIDATE]: Term 2 election: Election decided. Result: candidate won. Election summary: received 2 responses out of 3 voters: 2 yes votes; 0 no votes. yes voters: e1bd52d1a6464a28883ce197402458b0, ed835105b8ba4ec597569197b523619b; no voters: 
I20260709 12:57:27.874257  1293 raft_consensus.cc:2804] T 4ff71bf4e6d041e0a8641d4def66cdf3 P ed835105b8ba4ec597569197b523619b [term 2 FOLLOWER]: Leader election won for term 2
I20260709 12:57:27.874296  1058 raft_consensus.cc:2468] T c67d23d64b0741d6b1945be50f94c1a8 P ed835105b8ba4ec597569197b523619b [term 2 FOLLOWER]: Leader election vote request: Granting yes vote for candidate e1bd52d1a6464a28883ce197402458b0 in term 2.
I20260709 12:57:27.874833  1293 raft_consensus.cc:697] T 4ff71bf4e6d041e0a8641d4def66cdf3 P ed835105b8ba4ec597569197b523619b [term 2 LEADER]: Becoming Leader. State: Replica: ed835105b8ba4ec597569197b523619b, State: Running, Role: LEADER
I20260709 12:57:27.875519  1130 raft_consensus.cc:2468] T c67d23d64b0741d6b1945be50f94c1a8 P 3a3aeb691f034c05bb619acbe2b799a2 [term 2 FOLLOWER]: Leader election vote request: Granting yes vote for candidate e1bd52d1a6464a28883ce197402458b0 in term 2.
I20260709 12:57:27.875825  1172 leader_election.cc:304] T c67d23d64b0741d6b1945be50f94c1a8 P e1bd52d1a6464a28883ce197402458b0 [CANDIDATE]: Term 2 election: Election decided. Result: candidate won. Election summary: received 2 responses out of 3 voters: 2 yes votes; 0 no votes. yes voters: e1bd52d1a6464a28883ce197402458b0, ed835105b8ba4ec597569197b523619b; no voters: 
I20260709 12:57:27.875676  1293 consensus_queue.cc:237] T 4ff71bf4e6d041e0a8641d4def66cdf3 P ed835105b8ba4ec597569197b523619b [LEADER]: Queue going to LEADER mode. State: All replicated index: 0, Majority replicated index: 1, Committed index: 1, Last appended: 1.1, Last appended by leader: 1, Current term: 2, Majority size: 2, State: 0, Mode: LEADER, active raft config: opid_index: -1 OBSOLETE_local: false peers { permanent_uuid: "ed835105b8ba4ec597569197b523619b" member_type: VOTER last_known_addr { host: "127.0.107.193" port: 34617 } } peers { permanent_uuid: "3a3aeb691f034c05bb619acbe2b799a2" member_type: VOTER last_known_addr { host: "127.0.107.194" port: 33215 } } peers { permanent_uuid: "e1bd52d1a6464a28883ce197402458b0" member_type: VOTER last_known_addr { host: "127.0.107.195" port: 37823 } }
I20260709 12:57:27.876638  1277 raft_consensus.cc:2804] T c67d23d64b0741d6b1945be50f94c1a8 P e1bd52d1a6464a28883ce197402458b0 [term 2 FOLLOWER]: Leader election won for term 2
I20260709 12:57:27.876992  1129 raft_consensus.cc:2468] T 4ff71bf4e6d041e0a8641d4def66cdf3 P 3a3aeb691f034c05bb619acbe2b799a2 [term 2 FOLLOWER]: Leader election vote request: Granting yes vote for candidate ed835105b8ba4ec597569197b523619b in term 2.
I20260709 12:57:27.877118  1277 raft_consensus.cc:697] T c67d23d64b0741d6b1945be50f94c1a8 P e1bd52d1a6464a28883ce197402458b0 [term 2 LEADER]: Becoming Leader. State: Replica: e1bd52d1a6464a28883ce197402458b0, State: Running, Role: LEADER
I20260709 12:57:27.877991  1277 consensus_queue.cc:237] T c67d23d64b0741d6b1945be50f94c1a8 P e1bd52d1a6464a28883ce197402458b0 [LEADER]: Queue going to LEADER mode. State: All replicated index: 0, Majority replicated index: 1, Committed index: 1, Last appended: 1.1, Last appended by leader: 1, Current term: 2, Majority size: 2, State: 0, Mode: LEADER, active raft config: opid_index: -1 OBSOLETE_local: false peers { permanent_uuid: "ed835105b8ba4ec597569197b523619b" member_type: VOTER last_known_addr { host: "127.0.107.193" port: 34617 } } peers { permanent_uuid: "3a3aeb691f034c05bb619acbe2b799a2" member_type: VOTER last_known_addr { host: "127.0.107.194" port: 33215 } } peers { permanent_uuid: "e1bd52d1a6464a28883ce197402458b0" member_type: VOTER last_known_addr { host: "127.0.107.195" port: 37823 } }
I20260709 12:57:27.884346   954 catalog_manager.cc:5697] T 4ff71bf4e6d041e0a8641d4def66cdf3 P ed835105b8ba4ec597569197b523619b reported cstate change: term changed from 1 to 2, leader changed from 3a3aeb691f034c05bb619acbe2b799a2 (127.0.107.194) to ed835105b8ba4ec597569197b523619b (127.0.107.193). New cstate: current_term: 2 leader_uuid: "ed835105b8ba4ec597569197b523619b" committed_config { opid_index: -1 OBSOLETE_local: false peers { permanent_uuid: "ed835105b8ba4ec597569197b523619b" member_type: VOTER last_known_addr { host: "127.0.107.193" port: 34617 } health_report { overall_health: HEALTHY } } peers { permanent_uuid: "3a3aeb691f034c05bb619acbe2b799a2" member_type: VOTER last_known_addr { host: "127.0.107.194" port: 33215 } health_report { overall_health: UNKNOWN } } peers { permanent_uuid: "e1bd52d1a6464a28883ce197402458b0" member_type: VOTER last_known_addr { host: "127.0.107.195" port: 37823 } health_report { overall_health: UNKNOWN } } }
I20260709 12:57:27.885803   955 catalog_manager.cc:5697] T c67d23d64b0741d6b1945be50f94c1a8 P e1bd52d1a6464a28883ce197402458b0 reported cstate change: term changed from 1 to 2, leader changed from ed835105b8ba4ec597569197b523619b (127.0.107.193) to e1bd52d1a6464a28883ce197402458b0 (127.0.107.195). New cstate: current_term: 2 leader_uuid: "e1bd52d1a6464a28883ce197402458b0" committed_config { opid_index: -1 OBSOLETE_local: false peers { permanent_uuid: "ed835105b8ba4ec597569197b523619b" member_type: VOTER last_known_addr { host: "127.0.107.193" port: 34617 } health_report { overall_health: UNKNOWN } } peers { permanent_uuid: "3a3aeb691f034c05bb619acbe2b799a2" member_type: VOTER last_known_addr { host: "127.0.107.194" port: 33215 } health_report { overall_health: UNKNOWN } } peers { permanent_uuid: "e1bd52d1a6464a28883ce197402458b0" member_type: VOTER last_known_addr { host: "127.0.107.195" port: 37823 } health_report { overall_health: HEALTHY } } }
I20260709 12:57:27.932271  1207 raft_consensus.cc:1275] T 81efe8040fe641e4b13b9dfb17ad27c9 P e1bd52d1a6464a28883ce197402458b0 [term 2 FOLLOWER]: Refusing update from remote peer ed835105b8ba4ec597569197b523619b: Log matching property violated. Preceding OpId in replica: term: 1 index: 1. Preceding OpId from leader: term: 2 index: 2. (index mismatch)
I20260709 12:57:27.933568  1293 consensus_queue.cc:1048] T 81efe8040fe641e4b13b9dfb17ad27c9 P ed835105b8ba4ec597569197b523619b [LEADER]: Connected to new peer: Peer: permanent_uuid: "e1bd52d1a6464a28883ce197402458b0" member_type: VOTER last_known_addr { host: "127.0.107.195" port: 37823 }, Status: LMP_MISMATCH, Last received: 0.0, Next index: 2, Last known committed idx: 1, Time since last communication: 0.000s
I20260709 12:57:27.940800  1129 raft_consensus.cc:1275] T 81efe8040fe641e4b13b9dfb17ad27c9 P 3a3aeb691f034c05bb619acbe2b799a2 [term 2 FOLLOWER]: Refusing update from remote peer ed835105b8ba4ec597569197b523619b: Log matching property violated. Preceding OpId in replica: term: 1 index: 1. Preceding OpId from leader: term: 2 index: 2. (index mismatch)
I20260709 12:57:27.943269  1293 consensus_queue.cc:1048] T 81efe8040fe641e4b13b9dfb17ad27c9 P ed835105b8ba4ec597569197b523619b [LEADER]: Connected to new peer: Peer: permanent_uuid: "3a3aeb691f034c05bb619acbe2b799a2" member_type: VOTER last_known_addr { host: "127.0.107.194" port: 33215 }, Status: LMP_MISMATCH, Last received: 0.0, Next index: 2, Last known committed idx: 1, Time since last communication: 0.000s
I20260709 12:57:27.955787  1130 raft_consensus.cc:1275] T 03a5373bdcbc4af1a1e0944310741dd4 P 3a3aeb691f034c05bb619acbe2b799a2 [term 2 FOLLOWER]: Refusing update from remote peer ed835105b8ba4ec597569197b523619b: Log matching property violated. Preceding OpId in replica: term: 1 index: 1. Preceding OpId from leader: term: 2 index: 2. (index mismatch)
I20260709 12:57:27.957031  1293 consensus_queue.cc:1048] T 03a5373bdcbc4af1a1e0944310741dd4 P ed835105b8ba4ec597569197b523619b [LEADER]: Connected to new peer: Peer: permanent_uuid: "3a3aeb691f034c05bb619acbe2b799a2" member_type: VOTER last_known_addr { host: "127.0.107.194" port: 33215 }, Status: LMP_MISMATCH, Last received: 0.0, Next index: 2, Last known committed idx: 1, Time since last communication: 0.000s
I20260709 12:57:27.963865  1207 raft_consensus.cc:1275] T 03a5373bdcbc4af1a1e0944310741dd4 P e1bd52d1a6464a28883ce197402458b0 [term 2 FOLLOWER]: Refusing update from remote peer ed835105b8ba4ec597569197b523619b: Log matching property violated. Preceding OpId in replica: term: 1 index: 1. Preceding OpId from leader: term: 2 index: 2. (index mismatch)
I20260709 12:57:27.965795  1299 consensus_queue.cc:1048] T 03a5373bdcbc4af1a1e0944310741dd4 P ed835105b8ba4ec597569197b523619b [LEADER]: Connected to new peer: Peer: permanent_uuid: "e1bd52d1a6464a28883ce197402458b0" member_type: VOTER last_known_addr { host: "127.0.107.195" port: 37823 }, Status: LMP_MISMATCH, Last received: 0.0, Next index: 2, Last known committed idx: 1, Time since last communication: 0.000s
I20260709 12:57:28.037009  1055 raft_consensus.cc:1275] T 64709a298bb04a9f9f420844bfd42b6e P ed835105b8ba4ec597569197b523619b [term 2 FOLLOWER]: Refusing update from remote peer 3a3aeb691f034c05bb619acbe2b799a2: Log matching property violated. Preceding OpId in replica: term: 1 index: 1. Preceding OpId from leader: term: 2 index: 2. (index mismatch)
I20260709 12:57:28.038280  1253 consensus_queue.cc:1048] T 64709a298bb04a9f9f420844bfd42b6e P 3a3aeb691f034c05bb619acbe2b799a2 [LEADER]: Connected to new peer: Peer: permanent_uuid: "ed835105b8ba4ec597569197b523619b" member_type: VOTER last_known_addr { host: "127.0.107.193" port: 34617 }, Status: LMP_MISMATCH, Last received: 0.0, Next index: 2, Last known committed idx: 1, Time since last communication: 0.000s
I20260709 12:57:28.045318  1207 raft_consensus.cc:1275] T 64709a298bb04a9f9f420844bfd42b6e P e1bd52d1a6464a28883ce197402458b0 [term 2 FOLLOWER]: Refusing update from remote peer 3a3aeb691f034c05bb619acbe2b799a2: Log matching property violated. Preceding OpId in replica: term: 1 index: 1. Preceding OpId from leader: term: 2 index: 2. (index mismatch)
I20260709 12:57:28.046665  1288 consensus_queue.cc:1048] T 64709a298bb04a9f9f420844bfd42b6e P 3a3aeb691f034c05bb619acbe2b799a2 [LEADER]: Connected to new peer: Peer: permanent_uuid: "e1bd52d1a6464a28883ce197402458b0" member_type: VOTER last_known_addr { host: "127.0.107.195" port: 37823 }, Status: LMP_MISMATCH, Last received: 0.0, Next index: 2, Last known committed idx: 1, Time since last communication: 0.000s
I20260709 12:57:28.096271  1130 raft_consensus.cc:1275] T 2efe52c56e9d4c1f9a767391590acd51 P 3a3aeb691f034c05bb619acbe2b799a2 [term 2 FOLLOWER]: Refusing update from remote peer ed835105b8ba4ec597569197b523619b: Log matching property violated. Preceding OpId in replica: term: 1 index: 1. Preceding OpId from leader: term: 2 index: 2. (index mismatch)
I20260709 12:57:28.097522  1299 consensus_queue.cc:1048] T 2efe52c56e9d4c1f9a767391590acd51 P ed835105b8ba4ec597569197b523619b [LEADER]: Connected to new peer: Peer: permanent_uuid: "3a3aeb691f034c05bb619acbe2b799a2" member_type: VOTER last_known_addr { host: "127.0.107.194" port: 33215 }, Status: LMP_MISMATCH, Last received: 0.0, Next index: 2, Last known committed idx: 1, Time since last communication: 0.000s
I20260709 12:57:28.105361  1207 raft_consensus.cc:1275] T 2efe52c56e9d4c1f9a767391590acd51 P e1bd52d1a6464a28883ce197402458b0 [term 2 FOLLOWER]: Refusing update from remote peer ed835105b8ba4ec597569197b523619b: Log matching property violated. Preceding OpId in replica: term: 1 index: 1. Preceding OpId from leader: term: 2 index: 2. (index mismatch)
I20260709 12:57:28.108230  1254 consensus_queue.cc:1048] T 2efe52c56e9d4c1f9a767391590acd51 P ed835105b8ba4ec597569197b523619b [LEADER]: Connected to new peer: Peer: permanent_uuid: "e1bd52d1a6464a28883ce197402458b0" member_type: VOTER last_known_addr { host: "127.0.107.195" port: 37823 }, Status: LMP_MISMATCH, Last received: 0.0, Next index: 2, Last known committed idx: 1, Time since last communication: 0.000s
I20260709 12:57:28.131280  1055 raft_consensus.cc:1275] T a2a95e169da34f22956bcd6a3766bf1b P ed835105b8ba4ec597569197b523619b [term 2 FOLLOWER]: Refusing update from remote peer 3a3aeb691f034c05bb619acbe2b799a2: Log matching property violated. Preceding OpId in replica: term: 1 index: 1. Preceding OpId from leader: term: 2 index: 2. (index mismatch)
I20260709 12:57:28.132476  1289 consensus_queue.cc:1048] T a2a95e169da34f22956bcd6a3766bf1b P 3a3aeb691f034c05bb619acbe2b799a2 [LEADER]: Connected to new peer: Peer: permanent_uuid: "ed835105b8ba4ec597569197b523619b" member_type: VOTER last_known_addr { host: "127.0.107.193" port: 34617 }, Status: LMP_MISMATCH, Last received: 0.0, Next index: 2, Last known committed idx: 1, Time since last communication: 0.000s
I20260709 12:57:28.139736  1207 raft_consensus.cc:1275] T a2a95e169da34f22956bcd6a3766bf1b P e1bd52d1a6464a28883ce197402458b0 [term 2 FOLLOWER]: Refusing update from remote peer 3a3aeb691f034c05bb619acbe2b799a2: Log matching property violated. Preceding OpId in replica: term: 1 index: 1. Preceding OpId from leader: term: 2 index: 2. (index mismatch)
I20260709 12:57:28.141180  1288 consensus_queue.cc:1048] T a2a95e169da34f22956bcd6a3766bf1b P 3a3aeb691f034c05bb619acbe2b799a2 [LEADER]: Connected to new peer: Peer: permanent_uuid: "e1bd52d1a6464a28883ce197402458b0" member_type: VOTER last_known_addr { host: "127.0.107.195" port: 37823 }, Status: LMP_MISMATCH, Last received: 0.0, Next index: 2, Last known committed idx: 1, Time since last communication: 0.000s
I20260709 12:57:28.265678  1130 raft_consensus.cc:1275] T 4ff71bf4e6d041e0a8641d4def66cdf3 P 3a3aeb691f034c05bb619acbe2b799a2 [term 2 FOLLOWER]: Refusing update from remote peer ed835105b8ba4ec597569197b523619b: Log matching property violated. Preceding OpId in replica: term: 1 index: 1. Preceding OpId from leader: term: 2 index: 2. (index mismatch)
I20260709 12:57:28.266813  1254 consensus_queue.cc:1048] T 4ff71bf4e6d041e0a8641d4def66cdf3 P ed835105b8ba4ec597569197b523619b [LEADER]: Connected to new peer: Peer: permanent_uuid: "3a3aeb691f034c05bb619acbe2b799a2" member_type: VOTER last_known_addr { host: "127.0.107.194" port: 33215 }, Status: LMP_MISMATCH, Last received: 0.0, Next index: 2, Last known committed idx: 1, Time since last communication: 0.000s
I20260709 12:57:28.277350  1207 raft_consensus.cc:1275] T 4ff71bf4e6d041e0a8641d4def66cdf3 P e1bd52d1a6464a28883ce197402458b0 [term 2 FOLLOWER]: Refusing update from remote peer ed835105b8ba4ec597569197b523619b: Log matching property violated. Preceding OpId in replica: term: 1 index: 1. Preceding OpId from leader: term: 2 index: 2. (index mismatch)
I20260709 12:57:28.278699  1293 consensus_queue.cc:1048] T 4ff71bf4e6d041e0a8641d4def66cdf3 P ed835105b8ba4ec597569197b523619b [LEADER]: Connected to new peer: Peer: permanent_uuid: "e1bd52d1a6464a28883ce197402458b0" member_type: VOTER last_known_addr { host: "127.0.107.195" port: 37823 }, Status: LMP_MISMATCH, Last received: 0.0, Next index: 2, Last known committed idx: 1, Time since last communication: 0.000s
I20260709 12:57:28.379979  1055 raft_consensus.cc:1275] T c67d23d64b0741d6b1945be50f94c1a8 P ed835105b8ba4ec597569197b523619b [term 2 FOLLOWER]: Refusing update from remote peer e1bd52d1a6464a28883ce197402458b0: Log matching property violated. Preceding OpId in replica: term: 1 index: 1. Preceding OpId from leader: term: 2 index: 2. (index mismatch)
I20260709 12:57:28.381146  1277 consensus_queue.cc:1048] T c67d23d64b0741d6b1945be50f94c1a8 P e1bd52d1a6464a28883ce197402458b0 [LEADER]: Connected to new peer: Peer: permanent_uuid: "ed835105b8ba4ec597569197b523619b" member_type: VOTER last_known_addr { host: "127.0.107.193" port: 34617 }, Status: LMP_MISMATCH, Last received: 0.0, Next index: 2, Last known committed idx: 1, Time since last communication: 0.000s
I20260709 12:57:28.389494  1130 raft_consensus.cc:1275] T c67d23d64b0741d6b1945be50f94c1a8 P 3a3aeb691f034c05bb619acbe2b799a2 [term 2 FOLLOWER]: Refusing update from remote peer e1bd52d1a6464a28883ce197402458b0: Log matching property violated. Preceding OpId in replica: term: 1 index: 1. Preceding OpId from leader: term: 2 index: 2. (index mismatch)
I20260709 12:57:28.391561  1277 consensus_queue.cc:1048] T c67d23d64b0741d6b1945be50f94c1a8 P e1bd52d1a6464a28883ce197402458b0 [LEADER]: Connected to new peer: Peer: permanent_uuid: "3a3aeb691f034c05bb619acbe2b799a2" member_type: VOTER last_known_addr { host: "127.0.107.194" port: 33215 }, Status: LMP_MISMATCH, Last received: 0.0, Next index: 2, Last known committed idx: 1, Time since last communication: 0.000s
I20260709 12:57:30.384044   431 auto_leader_rebalancer-test.cc:348] The leader distribution is 
I20260709 12:57:30.385030   431 auto_leader_rebalancer.cc:141] leader rebalance for table test-workload
I20260709 12:57:30.400291  1055 tablet_service.cc:2072] Received LeaderStepDown RPC: tablet_id: "03a5373bdcbc4af1a1e0944310741dd4"
dest_uuid: "ed835105b8ba4ec597569197b523619b"
mode: GRACEFUL
new_leader_uuid: "e1bd52d1a6464a28883ce197402458b0"
 from {username='slave'} at 127.0.0.1:33842
I20260709 12:57:30.400816  1055 raft_consensus.cc:606] T 03a5373bdcbc4af1a1e0944310741dd4 P ed835105b8ba4ec597569197b523619b [term 2 LEADER]: Received request to transfer leadership to TS e1bd52d1a6464a28883ce197402458b0
I20260709 12:57:30.403088  1055 tablet_service.cc:2072] Received LeaderStepDown RPC: tablet_id: "81efe8040fe641e4b13b9dfb17ad27c9"
dest_uuid: "ed835105b8ba4ec597569197b523619b"
mode: GRACEFUL
new_leader_uuid: "e1bd52d1a6464a28883ce197402458b0"
 from {username='slave'} at 127.0.0.1:33842
I20260709 12:57:30.403537  1055 raft_consensus.cc:606] T 81efe8040fe641e4b13b9dfb17ad27c9 P ed835105b8ba4ec597569197b523619b [term 2 LEADER]: Received request to transfer leadership to TS e1bd52d1a6464a28883ce197402458b0
I20260709 12:57:30.404456   431 auto_leader_rebalancer.cc:452] table: test-workload, leader rebalance finish, leader transfer count: 2
I20260709 12:57:30.404868   431 auto_leader_rebalancer.cc:527] All tables' leader rebalancing finished this round
I20260709 12:57:30.625164  1299 raft_consensus.cc:993] T 03a5373bdcbc4af1a1e0944310741dd4 P ed835105b8ba4ec597569197b523619b: : Instructing follower e1bd52d1a6464a28883ce197402458b0 to start an election
I20260709 12:57:30.625548  1358 raft_consensus.cc:1081] T 03a5373bdcbc4af1a1e0944310741dd4 P ed835105b8ba4ec597569197b523619b [term 2 LEADER]: Signalling peer e1bd52d1a6464a28883ce197402458b0 to start an election
I20260709 12:57:30.626814  1207 tablet_service.cc:2044] Received Run Leader Election RPC: tablet_id: "03a5373bdcbc4af1a1e0944310741dd4"
dest_uuid: "e1bd52d1a6464a28883ce197402458b0"
 from {username='slave'} at 127.0.0.1:44854
I20260709 12:57:30.627292  1207 raft_consensus.cc:493] T 03a5373bdcbc4af1a1e0944310741dd4 P e1bd52d1a6464a28883ce197402458b0 [term 2 FOLLOWER]: Starting forced leader election (received explicit request)
I20260709 12:57:30.627610  1207 raft_consensus.cc:3060] T 03a5373bdcbc4af1a1e0944310741dd4 P e1bd52d1a6464a28883ce197402458b0 [term 2 FOLLOWER]: Advancing to term 3
I20260709 12:57:30.631515  1207 raft_consensus.cc:515] T 03a5373bdcbc4af1a1e0944310741dd4 P e1bd52d1a6464a28883ce197402458b0 [term 3 FOLLOWER]: Starting forced leader election with config: opid_index: -1 OBSOLETE_local: false peers { permanent_uuid: "3a3aeb691f034c05bb619acbe2b799a2" member_type: VOTER last_known_addr { host: "127.0.107.194" port: 33215 } } peers { permanent_uuid: "e1bd52d1a6464a28883ce197402458b0" member_type: VOTER last_known_addr { host: "127.0.107.195" port: 37823 } } peers { permanent_uuid: "ed835105b8ba4ec597569197b523619b" member_type: VOTER last_known_addr { host: "127.0.107.193" port: 34617 } }
I20260709 12:57:30.632851  1207 leader_election.cc:290] T 03a5373bdcbc4af1a1e0944310741dd4 P e1bd52d1a6464a28883ce197402458b0 [CANDIDATE]: Term 3 election: Requested vote from peers 3a3aeb691f034c05bb619acbe2b799a2 (127.0.107.194:33215), ed835105b8ba4ec597569197b523619b (127.0.107.193:34617)
I20260709 12:57:30.633584  1130 tablet_service.cc:1917] Received RequestConsensusVote() RPC: tablet_id: "03a5373bdcbc4af1a1e0944310741dd4" candidate_uuid: "e1bd52d1a6464a28883ce197402458b0" candidate_term: 3 candidate_status { last_received { term: 2 index: 2 } } ignore_live_leader: true dest_uuid: "3a3aeb691f034c05bb619acbe2b799a2"
I20260709 12:57:30.633821  1055 tablet_service.cc:1917] Received RequestConsensusVote() RPC: tablet_id: "03a5373bdcbc4af1a1e0944310741dd4" candidate_uuid: "e1bd52d1a6464a28883ce197402458b0" candidate_term: 3 candidate_status { last_received { term: 2 index: 2 } } ignore_live_leader: true dest_uuid: "ed835105b8ba4ec597569197b523619b"
I20260709 12:57:30.634150  1130 raft_consensus.cc:3060] T 03a5373bdcbc4af1a1e0944310741dd4 P 3a3aeb691f034c05bb619acbe2b799a2 [term 2 FOLLOWER]: Advancing to term 3
I20260709 12:57:30.634349  1055 raft_consensus.cc:3055] T 03a5373bdcbc4af1a1e0944310741dd4 P ed835105b8ba4ec597569197b523619b [term 2 LEADER]: Stepping down as leader of term 2
I20260709 12:57:30.634678  1055 raft_consensus.cc:740] T 03a5373bdcbc4af1a1e0944310741dd4 P ed835105b8ba4ec597569197b523619b [term 2 LEADER]: Becoming Follower/Learner. State: Replica: ed835105b8ba4ec597569197b523619b, State: Running, Role: LEADER
I20260709 12:57:30.635329  1055 consensus_queue.cc:260] T 03a5373bdcbc4af1a1e0944310741dd4 P ed835105b8ba4ec597569197b523619b [NON_LEADER]: Queue going to NON_LEADER mode. State: All replicated index: 0, Majority replicated index: 2, Committed index: 2, Last appended: 2.2, Last appended by leader: 2, Current term: 2, Majority size: -1, State: 0, Mode: NON_LEADER, active raft config: opid_index: -1 OBSOLETE_local: false peers { permanent_uuid: "3a3aeb691f034c05bb619acbe2b799a2" member_type: VOTER last_known_addr { host: "127.0.107.194" port: 33215 } } peers { permanent_uuid: "e1bd52d1a6464a28883ce197402458b0" member_type: VOTER last_known_addr { host: "127.0.107.195" port: 37823 } } peers { permanent_uuid: "ed835105b8ba4ec597569197b523619b" member_type: VOTER last_known_addr { host: "127.0.107.193" port: 34617 } }
I20260709 12:57:30.636224  1055 raft_consensus.cc:3060] T 03a5373bdcbc4af1a1e0944310741dd4 P ed835105b8ba4ec597569197b523619b [term 2 FOLLOWER]: Advancing to term 3
I20260709 12:57:30.639222  1130 raft_consensus.cc:2468] T 03a5373bdcbc4af1a1e0944310741dd4 P 3a3aeb691f034c05bb619acbe2b799a2 [term 3 FOLLOWER]: Leader election vote request: Granting yes vote for candidate e1bd52d1a6464a28883ce197402458b0 in term 3.
I20260709 12:57:30.640245  1171 leader_election.cc:304] T 03a5373bdcbc4af1a1e0944310741dd4 P e1bd52d1a6464a28883ce197402458b0 [CANDIDATE]: Term 3 election: Election decided. Result: candidate won. Election summary: received 2 responses out of 3 voters: 2 yes votes; 0 no votes. yes voters: 3a3aeb691f034c05bb619acbe2b799a2, e1bd52d1a6464a28883ce197402458b0; no voters: 
I20260709 12:57:30.640863  1055 raft_consensus.cc:2468] T 03a5373bdcbc4af1a1e0944310741dd4 P ed835105b8ba4ec597569197b523619b [term 3 FOLLOWER]: Leader election vote request: Granting yes vote for candidate e1bd52d1a6464a28883ce197402458b0 in term 3.
I20260709 12:57:30.640893  1351 raft_consensus.cc:2804] T 03a5373bdcbc4af1a1e0944310741dd4 P e1bd52d1a6464a28883ce197402458b0 [term 3 FOLLOWER]: Leader election won for term 3
