I20260709 13:06:30.092442 26324 tablet_bootstrap.cc:654] T cda78663cfdd44688f9e6d1fea88a4a5 P b71b02f329c742caab3b93f43a471ac7: Neither blocks nor log segments found. Creating new log.
I20260709 13:06:30.093319 26326 ts_tablet_manager.cc:1434] T cda78663cfdd44688f9e6d1fea88a4a5 P 1116545907f34dbfb26da42f901358ba: Time spent starting tablet: real 0.011s	user 0.007s	sys 0.003s
I20260709 13:06:30.094579 26326 tablet_bootstrap.cc:492] T 684742d4d03d4626bb35c065bd212ee0 P 1116545907f34dbfb26da42f901358ba: Bootstrap starting.
I20260709 13:06:30.098959 26327 ts_tablet_manager.cc:1434] T edf602c7e8014523ad7747588ab4ca7b P 795cce09462b4bb3832f6b7dc5fc80d9: Time spent starting tablet: real 0.016s	user 0.005s	sys 0.001s
I20260709 13:06:30.099866 26327 tablet_bootstrap.cc:492] T 1f42e9eb034841698b6489dcefb6e5a5 P 795cce09462b4bb3832f6b7dc5fc80d9: Bootstrap starting.
I20260709 13:06:30.102901 26326 tablet_bootstrap.cc:654] T 684742d4d03d4626bb35c065bd212ee0 P 1116545907f34dbfb26da42f901358ba: Neither blocks nor log segments found. Creating new log.
I20260709 13:06:30.108929 26327 tablet_bootstrap.cc:654] T 1f42e9eb034841698b6489dcefb6e5a5 P 795cce09462b4bb3832f6b7dc5fc80d9: Neither blocks nor log segments found. Creating new log.
I20260709 13:06:30.114965 26324 tablet_bootstrap.cc:492] T cda78663cfdd44688f9e6d1fea88a4a5 P b71b02f329c742caab3b93f43a471ac7: No bootstrap required, opened a new log
I20260709 13:06:30.115456 26324 ts_tablet_manager.cc:1403] T cda78663cfdd44688f9e6d1fea88a4a5 P b71b02f329c742caab3b93f43a471ac7: Time spent bootstrapping tablet: real 0.053s	user 0.005s	sys 0.007s
I20260709 13:06:30.118103 26326 tablet_bootstrap.cc:492] T 684742d4d03d4626bb35c065bd212ee0 P 1116545907f34dbfb26da42f901358ba: No bootstrap required, opened a new log
I20260709 13:06:30.118593 26326 ts_tablet_manager.cc:1403] T 684742d4d03d4626bb35c065bd212ee0 P 1116545907f34dbfb26da42f901358ba: Time spent bootstrapping tablet: real 0.024s	user 0.004s	sys 0.018s
I20260709 13:06:30.118855 26324 raft_consensus.cc:359] T cda78663cfdd44688f9e6d1fea88a4a5 P b71b02f329c742caab3b93f43a471ac7 [term 0 FOLLOWER]: Replica starting. Triggering 0 pending ops. Active config: opid_index: -1 OBSOLETE_local: false peers { permanent_uuid: "795cce09462b4bb3832f6b7dc5fc80d9" member_type: VOTER last_known_addr { host: "127.24.232.193" port: 43569 } } peers { permanent_uuid: "b71b02f329c742caab3b93f43a471ac7" member_type: VOTER last_known_addr { host: "127.24.232.194" port: 40993 } } peers { permanent_uuid: "1116545907f34dbfb26da42f901358ba" member_type: VOTER last_known_addr { host: "127.24.232.195" port: 32909 } }
I20260709 13:06:30.120000 26324 raft_consensus.cc:385] T cda78663cfdd44688f9e6d1fea88a4a5 P b71b02f329c742caab3b93f43a471ac7 [term 0 FOLLOWER]: Consensus starting up: Expiring failure detector timer to make a prompt election more likely
I20260709 13:06:30.119457 26030 catalog_manager.cc:5697] T dac2742c36e243eb8c16e90f7e0ca9d5 P 1116545907f34dbfb26da42f901358ba reported cstate change: term changed from 0 to 1, leader changed from <none> to 1116545907f34dbfb26da42f901358ba (127.24.232.195). New cstate: current_term: 1 leader_uuid: "1116545907f34dbfb26da42f901358ba" committed_config { opid_index: -1 OBSOLETE_local: false peers { permanent_uuid: "795cce09462b4bb3832f6b7dc5fc80d9" member_type: VOTER last_known_addr { host: "127.24.232.193" port: 43569 } health_report { overall_health: UNKNOWN } } peers { permanent_uuid: "b71b02f329c742caab3b93f43a471ac7" member_type: VOTER last_known_addr { host: "127.24.232.194" port: 40993 } health_report { overall_health: UNKNOWN } } peers { permanent_uuid: "1116545907f34dbfb26da42f901358ba" member_type: VOTER last_known_addr { host: "127.24.232.195" port: 32909 } health_report { overall_health: HEALTHY } } }
I20260709 13:06:30.120432 26324 raft_consensus.cc:740] T cda78663cfdd44688f9e6d1fea88a4a5 P b71b02f329c742caab3b93f43a471ac7 [term 0 FOLLOWER]: Becoming Follower/Learner. State: Replica: b71b02f329c742caab3b93f43a471ac7, State: Initialized, Role: FOLLOWER
I20260709 13:06:30.121393 26326 raft_consensus.cc:359] T 684742d4d03d4626bb35c065bd212ee0 P 1116545907f34dbfb26da42f901358ba [term 0 FOLLOWER]: Replica starting. Triggering 0 pending ops. Active config: opid_index: -1 OBSOLETE_local: false peers { permanent_uuid: "795cce09462b4bb3832f6b7dc5fc80d9" member_type: VOTER last_known_addr { host: "127.24.232.193" port: 43569 } } peers { permanent_uuid: "b71b02f329c742caab3b93f43a471ac7" member_type: VOTER last_known_addr { host: "127.24.232.194" port: 40993 } } peers { permanent_uuid: "1116545907f34dbfb26da42f901358ba" member_type: VOTER last_known_addr { host: "127.24.232.195" port: 32909 } }
I20260709 13:06:30.121527 26324 consensus_queue.cc:260] T cda78663cfdd44688f9e6d1fea88a4a5 P b71b02f329c742caab3b93f43a471ac7 [NON_LEADER]: Queue going to NON_LEADER mode. State: All replicated index: 0, Majority replicated index: 0, Committed index: 0, Last appended: 0.0, Last appended by leader: 0, Current term: 0, Majority size: -1, State: 0, Mode: NON_LEADER, active raft config: opid_index: -1 OBSOLETE_local: false peers { permanent_uuid: "795cce09462b4bb3832f6b7dc5fc80d9" member_type: VOTER last_known_addr { host: "127.24.232.193" port: 43569 } } peers { permanent_uuid: "b71b02f329c742caab3b93f43a471ac7" member_type: VOTER last_known_addr { host: "127.24.232.194" port: 40993 } } peers { permanent_uuid: "1116545907f34dbfb26da42f901358ba" member_type: VOTER last_known_addr { host: "127.24.232.195" port: 32909 } }
I20260709 13:06:30.122112 26326 raft_consensus.cc:385] T 684742d4d03d4626bb35c065bd212ee0 P 1116545907f34dbfb26da42f901358ba [term 0 FOLLOWER]: Consensus starting up: Expiring failure detector timer to make a prompt election more likely
I20260709 13:06:30.122418 26326 raft_consensus.cc:740] T 684742d4d03d4626bb35c065bd212ee0 P 1116545907f34dbfb26da42f901358ba [term 0 FOLLOWER]: Becoming Follower/Learner. State: Replica: 1116545907f34dbfb26da42f901358ba, State: Initialized, Role: FOLLOWER
I20260709 13:06:30.123121 26326 consensus_queue.cc:260] T 684742d4d03d4626bb35c065bd212ee0 P 1116545907f34dbfb26da42f901358ba [NON_LEADER]: Queue going to NON_LEADER mode. State: All replicated index: 0, Majority replicated index: 0, Committed index: 0, Last appended: 0.0, Last appended by leader: 0, Current term: 0, Majority size: -1, State: 0, Mode: NON_LEADER, active raft config: opid_index: -1 OBSOLETE_local: false peers { permanent_uuid: "795cce09462b4bb3832f6b7dc5fc80d9" member_type: VOTER last_known_addr { host: "127.24.232.193" port: 43569 } } peers { permanent_uuid: "b71b02f329c742caab3b93f43a471ac7" member_type: VOTER last_known_addr { host: "127.24.232.194" port: 40993 } } peers { permanent_uuid: "1116545907f34dbfb26da42f901358ba" member_type: VOTER last_known_addr { host: "127.24.232.195" port: 32909 } }
I20260709 13:06:30.124100 26324 ts_tablet_manager.cc:1434] T cda78663cfdd44688f9e6d1fea88a4a5 P b71b02f329c742caab3b93f43a471ac7: Time spent starting tablet: real 0.008s	user 0.005s	sys 0.003s
I20260709 13:06:30.125507 26326 ts_tablet_manager.cc:1434] T 684742d4d03d4626bb35c065bd212ee0 P 1116545907f34dbfb26da42f901358ba: Time spent starting tablet: real 0.007s	user 0.007s	sys 0.000s
I20260709 13:06:30.126365 26326 tablet_bootstrap.cc:492] T b2071fb521fb4c4c9206f36d134f6524 P 1116545907f34dbfb26da42f901358ba: Bootstrap starting.
I20260709 13:06:30.127117 26327 tablet_bootstrap.cc:492] T 1f42e9eb034841698b6489dcefb6e5a5 P 795cce09462b4bb3832f6b7dc5fc80d9: No bootstrap required, opened a new log
I20260709 13:06:30.127518 26327 ts_tablet_manager.cc:1403] T 1f42e9eb034841698b6489dcefb6e5a5 P 795cce09462b4bb3832f6b7dc5fc80d9: Time spent bootstrapping tablet: real 0.028s	user 0.009s	sys 0.000s
I20260709 13:06:30.129859 26327 raft_consensus.cc:359] T 1f42e9eb034841698b6489dcefb6e5a5 P 795cce09462b4bb3832f6b7dc5fc80d9 [term 0 FOLLOWER]: Replica starting. Triggering 0 pending ops. Active config: opid_index: -1 OBSOLETE_local: false peers { permanent_uuid: "795cce09462b4bb3832f6b7dc5fc80d9" member_type: VOTER last_known_addr { host: "127.24.232.193" port: 43569 } } peers { permanent_uuid: "b71b02f329c742caab3b93f43a471ac7" member_type: VOTER last_known_addr { host: "127.24.232.194" port: 40993 } } peers { permanent_uuid: "1116545907f34dbfb26da42f901358ba" member_type: VOTER last_known_addr { host: "127.24.232.195" port: 32909 } }
I20260709 13:06:30.130481 26327 raft_consensus.cc:385] T 1f42e9eb034841698b6489dcefb6e5a5 P 795cce09462b4bb3832f6b7dc5fc80d9 [term 0 FOLLOWER]: Consensus starting up: Expiring failure detector timer to make a prompt election more likely
I20260709 13:06:30.130736 26327 raft_consensus.cc:740] T 1f42e9eb034841698b6489dcefb6e5a5 P 795cce09462b4bb3832f6b7dc5fc80d9 [term 0 FOLLOWER]: Becoming Follower/Learner. State: Replica: 795cce09462b4bb3832f6b7dc5fc80d9, State: Initialized, Role: FOLLOWER
I20260709 13:06:30.131464 26327 consensus_queue.cc:260] T 1f42e9eb034841698b6489dcefb6e5a5 P 795cce09462b4bb3832f6b7dc5fc80d9 [NON_LEADER]: Queue going to NON_LEADER mode. State: All replicated index: 0, Majority replicated index: 0, Committed index: 0, Last appended: 0.0, Last appended by leader: 0, Current term: 0, Majority size: -1, State: 0, Mode: NON_LEADER, active raft config: opid_index: -1 OBSOLETE_local: false peers { permanent_uuid: "795cce09462b4bb3832f6b7dc5fc80d9" member_type: VOTER last_known_addr { host: "127.24.232.193" port: 43569 } } peers { permanent_uuid: "b71b02f329c742caab3b93f43a471ac7" member_type: VOTER last_known_addr { host: "127.24.232.194" port: 40993 } } peers { permanent_uuid: "1116545907f34dbfb26da42f901358ba" member_type: VOTER last_known_addr { host: "127.24.232.195" port: 32909 } }
I20260709 13:06:30.132682 26326 tablet_bootstrap.cc:654] T b2071fb521fb4c4c9206f36d134f6524 P 1116545907f34dbfb26da42f901358ba: Neither blocks nor log segments found. Creating new log.
I20260709 13:06:30.132712 26324 tablet_bootstrap.cc:492] T b2071fb521fb4c4c9206f36d134f6524 P b71b02f329c742caab3b93f43a471ac7: Bootstrap starting.
I20260709 13:06:30.139720 26324 tablet_bootstrap.cc:654] T b2071fb521fb4c4c9206f36d134f6524 P b71b02f329c742caab3b93f43a471ac7: Neither blocks nor log segments found. Creating new log.
I20260709 13:06:30.140831 26326 tablet_bootstrap.cc:492] T b2071fb521fb4c4c9206f36d134f6524 P 1116545907f34dbfb26da42f901358ba: No bootstrap required, opened a new log
I20260709 13:06:30.141251 26326 ts_tablet_manager.cc:1403] T b2071fb521fb4c4c9206f36d134f6524 P 1116545907f34dbfb26da42f901358ba: Time spent bootstrapping tablet: real 0.015s	user 0.012s	sys 0.001s
I20260709 13:06:30.141717 26327 ts_tablet_manager.cc:1434] T 1f42e9eb034841698b6489dcefb6e5a5 P 795cce09462b4bb3832f6b7dc5fc80d9: Time spent starting tablet: real 0.014s	user 0.005s	sys 0.000s
I20260709 13:06:30.142270 26031 catalog_manager.cc:5697] T 7e5a71f89dbc4e949be5ab1a8b540940 P 1116545907f34dbfb26da42f901358ba reported cstate change: term changed from 0 to 1, leader changed from <none> to 1116545907f34dbfb26da42f901358ba (127.24.232.195). New cstate: current_term: 1 leader_uuid: "1116545907f34dbfb26da42f901358ba" committed_config { opid_index: -1 OBSOLETE_local: false peers { permanent_uuid: "795cce09462b4bb3832f6b7dc5fc80d9" member_type: VOTER last_known_addr { host: "127.24.232.193" port: 43569 } health_report { overall_health: UNKNOWN } } peers { permanent_uuid: "b71b02f329c742caab3b93f43a471ac7" member_type: VOTER last_known_addr { host: "127.24.232.194" port: 40993 } health_report { overall_health: UNKNOWN } } peers { permanent_uuid: "1116545907f34dbfb26da42f901358ba" member_type: VOTER last_known_addr { host: "127.24.232.195" port: 32909 } health_report { overall_health: HEALTHY } } }
I20260709 13:06:30.143235 26326 raft_consensus.cc:359] T b2071fb521fb4c4c9206f36d134f6524 P 1116545907f34dbfb26da42f901358ba [term 0 FOLLOWER]: Replica starting. Triggering 0 pending ops. Active config: opid_index: -1 OBSOLETE_local: false peers { permanent_uuid: "795cce09462b4bb3832f6b7dc5fc80d9" member_type: VOTER last_known_addr { host: "127.24.232.193" port: 43569 } } peers { permanent_uuid: "b71b02f329c742caab3b93f43a471ac7" member_type: VOTER last_known_addr { host: "127.24.232.194" port: 40993 } } peers { permanent_uuid: "1116545907f34dbfb26da42f901358ba" member_type: VOTER last_known_addr { host: "127.24.232.195" port: 32909 } }
I20260709 13:06:30.143810 26326 raft_consensus.cc:385] T b2071fb521fb4c4c9206f36d134f6524 P 1116545907f34dbfb26da42f901358ba [term 0 FOLLOWER]: Consensus starting up: Expiring failure detector timer to make a prompt election more likely
I20260709 13:06:30.144121 26326 raft_consensus.cc:740] T b2071fb521fb4c4c9206f36d134f6524 P 1116545907f34dbfb26da42f901358ba [term 0 FOLLOWER]: Becoming Follower/Learner. State: Replica: 1116545907f34dbfb26da42f901358ba, State: Initialized, Role: FOLLOWER
I20260709 13:06:30.144868 26326 consensus_queue.cc:260] T b2071fb521fb4c4c9206f36d134f6524 P 1116545907f34dbfb26da42f901358ba [NON_LEADER]: Queue going to NON_LEADER mode. State: All replicated index: 0, Majority replicated index: 0, Committed index: 0, Last appended: 0.0, Last appended by leader: 0, Current term: 0, Majority size: -1, State: 0, Mode: NON_LEADER, active raft config: opid_index: -1 OBSOLETE_local: false peers { permanent_uuid: "795cce09462b4bb3832f6b7dc5fc80d9" member_type: VOTER last_known_addr { host: "127.24.232.193" port: 43569 } } peers { permanent_uuid: "b71b02f329c742caab3b93f43a471ac7" member_type: VOTER last_known_addr { host: "127.24.232.194" port: 40993 } } peers { permanent_uuid: "1116545907f34dbfb26da42f901358ba" member_type: VOTER last_known_addr { host: "127.24.232.195" port: 32909 } }
I20260709 13:06:30.146163 26324 tablet_bootstrap.cc:492] T b2071fb521fb4c4c9206f36d134f6524 P b71b02f329c742caab3b93f43a471ac7: No bootstrap required, opened a new log
I20260709 13:06:30.146437 26326 ts_tablet_manager.cc:1434] T b2071fb521fb4c4c9206f36d134f6524 P 1116545907f34dbfb26da42f901358ba: Time spent starting tablet: real 0.005s	user 0.000s	sys 0.005s
I20260709 13:06:30.146775 26324 ts_tablet_manager.cc:1403] T b2071fb521fb4c4c9206f36d134f6524 P b71b02f329c742caab3b93f43a471ac7: Time spent bootstrapping tablet: real 0.014s	user 0.012s	sys 0.000s
I20260709 13:06:30.147177 26326 tablet_bootstrap.cc:492] T 1f42e9eb034841698b6489dcefb6e5a5 P 1116545907f34dbfb26da42f901358ba: Bootstrap starting.
I20260709 13:06:30.149518 26324 raft_consensus.cc:359] T b2071fb521fb4c4c9206f36d134f6524 P b71b02f329c742caab3b93f43a471ac7 [term 0 FOLLOWER]: Replica starting. Triggering 0 pending ops. Active config: opid_index: -1 OBSOLETE_local: false peers { permanent_uuid: "795cce09462b4bb3832f6b7dc5fc80d9" member_type: VOTER last_known_addr { host: "127.24.232.193" port: 43569 } } peers { permanent_uuid: "b71b02f329c742caab3b93f43a471ac7" member_type: VOTER last_known_addr { host: "127.24.232.194" port: 40993 } } peers { permanent_uuid: "1116545907f34dbfb26da42f901358ba" member_type: VOTER last_known_addr { host: "127.24.232.195" port: 32909 } }
I20260709 13:06:30.150213 26324 raft_consensus.cc:385] T b2071fb521fb4c4c9206f36d134f6524 P b71b02f329c742caab3b93f43a471ac7 [term 0 FOLLOWER]: Consensus starting up: Expiring failure detector timer to make a prompt election more likely
I20260709 13:06:30.150496 26324 raft_consensus.cc:740] T b2071fb521fb4c4c9206f36d134f6524 P b71b02f329c742caab3b93f43a471ac7 [term 0 FOLLOWER]: Becoming Follower/Learner. State: Replica: b71b02f329c742caab3b93f43a471ac7, State: Initialized, Role: FOLLOWER
I20260709 13:06:30.151185 26324 consensus_queue.cc:260] T b2071fb521fb4c4c9206f36d134f6524 P b71b02f329c742caab3b93f43a471ac7 [NON_LEADER]: Queue going to NON_LEADER mode. State: All replicated index: 0, Majority replicated index: 0, Committed index: 0, Last appended: 0.0, Last appended by leader: 0, Current term: 0, Majority size: -1, State: 0, Mode: NON_LEADER, active raft config: opid_index: -1 OBSOLETE_local: false peers { permanent_uuid: "795cce09462b4bb3832f6b7dc5fc80d9" member_type: VOTER last_known_addr { host: "127.24.232.193" port: 43569 } } peers { permanent_uuid: "b71b02f329c742caab3b93f43a471ac7" member_type: VOTER last_known_addr { host: "127.24.232.194" port: 40993 } } peers { permanent_uuid: "1116545907f34dbfb26da42f901358ba" member_type: VOTER last_known_addr { host: "127.24.232.195" port: 32909 } }
I20260709 13:06:30.152858 26326 tablet_bootstrap.cc:654] T 1f42e9eb034841698b6489dcefb6e5a5 P 1116545907f34dbfb26da42f901358ba: Neither blocks nor log segments found. Creating new log.
I20260709 13:06:30.154524 26324 ts_tablet_manager.cc:1434] T b2071fb521fb4c4c9206f36d134f6524 P b71b02f329c742caab3b93f43a471ac7: Time spent starting tablet: real 0.007s	user 0.006s	sys 0.000s
I20260709 13:06:30.155484 26324 tablet_bootstrap.cc:492] T 267b624339b5438d86168a4dd2746274 P b71b02f329c742caab3b93f43a471ac7: Bootstrap starting.
I20260709 13:06:30.162384 26324 tablet_bootstrap.cc:654] T 267b624339b5438d86168a4dd2746274 P b71b02f329c742caab3b93f43a471ac7: Neither blocks nor log segments found. Creating new log.
I20260709 13:06:30.167481 26324 tablet_bootstrap.cc:492] T 267b624339b5438d86168a4dd2746274 P b71b02f329c742caab3b93f43a471ac7: No bootstrap required, opened a new log
I20260709 13:06:30.167920 26326 tablet_bootstrap.cc:492] T 1f42e9eb034841698b6489dcefb6e5a5 P 1116545907f34dbfb26da42f901358ba: No bootstrap required, opened a new log
I20260709 13:06:30.167951 26324 ts_tablet_manager.cc:1403] T 267b624339b5438d86168a4dd2746274 P b71b02f329c742caab3b93f43a471ac7: Time spent bootstrapping tablet: real 0.013s	user 0.005s	sys 0.006s
I20260709 13:06:30.168396 26326 ts_tablet_manager.cc:1403] T 1f42e9eb034841698b6489dcefb6e5a5 P 1116545907f34dbfb26da42f901358ba: Time spent bootstrapping tablet: real 0.021s	user 0.012s	sys 0.004s
I20260709 13:06:30.170408 26324 raft_consensus.cc:359] T 267b624339b5438d86168a4dd2746274 P b71b02f329c742caab3b93f43a471ac7 [term 0 FOLLOWER]: Replica starting. Triggering 0 pending ops. Active config: opid_index: -1 OBSOLETE_local: false peers { permanent_uuid: "795cce09462b4bb3832f6b7dc5fc80d9" member_type: VOTER last_known_addr { host: "127.24.232.193" port: 43569 } } peers { permanent_uuid: "b71b02f329c742caab3b93f43a471ac7" member_type: VOTER last_known_addr { host: "127.24.232.194" port: 40993 } } peers { permanent_uuid: "1116545907f34dbfb26da42f901358ba" member_type: VOTER last_known_addr { host: "127.24.232.195" port: 32909 } }
I20260709 13:06:30.170543 26326 raft_consensus.cc:359] T 1f42e9eb034841698b6489dcefb6e5a5 P 1116545907f34dbfb26da42f901358ba [term 0 FOLLOWER]: Replica starting. Triggering 0 pending ops. Active config: opid_index: -1 OBSOLETE_local: false peers { permanent_uuid: "795cce09462b4bb3832f6b7dc5fc80d9" member_type: VOTER last_known_addr { host: "127.24.232.193" port: 43569 } } peers { permanent_uuid: "b71b02f329c742caab3b93f43a471ac7" member_type: VOTER last_known_addr { host: "127.24.232.194" port: 40993 } } peers { permanent_uuid: "1116545907f34dbfb26da42f901358ba" member_type: VOTER last_known_addr { host: "127.24.232.195" port: 32909 } }
I20260709 13:06:30.170889 26324 raft_consensus.cc:385] T 267b624339b5438d86168a4dd2746274 P b71b02f329c742caab3b93f43a471ac7 [term 0 FOLLOWER]: Consensus starting up: Expiring failure detector timer to make a prompt election more likely
I20260709 13:06:30.171136 26326 raft_consensus.cc:385] T 1f42e9eb034841698b6489dcefb6e5a5 P 1116545907f34dbfb26da42f901358ba [term 0 FOLLOWER]: Consensus starting up: Expiring failure detector timer to make a prompt election more likely
I20260709 13:06:30.171195 26324 raft_consensus.cc:740] T 267b624339b5438d86168a4dd2746274 P b71b02f329c742caab3b93f43a471ac7 [term 0 FOLLOWER]: Becoming Follower/Learner. State: Replica: b71b02f329c742caab3b93f43a471ac7, State: Initialized, Role: FOLLOWER
I20260709 13:06:30.171468 26326 raft_consensus.cc:740] T 1f42e9eb034841698b6489dcefb6e5a5 P 1116545907f34dbfb26da42f901358ba [term 0 FOLLOWER]: Becoming Follower/Learner. State: Replica: 1116545907f34dbfb26da42f901358ba, State: Initialized, Role: FOLLOWER
I20260709 13:06:30.171979 26324 consensus_queue.cc:260] T 267b624339b5438d86168a4dd2746274 P b71b02f329c742caab3b93f43a471ac7 [NON_LEADER]: Queue going to NON_LEADER mode. State: All replicated index: 0, Majority replicated index: 0, Committed index: 0, Last appended: 0.0, Last appended by leader: 0, Current term: 0, Majority size: -1, State: 0, Mode: NON_LEADER, active raft config: opid_index: -1 OBSOLETE_local: false peers { permanent_uuid: "795cce09462b4bb3832f6b7dc5fc80d9" member_type: VOTER last_known_addr { host: "127.24.232.193" port: 43569 } } peers { permanent_uuid: "b71b02f329c742caab3b93f43a471ac7" member_type: VOTER last_known_addr { host: "127.24.232.194" port: 40993 } } peers { permanent_uuid: "1116545907f34dbfb26da42f901358ba" member_type: VOTER last_known_addr { host: "127.24.232.195" port: 32909 } }
I20260709 13:06:30.172248 26326 consensus_queue.cc:260] T 1f42e9eb034841698b6489dcefb6e5a5 P 1116545907f34dbfb26da42f901358ba [NON_LEADER]: Queue going to NON_LEADER mode. State: All replicated index: 0, Majority replicated index: 0, Committed index: 0, Last appended: 0.0, Last appended by leader: 0, Current term: 0, Majority size: -1, State: 0, Mode: NON_LEADER, active raft config: opid_index: -1 OBSOLETE_local: false peers { permanent_uuid: "795cce09462b4bb3832f6b7dc5fc80d9" member_type: VOTER last_known_addr { host: "127.24.232.193" port: 43569 } } peers { permanent_uuid: "b71b02f329c742caab3b93f43a471ac7" member_type: VOTER last_known_addr { host: "127.24.232.194" port: 40993 } } peers { permanent_uuid: "1116545907f34dbfb26da42f901358ba" member_type: VOTER last_known_addr { host: "127.24.232.195" port: 32909 } }
I20260709 13:06:30.173852 26324 ts_tablet_manager.cc:1434] T 267b624339b5438d86168a4dd2746274 P b71b02f329c742caab3b93f43a471ac7: Time spent starting tablet: real 0.005s	user 0.003s	sys 0.001s
I20260709 13:06:30.174345 26326 ts_tablet_manager.cc:1434] T 1f42e9eb034841698b6489dcefb6e5a5 P 1116545907f34dbfb26da42f901358ba: Time spent starting tablet: real 0.006s	user 0.005s	sys 0.000s
I20260709 13:06:30.174746 26324 tablet_bootstrap.cc:492] T edf602c7e8014523ad7747588ab4ca7b P b71b02f329c742caab3b93f43a471ac7: Bootstrap starting.
I20260709 13:06:30.175202 26326 tablet_bootstrap.cc:492] T edf602c7e8014523ad7747588ab4ca7b P 1116545907f34dbfb26da42f901358ba: Bootstrap starting.
I20260709 13:06:30.175485 26353 raft_consensus.cc:493] T cda78663cfdd44688f9e6d1fea88a4a5 P b71b02f329c742caab3b93f43a471ac7 [term 0 FOLLOWER]: Starting pre-election (no leader contacted us within the election timeout)
I20260709 13:06:30.175922 26353 raft_consensus.cc:515] T cda78663cfdd44688f9e6d1fea88a4a5 P b71b02f329c742caab3b93f43a471ac7 [term 0 FOLLOWER]: Starting pre-election with config: opid_index: -1 OBSOLETE_local: false peers { permanent_uuid: "795cce09462b4bb3832f6b7dc5fc80d9" member_type: VOTER last_known_addr { host: "127.24.232.193" port: 43569 } } peers { permanent_uuid: "b71b02f329c742caab3b93f43a471ac7" member_type: VOTER last_known_addr { host: "127.24.232.194" port: 40993 } } peers { permanent_uuid: "1116545907f34dbfb26da42f901358ba" member_type: VOTER last_known_addr { host: "127.24.232.195" port: 32909 } }
I20260709 13:06:30.178011 26353 leader_election.cc:290] T cda78663cfdd44688f9e6d1fea88a4a5 P b71b02f329c742caab3b93f43a471ac7 [CANDIDATE]: Term 1 pre-election: Requested pre-vote from peers 795cce09462b4bb3832f6b7dc5fc80d9 (127.24.232.193:43569), 1116545907f34dbfb26da42f901358ba (127.24.232.195:32909)
I20260709 13:06:30.180859 26324 tablet_bootstrap.cc:654] T edf602c7e8014523ad7747588ab4ca7b P b71b02f329c742caab3b93f43a471ac7: Neither blocks nor log segments found. Creating new log.
I20260709 13:06:30.180833 26135 tablet_service.cc:1917] Received RequestConsensusVote() RPC: tablet_id: "cda78663cfdd44688f9e6d1fea88a4a5" candidate_uuid: "b71b02f329c742caab3b93f43a471ac7" candidate_term: 1 candidate_status { last_received { term: 0 index: 0 } } ignore_live_leader: false dest_uuid: "795cce09462b4bb3832f6b7dc5fc80d9" is_pre_election: true
I20260709 13:06:30.181207 26326 tablet_bootstrap.cc:654] T edf602c7e8014523ad7747588ab4ca7b P 1116545907f34dbfb26da42f901358ba: Neither blocks nor log segments found. Creating new log.
I20260709 13:06:30.181622 26135 raft_consensus.cc:2468] T cda78663cfdd44688f9e6d1fea88a4a5 P 795cce09462b4bb3832f6b7dc5fc80d9 [term 0 FOLLOWER]: Leader pre-election vote request: Granting yes vote for candidate b71b02f329c742caab3b93f43a471ac7 in term 0.
I20260709 13:06:30.181751 26284 tablet_service.cc:1917] Received RequestConsensusVote() RPC: tablet_id: "cda78663cfdd44688f9e6d1fea88a4a5" candidate_uuid: "b71b02f329c742caab3b93f43a471ac7" candidate_term: 1 candidate_status { last_received { term: 0 index: 0 } } ignore_live_leader: false dest_uuid: "1116545907f34dbfb26da42f901358ba" is_pre_election: true
I20260709 13:06:30.182407 26284 raft_consensus.cc:2468] T cda78663cfdd44688f9e6d1fea88a4a5 P 1116545907f34dbfb26da42f901358ba [term 0 FOLLOWER]: Leader pre-election vote request: Granting yes vote for candidate b71b02f329c742caab3b93f43a471ac7 in term 0.
I20260709 13:06:30.183622 26173 leader_election.cc:304] T cda78663cfdd44688f9e6d1fea88a4a5 P b71b02f329c742caab3b93f43a471ac7 [CANDIDATE]: Term 1 pre-election: Election decided. Result: candidate won. Election summary: received 2 responses out of 3 voters: 2 yes votes; 0 no votes. yes voters: 1116545907f34dbfb26da42f901358ba, b71b02f329c742caab3b93f43a471ac7; no voters: 
I20260709 13:06:30.185316 26353 raft_consensus.cc:2804] T cda78663cfdd44688f9e6d1fea88a4a5 P b71b02f329c742caab3b93f43a471ac7 [term 0 FOLLOWER]: Leader pre-election won for term 1
I20260709 13:06:30.185858 26353 raft_consensus.cc:493] T cda78663cfdd44688f9e6d1fea88a4a5 P b71b02f329c742caab3b93f43a471ac7 [term 0 FOLLOWER]: Starting leader election (no leader contacted us within the election timeout)
I20260709 13:06:30.186393 26353 raft_consensus.cc:3060] T cda78663cfdd44688f9e6d1fea88a4a5 P b71b02f329c742caab3b93f43a471ac7 [term 0 FOLLOWER]: Advancing to term 1
I20260709 13:06:30.194283 26354 raft_consensus.cc:493] T b2071fb521fb4c4c9206f36d134f6524 P b71b02f329c742caab3b93f43a471ac7 [term 0 FOLLOWER]: Starting pre-election (no leader contacted us within the election timeout)
I20260709 13:06:30.194985 26354 raft_consensus.cc:515] T b2071fb521fb4c4c9206f36d134f6524 P b71b02f329c742caab3b93f43a471ac7 [term 0 FOLLOWER]: Starting pre-election with config: opid_index: -1 OBSOLETE_local: false peers { permanent_uuid: "795cce09462b4bb3832f6b7dc5fc80d9" member_type: VOTER last_known_addr { host: "127.24.232.193" port: 43569 } } peers { permanent_uuid: "b71b02f329c742caab3b93f43a471ac7" member_type: VOTER last_known_addr { host: "127.24.232.194" port: 40993 } } peers { permanent_uuid: "1116545907f34dbfb26da42f901358ba" member_type: VOTER last_known_addr { host: "127.24.232.195" port: 32909 } }
I20260709 13:06:30.198040 26354 leader_election.cc:290] T b2071fb521fb4c4c9206f36d134f6524 P b71b02f329c742caab3b93f43a471ac7 [CANDIDATE]: Term 1 pre-election: Requested pre-vote from peers 795cce09462b4bb3832f6b7dc5fc80d9 (127.24.232.193:43569), 1116545907f34dbfb26da42f901358ba (127.24.232.195:32909)
I20260709 13:06:30.198359 26326 tablet_bootstrap.cc:492] T edf602c7e8014523ad7747588ab4ca7b P 1116545907f34dbfb26da42f901358ba: No bootstrap required, opened a new log
I20260709 13:06:30.198721 26326 ts_tablet_manager.cc:1403] T edf602c7e8014523ad7747588ab4ca7b P 1116545907f34dbfb26da42f901358ba: Time spent bootstrapping tablet: real 0.024s	user 0.011s	sys 0.011s
I20260709 13:06:30.200131 26135 tablet_service.cc:1917] Received RequestConsensusVote() RPC: tablet_id: "b2071fb521fb4c4c9206f36d134f6524" candidate_uuid: "b71b02f329c742caab3b93f43a471ac7" candidate_term: 1 candidate_status { last_received { term: 0 index: 0 } } ignore_live_leader: false dest_uuid: "795cce09462b4bb3832f6b7dc5fc80d9" is_pre_election: true
I20260709 13:06:30.200826 26135 raft_consensus.cc:2468] T b2071fb521fb4c4c9206f36d134f6524 P 795cce09462b4bb3832f6b7dc5fc80d9 [term 0 FOLLOWER]: Leader pre-election vote request: Granting yes vote for candidate b71b02f329c742caab3b93f43a471ac7 in term 0.
I20260709 13:06:30.201133 26326 raft_consensus.cc:359] T edf602c7e8014523ad7747588ab4ca7b P 1116545907f34dbfb26da42f901358ba [term 0 FOLLOWER]: Replica starting. Triggering 0 pending ops. Active config: opid_index: -1 OBSOLETE_local: false peers { permanent_uuid: "795cce09462b4bb3832f6b7dc5fc80d9" member_type: VOTER last_known_addr { host: "127.24.232.193" port: 43569 } } peers { permanent_uuid: "b71b02f329c742caab3b93f43a471ac7" member_type: VOTER last_known_addr { host: "127.24.232.194" port: 40993 } } peers { permanent_uuid: "1116545907f34dbfb26da42f901358ba" member_type: VOTER last_known_addr { host: "127.24.232.195" port: 32909 } }
I20260709 13:06:30.201763 26326 raft_consensus.cc:385] T edf602c7e8014523ad7747588ab4ca7b P 1116545907f34dbfb26da42f901358ba [term 0 FOLLOWER]: Consensus starting up: Expiring failure detector timer to make a prompt election more likely
I20260709 13:06:30.202014 26326 raft_consensus.cc:740] T edf602c7e8014523ad7747588ab4ca7b P 1116545907f34dbfb26da42f901358ba [term 0 FOLLOWER]: Becoming Follower/Learner. State: Replica: 1116545907f34dbfb26da42f901358ba, State: Initialized, Role: FOLLOWER
I20260709 13:06:30.202270 26174 leader_election.cc:304] T b2071fb521fb4c4c9206f36d134f6524 P b71b02f329c742caab3b93f43a471ac7 [CANDIDATE]: Term 1 pre-election: Election decided. Result: candidate won. Election summary: received 2 responses out of 3 voters: 2 yes votes; 0 no votes. yes voters: 795cce09462b4bb3832f6b7dc5fc80d9, b71b02f329c742caab3b93f43a471ac7; no voters: 
I20260709 13:06:30.202649 26326 consensus_queue.cc:260] T edf602c7e8014523ad7747588ab4ca7b P 1116545907f34dbfb26da42f901358ba [NON_LEADER]: Queue going to NON_LEADER mode. State: All replicated index: 0, Majority replicated index: 0, Committed index: 0, Last appended: 0.0, Last appended by leader: 0, Current term: 0, Majority size: -1, State: 0, Mode: NON_LEADER, active raft config: opid_index: -1 OBSOLETE_local: false peers { permanent_uuid: "795cce09462b4bb3832f6b7dc5fc80d9" member_type: VOTER last_known_addr { host: "127.24.232.193" port: 43569 } } peers { permanent_uuid: "b71b02f329c742caab3b93f43a471ac7" member_type: VOTER last_known_addr { host: "127.24.232.194" port: 40993 } } peers { permanent_uuid: "1116545907f34dbfb26da42f901358ba" member_type: VOTER last_known_addr { host: "127.24.232.195" port: 32909 } }
I20260709 13:06:30.204288 26284 tablet_service.cc:1917] Received RequestConsensusVote() RPC: tablet_id: "b2071fb521fb4c4c9206f36d134f6524" candidate_uuid: "b71b02f329c742caab3b93f43a471ac7" candidate_term: 1 candidate_status { last_received { term: 0 index: 0 } } ignore_live_leader: false dest_uuid: "1116545907f34dbfb26da42f901358ba" is_pre_election: true
I20260709 13:06:30.204816 26326 ts_tablet_manager.cc:1434] T edf602c7e8014523ad7747588ab4ca7b P 1116545907f34dbfb26da42f901358ba: Time spent starting tablet: real 0.006s	user 0.006s	sys 0.000s
I20260709 13:06:30.205090 26284 raft_consensus.cc:2468] T b2071fb521fb4c4c9206f36d134f6524 P 1116545907f34dbfb26da42f901358ba [term 0 FOLLOWER]: Leader pre-election vote request: Granting yes vote for candidate b71b02f329c742caab3b93f43a471ac7 in term 0.
I20260709 13:06:30.209457 26353 raft_consensus.cc:515] T cda78663cfdd44688f9e6d1fea88a4a5 P b71b02f329c742caab3b93f43a471ac7 [term 1 FOLLOWER]: Starting leader election with config: opid_index: -1 OBSOLETE_local: false peers { permanent_uuid: "795cce09462b4bb3832f6b7dc5fc80d9" member_type: VOTER last_known_addr { host: "127.24.232.193" port: 43569 } } peers { permanent_uuid: "b71b02f329c742caab3b93f43a471ac7" member_type: VOTER last_known_addr { host: "127.24.232.194" port: 40993 } } peers { permanent_uuid: "1116545907f34dbfb26da42f901358ba" member_type: VOTER last_known_addr { host: "127.24.232.195" port: 32909 } }
I20260709 13:06:30.210093 26324 tablet_bootstrap.cc:492] T edf602c7e8014523ad7747588ab4ca7b P b71b02f329c742caab3b93f43a471ac7: No bootstrap required, opened a new log
I20260709 13:06:30.210529 26324 ts_tablet_manager.cc:1403] T edf602c7e8014523ad7747588ab4ca7b P b71b02f329c742caab3b93f43a471ac7: Time spent bootstrapping tablet: real 0.036s	user 0.021s	sys 0.013s
I20260709 13:06:30.210734 26354 raft_consensus.cc:2804] T b2071fb521fb4c4c9206f36d134f6524 P b71b02f329c742caab3b93f43a471ac7 [term 0 FOLLOWER]: Leader pre-election won for term 1
I20260709 13:06:30.211187 26354 raft_consensus.cc:493] T b2071fb521fb4c4c9206f36d134f6524 P b71b02f329c742caab3b93f43a471ac7 [term 0 FOLLOWER]: Starting leader election (no leader contacted us within the election timeout)
I20260709 13:06:30.211552 26354 raft_consensus.cc:3060] T b2071fb521fb4c4c9206f36d134f6524 P b71b02f329c742caab3b93f43a471ac7 [term 0 FOLLOWER]: Advancing to term 1
I20260709 13:06:30.212289 26135 tablet_service.cc:1917] Received RequestConsensusVote() RPC: tablet_id: "cda78663cfdd44688f9e6d1fea88a4a5" candidate_uuid: "b71b02f329c742caab3b93f43a471ac7" candidate_term: 1 candidate_status { last_received { term: 0 index: 0 } } ignore_live_leader: false dest_uuid: "795cce09462b4bb3832f6b7dc5fc80d9"
I20260709 13:06:30.212886 26135 raft_consensus.cc:3060] T cda78663cfdd44688f9e6d1fea88a4a5 P 795cce09462b4bb3832f6b7dc5fc80d9 [term 0 FOLLOWER]: Advancing to term 1
I20260709 13:06:30.213232 26324 raft_consensus.cc:359] T edf602c7e8014523ad7747588ab4ca7b P b71b02f329c742caab3b93f43a471ac7 [term 0 FOLLOWER]: Replica starting. Triggering 0 pending ops. Active config: opid_index: -1 OBSOLETE_local: false peers { permanent_uuid: "795cce09462b4bb3832f6b7dc5fc80d9" member_type: VOTER last_known_addr { host: "127.24.232.193" port: 43569 } } peers { permanent_uuid: "b71b02f329c742caab3b93f43a471ac7" member_type: VOTER last_known_addr { host: "127.24.232.194" port: 40993 } } peers { permanent_uuid: "1116545907f34dbfb26da42f901358ba" member_type: VOTER last_known_addr { host: "127.24.232.195" port: 32909 } }
I20260709 13:06:30.213884 26324 raft_consensus.cc:385] T edf602c7e8014523ad7747588ab4ca7b P b71b02f329c742caab3b93f43a471ac7 [term 0 FOLLOWER]: Consensus starting up: Expiring failure detector timer to make a prompt election more likely
I20260709 13:06:30.214156 26324 raft_consensus.cc:740] T edf602c7e8014523ad7747588ab4ca7b P b71b02f329c742caab3b93f43a471ac7 [term 0 FOLLOWER]: Becoming Follower/Learner. State: Replica: b71b02f329c742caab3b93f43a471ac7, State: Initialized, Role: FOLLOWER
I20260709 13:06:30.214944 26324 consensus_queue.cc:260] T edf602c7e8014523ad7747588ab4ca7b P b71b02f329c742caab3b93f43a471ac7 [NON_LEADER]: Queue going to NON_LEADER mode. State: All replicated index: 0, Majority replicated index: 0, Committed index: 0, Last appended: 0.0, Last appended by leader: 0, Current term: 0, Majority size: -1, State: 0, Mode: NON_LEADER, active raft config: opid_index: -1 OBSOLETE_local: false peers { permanent_uuid: "795cce09462b4bb3832f6b7dc5fc80d9" member_type: VOTER last_known_addr { host: "127.24.232.193" port: 43569 } } peers { permanent_uuid: "b71b02f329c742caab3b93f43a471ac7" member_type: VOTER last_known_addr { host: "127.24.232.194" port: 40993 } } peers { permanent_uuid: "1116545907f34dbfb26da42f901358ba" member_type: VOTER last_known_addr { host: "127.24.232.195" port: 32909 } }
I20260709 13:06:30.216918 26324 ts_tablet_manager.cc:1434] T edf602c7e8014523ad7747588ab4ca7b P b71b02f329c742caab3b93f43a471ac7: Time spent starting tablet: real 0.006s	user 0.007s	sys 0.000s
I20260709 13:06:30.217815 26324 tablet_bootstrap.cc:492] T 1f42e9eb034841698b6489dcefb6e5a5 P b71b02f329c742caab3b93f43a471ac7: Bootstrap starting.
I20260709 13:06:30.218158 26135 raft_consensus.cc:2468] T cda78663cfdd44688f9e6d1fea88a4a5 P 795cce09462b4bb3832f6b7dc5fc80d9 [term 1 FOLLOWER]: Leader election vote request: Granting yes vote for candidate b71b02f329c742caab3b93f43a471ac7 in term 1.
I20260709 13:06:30.219506 26356 raft_consensus.cc:493] T 267b624339b5438d86168a4dd2746274 P 1116545907f34dbfb26da42f901358ba [term 0 FOLLOWER]: Starting pre-election (no leader contacted us within the election timeout)
I20260709 13:06:30.220271 26353 leader_election.cc:290] T cda78663cfdd44688f9e6d1fea88a4a5 P b71b02f329c742caab3b93f43a471ac7 [CANDIDATE]: Term 1 election: Requested vote from peers 795cce09462b4bb3832f6b7dc5fc80d9 (127.24.232.193:43569), 1116545907f34dbfb26da42f901358ba (127.24.232.195:32909)
I20260709 13:06:30.220055 26356 raft_consensus.cc:515] T 267b624339b5438d86168a4dd2746274 P 1116545907f34dbfb26da42f901358ba [term 0 FOLLOWER]: Starting pre-election with config: opid_index: -1 OBSOLETE_local: false peers { permanent_uuid: "795cce09462b4bb3832f6b7dc5fc80d9" member_type: VOTER last_known_addr { host: "127.24.232.193" port: 43569 } } peers { permanent_uuid: "b71b02f329c742caab3b93f43a471ac7" member_type: VOTER last_known_addr { host: "127.24.232.194" port: 40993 } } peers { permanent_uuid: "1116545907f34dbfb26da42f901358ba" member_type: VOTER last_known_addr { host: "127.24.232.195" port: 32909 } }
I20260709 13:06:30.220484 26284 tablet_service.cc:1917] Received RequestConsensusVote() RPC: tablet_id: "cda78663cfdd44688f9e6d1fea88a4a5" candidate_uuid: "b71b02f329c742caab3b93f43a471ac7" candidate_term: 1 candidate_status { last_received { term: 0 index: 0 } } ignore_live_leader: false dest_uuid: "1116545907f34dbfb26da42f901358ba"
I20260709 13:06:30.220986 26284 raft_consensus.cc:3060] T cda78663cfdd44688f9e6d1fea88a4a5 P 1116545907f34dbfb26da42f901358ba [term 0 FOLLOWER]: Advancing to term 1
I20260709 13:06:30.222285 26356 leader_election.cc:290] T 267b624339b5438d86168a4dd2746274 P 1116545907f34dbfb26da42f901358ba [CANDIDATE]: Term 1 pre-election: Requested pre-vote from peers 795cce09462b4bb3832f6b7dc5fc80d9 (127.24.232.193:43569), b71b02f329c742caab3b93f43a471ac7 (127.24.232.194:40993)
I20260709 13:06:30.219434 26174 leader_election.cc:304] T cda78663cfdd44688f9e6d1fea88a4a5 P b71b02f329c742caab3b93f43a471ac7 [CANDIDATE]: Term 1 election: Election decided. Result: candidate won. Election summary: received 2 responses out of 3 voters: 2 yes votes; 0 no votes. yes voters: 795cce09462b4bb3832f6b7dc5fc80d9, b71b02f329c742caab3b93f43a471ac7; no voters: 
I20260709 13:06:30.223495 26324 tablet_bootstrap.cc:654] T 1f42e9eb034841698b6489dcefb6e5a5 P b71b02f329c742caab3b93f43a471ac7: Neither blocks nor log segments found. Creating new log.
I20260709 13:06:30.223837 26210 tablet_service.cc:1917] Received RequestConsensusVote() RPC: tablet_id: "267b624339b5438d86168a4dd2746274" candidate_uuid: "1116545907f34dbfb26da42f901358ba" candidate_term: 1 candidate_status { last_received { term: 0 index: 0 } } ignore_live_leader: false dest_uuid: "b71b02f329c742caab3b93f43a471ac7" is_pre_election: true
I20260709 13:06:30.224449 26210 raft_consensus.cc:2468] T 267b624339b5438d86168a4dd2746274 P b71b02f329c742caab3b93f43a471ac7 [term 0 FOLLOWER]: Leader pre-election vote request: Granting yes vote for candidate 1116545907f34dbfb26da42f901358ba in term 0.
I20260709 13:06:30.225643 26249 leader_election.cc:304] T 267b624339b5438d86168a4dd2746274 P 1116545907f34dbfb26da42f901358ba [CANDIDATE]: Term 1 pre-election: Election decided. Result: candidate won. Election summary: received 2 responses out of 3 voters: 2 yes votes; 0 no votes. yes voters: 1116545907f34dbfb26da42f901358ba, b71b02f329c742caab3b93f43a471ac7; no voters: 
I20260709 13:06:30.226476 26356 raft_consensus.cc:2804] T 267b624339b5438d86168a4dd2746274 P 1116545907f34dbfb26da42f901358ba [term 0 FOLLOWER]: Leader pre-election won for term 1
I20260709 13:06:30.226811 26356 raft_consensus.cc:493] T 267b624339b5438d86168a4dd2746274 P 1116545907f34dbfb26da42f901358ba [term 0 FOLLOWER]: Starting leader election (no leader contacted us within the election timeout)
I20260709 13:06:30.227131 26356 raft_consensus.cc:3060] T 267b624339b5438d86168a4dd2746274 P 1116545907f34dbfb26da42f901358ba [term 0 FOLLOWER]: Advancing to term 1
I20260709 13:06:30.227434 26284 raft_consensus.cc:2468] T cda78663cfdd44688f9e6d1fea88a4a5 P 1116545907f34dbfb26da42f901358ba [term 1 FOLLOWER]: Leader election vote request: Granting yes vote for candidate b71b02f329c742caab3b93f43a471ac7 in term 1.
I20260709 13:06:30.231755 26334 raft_consensus.cc:493] T 1f42e9eb034841698b6489dcefb6e5a5 P 1116545907f34dbfb26da42f901358ba [term 0 FOLLOWER]: Starting pre-election (no leader contacted us within the election timeout)
I20260709 13:06:30.232125 26135 tablet_service.cc:1917] Received RequestConsensusVote() RPC: tablet_id: "267b624339b5438d86168a4dd2746274" candidate_uuid: "1116545907f34dbfb26da42f901358ba" candidate_term: 1 candidate_status { last_received { term: 0 index: 0 } } ignore_live_leader: false dest_uuid: "795cce09462b4bb3832f6b7dc5fc80d9" is_pre_election: true
I20260709 13:06:30.232231 26334 raft_consensus.cc:515] T 1f42e9eb034841698b6489dcefb6e5a5 P 1116545907f34dbfb26da42f901358ba [term 0 FOLLOWER]: Starting pre-election with config: opid_index: -1 OBSOLETE_local: false peers { permanent_uuid: "795cce09462b4bb3832f6b7dc5fc80d9" member_type: VOTER last_known_addr { host: "127.24.232.193" port: 43569 } } peers { permanent_uuid: "b71b02f329c742caab3b93f43a471ac7" member_type: VOTER last_known_addr { host: "127.24.232.194" port: 40993 } } peers { permanent_uuid: "1116545907f34dbfb26da42f901358ba" member_type: VOTER last_known_addr { host: "127.24.232.195" port: 32909 } }
I20260709 13:06:30.232790 26135 raft_consensus.cc:2468] T 267b624339b5438d86168a4dd2746274 P 795cce09462b4bb3832f6b7dc5fc80d9 [term 0 FOLLOWER]: Leader pre-election vote request: Granting yes vote for candidate 1116545907f34dbfb26da42f901358ba in term 0.
I20260709 13:06:30.233397 26354 raft_consensus.cc:515] T b2071fb521fb4c4c9206f36d134f6524 P b71b02f329c742caab3b93f43a471ac7 [term 1 FOLLOWER]: Starting leader election with config: opid_index: -1 OBSOLETE_local: false peers { permanent_uuid: "795cce09462b4bb3832f6b7dc5fc80d9" member_type: VOTER last_known_addr { host: "127.24.232.193" port: 43569 } } peers { permanent_uuid: "b71b02f329c742caab3b93f43a471ac7" member_type: VOTER last_known_addr { host: "127.24.232.194" port: 40993 } } peers { permanent_uuid: "1116545907f34dbfb26da42f901358ba" member_type: VOTER last_known_addr { host: "127.24.232.195" port: 32909 } }
I20260709 13:06:30.234305 26334 leader_election.cc:290] T 1f42e9eb034841698b6489dcefb6e5a5 P 1116545907f34dbfb26da42f901358ba [CANDIDATE]: Term 1 pre-election: Requested pre-vote from peers 795cce09462b4bb3832f6b7dc5fc80d9 (127.24.232.193:43569), b71b02f329c742caab3b93f43a471ac7 (127.24.232.194:40993)
I20260709 13:06:30.235350 26134 tablet_service.cc:1917] Received RequestConsensusVote() RPC: tablet_id: "1f42e9eb034841698b6489dcefb6e5a5" candidate_uuid: "1116545907f34dbfb26da42f901358ba" candidate_term: 1 candidate_status { last_received { term: 0 index: 0 } } ignore_live_leader: false dest_uuid: "795cce09462b4bb3832f6b7dc5fc80d9" is_pre_election: true
I20260709 13:06:30.236027 26134 raft_consensus.cc:2468] T 1f42e9eb034841698b6489dcefb6e5a5 P 795cce09462b4bb3832f6b7dc5fc80d9 [term 0 FOLLOWER]: Leader pre-election vote request: Granting yes vote for candidate 1116545907f34dbfb26da42f901358ba in term 0.
I20260709 13:06:30.237053 26210 tablet_service.cc:1917] Received RequestConsensusVote() RPC: tablet_id: "1f42e9eb034841698b6489dcefb6e5a5" candidate_uuid: "1116545907f34dbfb26da42f901358ba" candidate_term: 1 candidate_status { last_received { term: 0 index: 0 } } ignore_live_leader: false dest_uuid: "b71b02f329c742caab3b93f43a471ac7" is_pre_election: true
I20260709 13:06:30.237165 26248 leader_election.cc:304] T 1f42e9eb034841698b6489dcefb6e5a5 P 1116545907f34dbfb26da42f901358ba [CANDIDATE]: Term 1 pre-election: Election decided. Result: candidate won. Election summary: received 2 responses out of 3 voters: 2 yes votes; 0 no votes. yes voters: 1116545907f34dbfb26da42f901358ba, 795cce09462b4bb3832f6b7dc5fc80d9; no voters: 
I20260709 13:06:30.237113 26133 tablet_service.cc:1917] Received RequestConsensusVote() RPC: tablet_id: "b2071fb521fb4c4c9206f36d134f6524" candidate_uuid: "b71b02f329c742caab3b93f43a471ac7" candidate_term: 1 candidate_status { last_received { term: 0 index: 0 } } ignore_live_leader: false dest_uuid: "795cce09462b4bb3832f6b7dc5fc80d9"
I20260709 13:06:30.238158 26133 raft_consensus.cc:3060] T b2071fb521fb4c4c9206f36d134f6524 P 795cce09462b4bb3832f6b7dc5fc80d9 [term 0 FOLLOWER]: Advancing to term 1
I20260709 13:06:30.238310 26334 raft_consensus.cc:2804] T 1f42e9eb034841698b6489dcefb6e5a5 P 1116545907f34dbfb26da42f901358ba [term 0 FOLLOWER]: Leader pre-election won for term 1
W20260709 13:06:30.238596 26249 leader_election.cc:343] T 1f42e9eb034841698b6489dcefb6e5a5 P 1116545907f34dbfb26da42f901358ba [CANDIDATE]: Term 1 pre-election: Tablet error from VoteRequest() call to peer b71b02f329c742caab3b93f43a471ac7 (127.24.232.194:40993): Illegal state: must be running to vote when last-logged opid is not known
I20260709 13:06:30.238842 26334 raft_consensus.cc:493] T 1f42e9eb034841698b6489dcefb6e5a5 P 1116545907f34dbfb26da42f901358ba [term 0 FOLLOWER]: Starting leader election (no leader contacted us within the election timeout)
I20260709 13:06:30.239302 26334 raft_consensus.cc:3060] T 1f42e9eb034841698b6489dcefb6e5a5 P 1116545907f34dbfb26da42f901358ba [term 0 FOLLOWER]: Advancing to term 1
I20260709 13:06:30.241482 26356 raft_consensus.cc:515] T 267b624339b5438d86168a4dd2746274 P 1116545907f34dbfb26da42f901358ba [term 1 FOLLOWER]: Starting leader election with config: opid_index: -1 OBSOLETE_local: false peers { permanent_uuid: "795cce09462b4bb3832f6b7dc5fc80d9" member_type: VOTER last_known_addr { host: "127.24.232.193" port: 43569 } } peers { permanent_uuid: "b71b02f329c742caab3b93f43a471ac7" member_type: VOTER last_known_addr { host: "127.24.232.194" port: 40993 } } peers { permanent_uuid: "1116545907f34dbfb26da42f901358ba" member_type: VOTER last_known_addr { host: "127.24.232.195" port: 32909 } }
I20260709 13:06:30.244299 26135 tablet_service.cc:1917] Received RequestConsensusVote() RPC: tablet_id: "267b624339b5438d86168a4dd2746274" candidate_uuid: "1116545907f34dbfb26da42f901358ba" candidate_term: 1 candidate_status { last_received { term: 0 index: 0 } } ignore_live_leader: false dest_uuid: "795cce09462b4bb3832f6b7dc5fc80d9"
I20260709 13:06:30.245332 26333 raft_consensus.cc:493] T edf602c7e8014523ad7747588ab4ca7b P 795cce09462b4bb3832f6b7dc5fc80d9 [term 0 FOLLOWER]: Starting pre-election (no leader contacted us within the election timeout)
I20260709 13:06:30.245764 26333 raft_consensus.cc:515] T edf602c7e8014523ad7747588ab4ca7b P 795cce09462b4bb3832f6b7dc5fc80d9 [term 0 FOLLOWER]: Starting pre-election with config: opid_index: -1 OBSOLETE_local: false peers { permanent_uuid: "795cce09462b4bb3832f6b7dc5fc80d9" member_type: VOTER last_known_addr { host: "127.24.232.193" port: 43569 } } peers { permanent_uuid: "b71b02f329c742caab3b93f43a471ac7" member_type: VOTER last_known_addr { host: "127.24.232.194" port: 40993 } } peers { permanent_uuid: "1116545907f34dbfb26da42f901358ba" member_type: VOTER last_known_addr { host: "127.24.232.195" port: 32909 } }
I20260709 13:06:30.247771 26333 leader_election.cc:290] T edf602c7e8014523ad7747588ab4ca7b P 795cce09462b4bb3832f6b7dc5fc80d9 [CANDIDATE]: Term 1 pre-election: Requested pre-vote from peers b71b02f329c742caab3b93f43a471ac7 (127.24.232.194:40993), 1116545907f34dbfb26da42f901358ba (127.24.232.195:32909)
I20260709 13:06:30.244856 26135 raft_consensus.cc:3060] T 267b624339b5438d86168a4dd2746274 P 795cce09462b4bb3832f6b7dc5fc80d9 [term 0 FOLLOWER]: Advancing to term 1
I20260709 13:06:30.249305 26210 tablet_service.cc:1917] Received RequestConsensusVote() RPC: tablet_id: "edf602c7e8014523ad7747588ab4ca7b" candidate_uuid: "795cce09462b4bb3832f6b7dc5fc80d9" candidate_term: 1 candidate_status { last_received { term: 0 index: 0 } } ignore_live_leader: false dest_uuid: "b71b02f329c742caab3b93f43a471ac7" is_pre_election: true
I20260709 13:06:30.249794 26334 raft_consensus.cc:515] T 1f42e9eb034841698b6489dcefb6e5a5 P 1116545907f34dbfb26da42f901358ba [term 1 FOLLOWER]: Starting leader election with config: opid_index: -1 OBSOLETE_local: false peers { permanent_uuid: "795cce09462b4bb3832f6b7dc5fc80d9" member_type: VOTER last_known_addr { host: "127.24.232.193" port: 43569 } } peers { permanent_uuid: "b71b02f329c742caab3b93f43a471ac7" member_type: VOTER last_known_addr { host: "127.24.232.194" port: 40993 } } peers { permanent_uuid: "1116545907f34dbfb26da42f901358ba" member_type: VOTER last_known_addr { host: "127.24.232.195" port: 32909 } }
I20260709 13:06:30.250192 26210 raft_consensus.cc:2468] T edf602c7e8014523ad7747588ab4ca7b P b71b02f329c742caab3b93f43a471ac7 [term 0 FOLLOWER]: Leader pre-election vote request: Granting yes vote for candidate 795cce09462b4bb3832f6b7dc5fc80d9 in term 0.
I20260709 13:06:30.251698 26100 leader_election.cc:304] T edf602c7e8014523ad7747588ab4ca7b P 795cce09462b4bb3832f6b7dc5fc80d9 [CANDIDATE]: Term 1 pre-election: Election decided. Result: candidate won. Election summary: received 2 responses out of 3 voters: 2 yes votes; 0 no votes. yes voters: 795cce09462b4bb3832f6b7dc5fc80d9, b71b02f329c742caab3b93f43a471ac7; no voters: 
I20260709 13:06:30.249279 26284 tablet_service.cc:1917] Received RequestConsensusVote() RPC: tablet_id: "edf602c7e8014523ad7747588ab4ca7b" candidate_uuid: "795cce09462b4bb3832f6b7dc5fc80d9" candidate_term: 1 candidate_status { last_received { term: 0 index: 0 } } ignore_live_leader: false dest_uuid: "1116545907f34dbfb26da42f901358ba" is_pre_election: true
I20260709 13:06:30.252784 26333 raft_consensus.cc:2804] T edf602c7e8014523ad7747588ab4ca7b P 795cce09462b4bb3832f6b7dc5fc80d9 [term 0 FOLLOWER]: Leader pre-election won for term 1
