I20260709 13:06:47.242587 26611 tablet_service.cc:1917] Received RequestConsensusVote() RPC: tablet_id: "839ee616b28745bca2748a7ec4f718dd" candidate_uuid: "e09ea9b455894a0189912a7b9b6b2f84" candidate_term: 1 candidate_status { last_received { term: 0 index: 0 } } ignore_live_leader: false dest_uuid: "687d192f79a044ce838f0bf292f0c09f" is_pre_election: true
W20260709 13:06:47.245898 26724 leader_election.cc:343] T 839ee616b28745bca2748a7ec4f718dd P e09ea9b455894a0189912a7b9b6b2f84 [CANDIDATE]: Term 1 pre-election: Tablet error from VoteRequest() call to peer 687d192f79a044ce838f0bf292f0c09f (127.24.232.193:41483): Illegal state: must be running to vote when last-logged opid is not known
I20260709 13:06:47.246025 26611 tablet_service.cc:1917] Received RequestConsensusVote() RPC: tablet_id: "830acec67d794b8f8517f8240289bd62" candidate_uuid: "b9e8388401a74e84a2cc880930412709" candidate_term: 1 candidate_status { last_received { term: 0 index: 0 } } ignore_live_leader: false dest_uuid: "687d192f79a044ce838f0bf292f0c09f" is_pre_election: true
W20260709 13:06:47.249089 26650 leader_election.cc:343] T 830acec67d794b8f8517f8240289bd62 P b9e8388401a74e84a2cc880930412709 [CANDIDATE]: Term 1 pre-election: Tablet error from VoteRequest() call to peer 687d192f79a044ce838f0bf292f0c09f (127.24.232.193:41483): Illegal state: must be running to vote when last-logged opid is not known
I20260709 13:06:47.248952 26759 tablet_service.cc:1917] Received RequestConsensusVote() RPC: tablet_id: "c820b8b86e594946bfb5f18fbb98296d" candidate_uuid: "687d192f79a044ce838f0bf292f0c09f" candidate_term: 1 candidate_status { last_received { term: 0 index: 0 } } ignore_live_leader: false dest_uuid: "e09ea9b455894a0189912a7b9b6b2f84" is_pre_election: true
I20260709 13:06:47.250892 26611 raft_consensus.cc:3060] T c820b8b86e594946bfb5f18fbb98296d P 687d192f79a044ce838f0bf292f0c09f [term 0 FOLLOWER]: Advancing to term 1
I20260709 13:06:47.251914 26576 leader_election.cc:304] T c820b8b86e594946bfb5f18fbb98296d P 687d192f79a044ce838f0bf292f0c09f [CANDIDATE]: Term 1 pre-election: Election decided. Result: candidate lost. Election summary: received 3 responses out of 3 voters: 1 yes votes; 2 no votes. yes voters: 687d192f79a044ce838f0bf292f0c09f; no voters: b9e8388401a74e84a2cc880930412709, e09ea9b455894a0189912a7b9b6b2f84
I20260709 13:06:47.259877 26999 raft_consensus.cc:493] T 2731f6fa719f4ecfa9f1f5dc06a0aef2 P b9e8388401a74e84a2cc880930412709 [term 0 FOLLOWER]: Starting pre-election (no leader contacted us within the election timeout)
I20260709 13:06:47.260418 26999 raft_consensus.cc:515] T 2731f6fa719f4ecfa9f1f5dc06a0aef2 P b9e8388401a74e84a2cc880930412709 [term 0 FOLLOWER]: Starting pre-election with config: opid_index: -1 OBSOLETE_local: false peers { permanent_uuid: "687d192f79a044ce838f0bf292f0c09f" member_type: VOTER last_known_addr { host: "127.24.232.193" port: 41483 } } peers { permanent_uuid: "b9e8388401a74e84a2cc880930412709" member_type: VOTER last_known_addr { host: "127.24.232.194" port: 36529 } } peers { permanent_uuid: "e09ea9b455894a0189912a7b9b6b2f84" member_type: VOTER last_known_addr { host: "127.24.232.195" port: 42613 } }
I20260709 13:06:47.262454 26999 leader_election.cc:290] T 2731f6fa719f4ecfa9f1f5dc06a0aef2 P b9e8388401a74e84a2cc880930412709 [CANDIDATE]: Term 1 pre-election: Requested pre-vote from peers 687d192f79a044ce838f0bf292f0c09f (127.24.232.193:41483), e09ea9b455894a0189912a7b9b6b2f84 (127.24.232.195:42613)
I20260709 13:06:47.264724 26610 tablet_service.cc:1917] Received RequestConsensusVote() RPC: tablet_id: "2731f6fa719f4ecfa9f1f5dc06a0aef2" candidate_uuid: "b9e8388401a74e84a2cc880930412709" candidate_term: 1 candidate_status { last_received { term: 0 index: 0 } } ignore_live_leader: false dest_uuid: "687d192f79a044ce838f0bf292f0c09f" is_pre_election: true
W20260709 13:06:47.266619 26650 leader_election.cc:343] T 2731f6fa719f4ecfa9f1f5dc06a0aef2 P b9e8388401a74e84a2cc880930412709 [CANDIDATE]: Term 1 pre-election: Tablet error from VoteRequest() call to peer 687d192f79a044ce838f0bf292f0c09f (127.24.232.193:41483): Illegal state: must be running to vote when last-logged opid is not known
I20260709 13:06:47.267789 26847 leader_election.cc:290] T 830acec67d794b8f8517f8240289bd62 P b9e8388401a74e84a2cc880930412709 [CANDIDATE]: Term 1 pre-election: Requested pre-vote from peers 687d192f79a044ce838f0bf292f0c09f (127.24.232.193:41483), e09ea9b455894a0189912a7b9b6b2f84 (127.24.232.195:42613)
I20260709 13:06:47.234587 26801 tablet_bootstrap.cc:492] T ce09a05f88f44c7188fd7b1975336615 P 687d192f79a044ce838f0bf292f0c09f: Bootstrap starting.
I20260709 13:06:47.279736 26829 raft_consensus.cc:493] T f8d2ac1df6a84a8eb9a6a4510b47b6e0 P e09ea9b455894a0189912a7b9b6b2f84 [term 0 FOLLOWER]: Starting pre-election (no leader contacted us within the election timeout)
I20260709 13:06:47.280486 26829 raft_consensus.cc:515] T f8d2ac1df6a84a8eb9a6a4510b47b6e0 P e09ea9b455894a0189912a7b9b6b2f84 [term 0 FOLLOWER]: Starting pre-election with config: opid_index: -1 OBSOLETE_local: false peers { permanent_uuid: "687d192f79a044ce838f0bf292f0c09f" member_type: VOTER last_known_addr { host: "127.24.232.193" port: 41483 } } peers { permanent_uuid: "b9e8388401a74e84a2cc880930412709" member_type: VOTER last_known_addr { host: "127.24.232.194" port: 36529 } } peers { permanent_uuid: "e09ea9b455894a0189912a7b9b6b2f84" member_type: VOTER last_known_addr { host: "127.24.232.195" port: 42613 } }
I20260709 13:06:47.283285 26829 leader_election.cc:290] T f8d2ac1df6a84a8eb9a6a4510b47b6e0 P e09ea9b455894a0189912a7b9b6b2f84 [CANDIDATE]: Term 1 pre-election: Requested pre-vote from peers 687d192f79a044ce838f0bf292f0c09f (127.24.232.193:41483), b9e8388401a74e84a2cc880930412709 (127.24.232.194:36529)
W20260709 13:06:47.285491 26651 leader_election.cc:343] T 3a6cdf3163c8419d9d0c3ee399cc76d1 P b9e8388401a74e84a2cc880930412709 [CANDIDATE]: Term 1 pre-election: Tablet error from VoteRequest() call to peer e09ea9b455894a0189912a7b9b6b2f84 (127.24.232.195:42613): Illegal state: must be running to vote when last-logged opid is not known
I20260709 13:06:47.285905 26651 leader_election.cc:304] T 3a6cdf3163c8419d9d0c3ee399cc76d1 P b9e8388401a74e84a2cc880930412709 [CANDIDATE]: Term 1 pre-election: Election decided. Result: candidate lost. Election summary: received 3 responses out of 3 voters: 1 yes votes; 2 no votes. yes voters: b9e8388401a74e84a2cc880930412709; no voters: 687d192f79a044ce838f0bf292f0c09f, e09ea9b455894a0189912a7b9b6b2f84
I20260709 13:06:47.289934 26803 tablet_bootstrap.cc:492] T 7b80723b610f4fe18839109c29ed64de P b9e8388401a74e84a2cc880930412709: Bootstrap starting.
I20260709 13:06:47.290910 26999 raft_consensus.cc:2749] T 3a6cdf3163c8419d9d0c3ee399cc76d1 P b9e8388401a74e84a2cc880930412709 [term 0 FOLLOWER]: Leader pre-election lost for term 1. Reason: could not achieve majority
W20260709 13:06:47.291798 26651 leader_election.cc:343] T a3e56fc6bfb947aeb096f93897752238 P b9e8388401a74e84a2cc880930412709 [CANDIDATE]: Term 1 pre-election: Tablet error from VoteRequest() call to peer e09ea9b455894a0189912a7b9b6b2f84 (127.24.232.195:42613): Illegal state: must be running to vote when last-logged opid is not known
I20260709 13:06:47.292284 26651 leader_election.cc:304] T a3e56fc6bfb947aeb096f93897752238 P b9e8388401a74e84a2cc880930412709 [CANDIDATE]: Term 1 pre-election: Election decided. Result: candidate lost. Election summary: received 3 responses out of 3 voters: 1 yes votes; 2 no votes. yes voters: b9e8388401a74e84a2cc880930412709; no voters: 687d192f79a044ce838f0bf292f0c09f, e09ea9b455894a0189912a7b9b6b2f84
I20260709 13:06:47.297482 26972 raft_consensus.cc:2749] T a3e56fc6bfb947aeb096f93897752238 P b9e8388401a74e84a2cc880930412709 [term 0 FOLLOWER]: Leader pre-election lost for term 1. Reason: could not achieve majority
I20260709 13:06:47.298897 26801 tablet_bootstrap.cc:654] T ce09a05f88f44c7188fd7b1975336615 P 687d192f79a044ce838f0bf292f0c09f: Neither blocks nor log segments found. Creating new log.
I20260709 13:06:47.304378 26612 tablet_service.cc:1917] Received RequestConsensusVote() RPC: tablet_id: "f8d2ac1df6a84a8eb9a6a4510b47b6e0" candidate_uuid: "e09ea9b455894a0189912a7b9b6b2f84" candidate_term: 1 candidate_status { last_received { term: 0 index: 0 } } ignore_live_leader: false dest_uuid: "687d192f79a044ce838f0bf292f0c09f" is_pre_election: true
W20260709 13:06:47.306540 26724 leader_election.cc:343] T f8d2ac1df6a84a8eb9a6a4510b47b6e0 P e09ea9b455894a0189912a7b9b6b2f84 [CANDIDATE]: Term 1 pre-election: Tablet error from VoteRequest() call to peer 687d192f79a044ce838f0bf292f0c09f (127.24.232.193:41483): Illegal state: must be running to vote when last-logged opid is not known
I20260709 13:06:47.306807 26760 tablet_service.cc:1917] Received RequestConsensusVote() RPC: tablet_id: "830acec67d794b8f8517f8240289bd62" candidate_uuid: "b9e8388401a74e84a2cc880930412709" candidate_term: 1 candidate_status { last_received { term: 0 index: 0 } } ignore_live_leader: false dest_uuid: "e09ea9b455894a0189912a7b9b6b2f84" is_pre_election: true
I20260709 13:06:47.309172 26760 tablet_service.cc:1917] Received RequestConsensusVote() RPC: tablet_id: "2731f6fa719f4ecfa9f1f5dc06a0aef2" candidate_uuid: "b9e8388401a74e84a2cc880930412709" candidate_term: 1 candidate_status { last_received { term: 0 index: 0 } } ignore_live_leader: false dest_uuid: "e09ea9b455894a0189912a7b9b6b2f84" is_pre_election: true
I20260709 13:06:47.314328 26683 tablet_service.cc:1917] Received RequestConsensusVote() RPC: tablet_id: "839ee616b28745bca2748a7ec4f718dd" candidate_uuid: "e09ea9b455894a0189912a7b9b6b2f84" candidate_term: 1 candidate_status { last_received { term: 0 index: 0 } } ignore_live_leader: false dest_uuid: "b9e8388401a74e84a2cc880930412709" is_pre_election: true
I20260709 13:06:47.315102 26683 raft_consensus.cc:2468] T 839ee616b28745bca2748a7ec4f718dd P b9e8388401a74e84a2cc880930412709 [term 0 FOLLOWER]: Leader pre-election vote request: Granting yes vote for candidate e09ea9b455894a0189912a7b9b6b2f84 in term 0.
I20260709 13:06:47.319088 26803 tablet_bootstrap.cc:654] T 7b80723b610f4fe18839109c29ed64de P b9e8388401a74e84a2cc880930412709: Neither blocks nor log segments found. Creating new log.
I20260709 13:06:47.324894 26802 tablet_bootstrap.cc:492] T 2731f6fa719f4ecfa9f1f5dc06a0aef2 P e09ea9b455894a0189912a7b9b6b2f84: No bootstrap required, opened a new log
I20260709 13:06:47.325487 26802 ts_tablet_manager.cc:1403] T 2731f6fa719f4ecfa9f1f5dc06a0aef2 P e09ea9b455894a0189912a7b9b6b2f84: Time spent bootstrapping tablet: real 0.098s	user 0.030s	sys 0.056s
I20260709 13:06:47.328011 26847 raft_consensus.cc:493] T c89abadd4c4c4ff0b1ac684dff13b140 P b9e8388401a74e84a2cc880930412709 [term 0 FOLLOWER]: Starting pre-election (no leader contacted us within the election timeout)
I20260709 13:06:47.328634 26847 raft_consensus.cc:515] T c89abadd4c4c4ff0b1ac684dff13b140 P b9e8388401a74e84a2cc880930412709 [term 0 FOLLOWER]: Starting pre-election with config: opid_index: -1 OBSOLETE_local: false peers { permanent_uuid: "687d192f79a044ce838f0bf292f0c09f" member_type: VOTER last_known_addr { host: "127.24.232.193" port: 41483 } } peers { permanent_uuid: "b9e8388401a74e84a2cc880930412709" member_type: VOTER last_known_addr { host: "127.24.232.194" port: 36529 } } peers { permanent_uuid: "e09ea9b455894a0189912a7b9b6b2f84" member_type: VOTER last_known_addr { host: "127.24.232.195" port: 42613 } }
I20260709 13:06:47.328279 26802 raft_consensus.cc:359] T 2731f6fa719f4ecfa9f1f5dc06a0aef2 P e09ea9b455894a0189912a7b9b6b2f84 [term 0 FOLLOWER]: Replica starting. Triggering 0 pending ops. Active config: opid_index: -1 OBSOLETE_local: false peers { permanent_uuid: "687d192f79a044ce838f0bf292f0c09f" member_type: VOTER last_known_addr { host: "127.24.232.193" port: 41483 } } peers { permanent_uuid: "b9e8388401a74e84a2cc880930412709" member_type: VOTER last_known_addr { host: "127.24.232.194" port: 36529 } } peers { permanent_uuid: "e09ea9b455894a0189912a7b9b6b2f84" member_type: VOTER last_known_addr { host: "127.24.232.195" port: 42613 } }
I20260709 13:06:47.332763 26802 raft_consensus.cc:385] T 2731f6fa719f4ecfa9f1f5dc06a0aef2 P e09ea9b455894a0189912a7b9b6b2f84 [term 0 FOLLOWER]: Consensus starting up: Expiring failure detector timer to make a prompt election more likely
I20260709 13:06:47.333076 26802 raft_consensus.cc:740] T 2731f6fa719f4ecfa9f1f5dc06a0aef2 P e09ea9b455894a0189912a7b9b6b2f84 [term 0 FOLLOWER]: Becoming Follower/Learner. State: Replica: e09ea9b455894a0189912a7b9b6b2f84, State: Initialized, Role: FOLLOWER
I20260709 13:06:47.333763 26802 consensus_queue.cc:260] T 2731f6fa719f4ecfa9f1f5dc06a0aef2 P e09ea9b455894a0189912a7b9b6b2f84 [NON_LEADER]: Queue going to NON_LEADER mode. State: All replicated index: 0, Majority replicated index: 0, Committed index: 0, Last appended: 0.0, Last appended by leader: 0, Current term: 0, Majority size: -1, State: 0, Mode: NON_LEADER, active raft config: opid_index: -1 OBSOLETE_local: false peers { permanent_uuid: "687d192f79a044ce838f0bf292f0c09f" member_type: VOTER last_known_addr { host: "127.24.232.193" port: 41483 } } peers { permanent_uuid: "b9e8388401a74e84a2cc880930412709" member_type: VOTER last_known_addr { host: "127.24.232.194" port: 36529 } } peers { permanent_uuid: "e09ea9b455894a0189912a7b9b6b2f84" member_type: VOTER last_known_addr { host: "127.24.232.195" port: 42613 } }
I20260709 13:06:47.335391 26612 tablet_service.cc:1917] Received RequestConsensusVote() RPC: tablet_id: "c89abadd4c4c4ff0b1ac684dff13b140" candidate_uuid: "b9e8388401a74e84a2cc880930412709" candidate_term: 1 candidate_status { last_received { term: 0 index: 0 } } ignore_live_leader: false dest_uuid: "687d192f79a044ce838f0bf292f0c09f" is_pre_election: true
W20260709 13:06:47.336995 26650 leader_election.cc:343] T c89abadd4c4c4ff0b1ac684dff13b140 P b9e8388401a74e84a2cc880930412709 [CANDIDATE]: Term 1 pre-election: Tablet error from VoteRequest() call to peer 687d192f79a044ce838f0bf292f0c09f (127.24.232.193:41483): Illegal state: must be running to vote when last-logged opid is not known
I20260709 13:06:47.338075 26847 leader_election.cc:290] T c89abadd4c4c4ff0b1ac684dff13b140 P b9e8388401a74e84a2cc880930412709 [CANDIDATE]: Term 1 pre-election: Requested pre-vote from peers 687d192f79a044ce838f0bf292f0c09f (127.24.232.193:41483), e09ea9b455894a0189912a7b9b6b2f84 (127.24.232.195:42613)
I20260709 13:06:47.344403 26687 tablet_service.cc:1917] Received RequestConsensusVote() RPC: tablet_id: "f8d2ac1df6a84a8eb9a6a4510b47b6e0" candidate_uuid: "e09ea9b455894a0189912a7b9b6b2f84" candidate_term: 1 candidate_status { last_received { term: 0 index: 0 } } ignore_live_leader: false dest_uuid: "b9e8388401a74e84a2cc880930412709" is_pre_election: true
I20260709 13:06:47.345289 26687 raft_consensus.cc:2468] T f8d2ac1df6a84a8eb9a6a4510b47b6e0 P b9e8388401a74e84a2cc880930412709 [term 0 FOLLOWER]: Leader pre-election vote request: Granting yes vote for candidate e09ea9b455894a0189912a7b9b6b2f84 in term 0.
I20260709 13:06:47.346019 26802 ts_tablet_manager.cc:1434] T 2731f6fa719f4ecfa9f1f5dc06a0aef2 P e09ea9b455894a0189912a7b9b6b2f84: Time spent starting tablet: real 0.020s	user 0.006s	sys 0.000s
W20260709 13:06:47.350065 26651 leader_election.cc:343] T 830acec67d794b8f8517f8240289bd62 P b9e8388401a74e84a2cc880930412709 [CANDIDATE]: Term 1 pre-election: Tablet error from VoteRequest() call to peer e09ea9b455894a0189912a7b9b6b2f84 (127.24.232.195:42613): Illegal state: must be running to vote when last-logged opid is not known
I20260709 13:06:47.350557 26651 leader_election.cc:304] T 830acec67d794b8f8517f8240289bd62 P b9e8388401a74e84a2cc880930412709 [CANDIDATE]: Term 1 pre-election: Election decided. Result: candidate lost. Election summary: received 3 responses out of 3 voters: 1 yes votes; 2 no votes. yes voters: b9e8388401a74e84a2cc880930412709; no voters: 687d192f79a044ce838f0bf292f0c09f, e09ea9b455894a0189912a7b9b6b2f84
I20260709 13:06:47.351915 26802 tablet_bootstrap.cc:492] T 8f4358ddab16449aa08eeb30a7b58bc2 P e09ea9b455894a0189912a7b9b6b2f84: Bootstrap starting.
I20260709 13:06:47.350339 26726 leader_election.cc:304] T 839ee616b28745bca2748a7ec4f718dd P e09ea9b455894a0189912a7b9b6b2f84 [CANDIDATE]: Term 1 pre-election: Election decided. Result: candidate won. Election summary: received 3 responses out of 3 voters: 2 yes votes; 1 no votes. yes voters: b9e8388401a74e84a2cc880930412709, e09ea9b455894a0189912a7b9b6b2f84; no voters: 687d192f79a044ce838f0bf292f0c09f
W20260709 13:06:47.352536 26651 leader_election.cc:343] T 2731f6fa719f4ecfa9f1f5dc06a0aef2 P b9e8388401a74e84a2cc880930412709 [CANDIDATE]: Term 1 pre-election: Tablet error from VoteRequest() call to peer e09ea9b455894a0189912a7b9b6b2f84 (127.24.232.195:42613): Illegal state: must be running to vote when last-logged opid is not known
I20260709 13:06:47.352874 26651 leader_election.cc:304] T 2731f6fa719f4ecfa9f1f5dc06a0aef2 P b9e8388401a74e84a2cc880930412709 [CANDIDATE]: Term 1 pre-election: Election decided. Result: candidate lost. Election summary: received 3 responses out of 3 voters: 1 yes votes; 2 no votes. yes voters: b9e8388401a74e84a2cc880930412709; no voters: 687d192f79a044ce838f0bf292f0c09f, e09ea9b455894a0189912a7b9b6b2f84
I20260709 13:06:47.353853 26726 leader_election.cc:304] T f8d2ac1df6a84a8eb9a6a4510b47b6e0 P e09ea9b455894a0189912a7b9b6b2f84 [CANDIDATE]: Term 1 pre-election: Election decided. Result: candidate won. Election summary: received 3 responses out of 3 voters: 2 yes votes; 1 no votes. yes voters: b9e8388401a74e84a2cc880930412709, e09ea9b455894a0189912a7b9b6b2f84; no voters: 687d192f79a044ce838f0bf292f0c09f
I20260709 13:06:47.356184 26999 raft_consensus.cc:2749] T 2731f6fa719f4ecfa9f1f5dc06a0aef2 P b9e8388401a74e84a2cc880930412709 [term 0 FOLLOWER]: Leader pre-election lost for term 1. Reason: could not achieve majority
I20260709 13:06:47.356333 26902 raft_consensus.cc:2749] T 830acec67d794b8f8517f8240289bd62 P b9e8388401a74e84a2cc880930412709 [term 0 FOLLOWER]: Leader pre-election lost for term 1. Reason: could not achieve majority
I20260709 13:06:47.356751 26760 tablet_service.cc:1917] Received RequestConsensusVote() RPC: tablet_id: "c89abadd4c4c4ff0b1ac684dff13b140" candidate_uuid: "b9e8388401a74e84a2cc880930412709" candidate_term: 1 candidate_status { last_received { term: 0 index: 0 } } ignore_live_leader: false dest_uuid: "e09ea9b455894a0189912a7b9b6b2f84" is_pre_election: true
I20260709 13:06:47.356436 26844 raft_consensus.cc:2804] T 839ee616b28745bca2748a7ec4f718dd P e09ea9b455894a0189912a7b9b6b2f84 [term 0 FOLLOWER]: Leader pre-election won for term 1
I20260709 13:06:47.357898 26844 raft_consensus.cc:493] T 839ee616b28745bca2748a7ec4f718dd P e09ea9b455894a0189912a7b9b6b2f84 [term 0 FOLLOWER]: Starting leader election (no leader contacted us within the election timeout)
I20260709 13:06:47.357820 26760 raft_consensus.cc:2468] T c89abadd4c4c4ff0b1ac684dff13b140 P e09ea9b455894a0189912a7b9b6b2f84 [term 0 FOLLOWER]: Leader pre-election vote request: Granting yes vote for candidate b9e8388401a74e84a2cc880930412709 in term 0.
I20260709 13:06:47.358281 26844 raft_consensus.cc:3060] T 839ee616b28745bca2748a7ec4f718dd P e09ea9b455894a0189912a7b9b6b2f84 [term 0 FOLLOWER]: Advancing to term 1
I20260709 13:06:47.359685 27008 raft_consensus.cc:493] T 432efd5ca613406d884cf1deda00ed97 P e09ea9b455894a0189912a7b9b6b2f84 [term 0 FOLLOWER]: Starting pre-election (no leader contacted us within the election timeout)
I20260709 13:06:47.360363 27008 raft_consensus.cc:515] T 432efd5ca613406d884cf1deda00ed97 P e09ea9b455894a0189912a7b9b6b2f84 [term 0 FOLLOWER]: Starting pre-election with config: opid_index: -1 OBSOLETE_local: false peers { permanent_uuid: "687d192f79a044ce838f0bf292f0c09f" member_type: VOTER last_known_addr { host: "127.24.232.193" port: 41483 } } peers { permanent_uuid: "b9e8388401a74e84a2cc880930412709" member_type: VOTER last_known_addr { host: "127.24.232.194" port: 36529 } } peers { permanent_uuid: "e09ea9b455894a0189912a7b9b6b2f84" member_type: VOTER last_known_addr { host: "127.24.232.195" port: 42613 } }
I20260709 13:06:47.363540 26651 leader_election.cc:304] T c89abadd4c4c4ff0b1ac684dff13b140 P b9e8388401a74e84a2cc880930412709 [CANDIDATE]: Term 1 pre-election: Election decided. Result: candidate won. Election summary: received 3 responses out of 3 voters: 2 yes votes; 1 no votes. yes voters: b9e8388401a74e84a2cc880930412709, e09ea9b455894a0189912a7b9b6b2f84; no voters: 687d192f79a044ce838f0bf292f0c09f
I20260709 13:06:47.364429 27030 consensus_queue.cc:1048] T 8e4cacedac354143ab8977803382d0af P e09ea9b455894a0189912a7b9b6b2f84 [LEADER]: Connected to new peer: Peer: permanent_uuid: "b9e8388401a74e84a2cc880930412709" member_type: VOTER last_known_addr { host: "127.24.232.194" port: 36529 }, Status: LMP_MISMATCH, Last received: 0.0, Next index: 1, Last known committed idx: 0, Time since last communication: 0.000s
I20260709 13:06:47.365880 26854 raft_consensus.cc:2749] T c820b8b86e594946bfb5f18fbb98296d P 687d192f79a044ce838f0bf292f0c09f [term 1 FOLLOWER]: Leader pre-election lost for term 1. Reason: could not achieve majority
I20260709 13:06:47.368260 26801 tablet_bootstrap.cc:492] T ce09a05f88f44c7188fd7b1975336615 P 687d192f79a044ce838f0bf292f0c09f: No bootstrap required, opened a new log
I20260709 13:06:47.368814 26801 ts_tablet_manager.cc:1403] T ce09a05f88f44c7188fd7b1975336615 P 687d192f79a044ce838f0bf292f0c09f: Time spent bootstrapping tablet: real 0.135s	user 0.015s	sys 0.006s
I20260709 13:06:47.362164 26944 raft_consensus.cc:2804] T f8d2ac1df6a84a8eb9a6a4510b47b6e0 P e09ea9b455894a0189912a7b9b6b2f84 [term 0 FOLLOWER]: Leader pre-election won for term 1
I20260709 13:06:47.371313 26944 raft_consensus.cc:493] T f8d2ac1df6a84a8eb9a6a4510b47b6e0 P e09ea9b455894a0189912a7b9b6b2f84 [term 0 FOLLOWER]: Starting leader election (no leader contacted us within the election timeout)
I20260709 13:06:47.371850 26944 raft_consensus.cc:3060] T f8d2ac1df6a84a8eb9a6a4510b47b6e0 P e09ea9b455894a0189912a7b9b6b2f84 [term 0 FOLLOWER]: Advancing to term 1
I20260709 13:06:47.373585 26848 raft_consensus.cc:2804] T c89abadd4c4c4ff0b1ac684dff13b140 P b9e8388401a74e84a2cc880930412709 [term 0 FOLLOWER]: Leader pre-election won for term 1
I20260709 13:06:47.376228 26848 raft_consensus.cc:493] T c89abadd4c4c4ff0b1ac684dff13b140 P b9e8388401a74e84a2cc880930412709 [term 0 FOLLOWER]: Starting leader election (no leader contacted us within the election timeout)
I20260709 13:06:47.379468 27008 leader_election.cc:290] T 432efd5ca613406d884cf1deda00ed97 P e09ea9b455894a0189912a7b9b6b2f84 [CANDIDATE]: Term 1 pre-election: Requested pre-vote from peers 687d192f79a044ce838f0bf292f0c09f (127.24.232.193:41483), b9e8388401a74e84a2cc880930412709 (127.24.232.194:36529)
I20260709 13:06:47.382308 26610 tablet_service.cc:1917] Received RequestConsensusVote() RPC: tablet_id: "432efd5ca613406d884cf1deda00ed97" candidate_uuid: "e09ea9b455894a0189912a7b9b6b2f84" candidate_term: 1 candidate_status { last_received { term: 0 index: 0 } } ignore_live_leader: false dest_uuid: "687d192f79a044ce838f0bf292f0c09f" is_pre_election: true
I20260709 13:06:47.380391 26801 raft_consensus.cc:359] T ce09a05f88f44c7188fd7b1975336615 P 687d192f79a044ce838f0bf292f0c09f [term 0 FOLLOWER]: Replica starting. Triggering 0 pending ops. Active config: opid_index: -1 OBSOLETE_local: false peers { permanent_uuid: "687d192f79a044ce838f0bf292f0c09f" member_type: VOTER last_known_addr { host: "127.24.232.193" port: 41483 } } peers { permanent_uuid: "b9e8388401a74e84a2cc880930412709" member_type: VOTER last_known_addr { host: "127.24.232.194" port: 36529 } } peers { permanent_uuid: "e09ea9b455894a0189912a7b9b6b2f84" member_type: VOTER last_known_addr { host: "127.24.232.195" port: 42613 } }
I20260709 13:06:47.376609 26848 raft_consensus.cc:3060] T c89abadd4c4c4ff0b1ac684dff13b140 P b9e8388401a74e84a2cc880930412709 [term 0 FOLLOWER]: Advancing to term 1
I20260709 13:06:47.384034 26801 raft_consensus.cc:385] T ce09a05f88f44c7188fd7b1975336615 P 687d192f79a044ce838f0bf292f0c09f [term 0 FOLLOWER]: Consensus starting up: Expiring failure detector timer to make a prompt election more likely
I20260709 13:06:47.388137 26801 raft_consensus.cc:740] T ce09a05f88f44c7188fd7b1975336615 P 687d192f79a044ce838f0bf292f0c09f [term 0 FOLLOWER]: Becoming Follower/Learner. State: Replica: 687d192f79a044ce838f0bf292f0c09f, State: Initialized, Role: FOLLOWER
I20260709 13:06:47.388568 26687 tablet_service.cc:1917] Received RequestConsensusVote() RPC: tablet_id: "432efd5ca613406d884cf1deda00ed97" candidate_uuid: "e09ea9b455894a0189912a7b9b6b2f84" candidate_term: 1 candidate_status { last_received { term: 0 index: 0 } } ignore_live_leader: false dest_uuid: "b9e8388401a74e84a2cc880930412709" is_pre_election: true
W20260709 13:06:47.387120 26650 consensus_peers.cc:597] T f2e750113ebc4804835df06f3637c083 P b9e8388401a74e84a2cc880930412709 -> Peer 687d192f79a044ce838f0bf292f0c09f (127.24.232.193:41483): Couldn't send request to peer 687d192f79a044ce838f0bf292f0c09f. Error code: TABLET_NOT_RUNNING (12). Status: Illegal state: Tablet not RUNNING: INITIALIZED. This is attempt 1: this message will repeat every 5th retry.
I20260709 13:06:47.388810 26801 consensus_queue.cc:260] T ce09a05f88f44c7188fd7b1975336615 P 687d192f79a044ce838f0bf292f0c09f [NON_LEADER]: Queue going to NON_LEADER mode. State: All replicated index: 0, Majority replicated index: 0, Committed index: 0, Last appended: 0.0, Last appended by leader: 0, Current term: 0, Majority size: -1, State: 0, Mode: NON_LEADER, active raft config: opid_index: -1 OBSOLETE_local: false peers { permanent_uuid: "687d192f79a044ce838f0bf292f0c09f" member_type: VOTER last_known_addr { host: "127.24.232.193" port: 41483 } } peers { permanent_uuid: "b9e8388401a74e84a2cc880930412709" member_type: VOTER last_known_addr { host: "127.24.232.194" port: 36529 } } peers { permanent_uuid: "e09ea9b455894a0189912a7b9b6b2f84" member_type: VOTER last_known_addr { host: "127.24.232.195" port: 42613 } }
W20260709 13:06:47.388705 26724 leader_election.cc:343] T 432efd5ca613406d884cf1deda00ed97 P e09ea9b455894a0189912a7b9b6b2f84 [CANDIDATE]: Term 1 pre-election: Tablet error from VoteRequest() call to peer 687d192f79a044ce838f0bf292f0c09f (127.24.232.193:41483): Illegal state: must be running to vote when last-logged opid is not known
I20260709 13:06:47.391892 26687 raft_consensus.cc:2468] T 432efd5ca613406d884cf1deda00ed97 P b9e8388401a74e84a2cc880930412709 [term 0 FOLLOWER]: Leader pre-election vote request: Granting yes vote for candidate e09ea9b455894a0189912a7b9b6b2f84 in term 0.
I20260709 13:06:47.400861 26726 leader_election.cc:304] T 432efd5ca613406d884cf1deda00ed97 P e09ea9b455894a0189912a7b9b6b2f84 [CANDIDATE]: Term 1 pre-election: Election decided. Result: candidate won. Election summary: received 3 responses out of 3 voters: 2 yes votes; 1 no votes. yes voters: b9e8388401a74e84a2cc880930412709, e09ea9b455894a0189912a7b9b6b2f84; no voters: 687d192f79a044ce838f0bf292f0c09f
I20260709 13:06:47.401858 27030 raft_consensus.cc:2804] T 432efd5ca613406d884cf1deda00ed97 P e09ea9b455894a0189912a7b9b6b2f84 [term 0 FOLLOWER]: Leader pre-election won for term 1
I20260709 13:06:47.402366 27030 raft_consensus.cc:493] T 432efd5ca613406d884cf1deda00ed97 P e09ea9b455894a0189912a7b9b6b2f84 [term 0 FOLLOWER]: Starting leader election (no leader contacted us within the election timeout)
I20260709 13:06:47.402758 27030 raft_consensus.cc:3060] T 432efd5ca613406d884cf1deda00ed97 P e09ea9b455894a0189912a7b9b6b2f84 [term 0 FOLLOWER]: Advancing to term 1
I20260709 13:06:47.412478 26944 raft_consensus.cc:515] T f8d2ac1df6a84a8eb9a6a4510b47b6e0 P e09ea9b455894a0189912a7b9b6b2f84 [term 1 FOLLOWER]: Starting leader election with config: opid_index: -1 OBSOLETE_local: false peers { permanent_uuid: "687d192f79a044ce838f0bf292f0c09f" member_type: VOTER last_known_addr { host: "127.24.232.193" port: 41483 } } peers { permanent_uuid: "b9e8388401a74e84a2cc880930412709" member_type: VOTER last_known_addr { host: "127.24.232.194" port: 36529 } } peers { permanent_uuid: "e09ea9b455894a0189912a7b9b6b2f84" member_type: VOTER last_known_addr { host: "127.24.232.195" port: 42613 } }
I20260709 13:06:47.418728 26610 tablet_service.cc:1917] Received RequestConsensusVote() RPC: tablet_id: "f8d2ac1df6a84a8eb9a6a4510b47b6e0" candidate_uuid: "e09ea9b455894a0189912a7b9b6b2f84" candidate_term: 1 candidate_status { last_received { term: 0 index: 0 } } ignore_live_leader: false dest_uuid: "687d192f79a044ce838f0bf292f0c09f"
I20260709 13:06:47.415176 26803 tablet_bootstrap.cc:492] T 7b80723b610f4fe18839109c29ed64de P b9e8388401a74e84a2cc880930412709: No bootstrap required, opened a new log
I20260709 13:06:47.419992 26803 ts_tablet_manager.cc:1403] T 7b80723b610f4fe18839109c29ed64de P b9e8388401a74e84a2cc880930412709: Time spent bootstrapping tablet: real 0.130s	user 0.012s	sys 0.009s
W20260709 13:06:47.420250 26724 leader_election.cc:343] T f8d2ac1df6a84a8eb9a6a4510b47b6e0 P e09ea9b455894a0189912a7b9b6b2f84 [CANDIDATE]: Term 1 election: Tablet error from VoteRequest() call to peer 687d192f79a044ce838f0bf292f0c09f (127.24.232.193:41483): Illegal state: must be running to vote when last-logged opid is not known
I20260709 13:06:47.416430 26801 ts_tablet_manager.cc:1434] T ce09a05f88f44c7188fd7b1975336615 P 687d192f79a044ce838f0bf292f0c09f: Time spent starting tablet: real 0.047s	user 0.007s	sys 0.001s
I20260709 13:06:47.428154 26859 raft_consensus.cc:493] T 2731f6fa719f4ecfa9f1f5dc06a0aef2 P e09ea9b455894a0189912a7b9b6b2f84 [term 0 FOLLOWER]: Starting pre-election (no leader contacted us within the election timeout)
I20260709 13:06:47.428695 26859 raft_consensus.cc:515] T 2731f6fa719f4ecfa9f1f5dc06a0aef2 P e09ea9b455894a0189912a7b9b6b2f84 [term 0 FOLLOWER]: Starting pre-election with config: opid_index: -1 OBSOLETE_local: false peers { permanent_uuid: "687d192f79a044ce838f0bf292f0c09f" member_type: VOTER last_known_addr { host: "127.24.232.193" port: 41483 } } peers { permanent_uuid: "b9e8388401a74e84a2cc880930412709" member_type: VOTER last_known_addr { host: "127.24.232.194" port: 36529 } } peers { permanent_uuid: "e09ea9b455894a0189912a7b9b6b2f84" member_type: VOTER last_known_addr { host: "127.24.232.195" port: 42613 } }
I20260709 13:06:47.431183 26844 raft_consensus.cc:515] T 839ee616b28745bca2748a7ec4f718dd P e09ea9b455894a0189912a7b9b6b2f84 [term 1 FOLLOWER]: Starting leader election with config: opid_index: -1 OBSOLETE_local: false peers { permanent_uuid: "687d192f79a044ce838f0bf292f0c09f" member_type: VOTER last_known_addr { host: "127.24.232.193" port: 41483 } } peers { permanent_uuid: "b9e8388401a74e84a2cc880930412709" member_type: VOTER last_known_addr { host: "127.24.232.194" port: 36529 } } peers { permanent_uuid: "e09ea9b455894a0189912a7b9b6b2f84" member_type: VOTER last_known_addr { host: "127.24.232.195" port: 42613 } }
I20260709 13:06:47.399243 26848 raft_consensus.cc:515] T c89abadd4c4c4ff0b1ac684dff13b140 P b9e8388401a74e84a2cc880930412709 [term 1 FOLLOWER]: Starting leader election with config: opid_index: -1 OBSOLETE_local: false peers { permanent_uuid: "687d192f79a044ce838f0bf292f0c09f" member_type: VOTER last_known_addr { host: "127.24.232.193" port: 41483 } } peers { permanent_uuid: "b9e8388401a74e84a2cc880930412709" member_type: VOTER last_known_addr { host: "127.24.232.194" port: 36529 } } peers { permanent_uuid: "e09ea9b455894a0189912a7b9b6b2f84" member_type: VOTER last_known_addr { host: "127.24.232.195" port: 42613 } }
I20260709 13:06:47.435528 26609 tablet_service.cc:1917] Received RequestConsensusVote() RPC: tablet_id: "c89abadd4c4c4ff0b1ac684dff13b140" candidate_uuid: "b9e8388401a74e84a2cc880930412709" candidate_term: 1 candidate_status { last_received { term: 0 index: 0 } } ignore_live_leader: false dest_uuid: "687d192f79a044ce838f0bf292f0c09f"
I20260709 13:06:47.436559 26610 tablet_service.cc:1917] Received RequestConsensusVote() RPC: tablet_id: "2731f6fa719f4ecfa9f1f5dc06a0aef2" candidate_uuid: "e09ea9b455894a0189912a7b9b6b2f84" candidate_term: 1 candidate_status { last_received { term: 0 index: 0 } } ignore_live_leader: false dest_uuid: "687d192f79a044ce838f0bf292f0c09f" is_pre_election: true
W20260709 13:06:47.438066 26724 leader_election.cc:343] T 2731f6fa719f4ecfa9f1f5dc06a0aef2 P e09ea9b455894a0189912a7b9b6b2f84 [CANDIDATE]: Term 1 pre-election: Tablet error from VoteRequest() call to peer 687d192f79a044ce838f0bf292f0c09f (127.24.232.193:41483): Illegal state: must be running to vote when last-logged opid is not known
I20260709 13:06:47.438385 26610 tablet_service.cc:1917] Received RequestConsensusVote() RPC: tablet_id: "839ee616b28745bca2748a7ec4f718dd" candidate_uuid: "e09ea9b455894a0189912a7b9b6b2f84" candidate_term: 1 candidate_status { last_received { term: 0 index: 0 } } ignore_live_leader: false dest_uuid: "687d192f79a044ce838f0bf292f0c09f"
W20260709 13:06:47.438974 26650 leader_election.cc:343] T c89abadd4c4c4ff0b1ac684dff13b140 P b9e8388401a74e84a2cc880930412709 [CANDIDATE]: Term 1 election: Tablet error from VoteRequest() call to peer 687d192f79a044ce838f0bf292f0c09f (127.24.232.193:41483): Illegal state: must be running to vote when last-logged opid is not known
W20260709 13:06:47.441188 26724 leader_election.cc:343] T 839ee616b28745bca2748a7ec4f718dd P e09ea9b455894a0189912a7b9b6b2f84 [CANDIDATE]: Term 1 election: Tablet error from VoteRequest() call to peer 687d192f79a044ce838f0bf292f0c09f (127.24.232.193:41483): Illegal state: must be running to vote when last-logged opid is not known
I20260709 13:06:47.441268 26687 tablet_service.cc:1917] Received RequestConsensusVote() RPC: tablet_id: "2731f6fa719f4ecfa9f1f5dc06a0aef2" candidate_uuid: "e09ea9b455894a0189912a7b9b6b2f84" candidate_term: 1 candidate_status { last_received { term: 0 index: 0 } } ignore_live_leader: false dest_uuid: "b9e8388401a74e84a2cc880930412709" is_pre_election: true
I20260709 13:06:47.442061 26687 raft_consensus.cc:2468] T 2731f6fa719f4ecfa9f1f5dc06a0aef2 P b9e8388401a74e84a2cc880930412709 [term 0 FOLLOWER]: Leader pre-election vote request: Granting yes vote for candidate e09ea9b455894a0189912a7b9b6b2f84 in term 0.
I20260709 13:06:47.443599 26726 leader_election.cc:304] T 2731f6fa719f4ecfa9f1f5dc06a0aef2 P e09ea9b455894a0189912a7b9b6b2f84 [CANDIDATE]: Term 1 pre-election: Election decided. Result: candidate won. Election summary: received 3 responses out of 3 voters: 2 yes votes; 1 no votes. yes voters: b9e8388401a74e84a2cc880930412709, e09ea9b455894a0189912a7b9b6b2f84; no voters: 687d192f79a044ce838f0bf292f0c09f
I20260709 13:06:47.445735 26801 tablet_bootstrap.cc:492] T b14d4a32f52541d5a619dddf54757a10 P 687d192f79a044ce838f0bf292f0c09f: Bootstrap starting.
I20260709 13:06:47.446722 26687 tablet_service.cc:1917] Received RequestConsensusVote() RPC: tablet_id: "839ee616b28745bca2748a7ec4f718dd" candidate_uuid: "e09ea9b455894a0189912a7b9b6b2f84" candidate_term: 1 candidate_status { last_received { term: 0 index: 0 } } ignore_live_leader: false dest_uuid: "b9e8388401a74e84a2cc880930412709"
I20260709 13:06:47.447348 26687 raft_consensus.cc:3060] T 839ee616b28745bca2748a7ec4f718dd P b9e8388401a74e84a2cc880930412709 [term 0 FOLLOWER]: Advancing to term 1
I20260709 13:06:47.447610 26803 raft_consensus.cc:359] T 7b80723b610f4fe18839109c29ed64de P b9e8388401a74e84a2cc880930412709 [term 0 FOLLOWER]: Replica starting. Triggering 0 pending ops. Active config: opid_index: -1 OBSOLETE_local: false peers { permanent_uuid: "687d192f79a044ce838f0bf292f0c09f" member_type: VOTER last_known_addr { host: "127.24.232.193" port: 41483 } } peers { permanent_uuid: "b9e8388401a74e84a2cc880930412709" member_type: VOTER last_known_addr { host: "127.24.232.194" port: 36529 } } peers { permanent_uuid: "e09ea9b455894a0189912a7b9b6b2f84" member_type: VOTER last_known_addr { host: "127.24.232.195" port: 42613 } }
I20260709 13:06:47.448556 26803 raft_consensus.cc:385] T 7b80723b610f4fe18839109c29ed64de P b9e8388401a74e84a2cc880930412709 [term 0 FOLLOWER]: Consensus starting up: Expiring failure detector timer to make a prompt election more likely
I20260709 13:06:47.448892 26803 raft_consensus.cc:740] T 7b80723b610f4fe18839109c29ed64de P b9e8388401a74e84a2cc880930412709 [term 0 FOLLOWER]: Becoming Follower/Learner. State: Replica: b9e8388401a74e84a2cc880930412709, State: Initialized, Role: FOLLOWER
I20260709 13:06:47.449721 26803 consensus_queue.cc:260] T 7b80723b610f4fe18839109c29ed64de P b9e8388401a74e84a2cc880930412709 [NON_LEADER]: Queue going to NON_LEADER mode. State: All replicated index: 0, Majority replicated index: 0, Committed index: 0, Last appended: 0.0, Last appended by leader: 0, Current term: 0, Majority size: -1, State: 0, Mode: NON_LEADER, active raft config: opid_index: -1 OBSOLETE_local: false peers { permanent_uuid: "687d192f79a044ce838f0bf292f0c09f" member_type: VOTER last_known_addr { host: "127.24.232.193" port: 41483 } } peers { permanent_uuid: "b9e8388401a74e84a2cc880930412709" member_type: VOTER last_known_addr { host: "127.24.232.194" port: 36529 } } peers { permanent_uuid: "e09ea9b455894a0189912a7b9b6b2f84" member_type: VOTER last_known_addr { host: "127.24.232.195" port: 42613 } }
I20260709 13:06:47.450843 27008 raft_consensus.cc:2804] T 2731f6fa719f4ecfa9f1f5dc06a0aef2 P e09ea9b455894a0189912a7b9b6b2f84 [term 0 FOLLOWER]: Leader pre-election won for term 1
I20260709 13:06:47.451354 27008 raft_consensus.cc:493] T 2731f6fa719f4ecfa9f1f5dc06a0aef2 P e09ea9b455894a0189912a7b9b6b2f84 [term 0 FOLLOWER]: Starting leader election (no leader contacted us within the election timeout)
I20260709 13:06:47.439738 26859 leader_election.cc:290] T 2731f6fa719f4ecfa9f1f5dc06a0aef2 P e09ea9b455894a0189912a7b9b6b2f84 [CANDIDATE]: Term 1 pre-election: Requested pre-vote from peers 687d192f79a044ce838f0bf292f0c09f (127.24.232.193:41483), b9e8388401a74e84a2cc880930412709 (127.24.232.194:36529)
I20260709 13:06:47.457422 26803 ts_tablet_manager.cc:1434] T 7b80723b610f4fe18839109c29ed64de P b9e8388401a74e84a2cc880930412709: Time spent starting tablet: real 0.037s	user 0.004s	sys 0.005s
I20260709 13:06:47.458495 26687 raft_consensus.cc:2468] T 839ee616b28745bca2748a7ec4f718dd P b9e8388401a74e84a2cc880930412709 [term 1 FOLLOWER]: Leader election vote request: Granting yes vote for candidate e09ea9b455894a0189912a7b9b6b2f84 in term 1.
I20260709 13:06:47.460711 26726 leader_election.cc:304] T 839ee616b28745bca2748a7ec4f718dd P e09ea9b455894a0189912a7b9b6b2f84 [CANDIDATE]: Term 1 election: Election decided. Result: candidate won. Election summary: received 3 responses out of 3 voters: 2 yes votes; 1 no votes. yes voters: b9e8388401a74e84a2cc880930412709, e09ea9b455894a0189912a7b9b6b2f84; no voters: 687d192f79a044ce838f0bf292f0c09f
I20260709 13:06:47.452291 26844 leader_election.cc:290] T 839ee616b28745bca2748a7ec4f718dd P e09ea9b455894a0189912a7b9b6b2f84 [CANDIDATE]: Term 1 election: Requested vote from peers 687d192f79a044ce838f0bf292f0c09f (127.24.232.193:41483), b9e8388401a74e84a2cc880930412709 (127.24.232.194:36529)
I20260709 13:06:47.464583 26760 tablet_service.cc:1917] Received RequestConsensusVote() RPC: tablet_id: "c89abadd4c4c4ff0b1ac684dff13b140" candidate_uuid: "b9e8388401a74e84a2cc880930412709" candidate_term: 1 candidate_status { last_received { term: 0 index: 0 } } ignore_live_leader: false dest_uuid: "e09ea9b455894a0189912a7b9b6b2f84"
I20260709 13:06:47.465153 26760 raft_consensus.cc:3060] T c89abadd4c4c4ff0b1ac684dff13b140 P e09ea9b455894a0189912a7b9b6b2f84 [term 0 FOLLOWER]: Advancing to term 1
I20260709 13:06:47.454989 27008 raft_consensus.cc:3060] T 2731f6fa719f4ecfa9f1f5dc06a0aef2 P e09ea9b455894a0189912a7b9b6b2f84 [term 0 FOLLOWER]: Advancing to term 1
I20260709 13:06:47.462423 26944 leader_election.cc:290] T f8d2ac1df6a84a8eb9a6a4510b47b6e0 P e09ea9b455894a0189912a7b9b6b2f84 [CANDIDATE]: Term 1 election: Requested vote from peers 687d192f79a044ce838f0bf292f0c09f (127.24.232.193:41483), b9e8388401a74e84a2cc880930412709 (127.24.232.194:36529)
I20260709 13:06:47.472610 26687 tablet_service.cc:1917] Received RequestConsensusVote() RPC: tablet_id: "f8d2ac1df6a84a8eb9a6a4510b47b6e0" candidate_uuid: "e09ea9b455894a0189912a7b9b6b2f84" candidate_term: 1 candidate_status { last_received { term: 0 index: 0 } } ignore_live_leader: false dest_uuid: "b9e8388401a74e84a2cc880930412709"
I20260709 13:06:47.473133 26687 raft_consensus.cc:3060] T f8d2ac1df6a84a8eb9a6a4510b47b6e0 P b9e8388401a74e84a2cc880930412709 [term 0 FOLLOWER]: Advancing to term 1
I20260709 13:06:47.482000 26803 tablet_bootstrap.cc:492] T 034fec0349004eddaaed6e75ce9c56ad P b9e8388401a74e84a2cc880930412709: Bootstrap starting.
I20260709 13:06:47.501030 26760 raft_consensus.cc:2468] T c89abadd4c4c4ff0b1ac684dff13b140 P e09ea9b455894a0189912a7b9b6b2f84 [term 1 FOLLOWER]: Leader election vote request: Granting yes vote for candidate b9e8388401a74e84a2cc880930412709 in term 1.
I20260709 13:06:47.497208 26687 raft_consensus.cc:2468] T f8d2ac1df6a84a8eb9a6a4510b47b6e0 P b9e8388401a74e84a2cc880930412709 [term 1 FOLLOWER]: Leader election vote request: Granting yes vote for candidate e09ea9b455894a0189912a7b9b6b2f84 in term 1.
I20260709 13:06:47.469230 26859 raft_consensus.cc:2804] T 839ee616b28745bca2748a7ec4f718dd P e09ea9b455894a0189912a7b9b6b2f84 [term 1 FOLLOWER]: Leader election won for term 1
I20260709 13:06:47.507349 26859 raft_consensus.cc:697] T 839ee616b28745bca2748a7ec4f718dd P e09ea9b455894a0189912a7b9b6b2f84 [term 1 LEADER]: Becoming Leader. State: Replica: e09ea9b455894a0189912a7b9b6b2f84, State: Running, Role: LEADER
I20260709 13:06:47.508277 26859 consensus_queue.cc:237] T 839ee616b28745bca2748a7ec4f718dd P e09ea9b455894a0189912a7b9b6b2f84 [LEADER]: Queue going to LEADER mode. State: All replicated index: 0, Majority replicated index: 0, Committed index: 0, Last appended: 0.0, Last appended by leader: 0, Current term: 1, Majority size: 2, State: 0, Mode: LEADER, active raft config: opid_index: -1 OBSOLETE_local: false peers { permanent_uuid: "687d192f79a044ce838f0bf292f0c09f" member_type: VOTER last_known_addr { host: "127.24.232.193" port: 41483 } } peers { permanent_uuid: "b9e8388401a74e84a2cc880930412709" member_type: VOTER last_known_addr { host: "127.24.232.194" port: 36529 } } peers { permanent_uuid: "e09ea9b455894a0189912a7b9b6b2f84" member_type: VOTER last_known_addr { host: "127.24.232.195" port: 42613 } }
I20260709 13:06:47.462729 26848 leader_election.cc:290] T c89abadd4c4c4ff0b1ac684dff13b140 P b9e8388401a74e84a2cc880930412709 [CANDIDATE]: Term 1 election: Requested vote from peers 687d192f79a044ce838f0bf292f0c09f (127.24.232.193:41483), e09ea9b455894a0189912a7b9b6b2f84 (127.24.232.195:42613)
I20260709 13:06:47.511698 26726 leader_election.cc:304] T f8d2ac1df6a84a8eb9a6a4510b47b6e0 P e09ea9b455894a0189912a7b9b6b2f84 [CANDIDATE]: Term 1 election: Election decided. Result: candidate won. Election summary: received 3 responses out of 3 voters: 2 yes votes; 1 no votes. yes voters: b9e8388401a74e84a2cc880930412709, e09ea9b455894a0189912a7b9b6b2f84; no voters: 687d192f79a044ce838f0bf292f0c09f
I20260709 13:06:47.514005 26651 leader_election.cc:304] T c89abadd4c4c4ff0b1ac684dff13b140 P b9e8388401a74e84a2cc880930412709 [CANDIDATE]: Term 1 election: Election decided. Result: candidate won. Election summary: received 3 responses out of 3 voters: 2 yes votes; 1 no votes. yes voters: b9e8388401a74e84a2cc880930412709, e09ea9b455894a0189912a7b9b6b2f84; no voters: 687d192f79a044ce838f0bf292f0c09f
I20260709 13:06:47.522025 26801 tablet_bootstrap.cc:654] T b14d4a32f52541d5a619dddf54757a10 P 687d192f79a044ce838f0bf292f0c09f: Neither blocks nor log segments found. Creating new log.
I20260709 13:06:47.484071 26847 consensus_queue.cc:1048] T f2e750113ebc4804835df06f3637c083 P b9e8388401a74e84a2cc880930412709 [LEADER]: Connected to new peer: Peer: permanent_uuid: "e09ea9b455894a0189912a7b9b6b2f84" member_type: VOTER last_known_addr { host: "127.24.232.195" port: 42613 }, Status: LMP_MISMATCH, Last received: 0.0, Next index: 1, Last known committed idx: 0, Time since last communication: 0.040s
I20260709 13:06:47.513134 26844 raft_consensus.cc:2804] T f8d2ac1df6a84a8eb9a6a4510b47b6e0 P e09ea9b455894a0189912a7b9b6b2f84 [term 1 FOLLOWER]: Leader election won for term 1
I20260709 13:06:47.524501 26612 raft_consensus.cc:3060] T ce09a05f88f44c7188fd7b1975336615 P 687d192f79a044ce838f0bf292f0c09f [term 0 FOLLOWER]: Advancing to term 1
I20260709 13:06:47.524703 26844 raft_consensus.cc:697] T f8d2ac1df6a84a8eb9a6a4510b47b6e0 P e09ea9b455894a0189912a7b9b6b2f84 [term 1 LEADER]: Becoming Leader. State: Replica: e09ea9b455894a0189912a7b9b6b2f84, State: Running, Role: LEADER
I20260709 13:06:47.526984 26844 consensus_queue.cc:237] T f8d2ac1df6a84a8eb9a6a4510b47b6e0 P e09ea9b455894a0189912a7b9b6b2f84 [LEADER]: Queue going to LEADER mode. State: All replicated index: 0, Majority replicated index: 0, Committed index: 0, Last appended: 0.0, Last appended by leader: 0, Current term: 1, Majority size: 2, State: 0, Mode: LEADER, active raft config: opid_index: -1 OBSOLETE_local: false peers { permanent_uuid: "687d192f79a044ce838f0bf292f0c09f" member_type: VOTER last_known_addr { host: "127.24.232.193" port: 41483 } } peers { permanent_uuid: "b9e8388401a74e84a2cc880930412709" member_type: VOTER last_known_addr { host: "127.24.232.194" port: 36529 } } peers { permanent_uuid: "e09ea9b455894a0189912a7b9b6b2f84" member_type: VOTER last_known_addr { host: "127.24.232.195" port: 42613 } }
I20260709 13:06:47.530335 26802 tablet_bootstrap.cc:654] T 8f4358ddab16449aa08eeb30a7b58bc2 P e09ea9b455894a0189912a7b9b6b2f84: Neither blocks nor log segments found. Creating new log.
I20260709 13:06:47.517313 26848 raft_consensus.cc:2804] T c89abadd4c4c4ff0b1ac684dff13b140 P b9e8388401a74e84a2cc880930412709 [term 1 FOLLOWER]: Leader election won for term 1
I20260709 13:06:47.536196 27008 raft_consensus.cc:515] T 2731f6fa719f4ecfa9f1f5dc06a0aef2 P e09ea9b455894a0189912a7b9b6b2f84 [term 1 FOLLOWER]: Starting leader election with config: opid_index: -1 OBSOLETE_local: false peers { permanent_uuid: "687d192f79a044ce838f0bf292f0c09f" member_type: VOTER last_known_addr { host: "127.24.232.193" port: 41483 } } peers { permanent_uuid: "b9e8388401a74e84a2cc880930412709" member_type: VOTER last_known_addr { host: "127.24.232.194" port: 36529 } } peers { permanent_uuid: "e09ea9b455894a0189912a7b9b6b2f84" member_type: VOTER last_known_addr { host: "127.24.232.195" port: 42613 } }
I20260709 13:06:47.538232 27008 leader_election.cc:290] T 2731f6fa719f4ecfa9f1f5dc06a0aef2 P e09ea9b455894a0189912a7b9b6b2f84 [CANDIDATE]: Term 1 election: Requested vote from peers 687d192f79a044ce838f0bf292f0c09f (127.24.232.193:41483), b9e8388401a74e84a2cc880930412709 (127.24.232.194:36529)
I20260709 13:06:47.482000 27030 raft_consensus.cc:515] T 432efd5ca613406d884cf1deda00ed97 P e09ea9b455894a0189912a7b9b6b2f84 [term 1 FOLLOWER]: Starting leader election with config: opid_index: -1 OBSOLETE_local: false peers { permanent_uuid: "687d192f79a044ce838f0bf292f0c09f" member_type: VOTER last_known_addr { host: "127.24.232.193" port: 41483 } } peers { permanent_uuid: "b9e8388401a74e84a2cc880930412709" member_type: VOTER last_known_addr { host: "127.24.232.194" port: 36529 } } peers { permanent_uuid: "e09ea9b455894a0189912a7b9b6b2f84" member_type: VOTER last_known_addr { host: "127.24.232.195" port: 42613 } }
I20260709 13:06:47.540375 27030 leader_election.cc:290] T 432efd5ca613406d884cf1deda00ed97 P e09ea9b455894a0189912a7b9b6b2f84 [CANDIDATE]: Term 1 election: Requested vote from peers 687d192f79a044ce838f0bf292f0c09f (127.24.232.193:41483), b9e8388401a74e84a2cc880930412709 (127.24.232.194:36529)
I20260709 13:06:47.541268 27030 consensus_queue.cc:1048] T 8e4cacedac354143ab8977803382d0af P e09ea9b455894a0189912a7b9b6b2f84 [LEADER]: Connected to new peer: Peer: permanent_uuid: "687d192f79a044ce838f0bf292f0c09f" member_type: VOTER last_known_addr { host: "127.24.232.193" port: 41483 }, Status: LMP_MISMATCH, Last received: 0.0, Next index: 1, Last known committed idx: 0, Time since last communication: 0.000s
I20260709 13:06:47.543040 26848 raft_consensus.cc:697] T c89abadd4c4c4ff0b1ac684dff13b140 P b9e8388401a74e84a2cc880930412709 [term 1 LEADER]: Becoming Leader. State: Replica: b9e8388401a74e84a2cc880930412709, State: Running, Role: LEADER
I20260709 13:06:47.544466 26610 tablet_service.cc:1917] Received RequestConsensusVote() RPC: tablet_id: "2731f6fa719f4ecfa9f1f5dc06a0aef2" candidate_uuid: "e09ea9b455894a0189912a7b9b6b2f84" candidate_term: 1 candidate_status { last_received { term: 0 index: 0 } } ignore_live_leader: false dest_uuid: "687d192f79a044ce838f0bf292f0c09f"
I20260709 13:06:47.544524 26848 consensus_queue.cc:237] T c89abadd4c4c4ff0b1ac684dff13b140 P b9e8388401a74e84a2cc880930412709 [LEADER]: Queue going to LEADER mode. State: All replicated index: 0, Majority replicated index: 0, Committed index: 0, Last appended: 0.0, Last appended by leader: 0, Current term: 1, Majority size: 2, State: 0, Mode: LEADER, active raft config: opid_index: -1 OBSOLETE_local: false peers { permanent_uuid: "687d192f79a044ce838f0bf292f0c09f" member_type: VOTER last_known_addr { host: "127.24.232.193" port: 41483 } } peers { permanent_uuid: "b9e8388401a74e84a2cc880930412709" member_type: VOTER last_known_addr { host: "127.24.232.194" port: 36529 } } peers { permanent_uuid: "e09ea9b455894a0189912a7b9b6b2f84" member_type: VOTER last_known_addr { host: "127.24.232.195" port: 42613 } }
I20260709 13:06:47.546651 26610 tablet_service.cc:1917] Received RequestConsensusVote() RPC: tablet_id: "432efd5ca613406d884cf1deda00ed97" candidate_uuid: "e09ea9b455894a0189912a7b9b6b2f84" candidate_term: 1 candidate_status { last_received { term: 0 index: 0 } } ignore_live_leader: false dest_uuid: "687d192f79a044ce838f0bf292f0c09f"
