I20260709 13:06:41.413302 21073 tablet_service.cc:1917] Received RequestConsensusVote() RPC: tablet_id: "c3228cd14f0946dea790deaf8ac71682" candidate_uuid: "b0f9e2b78c974d55841dd98d4ac7b2b3" candidate_term: 1 candidate_status { last_received { term: 0 index: 0 } } ignore_live_leader: false dest_uuid: "e426f9acbdf84bdc88b50c729b95a715" is_pre_election: true
I20260709 13:06:41.414866 21188 leader_election.cc:304] T f2589917a06b4700b8b66513ab91c390 P b0f9e2b78c974d55841dd98d4ac7b2b3 [CANDIDATE]: Term 1 pre-election: Election decided. Result: candidate won. Election summary: received 2 responses out of 3 voters: 2 yes votes; 0 no votes. yes voters: b0f9e2b78c974d55841dd98d4ac7b2b3, e426f9acbdf84bdc88b50c729b95a715; no voters: 
I20260709 13:06:41.415433 21267 raft_consensus.cc:2804] T f63764fec9d54a98b7b0ec1b57e69be9 P e426f9acbdf84bdc88b50c729b95a715 [term 0 FOLLOWER]: Leader pre-election won for term 1
W20260709 13:06:41.414927 21186 leader_election.cc:343] T 0a97cd52dd7d441395328d8adc73c5cc P b0f9e2b78c974d55841dd98d4ac7b2b3 [CANDIDATE]: Term 1 pre-election: Tablet error from VoteRequest() call to peer 5aa9520707cd43c7b77196958756148b (127.19.126.66:42053): Illegal state: must be running to vote when last-logged opid is not known
I20260709 13:06:41.415774 21267 raft_consensus.cc:493] T f63764fec9d54a98b7b0ec1b57e69be9 P e426f9acbdf84bdc88b50c729b95a715 [term 0 FOLLOWER]: Starting leader election (no leader contacted us within the election timeout)
W20260709 13:06:41.415894 21036 leader_election.cc:343] T f63764fec9d54a98b7b0ec1b57e69be9 P e426f9acbdf84bdc88b50c729b95a715 [CANDIDATE]: Term 1 pre-election: Tablet error from VoteRequest() call to peer b0f9e2b78c974d55841dd98d4ac7b2b3 (127.19.126.67:43237): Illegal state: must be running to vote when last-logged opid is not known
I20260709 13:06:41.416163 21267 raft_consensus.cc:3060] T f63764fec9d54a98b7b0ec1b57e69be9 P e426f9acbdf84bdc88b50c729b95a715 [term 0 FOLLOWER]: Advancing to term 1
I20260709 13:06:41.417449 21262 tablet_bootstrap.cc:492] T fe03e69e74e2447faf7cf693b19c227f P 5aa9520707cd43c7b77196958756148b: No bootstrap required, opened a new log
I20260709 13:06:41.417924 21262 ts_tablet_manager.cc:1403] T fe03e69e74e2447faf7cf693b19c227f P 5aa9520707cd43c7b77196958756148b: Time spent bootstrapping tablet: real 0.036s	user 0.008s	sys 0.017s
I20260709 13:06:41.417553 21270 raft_consensus.cc:359] T 5a5987e1b32d4ae6a7e8c71805141d97 P b0f9e2b78c974d55841dd98d4ac7b2b3 [term 0 FOLLOWER]: Replica starting. Triggering 0 pending ops. Active config: opid_index: -1 OBSOLETE_local: false peers { permanent_uuid: "e426f9acbdf84bdc88b50c729b95a715" member_type: VOTER last_known_addr { host: "127.19.126.65" port: 36537 } } peers { permanent_uuid: "5aa9520707cd43c7b77196958756148b" member_type: VOTER last_known_addr { host: "127.19.126.66" port: 42053 } } peers { permanent_uuid: "b0f9e2b78c974d55841dd98d4ac7b2b3" member_type: VOTER last_known_addr { host: "127.19.126.67" port: 43237 } }
I20260709 13:06:41.418054 21186 leader_election.cc:304] T c3228cd14f0946dea790deaf8ac71682 P b0f9e2b78c974d55841dd98d4ac7b2b3 [CANDIDATE]: Term 1 pre-election: Election decided. Result: candidate won. Election summary: received 2 responses out of 3 voters: 2 yes votes; 0 no votes. yes voters: 5aa9520707cd43c7b77196958756148b, b0f9e2b78c974d55841dd98d4ac7b2b3; no voters: 
I20260709 13:06:41.418406 21270 raft_consensus.cc:385] T 5a5987e1b32d4ae6a7e8c71805141d97 P b0f9e2b78c974d55841dd98d4ac7b2b3 [term 0 FOLLOWER]: Consensus starting up: Expiring failure detector timer to make a prompt election more likely
I20260709 13:06:41.418797 21270 raft_consensus.cc:740] T 5a5987e1b32d4ae6a7e8c71805141d97 P b0f9e2b78c974d55841dd98d4ac7b2b3 [term 0 FOLLOWER]: Becoming Follower/Learner. State: Replica: b0f9e2b78c974d55841dd98d4ac7b2b3, State: Initialized, Role: FOLLOWER
I20260709 13:06:41.419121 21148 tablet_service.cc:1917] Received RequestConsensusVote() RPC: tablet_id: "f2589917a06b4700b8b66513ab91c390" candidate_uuid: "b0f9e2b78c974d55841dd98d4ac7b2b3" candidate_term: 1 candidate_status { last_received { term: 0 index: 0 } } ignore_live_leader: false dest_uuid: "5aa9520707cd43c7b77196958756148b" is_pre_election: true
I20260709 13:06:41.419809 21073 tablet_service.cc:1917] Received RequestConsensusVote() RPC: tablet_id: "0a97cd52dd7d441395328d8adc73c5cc" candidate_uuid: "b0f9e2b78c974d55841dd98d4ac7b2b3" candidate_term: 1 candidate_status { last_received { term: 0 index: 0 } } ignore_live_leader: false dest_uuid: "e426f9acbdf84bdc88b50c729b95a715" is_pre_election: true
W20260709 13:06:41.419250 21188 leader_election.cc:343] T c3228cd14f0946dea790deaf8ac71682 P b0f9e2b78c974d55841dd98d4ac7b2b3 [CANDIDATE]: Term 1 pre-election: Tablet error from VoteRequest() call to peer e426f9acbdf84bdc88b50c729b95a715 (127.19.126.65:36537): Illegal state: must be running to vote when last-logged opid is not known
I20260709 13:06:41.419585 21270 consensus_queue.cc:260] T 5a5987e1b32d4ae6a7e8c71805141d97 P b0f9e2b78c974d55841dd98d4ac7b2b3 [NON_LEADER]: Queue going to NON_LEADER mode. State: All replicated index: 0, Majority replicated index: 0, Committed index: 0, Last appended: 0.0, Last appended by leader: 0, Current term: 0, Majority size: -1, State: 0, Mode: NON_LEADER, active raft config: opid_index: -1 OBSOLETE_local: false peers { permanent_uuid: "e426f9acbdf84bdc88b50c729b95a715" member_type: VOTER last_known_addr { host: "127.19.126.65" port: 36537 } } peers { permanent_uuid: "5aa9520707cd43c7b77196958756148b" member_type: VOTER last_known_addr { host: "127.19.126.66" port: 42053 } } peers { permanent_uuid: "b0f9e2b78c974d55841dd98d4ac7b2b3" member_type: VOTER last_known_addr { host: "127.19.126.67" port: 43237 } }
I20260709 13:06:41.420678 21321 raft_consensus.cc:2804] T c3228cd14f0946dea790deaf8ac71682 P b0f9e2b78c974d55841dd98d4ac7b2b3 [term 0 FOLLOWER]: Leader pre-election won for term 1
I20260709 13:06:41.421025 21321 raft_consensus.cc:493] T c3228cd14f0946dea790deaf8ac71682 P b0f9e2b78c974d55841dd98d4ac7b2b3 [term 0 FOLLOWER]: Starting leader election (no leader contacted us within the election timeout)
W20260709 13:06:41.421607 21186 leader_election.cc:343] T f2589917a06b4700b8b66513ab91c390 P b0f9e2b78c974d55841dd98d4ac7b2b3 [CANDIDATE]: Term 1 pre-election: Tablet error from VoteRequest() call to peer 5aa9520707cd43c7b77196958756148b (127.19.126.66:42053): Illegal state: must be running to vote when last-logged opid is not known
I20260709 13:06:41.422061 21310 raft_consensus.cc:2804] T f2589917a06b4700b8b66513ab91c390 P b0f9e2b78c974d55841dd98d4ac7b2b3 [term 0 FOLLOWER]: Leader pre-election won for term 1
I20260709 13:06:41.421639 21321 raft_consensus.cc:3060] T c3228cd14f0946dea790deaf8ac71682 P b0f9e2b78c974d55841dd98d4ac7b2b3 [term 0 FOLLOWER]: Advancing to term 1
I20260709 13:06:41.422277 21270 ts_tablet_manager.cc:1434] T 5a5987e1b32d4ae6a7e8c71805141d97 P b0f9e2b78c974d55841dd98d4ac7b2b3: Time spent starting tablet: real 0.014s	user 0.003s	sys 0.003s
I20260709 13:06:41.422436 21310 raft_consensus.cc:493] T f2589917a06b4700b8b66513ab91c390 P b0f9e2b78c974d55841dd98d4ac7b2b3 [term 0 FOLLOWER]: Starting leader election (no leader contacted us within the election timeout)
I20260709 13:06:41.422797 21310 raft_consensus.cc:3060] T f2589917a06b4700b8b66513ab91c390 P b0f9e2b78c974d55841dd98d4ac7b2b3 [term 0 FOLLOWER]: Advancing to term 1
I20260709 13:06:41.424084 21267 raft_consensus.cc:515] T f63764fec9d54a98b7b0ec1b57e69be9 P e426f9acbdf84bdc88b50c729b95a715 [term 1 FOLLOWER]: Starting leader election with config: opid_index: -1 OBSOLETE_local: false peers { permanent_uuid: "e426f9acbdf84bdc88b50c729b95a715" member_type: VOTER last_known_addr { host: "127.19.126.65" port: 36537 } } peers { permanent_uuid: "5aa9520707cd43c7b77196958756148b" member_type: VOTER last_known_addr { host: "127.19.126.66" port: 42053 } } peers { permanent_uuid: "b0f9e2b78c974d55841dd98d4ac7b2b3" member_type: VOTER last_known_addr { host: "127.19.126.67" port: 43237 } }
W20260709 13:06:41.425343 21188 leader_election.cc:343] T 0a97cd52dd7d441395328d8adc73c5cc P b0f9e2b78c974d55841dd98d4ac7b2b3 [CANDIDATE]: Term 1 pre-election: Tablet error from VoteRequest() call to peer e426f9acbdf84bdc88b50c729b95a715 (127.19.126.65:36537): Illegal state: must be running to vote when last-logged opid is not known
I20260709 13:06:41.425814 21270 tablet_bootstrap.cc:492] T 4910e51caed64370b586f77ffdadeadb P b0f9e2b78c974d55841dd98d4ac7b2b3: Bootstrap starting.
I20260709 13:06:41.426203 21267 leader_election.cc:290] T f63764fec9d54a98b7b0ec1b57e69be9 P e426f9acbdf84bdc88b50c729b95a715 [CANDIDATE]: Term 1 election: Requested vote from peers 5aa9520707cd43c7b77196958756148b (127.19.126.66:42053), b0f9e2b78c974d55841dd98d4ac7b2b3 (127.19.126.67:43237)
I20260709 13:06:41.425760 21188 leader_election.cc:304] T 0a97cd52dd7d441395328d8adc73c5cc P b0f9e2b78c974d55841dd98d4ac7b2b3 [CANDIDATE]: Term 1 pre-election: Election decided. Result: candidate lost. Election summary: received 3 responses out of 3 voters: 1 yes votes; 2 no votes. yes voters: b0f9e2b78c974d55841dd98d4ac7b2b3; no voters: 5aa9520707cd43c7b77196958756148b, e426f9acbdf84bdc88b50c729b95a715
I20260709 13:06:41.426962 21287 raft_consensus.cc:2749] T 0a97cd52dd7d441395328d8adc73c5cc P b0f9e2b78c974d55841dd98d4ac7b2b3 [term 0 FOLLOWER]: Leader pre-election lost for term 1. Reason: could not achieve majority
I20260709 13:06:41.428726 21148 tablet_service.cc:1917] Received RequestConsensusVote() RPC: tablet_id: "f63764fec9d54a98b7b0ec1b57e69be9" candidate_uuid: "e426f9acbdf84bdc88b50c729b95a715" candidate_term: 1 candidate_status { last_received { term: 0 index: 0 } } ignore_live_leader: false dest_uuid: "5aa9520707cd43c7b77196958756148b"
I20260709 13:06:41.428841 21222 tablet_service.cc:1917] Received RequestConsensusVote() RPC: tablet_id: "f63764fec9d54a98b7b0ec1b57e69be9" candidate_uuid: "e426f9acbdf84bdc88b50c729b95a715" candidate_term: 1 candidate_status { last_received { term: 0 index: 0 } } ignore_live_leader: false dest_uuid: "b0f9e2b78c974d55841dd98d4ac7b2b3"
I20260709 13:06:41.429879 21148 raft_consensus.cc:3060] T f63764fec9d54a98b7b0ec1b57e69be9 P 5aa9520707cd43c7b77196958756148b [term 0 FOLLOWER]: Advancing to term 1
W20260709 13:06:41.432313 21036 leader_election.cc:343] T f63764fec9d54a98b7b0ec1b57e69be9 P e426f9acbdf84bdc88b50c729b95a715 [CANDIDATE]: Term 1 election: Tablet error from VoteRequest() call to peer b0f9e2b78c974d55841dd98d4ac7b2b3 (127.19.126.67:43237): Illegal state: must be running to vote when last-logged opid is not known
I20260709 13:06:41.430519 21147 raft_consensus.cc:2468] T 9956757c6fcb45abb70776ea97c6a922 P 5aa9520707cd43c7b77196958756148b [term 1 FOLLOWER]: Leader election vote request: Granting yes vote for candidate e426f9acbdf84bdc88b50c729b95a715 in term 1.
I20260709 13:06:41.435153 21270 tablet_bootstrap.cc:654] T 4910e51caed64370b586f77ffdadeadb P b0f9e2b78c974d55841dd98d4ac7b2b3: Neither blocks nor log segments found. Creating new log.
I20260709 13:06:41.434445 21310 raft_consensus.cc:515] T f2589917a06b4700b8b66513ab91c390 P b0f9e2b78c974d55841dd98d4ac7b2b3 [term 1 FOLLOWER]: Starting leader election with config: opid_index: -1 OBSOLETE_local: false peers { permanent_uuid: "e426f9acbdf84bdc88b50c729b95a715" member_type: VOTER last_known_addr { host: "127.19.126.65" port: 36537 } } peers { permanent_uuid: "5aa9520707cd43c7b77196958756148b" member_type: VOTER last_known_addr { host: "127.19.126.66" port: 42053 } } peers { permanent_uuid: "b0f9e2b78c974d55841dd98d4ac7b2b3" member_type: VOTER last_known_addr { host: "127.19.126.67" port: 43237 } }
I20260709 13:06:41.440296 21037 leader_election.cc:304] T 9956757c6fcb45abb70776ea97c6a922 P e426f9acbdf84bdc88b50c729b95a715 [CANDIDATE]: Term 1 election: Election decided. Result: candidate won. Election summary: received 3 responses out of 3 voters: 2 yes votes; 1 no votes. yes voters: 5aa9520707cd43c7b77196958756148b, e426f9acbdf84bdc88b50c729b95a715; no voters: b0f9e2b78c974d55841dd98d4ac7b2b3
I20260709 13:06:41.443351 21267 raft_consensus.cc:2804] T 9956757c6fcb45abb70776ea97c6a922 P e426f9acbdf84bdc88b50c729b95a715 [term 1 FOLLOWER]: Leader election won for term 1
I20260709 13:06:41.445376 21267 raft_consensus.cc:697] T 9956757c6fcb45abb70776ea97c6a922 P e426f9acbdf84bdc88b50c729b95a715 [term 1 LEADER]: Becoming Leader. State: Replica: e426f9acbdf84bdc88b50c729b95a715, State: Running, Role: LEADER
I20260709 13:06:41.443413 21321 raft_consensus.cc:515] T c3228cd14f0946dea790deaf8ac71682 P b0f9e2b78c974d55841dd98d4ac7b2b3 [term 1 FOLLOWER]: Starting leader election with config: opid_index: -1 OBSOLETE_local: false peers { permanent_uuid: "5aa9520707cd43c7b77196958756148b" member_type: VOTER last_known_addr { host: "127.19.126.66" port: 42053 } } peers { permanent_uuid: "b0f9e2b78c974d55841dd98d4ac7b2b3" member_type: VOTER last_known_addr { host: "127.19.126.67" port: 43237 } } peers { permanent_uuid: "e426f9acbdf84bdc88b50c729b95a715" member_type: VOTER last_known_addr { host: "127.19.126.65" port: 36537 } }
I20260709 13:06:41.446239 21267 consensus_queue.cc:237] T 9956757c6fcb45abb70776ea97c6a922 P e426f9acbdf84bdc88b50c729b95a715 [LEADER]: Queue going to LEADER mode. State: All replicated index: 0, Majority replicated index: 0, Committed index: 0, Last appended: 0.0, Last appended by leader: 0, Current term: 1, Majority size: 2, State: 0, Mode: LEADER, active raft config: opid_index: -1 OBSOLETE_local: false peers { permanent_uuid: "e426f9acbdf84bdc88b50c729b95a715" member_type: VOTER last_known_addr { host: "127.19.126.65" port: 36537 } } peers { permanent_uuid: "5aa9520707cd43c7b77196958756148b" member_type: VOTER last_known_addr { host: "127.19.126.66" port: 42053 } } peers { permanent_uuid: "b0f9e2b78c974d55841dd98d4ac7b2b3" member_type: VOTER last_known_addr { host: "127.19.126.67" port: 43237 } }
I20260709 13:06:41.447332 21321 leader_election.cc:290] T c3228cd14f0946dea790deaf8ac71682 P b0f9e2b78c974d55841dd98d4ac7b2b3 [CANDIDATE]: Term 1 election: Requested vote from peers 5aa9520707cd43c7b77196958756148b (127.19.126.66:42053), e426f9acbdf84bdc88b50c729b95a715 (127.19.126.65:36537)
I20260709 13:06:41.447907 21073 tablet_service.cc:1917] Received RequestConsensusVote() RPC: tablet_id: "f2589917a06b4700b8b66513ab91c390" candidate_uuid: "b0f9e2b78c974d55841dd98d4ac7b2b3" candidate_term: 1 candidate_status { last_received { term: 0 index: 0 } } ignore_live_leader: false dest_uuid: "e426f9acbdf84bdc88b50c729b95a715"
I20260709 13:06:41.448665 21073 raft_consensus.cc:3060] T f2589917a06b4700b8b66513ab91c390 P e426f9acbdf84bdc88b50c729b95a715 [term 0 FOLLOWER]: Advancing to term 1
I20260709 13:06:41.449596 21264 tablet_bootstrap.cc:492] T 0a97cd52dd7d441395328d8adc73c5cc P e426f9acbdf84bdc88b50c729b95a715: No bootstrap required, opened a new log
I20260709 13:06:41.445401 21262 raft_consensus.cc:359] T fe03e69e74e2447faf7cf693b19c227f P 5aa9520707cd43c7b77196958756148b [term 0 FOLLOWER]: Replica starting. Triggering 0 pending ops. Active config: opid_index: -1 OBSOLETE_local: false peers { permanent_uuid: "e426f9acbdf84bdc88b50c729b95a715" member_type: VOTER last_known_addr { host: "127.19.126.65" port: 36537 } } peers { permanent_uuid: "5aa9520707cd43c7b77196958756148b" member_type: VOTER last_known_addr { host: "127.19.126.66" port: 42053 } } peers { permanent_uuid: "b0f9e2b78c974d55841dd98d4ac7b2b3" member_type: VOTER last_known_addr { host: "127.19.126.67" port: 43237 } }
I20260709 13:06:41.450049 21264 ts_tablet_manager.cc:1403] T 0a97cd52dd7d441395328d8adc73c5cc P e426f9acbdf84bdc88b50c729b95a715: Time spent bootstrapping tablet: real 0.081s	user 0.014s	sys 0.004s
I20260709 13:06:41.450330 21262 raft_consensus.cc:385] T fe03e69e74e2447faf7cf693b19c227f P 5aa9520707cd43c7b77196958756148b [term 0 FOLLOWER]: Consensus starting up: Expiring failure detector timer to make a prompt election more likely
I20260709 13:06:41.450635 21262 raft_consensus.cc:740] T fe03e69e74e2447faf7cf693b19c227f P 5aa9520707cd43c7b77196958756148b [term 0 FOLLOWER]: Becoming Follower/Learner. State: Replica: 5aa9520707cd43c7b77196958756148b, State: Initialized, Role: FOLLOWER
I20260709 13:06:41.451406 21262 consensus_queue.cc:260] T fe03e69e74e2447faf7cf693b19c227f P 5aa9520707cd43c7b77196958756148b [NON_LEADER]: Queue going to NON_LEADER mode. State: All replicated index: 0, Majority replicated index: 0, Committed index: 0, Last appended: 0.0, Last appended by leader: 0, Current term: 0, Majority size: -1, State: 0, Mode: NON_LEADER, active raft config: opid_index: -1 OBSOLETE_local: false peers { permanent_uuid: "e426f9acbdf84bdc88b50c729b95a715" member_type: VOTER last_known_addr { host: "127.19.126.65" port: 36537 } } peers { permanent_uuid: "5aa9520707cd43c7b77196958756148b" member_type: VOTER last_known_addr { host: "127.19.126.66" port: 42053 } } peers { permanent_uuid: "b0f9e2b78c974d55841dd98d4ac7b2b3" member_type: VOTER last_known_addr { host: "127.19.126.67" port: 43237 } }
I20260709 13:06:41.452683 21264 raft_consensus.cc:359] T 0a97cd52dd7d441395328d8adc73c5cc P e426f9acbdf84bdc88b50c729b95a715 [term 0 FOLLOWER]: Replica starting. Triggering 0 pending ops. Active config: opid_index: -1 OBSOLETE_local: false peers { permanent_uuid: "e426f9acbdf84bdc88b50c729b95a715" member_type: VOTER last_known_addr { host: "127.19.126.65" port: 36537 } } peers { permanent_uuid: "5aa9520707cd43c7b77196958756148b" member_type: VOTER last_known_addr { host: "127.19.126.66" port: 42053 } } peers { permanent_uuid: "b0f9e2b78c974d55841dd98d4ac7b2b3" member_type: VOTER last_known_addr { host: "127.19.126.67" port: 43237 } }
I20260709 13:06:41.453375 21264 raft_consensus.cc:385] T 0a97cd52dd7d441395328d8adc73c5cc P e426f9acbdf84bdc88b50c729b95a715 [term 0 FOLLOWER]: Consensus starting up: Expiring failure detector timer to make a prompt election more likely
I20260709 13:06:41.453684 21264 raft_consensus.cc:740] T 0a97cd52dd7d441395328d8adc73c5cc P e426f9acbdf84bdc88b50c729b95a715 [term 0 FOLLOWER]: Becoming Follower/Learner. State: Replica: e426f9acbdf84bdc88b50c729b95a715, State: Initialized, Role: FOLLOWER
I20260709 13:06:41.454362 21264 consensus_queue.cc:260] T 0a97cd52dd7d441395328d8adc73c5cc P e426f9acbdf84bdc88b50c729b95a715 [NON_LEADER]: Queue going to NON_LEADER mode. State: All replicated index: 0, Majority replicated index: 0, Committed index: 0, Last appended: 0.0, Last appended by leader: 0, Current term: 0, Majority size: -1, State: 0, Mode: NON_LEADER, active raft config: opid_index: -1 OBSOLETE_local: false peers { permanent_uuid: "e426f9acbdf84bdc88b50c729b95a715" member_type: VOTER last_known_addr { host: "127.19.126.65" port: 36537 } } peers { permanent_uuid: "5aa9520707cd43c7b77196958756148b" member_type: VOTER last_known_addr { host: "127.19.126.66" port: 42053 } } peers { permanent_uuid: "b0f9e2b78c974d55841dd98d4ac7b2b3" member_type: VOTER last_known_addr { host: "127.19.126.67" port: 43237 } }
I20260709 13:06:41.456416 21264 ts_tablet_manager.cc:1434] T 0a97cd52dd7d441395328d8adc73c5cc P e426f9acbdf84bdc88b50c729b95a715: Time spent starting tablet: real 0.006s	user 0.004s	sys 0.000s
I20260709 13:06:41.456760 21270 tablet_bootstrap.cc:492] T 4910e51caed64370b586f77ffdadeadb P b0f9e2b78c974d55841dd98d4ac7b2b3: No bootstrap required, opened a new log
I20260709 13:06:41.457247 21270 ts_tablet_manager.cc:1403] T 4910e51caed64370b586f77ffdadeadb P b0f9e2b78c974d55841dd98d4ac7b2b3: Time spent bootstrapping tablet: real 0.032s	user 0.015s	sys 0.009s
I20260709 13:06:41.457392 21147 tablet_service.cc:1917] Received RequestConsensusVote() RPC: tablet_id: "c3228cd14f0946dea790deaf8ac71682" candidate_uuid: "b0f9e2b78c974d55841dd98d4ac7b2b3" candidate_term: 1 candidate_status { last_received { term: 0 index: 0 } } ignore_live_leader: false dest_uuid: "5aa9520707cd43c7b77196958756148b"
I20260709 13:06:41.458503 21072 tablet_service.cc:1917] Received RequestConsensusVote() RPC: tablet_id: "c3228cd14f0946dea790deaf8ac71682" candidate_uuid: "b0f9e2b78c974d55841dd98d4ac7b2b3" candidate_term: 1 candidate_status { last_received { term: 0 index: 0 } } ignore_live_leader: false dest_uuid: "e426f9acbdf84bdc88b50c729b95a715"
I20260709 13:06:41.461866 21147 raft_consensus.cc:3060] T c3228cd14f0946dea790deaf8ac71682 P 5aa9520707cd43c7b77196958756148b [term 0 FOLLOWER]: Advancing to term 1
W20260709 13:06:41.462591 21188 leader_election.cc:343] T c3228cd14f0946dea790deaf8ac71682 P b0f9e2b78c974d55841dd98d4ac7b2b3 [CANDIDATE]: Term 1 election: Tablet error from VoteRequest() call to peer e426f9acbdf84bdc88b50c729b95a715 (127.19.126.65:36537): Illegal state: must be running to vote when last-logged opid is not known
I20260709 13:06:41.459978 21270 raft_consensus.cc:359] T 4910e51caed64370b586f77ffdadeadb P b0f9e2b78c974d55841dd98d4ac7b2b3 [term 0 FOLLOWER]: Replica starting. Triggering 0 pending ops. Active config: opid_index: -1 OBSOLETE_local: false peers { permanent_uuid: "e426f9acbdf84bdc88b50c729b95a715" member_type: VOTER last_known_addr { host: "127.19.126.65" port: 36537 } } peers { permanent_uuid: "5aa9520707cd43c7b77196958756148b" member_type: VOTER last_known_addr { host: "127.19.126.66" port: 42053 } } peers { permanent_uuid: "b0f9e2b78c974d55841dd98d4ac7b2b3" member_type: VOTER last_known_addr { host: "127.19.126.67" port: 43237 } }
I20260709 13:06:41.465291 21270 raft_consensus.cc:385] T 4910e51caed64370b586f77ffdadeadb P b0f9e2b78c974d55841dd98d4ac7b2b3 [term 0 FOLLOWER]: Consensus starting up: Expiring failure detector timer to make a prompt election more likely
I20260709 13:06:41.465588 21270 raft_consensus.cc:740] T 4910e51caed64370b586f77ffdadeadb P b0f9e2b78c974d55841dd98d4ac7b2b3 [term 0 FOLLOWER]: Becoming Follower/Learner. State: Replica: b0f9e2b78c974d55841dd98d4ac7b2b3, State: Initialized, Role: FOLLOWER
I20260709 13:06:41.466475 21270 consensus_queue.cc:260] T 4910e51caed64370b586f77ffdadeadb P b0f9e2b78c974d55841dd98d4ac7b2b3 [NON_LEADER]: Queue going to NON_LEADER mode. State: All replicated index: 0, Majority replicated index: 0, Committed index: 0, Last appended: 0.0, Last appended by leader: 0, Current term: 0, Majority size: -1, State: 0, Mode: NON_LEADER, active raft config: opid_index: -1 OBSOLETE_local: false peers { permanent_uuid: "e426f9acbdf84bdc88b50c729b95a715" member_type: VOTER last_known_addr { host: "127.19.126.65" port: 36537 } } peers { permanent_uuid: "5aa9520707cd43c7b77196958756148b" member_type: VOTER last_known_addr { host: "127.19.126.66" port: 42053 } } peers { permanent_uuid: "b0f9e2b78c974d55841dd98d4ac7b2b3" member_type: VOTER last_known_addr { host: "127.19.126.67" port: 43237 } }
I20260709 13:06:41.466609 20970 catalog_manager.cc:5697] T 9956757c6fcb45abb70776ea97c6a922 P e426f9acbdf84bdc88b50c729b95a715 reported cstate change: term changed from 0 to 1, leader changed from <none> to e426f9acbdf84bdc88b50c729b95a715 (127.19.126.65). New cstate: current_term: 1 leader_uuid: "e426f9acbdf84bdc88b50c729b95a715" committed_config { opid_index: -1 OBSOLETE_local: false peers { permanent_uuid: "e426f9acbdf84bdc88b50c729b95a715" member_type: VOTER last_known_addr { host: "127.19.126.65" port: 36537 } health_report { overall_health: HEALTHY } } peers { permanent_uuid: "5aa9520707cd43c7b77196958756148b" member_type: VOTER last_known_addr { host: "127.19.126.66" port: 42053 } health_report { overall_health: UNKNOWN } } peers { permanent_uuid: "b0f9e2b78c974d55841dd98d4ac7b2b3" member_type: VOTER last_known_addr { host: "127.19.126.67" port: 43237 } health_report { overall_health: UNKNOWN } } }
I20260709 13:06:41.468106 21147 raft_consensus.cc:2468] T c3228cd14f0946dea790deaf8ac71682 P 5aa9520707cd43c7b77196958756148b [term 1 FOLLOWER]: Leader election vote request: Granting yes vote for candidate b0f9e2b78c974d55841dd98d4ac7b2b3 in term 1.
I20260709 13:06:41.460947 21262 ts_tablet_manager.cc:1434] T fe03e69e74e2447faf7cf693b19c227f P 5aa9520707cd43c7b77196958756148b: Time spent starting tablet: real 0.043s	user 0.007s	sys 0.000s
I20260709 13:06:41.461398 21073 raft_consensus.cc:2468] T f2589917a06b4700b8b66513ab91c390 P e426f9acbdf84bdc88b50c729b95a715 [term 1 FOLLOWER]: Leader election vote request: Granting yes vote for candidate b0f9e2b78c974d55841dd98d4ac7b2b3 in term 1.
I20260709 13:06:41.468513 21270 ts_tablet_manager.cc:1434] T 4910e51caed64370b586f77ffdadeadb P b0f9e2b78c974d55841dd98d4ac7b2b3: Time spent starting tablet: real 0.011s	user 0.003s	sys 0.000s
I20260709 13:06:41.457417 21264 tablet_bootstrap.cc:492] T c3228cd14f0946dea790deaf8ac71682 P e426f9acbdf84bdc88b50c729b95a715: Bootstrap starting.
I20260709 13:06:41.473340 21270 tablet_bootstrap.cc:492] T fba8172ce39f4b4a82b7fc668992135e P b0f9e2b78c974d55841dd98d4ac7b2b3: Bootstrap starting.
I20260709 13:06:41.469298 21186 leader_election.cc:304] T c3228cd14f0946dea790deaf8ac71682 P b0f9e2b78c974d55841dd98d4ac7b2b3 [CANDIDATE]: Term 1 election: Election decided. Result: candidate won. Election summary: received 3 responses out of 3 voters: 2 yes votes; 1 no votes. yes voters: 5aa9520707cd43c7b77196958756148b, b0f9e2b78c974d55841dd98d4ac7b2b3; no voters: e426f9acbdf84bdc88b50c729b95a715
I20260709 13:06:41.475785 21321 raft_consensus.cc:2804] T c3228cd14f0946dea790deaf8ac71682 P b0f9e2b78c974d55841dd98d4ac7b2b3 [term 1 FOLLOWER]: Leader election won for term 1
I20260709 13:06:41.471694 21148 raft_consensus.cc:2468] T f63764fec9d54a98b7b0ec1b57e69be9 P 5aa9520707cd43c7b77196958756148b [term 1 FOLLOWER]: Leader election vote request: Granting yes vote for candidate e426f9acbdf84bdc88b50c729b95a715 in term 1.
I20260709 13:06:41.476256 21321 raft_consensus.cc:697] T c3228cd14f0946dea790deaf8ac71682 P b0f9e2b78c974d55841dd98d4ac7b2b3 [term 1 LEADER]: Becoming Leader. State: Replica: b0f9e2b78c974d55841dd98d4ac7b2b3, State: Running, Role: LEADER
I20260709 13:06:41.477254 21037 leader_election.cc:304] T f63764fec9d54a98b7b0ec1b57e69be9 P e426f9acbdf84bdc88b50c729b95a715 [CANDIDATE]: Term 1 election: Election decided. Result: candidate won. Election summary: received 3 responses out of 3 voters: 2 yes votes; 1 no votes. yes voters: 5aa9520707cd43c7b77196958756148b, e426f9acbdf84bdc88b50c729b95a715; no voters: b0f9e2b78c974d55841dd98d4ac7b2b3
I20260709 13:06:41.477111 21321 consensus_queue.cc:237] T c3228cd14f0946dea790deaf8ac71682 P b0f9e2b78c974d55841dd98d4ac7b2b3 [LEADER]: Queue going to LEADER mode. State: All replicated index: 0, Majority replicated index: 0, Committed index: 0, Last appended: 0.0, Last appended by leader: 0, Current term: 1, Majority size: 2, State: 0, Mode: LEADER, active raft config: opid_index: -1 OBSOLETE_local: false peers { permanent_uuid: "5aa9520707cd43c7b77196958756148b" member_type: VOTER last_known_addr { host: "127.19.126.66" port: 42053 } } peers { permanent_uuid: "b0f9e2b78c974d55841dd98d4ac7b2b3" member_type: VOTER last_known_addr { host: "127.19.126.67" port: 43237 } } peers { permanent_uuid: "e426f9acbdf84bdc88b50c729b95a715" member_type: VOTER last_known_addr { host: "127.19.126.65" port: 36537 } }
I20260709 13:06:41.478338 21267 raft_consensus.cc:2804] T f63764fec9d54a98b7b0ec1b57e69be9 P e426f9acbdf84bdc88b50c729b95a715 [term 1 FOLLOWER]: Leader election won for term 1
I20260709 13:06:41.478796 21267 raft_consensus.cc:697] T f63764fec9d54a98b7b0ec1b57e69be9 P e426f9acbdf84bdc88b50c729b95a715 [term 1 LEADER]: Becoming Leader. State: Replica: e426f9acbdf84bdc88b50c729b95a715, State: Running, Role: LEADER
I20260709 13:06:41.479234 21270 tablet_bootstrap.cc:654] T fba8172ce39f4b4a82b7fc668992135e P b0f9e2b78c974d55841dd98d4ac7b2b3: Neither blocks nor log segments found. Creating new log.
I20260709 13:06:41.479579 21267 consensus_queue.cc:237] T f63764fec9d54a98b7b0ec1b57e69be9 P e426f9acbdf84bdc88b50c729b95a715 [LEADER]: Queue going to LEADER mode. State: All replicated index: 0, Majority replicated index: 0, Committed index: 0, Last appended: 0.0, Last appended by leader: 0, Current term: 1, Majority size: 2, State: 0, Mode: LEADER, active raft config: opid_index: -1 OBSOLETE_local: false peers { permanent_uuid: "e426f9acbdf84bdc88b50c729b95a715" member_type: VOTER last_known_addr { host: "127.19.126.65" port: 36537 } } peers { permanent_uuid: "5aa9520707cd43c7b77196958756148b" member_type: VOTER last_known_addr { host: "127.19.126.66" port: 42053 } } peers { permanent_uuid: "b0f9e2b78c974d55841dd98d4ac7b2b3" member_type: VOTER last_known_addr { host: "127.19.126.67" port: 43237 } }
I20260709 13:06:41.472245 21310 leader_election.cc:290] T f2589917a06b4700b8b66513ab91c390 P b0f9e2b78c974d55841dd98d4ac7b2b3 [CANDIDATE]: Term 1 election: Requested vote from peers e426f9acbdf84bdc88b50c729b95a715 (127.19.126.65:36537), 5aa9520707cd43c7b77196958756148b (127.19.126.66:42053)
I20260709 13:06:41.484742 21147 tablet_service.cc:1917] Received RequestConsensusVote() RPC: tablet_id: "f2589917a06b4700b8b66513ab91c390" candidate_uuid: "b0f9e2b78c974d55841dd98d4ac7b2b3" candidate_term: 1 candidate_status { last_received { term: 0 index: 0 } } ignore_live_leader: false dest_uuid: "5aa9520707cd43c7b77196958756148b"
I20260709 13:06:41.486106 21188 leader_election.cc:304] T f2589917a06b4700b8b66513ab91c390 P b0f9e2b78c974d55841dd98d4ac7b2b3 [CANDIDATE]: Term 1 election: Election decided. Result: candidate won. Election summary: received 2 responses out of 3 voters: 2 yes votes; 0 no votes. yes voters: b0f9e2b78c974d55841dd98d4ac7b2b3, e426f9acbdf84bdc88b50c729b95a715; no voters: 
W20260709 13:06:41.487068 21186 leader_election.cc:343] T f2589917a06b4700b8b66513ab91c390 P b0f9e2b78c974d55841dd98d4ac7b2b3 [CANDIDATE]: Term 1 election: Tablet error from VoteRequest() call to peer 5aa9520707cd43c7b77196958756148b (127.19.126.66:42053): Illegal state: must be running to vote when last-logged opid is not known
I20260709 13:06:41.488402 21262 tablet_bootstrap.cc:492] T 8c373dedbd604980b2a7e4feb5e53d6a P 5aa9520707cd43c7b77196958756148b: Bootstrap starting.
I20260709 13:06:41.488569 21310 raft_consensus.cc:2804] T f2589917a06b4700b8b66513ab91c390 P b0f9e2b78c974d55841dd98d4ac7b2b3 [term 1 FOLLOWER]: Leader election won for term 1
I20260709 13:06:41.489298 21310 raft_consensus.cc:697] T f2589917a06b4700b8b66513ab91c390 P b0f9e2b78c974d55841dd98d4ac7b2b3 [term 1 LEADER]: Becoming Leader. State: Replica: b0f9e2b78c974d55841dd98d4ac7b2b3, State: Running, Role: LEADER
I20260709 13:06:41.490654 21279 consensus_queue.cc:1048] T 707d7f3162c3445096a0a427b783bf50 P b0f9e2b78c974d55841dd98d4ac7b2b3 [LEADER]: Connected to new peer: Peer: permanent_uuid: "e426f9acbdf84bdc88b50c729b95a715" member_type: VOTER last_known_addr { host: "127.19.126.65" port: 36537 }, Status: LMP_MISMATCH, Last received: 0.0, Next index: 1, Last known committed idx: 0, Time since last communication: 0.001s
I20260709 13:06:41.490156 21310 consensus_queue.cc:237] T f2589917a06b4700b8b66513ab91c390 P b0f9e2b78c974d55841dd98d4ac7b2b3 [LEADER]: Queue going to LEADER mode. State: All replicated index: 0, Majority replicated index: 0, Committed index: 0, Last appended: 0.0, Last appended by leader: 0, Current term: 1, Majority size: 2, State: 0, Mode: LEADER, active raft config: opid_index: -1 OBSOLETE_local: false peers { permanent_uuid: "e426f9acbdf84bdc88b50c729b95a715" member_type: VOTER last_known_addr { host: "127.19.126.65" port: 36537 } } peers { permanent_uuid: "5aa9520707cd43c7b77196958756148b" member_type: VOTER last_known_addr { host: "127.19.126.66" port: 42053 } } peers { permanent_uuid: "b0f9e2b78c974d55841dd98d4ac7b2b3" member_type: VOTER last_known_addr { host: "127.19.126.67" port: 43237 } }
I20260709 13:06:41.493513 21264 tablet_bootstrap.cc:654] T c3228cd14f0946dea790deaf8ac71682 P e426f9acbdf84bdc88b50c729b95a715: Neither blocks nor log segments found. Creating new log.
I20260709 13:06:41.496287 21265 raft_consensus.cc:493] T fba8172ce39f4b4a82b7fc668992135e P 5aa9520707cd43c7b77196958756148b [term 0 FOLLOWER]: Starting pre-election (no leader contacted us within the election timeout)
I20260709 13:06:41.496927 21265 raft_consensus.cc:515] T fba8172ce39f4b4a82b7fc668992135e P 5aa9520707cd43c7b77196958756148b [term 0 FOLLOWER]: Starting pre-election with config: opid_index: -1 OBSOLETE_local: false peers { permanent_uuid: "e426f9acbdf84bdc88b50c729b95a715" member_type: VOTER last_known_addr { host: "127.19.126.65" port: 36537 } } peers { permanent_uuid: "5aa9520707cd43c7b77196958756148b" member_type: VOTER last_known_addr { host: "127.19.126.66" port: 42053 } } peers { permanent_uuid: "b0f9e2b78c974d55841dd98d4ac7b2b3" member_type: VOTER last_known_addr { host: "127.19.126.67" port: 43237 } }
I20260709 13:06:41.499663 21265 leader_election.cc:290] T fba8172ce39f4b4a82b7fc668992135e P 5aa9520707cd43c7b77196958756148b [CANDIDATE]: Term 1 pre-election: Requested pre-vote from peers e426f9acbdf84bdc88b50c729b95a715 (127.19.126.65:36537), b0f9e2b78c974d55841dd98d4ac7b2b3 (127.19.126.67:43237)
I20260709 13:06:41.501710 21072 tablet_service.cc:1917] Received RequestConsensusVote() RPC: tablet_id: "fba8172ce39f4b4a82b7fc668992135e" candidate_uuid: "5aa9520707cd43c7b77196958756148b" candidate_term: 1 candidate_status { last_received { term: 0 index: 0 } } ignore_live_leader: false dest_uuid: "e426f9acbdf84bdc88b50c729b95a715" is_pre_election: true
I20260709 13:06:41.502486 20971 catalog_manager.cc:5697] T c3228cd14f0946dea790deaf8ac71682 P b0f9e2b78c974d55841dd98d4ac7b2b3 reported cstate change: term changed from 0 to 1, leader changed from <none> to b0f9e2b78c974d55841dd98d4ac7b2b3 (127.19.126.67). New cstate: current_term: 1 leader_uuid: "b0f9e2b78c974d55841dd98d4ac7b2b3" committed_config { opid_index: -1 OBSOLETE_local: false peers { permanent_uuid: "5aa9520707cd43c7b77196958756148b" member_type: VOTER last_known_addr { host: "127.19.126.66" port: 42053 } health_report { overall_health: UNKNOWN } } peers { permanent_uuid: "b0f9e2b78c974d55841dd98d4ac7b2b3" member_type: VOTER last_known_addr { host: "127.19.126.67" port: 43237 } health_report { overall_health: HEALTHY } } peers { permanent_uuid: "e426f9acbdf84bdc88b50c729b95a715" member_type: VOTER last_known_addr { host: "127.19.126.65" port: 36537 } health_report { overall_health: UNKNOWN } } }
W20260709 13:06:41.503609 21114 leader_election.cc:343] T fba8172ce39f4b4a82b7fc668992135e P 5aa9520707cd43c7b77196958756148b [CANDIDATE]: Term 1 pre-election: Tablet error from VoteRequest() call to peer e426f9acbdf84bdc88b50c729b95a715 (127.19.126.65:36537): Illegal state: must be running to vote when last-logged opid is not known
I20260709 13:06:41.505733 21222 tablet_service.cc:1917] Received RequestConsensusVote() RPC: tablet_id: "fba8172ce39f4b4a82b7fc668992135e" candidate_uuid: "5aa9520707cd43c7b77196958756148b" candidate_term: 1 candidate_status { last_received { term: 0 index: 0 } } ignore_live_leader: false dest_uuid: "b0f9e2b78c974d55841dd98d4ac7b2b3" is_pre_election: true
W20260709 13:06:41.507607 21111 leader_election.cc:343] T fba8172ce39f4b4a82b7fc668992135e P 5aa9520707cd43c7b77196958756148b [CANDIDATE]: Term 1 pre-election: Tablet error from VoteRequest() call to peer b0f9e2b78c974d55841dd98d4ac7b2b3 (127.19.126.67:43237): Illegal state: must be running to vote when last-logged opid is not known
I20260709 13:06:41.508184 21111 leader_election.cc:304] T fba8172ce39f4b4a82b7fc668992135e P 5aa9520707cd43c7b77196958756148b [CANDIDATE]: Term 1 pre-election: Election decided. Result: candidate lost. Election summary: received 3 responses out of 3 voters: 1 yes votes; 2 no votes. yes voters: 5aa9520707cd43c7b77196958756148b; no voters: b0f9e2b78c974d55841dd98d4ac7b2b3, e426f9acbdf84bdc88b50c729b95a715
I20260709 13:06:41.509652 21265 raft_consensus.cc:2749] T fba8172ce39f4b4a82b7fc668992135e P 5aa9520707cd43c7b77196958756148b [term 0 FOLLOWER]: Leader pre-election lost for term 1. Reason: could not achieve majority
I20260709 13:06:41.514179 21262 tablet_bootstrap.cc:654] T 8c373dedbd604980b2a7e4feb5e53d6a P 5aa9520707cd43c7b77196958756148b: Neither blocks nor log segments found. Creating new log.
I20260709 13:06:41.531230 21270 tablet_bootstrap.cc:492] T fba8172ce39f4b4a82b7fc668992135e P b0f9e2b78c974d55841dd98d4ac7b2b3: No bootstrap required, opened a new log
I20260709 13:06:41.531805 21270 ts_tablet_manager.cc:1403] T fba8172ce39f4b4a82b7fc668992135e P b0f9e2b78c974d55841dd98d4ac7b2b3: Time spent bootstrapping tablet: real 0.059s	user 0.017s	sys 0.029s
I20260709 13:06:41.531719 20971 catalog_manager.cc:5697] T f2589917a06b4700b8b66513ab91c390 P b0f9e2b78c974d55841dd98d4ac7b2b3 reported cstate change: term changed from 0 to 1, leader changed from <none> to b0f9e2b78c974d55841dd98d4ac7b2b3 (127.19.126.67). New cstate: current_term: 1 leader_uuid: "b0f9e2b78c974d55841dd98d4ac7b2b3" committed_config { opid_index: -1 OBSOLETE_local: false peers { permanent_uuid: "e426f9acbdf84bdc88b50c729b95a715" member_type: VOTER last_known_addr { host: "127.19.126.65" port: 36537 } health_report { overall_health: UNKNOWN } } peers { permanent_uuid: "5aa9520707cd43c7b77196958756148b" member_type: VOTER last_known_addr { host: "127.19.126.66" port: 42053 } health_report { overall_health: UNKNOWN } } peers { permanent_uuid: "b0f9e2b78c974d55841dd98d4ac7b2b3" member_type: VOTER last_known_addr { host: "127.19.126.67" port: 43237 } health_report { overall_health: HEALTHY } } }
I20260709 13:06:41.537982 21270 raft_consensus.cc:359] T fba8172ce39f4b4a82b7fc668992135e P b0f9e2b78c974d55841dd98d4ac7b2b3 [term 0 FOLLOWER]: Replica starting. Triggering 0 pending ops. Active config: opid_index: -1 OBSOLETE_local: false peers { permanent_uuid: "e426f9acbdf84bdc88b50c729b95a715" member_type: VOTER last_known_addr { host: "127.19.126.65" port: 36537 } } peers { permanent_uuid: "5aa9520707cd43c7b77196958756148b" member_type: VOTER last_known_addr { host: "127.19.126.66" port: 42053 } } peers { permanent_uuid: "b0f9e2b78c974d55841dd98d4ac7b2b3" member_type: VOTER last_known_addr { host: "127.19.126.67" port: 43237 } }
I20260709 13:06:41.538856 21270 raft_consensus.cc:385] T fba8172ce39f4b4a82b7fc668992135e P b0f9e2b78c974d55841dd98d4ac7b2b3 [term 0 FOLLOWER]: Consensus starting up: Expiring failure detector timer to make a prompt election more likely
I20260709 13:06:41.539167 21270 raft_consensus.cc:740] T fba8172ce39f4b4a82b7fc668992135e P b0f9e2b78c974d55841dd98d4ac7b2b3 [term 0 FOLLOWER]: Becoming Follower/Learner. State: Replica: b0f9e2b78c974d55841dd98d4ac7b2b3, State: Initialized, Role: FOLLOWER
I20260709 13:06:41.540154 21270 consensus_queue.cc:260] T fba8172ce39f4b4a82b7fc668992135e P b0f9e2b78c974d55841dd98d4ac7b2b3 [NON_LEADER]: Queue going to NON_LEADER mode. State: All replicated index: 0, Majority replicated index: 0, Committed index: 0, Last appended: 0.0, Last appended by leader: 0, Current term: 0, Majority size: -1, State: 0, Mode: NON_LEADER, active raft config: opid_index: -1 OBSOLETE_local: false peers { permanent_uuid: "e426f9acbdf84bdc88b50c729b95a715" member_type: VOTER last_known_addr { host: "127.19.126.65" port: 36537 } } peers { permanent_uuid: "5aa9520707cd43c7b77196958756148b" member_type: VOTER last_known_addr { host: "127.19.126.66" port: 42053 } } peers { permanent_uuid: "b0f9e2b78c974d55841dd98d4ac7b2b3" member_type: VOTER last_known_addr { host: "127.19.126.67" port: 43237 } }
I20260709 13:06:41.542906 21270 ts_tablet_manager.cc:1434] T fba8172ce39f4b4a82b7fc668992135e P b0f9e2b78c974d55841dd98d4ac7b2b3: Time spent starting tablet: real 0.011s	user 0.009s	sys 0.000s
I20260709 13:06:41.544229 21270 tablet_bootstrap.cc:492] T cb7e94cd04bc43d5bed00a82ee82c873 P b0f9e2b78c974d55841dd98d4ac7b2b3: Bootstrap starting.
W20260709 13:06:41.547327 21186 consensus_peers.cc:597] T 707d7f3162c3445096a0a427b783bf50 P b0f9e2b78c974d55841dd98d4ac7b2b3 -> Peer 5aa9520707cd43c7b77196958756148b (127.19.126.66:42053): Couldn't send request to peer 5aa9520707cd43c7b77196958756148b. Error code: TABLET_NOT_RUNNING (12). Status: Illegal state: Tablet not RUNNING: INITIALIZED. This is attempt 1: this message will repeat every 5th retry.
I20260709 13:06:41.549571 21264 tablet_bootstrap.cc:492] T c3228cd14f0946dea790deaf8ac71682 P e426f9acbdf84bdc88b50c729b95a715: No bootstrap required, opened a new log
I20260709 13:06:41.550027 21264 ts_tablet_manager.cc:1403] T c3228cd14f0946dea790deaf8ac71682 P e426f9acbdf84bdc88b50c729b95a715: Time spent bootstrapping tablet: real 0.093s	user 0.012s	sys 0.008s
I20260709 13:06:41.551025 21270 tablet_bootstrap.cc:654] T cb7e94cd04bc43d5bed00a82ee82c873 P b0f9e2b78c974d55841dd98d4ac7b2b3: Neither blocks nor log segments found. Creating new log.
I20260709 13:06:41.551371 20970 catalog_manager.cc:5697] T f63764fec9d54a98b7b0ec1b57e69be9 P e426f9acbdf84bdc88b50c729b95a715 reported cstate change: term changed from 0 to 1, leader changed from <none> to e426f9acbdf84bdc88b50c729b95a715 (127.19.126.65). New cstate: current_term: 1 leader_uuid: "e426f9acbdf84bdc88b50c729b95a715" committed_config { opid_index: -1 OBSOLETE_local: false peers { permanent_uuid: "e426f9acbdf84bdc88b50c729b95a715" member_type: VOTER last_known_addr { host: "127.19.126.65" port: 36537 } health_report { overall_health: HEALTHY } } peers { permanent_uuid: "5aa9520707cd43c7b77196958756148b" member_type: VOTER last_known_addr { host: "127.19.126.66" port: 42053 } health_report { overall_health: UNKNOWN } } peers { permanent_uuid: "b0f9e2b78c974d55841dd98d4ac7b2b3" member_type: VOTER last_known_addr { host: "127.19.126.67" port: 43237 } health_report { overall_health: UNKNOWN } } }
I20260709 13:06:41.552567 21264 raft_consensus.cc:359] T c3228cd14f0946dea790deaf8ac71682 P e426f9acbdf84bdc88b50c729b95a715 [term 0 FOLLOWER]: Replica starting. Triggering 0 pending ops. Active config: opid_index: -1 OBSOLETE_local: false peers { permanent_uuid: "5aa9520707cd43c7b77196958756148b" member_type: VOTER last_known_addr { host: "127.19.126.66" port: 42053 } } peers { permanent_uuid: "b0f9e2b78c974d55841dd98d4ac7b2b3" member_type: VOTER last_known_addr { host: "127.19.126.67" port: 43237 } } peers { permanent_uuid: "e426f9acbdf84bdc88b50c729b95a715" member_type: VOTER last_known_addr { host: "127.19.126.65" port: 36537 } }
I20260709 13:06:41.553274 21264 raft_consensus.cc:385] T c3228cd14f0946dea790deaf8ac71682 P e426f9acbdf84bdc88b50c729b95a715 [term 0 FOLLOWER]: Consensus starting up: Expiring failure detector timer to make a prompt election more likely
I20260709 13:06:41.553577 21264 raft_consensus.cc:740] T c3228cd14f0946dea790deaf8ac71682 P e426f9acbdf84bdc88b50c729b95a715 [term 0 FOLLOWER]: Becoming Follower/Learner. State: Replica: e426f9acbdf84bdc88b50c729b95a715, State: Initialized, Role: FOLLOWER
I20260709 13:06:41.554694 21264 consensus_queue.cc:260] T c3228cd14f0946dea790deaf8ac71682 P e426f9acbdf84bdc88b50c729b95a715 [NON_LEADER]: Queue going to NON_LEADER mode. State: All replicated index: 0, Majority replicated index: 0, Committed index: 0, Last appended: 0.0, Last appended by leader: 0, Current term: 0, Majority size: -1, State: 0, Mode: NON_LEADER, active raft config: opid_index: -1 OBSOLETE_local: false peers { permanent_uuid: "5aa9520707cd43c7b77196958756148b" member_type: VOTER last_known_addr { host: "127.19.126.66" port: 42053 } } peers { permanent_uuid: "b0f9e2b78c974d55841dd98d4ac7b2b3" member_type: VOTER last_known_addr { host: "127.19.126.67" port: 43237 } } peers { permanent_uuid: "e426f9acbdf84bdc88b50c729b95a715" member_type: VOTER last_known_addr { host: "127.19.126.65" port: 36537 } }
I20260709 13:06:41.557683 21264 ts_tablet_manager.cc:1434] T c3228cd14f0946dea790deaf8ac71682 P e426f9acbdf84bdc88b50c729b95a715: Time spent starting tablet: real 0.007s	user 0.008s	sys 0.000s
I20260709 13:06:41.558907 21264 tablet_bootstrap.cc:492] T a33005b6f54d4af88fa129ea94387050 P e426f9acbdf84bdc88b50c729b95a715: Bootstrap starting.
I20260709 13:06:41.565757 21264 tablet_bootstrap.cc:654] T a33005b6f54d4af88fa129ea94387050 P e426f9acbdf84bdc88b50c729b95a715: Neither blocks nor log segments found. Creating new log.
I20260709 13:06:41.566361 21270 tablet_bootstrap.cc:492] T cb7e94cd04bc43d5bed00a82ee82c873 P b0f9e2b78c974d55841dd98d4ac7b2b3: No bootstrap required, opened a new log
I20260709 13:06:41.566941 21270 ts_tablet_manager.cc:1403] T cb7e94cd04bc43d5bed00a82ee82c873 P b0f9e2b78c974d55841dd98d4ac7b2b3: Time spent bootstrapping tablet: real 0.023s	user 0.018s	sys 0.004s
I20260709 13:06:41.569665 21270 raft_consensus.cc:359] T cb7e94cd04bc43d5bed00a82ee82c873 P b0f9e2b78c974d55841dd98d4ac7b2b3 [term 0 FOLLOWER]: Replica starting. Triggering 0 pending ops. Active config: opid_index: -1 OBSOLETE_local: false peers { permanent_uuid: "e426f9acbdf84bdc88b50c729b95a715" member_type: VOTER last_known_addr { host: "127.19.126.65" port: 36537 } } peers { permanent_uuid: "5aa9520707cd43c7b77196958756148b" member_type: VOTER last_known_addr { host: "127.19.126.66" port: 42053 } } peers { permanent_uuid: "b0f9e2b78c974d55841dd98d4ac7b2b3" member_type: VOTER last_known_addr { host: "127.19.126.67" port: 43237 } }
I20260709 13:06:41.570299 21270 raft_consensus.cc:385] T cb7e94cd04bc43d5bed00a82ee82c873 P b0f9e2b78c974d55841dd98d4ac7b2b3 [term 0 FOLLOWER]: Consensus starting up: Expiring failure detector timer to make a prompt election more likely
I20260709 13:06:41.570416 21262 tablet_bootstrap.cc:492] T 8c373dedbd604980b2a7e4feb5e53d6a P 5aa9520707cd43c7b77196958756148b: No bootstrap required, opened a new log
I20260709 13:06:41.570600 21270 raft_consensus.cc:740] T cb7e94cd04bc43d5bed00a82ee82c873 P b0f9e2b78c974d55841dd98d4ac7b2b3 [term 0 FOLLOWER]: Becoming Follower/Learner. State: Replica: b0f9e2b78c974d55841dd98d4ac7b2b3, State: Initialized, Role: FOLLOWER
I20260709 13:06:41.570864 21262 ts_tablet_manager.cc:1403] T 8c373dedbd604980b2a7e4feb5e53d6a P 5aa9520707cd43c7b77196958756148b: Time spent bootstrapping tablet: real 0.083s	user 0.014s	sys 0.014s
I20260709 13:06:41.571408 21270 consensus_queue.cc:260] T cb7e94cd04bc43d5bed00a82ee82c873 P b0f9e2b78c974d55841dd98d4ac7b2b3 [NON_LEADER]: Queue going to NON_LEADER mode. State: All replicated index: 0, Majority replicated index: 0, Committed index: 0, Last appended: 0.0, Last appended by leader: 0, Current term: 0, Majority size: -1, State: 0, Mode: NON_LEADER, active raft config: opid_index: -1 OBSOLETE_local: false peers { permanent_uuid: "e426f9acbdf84bdc88b50c729b95a715" member_type: VOTER last_known_addr { host: "127.19.126.65" port: 36537 } } peers { permanent_uuid: "5aa9520707cd43c7b77196958756148b" member_type: VOTER last_known_addr { host: "127.19.126.66" port: 42053 } } peers { permanent_uuid: "b0f9e2b78c974d55841dd98d4ac7b2b3" member_type: VOTER last_known_addr { host: "127.19.126.67" port: 43237 } }
I20260709 13:06:41.573812 21270 ts_tablet_manager.cc:1434] T cb7e94cd04bc43d5bed00a82ee82c873 P b0f9e2b78c974d55841dd98d4ac7b2b3: Time spent starting tablet: real 0.007s	user 0.006s	sys 0.000s
I20260709 13:06:41.573485 21262 raft_consensus.cc:359] T 8c373dedbd604980b2a7e4feb5e53d6a P 5aa9520707cd43c7b77196958756148b [term 0 FOLLOWER]: Replica starting. Triggering 0 pending ops. Active config: opid_index: -1 OBSOLETE_local: false peers { permanent_uuid: "e426f9acbdf84bdc88b50c729b95a715" member_type: VOTER last_known_addr { host: "127.19.126.65" port: 36537 } } peers { permanent_uuid: "5aa9520707cd43c7b77196958756148b" member_type: VOTER last_known_addr { host: "127.19.126.66" port: 42053 } } peers { permanent_uuid: "b0f9e2b78c974d55841dd98d4ac7b2b3" member_type: VOTER last_known_addr { host: "127.19.126.67" port: 43237 } }
I20260709 13:06:41.574133 21262 raft_consensus.cc:385] T 8c373dedbd604980b2a7e4feb5e53d6a P 5aa9520707cd43c7b77196958756148b [term 0 FOLLOWER]: Consensus starting up: Expiring failure detector timer to make a prompt election more likely
I20260709 13:06:41.574390 21262 raft_consensus.cc:740] T 8c373dedbd604980b2a7e4feb5e53d6a P 5aa9520707cd43c7b77196958756148b [term 0 FOLLOWER]: Becoming Follower/Learner. State: Replica: 5aa9520707cd43c7b77196958756148b, State: Initialized, Role: FOLLOWER
I20260709 13:06:41.574703 21270 tablet_bootstrap.cc:492] T 5a9883b38e3b4ebbb6e620622f3dd25d P b0f9e2b78c974d55841dd98d4ac7b2b3: Bootstrap starting.
I20260709 13:06:41.575006 21262 consensus_queue.cc:260] T 8c373dedbd604980b2a7e4feb5e53d6a P 5aa9520707cd43c7b77196958756148b [NON_LEADER]: Queue going to NON_LEADER mode. State: All replicated index: 0, Majority replicated index: 0, Committed index: 0, Last appended: 0.0, Last appended by leader: 0, Current term: 0, Majority size: -1, State: 0, Mode: NON_LEADER, active raft config: opid_index: -1 OBSOLETE_local: false peers { permanent_uuid: "e426f9acbdf84bdc88b50c729b95a715" member_type: VOTER last_known_addr { host: "127.19.126.65" port: 36537 } } peers { permanent_uuid: "5aa9520707cd43c7b77196958756148b" member_type: VOTER last_known_addr { host: "127.19.126.66" port: 42053 } } peers { permanent_uuid: "b0f9e2b78c974d55841dd98d4ac7b2b3" member_type: VOTER last_known_addr { host: "127.19.126.67" port: 43237 } }
I20260709 13:06:41.580432 21262 ts_tablet_manager.cc:1434] T 8c373dedbd604980b2a7e4feb5e53d6a P 5aa9520707cd43c7b77196958756148b: Time spent starting tablet: real 0.009s	user 0.006s	sys 0.001s
I20260709 13:06:41.580633 21270 tablet_bootstrap.cc:654] T 5a9883b38e3b4ebbb6e620622f3dd25d P b0f9e2b78c974d55841dd98d4ac7b2b3: Neither blocks nor log segments found. Creating new log.
I20260709 13:06:41.581460 21262 tablet_bootstrap.cc:492] T 5a5987e1b32d4ae6a7e8c71805141d97 P 5aa9520707cd43c7b77196958756148b: Bootstrap starting.
I20260709 13:06:41.591128 21262 tablet_bootstrap.cc:654] T 5a5987e1b32d4ae6a7e8c71805141d97 P 5aa9520707cd43c7b77196958756148b: Neither blocks nor log segments found. Creating new log.
I20260709 13:06:41.591285 21264 tablet_bootstrap.cc:492] T a33005b6f54d4af88fa129ea94387050 P e426f9acbdf84bdc88b50c729b95a715: No bootstrap required, opened a new log
