[==========] Running 8 tests from 2 test suites.
[----------] Global test environment set-up.
[----------] 6 tests from LeaderRebalancerTest
[ RUN      ] LeaderRebalancerTest.FunctionalTestForDivided
WARNING: Logging before InitGoogleLogging() is written to STDERR
I20260709 13:06:05.035859 23370 internal_mini_cluster.cc:156] Creating distributed mini masters. Addrs: 127.22.210.190:42933
I20260709 13:06:05.037391 23370 env_posix.cc:2285] Not raising this process' open files per process limit of 1048576; it is already as high as it can go
I20260709 13:06:05.038452 23370 file_cache.cc:504] Constructed file cache file cache with capacity 419430
W20260709 13:06:05.054694 23376 instance_detector.cc:116] could not retrieve AWS instance metadata: Network error: curl error: HTTP response code said error: The requested URL returned error: 404
W20260709 13:06:05.054728 23377 instance_detector.cc:116] could not retrieve Azure instance metadata: Network error: curl error: HTTP response code said error: The requested URL returned error: 404
I20260709 13:06:05.056034 23370 server_base.cc:1061] running on GCE node
W20260709 13:06:05.054738 23379 instance_detector.cc:116] could not retrieve OpenStack instance metadata: Network error: curl error: HTTP response code said error: The requested URL returned error: 404
I20260709 13:06:06.169075 23370 hybrid_clock.cc:584] initializing the hybrid clock with 'system_unsync' time source
W20260709 13:06:06.169312 23370 system_unsync_time.cc:38] NTP support is disabled. Clock error bounds will not be accurate. This configuration is not suitable for distributed clusters.
I20260709 13:06:06.169463 23370 hybrid_clock.cc:648] HybridClock initialized: now 1783602366169447 us; error 0 us; skew 500 ppm
I20260709 13:06:06.170322 23370 server_base.cc:861] Flag tcmalloc_max_total_thread_cache_bytes is not working since tcmalloc is not enabled.
I20260709 13:06:06.176471 23370 webserver.cc:533] Webserver started at http://127.22.210.190:38713/ using document root <none> and password file <none>
I20260709 13:06:06.177287 23370 fs_manager.cc:362] Metadata directory not provided
I20260709 13:06:06.177484 23370 fs_manager.cc:368] Using write-ahead log directory (fs_wal_dir) as metadata directory
I20260709 13:06:06.177886 23370 server_base.cc:909] This appears to be a new deployment of Kudu; creating new FS layout
I20260709 13:06:06.183624 23370 fs_manager.cc:1068] Generated new instance metadata in path /tmp/dist-test-taskSmAJWO/test-tmp/auto_leader_rebalancer-test.0.LeaderRebalancerTest.FunctionalTestForDivided.1783602364869514-23370-0/minicluster-data/master-0-root/instance:
uuid: "5ae5d5849b17488184ecadd43fbff918"
format_stamp: "Formatted at 2026-07-09 13:06:06 on dist-test-slave-nmpn"
I20260709 13:06:06.191335 23370 fs_manager.cc:696] Time spent creating directory manager: real 0.007s	user 0.003s	sys 0.005s
I20260709 13:06:06.196347 23385 log_block_manager.cc:4127] Time spent loading block containers with low live blocks: real 0.000s	user 0.000s	sys 0.000s
I20260709 13:06:06.197448 23370 fs_manager.cc:730] Time spent opening block manager: real 0.003s	user 0.004s	sys 0.001s
I20260709 13:06:06.197741 23370 fs_manager.cc:647] Opened local filesystem: /tmp/dist-test-taskSmAJWO/test-tmp/auto_leader_rebalancer-test.0.LeaderRebalancerTest.FunctionalTestForDivided.1783602364869514-23370-0/minicluster-data/master-0-root
uuid: "5ae5d5849b17488184ecadd43fbff918"
format_stamp: "Formatted at 2026-07-09 13:06:06 on dist-test-slave-nmpn"
I20260709 13:06:06.198024 23370 fs_report.cc:389] FS layout report
--------------------
wal directory: /tmp/dist-test-taskSmAJWO/test-tmp/auto_leader_rebalancer-test.0.LeaderRebalancerTest.FunctionalTestForDivided.1783602364869514-23370-0/minicluster-data/master-0-root
metadata directory: /tmp/dist-test-taskSmAJWO/test-tmp/auto_leader_rebalancer-test.0.LeaderRebalancerTest.FunctionalTestForDivided.1783602364869514-23370-0/minicluster-data/master-0-root
1 data directories: /tmp/dist-test-taskSmAJWO/test-tmp/auto_leader_rebalancer-test.0.LeaderRebalancerTest.FunctionalTestForDivided.1783602364869514-23370-0/minicluster-data/master-0-root/data
Total live blocks: 0
Total live bytes: 0
Total live bytes (after alignment): 0
Total number of LBM containers: 0 (0 full)
Did not check for missing blocks
Did not check for orphaned blocks
Total full LBM containers with extra space: 0 (0 repaired)
Total full LBM container extra space in bytes: 0 (0 repaired)
Total incomplete LBM containers: 0 (0 repaired)
Total LBM partial records: 0 (0 repaired)
Total corrupted LBM metadata records in RocksDB: 0 (0 repaired)
I20260709 13:06:06.255748 23370 rpc_server.cc:225] running with OpenSSL 1.1.1  11 Sep 2018
I20260709 13:06:06.257252 23370 env_posix.cc:2285] Not raising this process' running threads per effective uid limit of 18446744073709551615; it is already as high as it can go
I20260709 13:06:06.257663 23370 kserver.cc:163] Server-wide thread pool size limit: 3276
I20260709 13:06:06.325259 23370 rpc_server.cc:307] RPC server started. Bound to: 127.22.210.190:42933
I20260709 13:06:06.325326 23436 acceptor_pool.cc:272] collecting diagnostics on the listening RPC socket 127.22.210.190:42933 every 8 connection(s)
I20260709 13:06:06.333240 23437 data_dirs.cc:400] Could only allocate 1 dirs of requested 3 for tablet 00000000000000000000000000000000. 1 dirs total, 0 dirs full, 0 dirs failed
I20260709 13:06:06.354238 23437 tablet_bootstrap.cc:492] T 00000000000000000000000000000000 P 5ae5d5849b17488184ecadd43fbff918: Bootstrap starting.
I20260709 13:06:06.359983 23437 tablet_bootstrap.cc:654] T 00000000000000000000000000000000 P 5ae5d5849b17488184ecadd43fbff918: Neither blocks nor log segments found. Creating new log.
I20260709 13:06:06.361752 23437 log.cc:826] T 00000000000000000000000000000000 P 5ae5d5849b17488184ecadd43fbff918: Log is configured to *not* fsync() on all Append() calls
I20260709 13:06:06.366166 23437 tablet_bootstrap.cc:492] T 00000000000000000000000000000000 P 5ae5d5849b17488184ecadd43fbff918: No bootstrap required, opened a new log
I20260709 13:06:06.386442 23437 raft_consensus.cc:359] T 00000000000000000000000000000000 P 5ae5d5849b17488184ecadd43fbff918 [term 0 FOLLOWER]: Replica starting. Triggering 0 pending ops. Active config: opid_index: -1 OBSOLETE_local: true peers { permanent_uuid: "5ae5d5849b17488184ecadd43fbff918" member_type: VOTER }
I20260709 13:06:06.386986 23437 raft_consensus.cc:385] T 00000000000000000000000000000000 P 5ae5d5849b17488184ecadd43fbff918 [term 0 FOLLOWER]: Consensus starting up: Expiring failure detector timer to make a prompt election more likely
I20260709 13:06:06.387197 23437 raft_consensus.cc:740] T 00000000000000000000000000000000 P 5ae5d5849b17488184ecadd43fbff918 [term 0 FOLLOWER]: Becoming Follower/Learner. State: Replica: 5ae5d5849b17488184ecadd43fbff918, State: Initialized, Role: FOLLOWER
I20260709 13:06:06.388003 23437 consensus_queue.cc:260] T 00000000000000000000000000000000 P 5ae5d5849b17488184ecadd43fbff918 [NON_LEADER]: Queue going to NON_LEADER mode. State: All replicated index: 0, Majority replicated index: 0, Committed index: 0, Last appended: 0.0, Last appended by leader: 0, Current term: 0, Majority size: -1, State: 0, Mode: NON_LEADER, active raft config: opid_index: -1 OBSOLETE_local: true peers { permanent_uuid: "5ae5d5849b17488184ecadd43fbff918" member_type: VOTER }
I20260709 13:06:06.388455 23437 raft_consensus.cc:399] T 00000000000000000000000000000000 P 5ae5d5849b17488184ecadd43fbff918 [term 0 FOLLOWER]: Only one voter in the Raft config. Triggering election immediately
I20260709 13:06:06.388692 23437 raft_consensus.cc:493] T 00000000000000000000000000000000 P 5ae5d5849b17488184ecadd43fbff918 [term 0 FOLLOWER]: Starting leader election (initial election of a single-replica configuration)
I20260709 13:06:06.388965 23437 raft_consensus.cc:3060] T 00000000000000000000000000000000 P 5ae5d5849b17488184ecadd43fbff918 [term 0 FOLLOWER]: Advancing to term 1
I20260709 13:06:06.392966 23437 raft_consensus.cc:515] T 00000000000000000000000000000000 P 5ae5d5849b17488184ecadd43fbff918 [term 1 FOLLOWER]: Starting leader election with config: opid_index: -1 OBSOLETE_local: true peers { permanent_uuid: "5ae5d5849b17488184ecadd43fbff918" member_type: VOTER }
I20260709 13:06:06.393663 23437 leader_election.cc:304] T 00000000000000000000000000000000 P 5ae5d5849b17488184ecadd43fbff918 [CANDIDATE]: Term 1 election: Election decided. Result: candidate won. Election summary: received 1 responses out of 1 voters: 1 yes votes; 0 no votes. yes voters: 5ae5d5849b17488184ecadd43fbff918; no voters: 
I20260709 13:06:06.395288 23437 leader_election.cc:290] T 00000000000000000000000000000000 P 5ae5d5849b17488184ecadd43fbff918 [CANDIDATE]: Term 1 election: Requested vote from peers 
I20260709 13:06:06.395614 23440 raft_consensus.cc:2804] T 00000000000000000000000000000000 P 5ae5d5849b17488184ecadd43fbff918 [term 1 FOLLOWER]: Leader election won for term 1
I20260709 13:06:06.397629 23440 raft_consensus.cc:697] T 00000000000000000000000000000000 P 5ae5d5849b17488184ecadd43fbff918 [term 1 LEADER]: Becoming Leader. State: Replica: 5ae5d5849b17488184ecadd43fbff918, State: Running, Role: LEADER
I20260709 13:06:06.398538 23440 consensus_queue.cc:237] T 00000000000000000000000000000000 P 5ae5d5849b17488184ecadd43fbff918 [LEADER]: Queue going to LEADER mode. State: All replicated index: 0, Majority replicated index: 0, Committed index: 0, Last appended: 0.0, Last appended by leader: 0, Current term: 1, Majority size: 1, State: 0, Mode: LEADER, active raft config: opid_index: -1 OBSOLETE_local: true peers { permanent_uuid: "5ae5d5849b17488184ecadd43fbff918" member_type: VOTER }
I20260709 13:06:06.399565 23437 sys_catalog.cc:565] T 00000000000000000000000000000000 P 5ae5d5849b17488184ecadd43fbff918 [sys.catalog]: configured and running, proceeding with master startup.
I20260709 13:06:06.409168 23442 sys_catalog.cc:455] T 00000000000000000000000000000000 P 5ae5d5849b17488184ecadd43fbff918 [sys.catalog]: SysCatalogTable state changed. Reason: New leader 5ae5d5849b17488184ecadd43fbff918. Latest consensus state: current_term: 1 leader_uuid: "5ae5d5849b17488184ecadd43fbff918" committed_config { opid_index: -1 OBSOLETE_local: true peers { permanent_uuid: "5ae5d5849b17488184ecadd43fbff918" member_type: VOTER } }
I20260709 13:06:06.409407 23441 sys_catalog.cc:455] T 00000000000000000000000000000000 P 5ae5d5849b17488184ecadd43fbff918 [sys.catalog]: SysCatalogTable state changed. Reason: RaftConsensus started. Latest consensus state: current_term: 1 leader_uuid: "5ae5d5849b17488184ecadd43fbff918" committed_config { opid_index: -1 OBSOLETE_local: true peers { permanent_uuid: "5ae5d5849b17488184ecadd43fbff918" member_type: VOTER } }
I20260709 13:06:06.409900 23442 sys_catalog.cc:458] T 00000000000000000000000000000000 P 5ae5d5849b17488184ecadd43fbff918 [sys.catalog]: This master's current role is: LEADER
I20260709 13:06:06.409997 23441 sys_catalog.cc:458] T 00000000000000000000000000000000 P 5ae5d5849b17488184ecadd43fbff918 [sys.catalog]: This master's current role is: LEADER
I20260709 13:06:06.412781 23450 catalog_manager.cc:1511] Loading table and tablet metadata into memory...
I20260709 13:06:06.422962 23450 catalog_manager.cc:1520] Initializing Kudu cluster ID...
I20260709 13:06:06.425199 23370 internal_mini_cluster.cc:184] Waiting to initialize catalog manager on master 0
I20260709 13:06:06.438232 23450 catalog_manager.cc:1383] Generated new cluster ID: 34dc01fd264c4d9491a3e41030facc5f
I20260709 13:06:06.438525 23450 catalog_manager.cc:1531] Initializing Kudu internal certificate authority...
I20260709 13:06:06.468573 23450 catalog_manager.cc:1406] Generated new certificate authority record
I20260709 13:06:06.470072 23450 catalog_manager.cc:1540] Loading token signing keys...
I20260709 13:06:06.488095 23450 catalog_manager.cc:6070] T 00000000000000000000000000000000 P 5ae5d5849b17488184ecadd43fbff918: Generated new TSK 0
I20260709 13:06:06.489008 23450 catalog_manager.cc:1550] Initializing in-progress tserver states...
I20260709 13:06:06.556556 23370 file_cache.cc:504] Constructed file cache file cache with capacity 419430
W20260709 13:06:06.565498 23459 instance_detector.cc:116] could not retrieve AWS instance metadata: Network error: curl error: HTTP response code said error: The requested URL returned error: 404
W20260709 13:06:06.566519 23460 instance_detector.cc:116] could not retrieve Azure instance metadata: Network error: curl error: HTTP response code said error: The requested URL returned error: 404
I20260709 13:06:06.570238 23370 server_base.cc:1061] running on GCE node
W20260709 13:06:06.570500 23462 instance_detector.cc:116] could not retrieve OpenStack instance metadata: Network error: curl error: HTTP response code said error: The requested URL returned error: 404
I20260709 13:06:06.571453 23370 hybrid_clock.cc:584] initializing the hybrid clock with 'system_unsync' time source
W20260709 13:06:06.571717 23370 system_unsync_time.cc:38] NTP support is disabled. Clock error bounds will not be accurate. This configuration is not suitable for distributed clusters.
I20260709 13:06:06.571923 23370 hybrid_clock.cc:648] HybridClock initialized: now 1783602366571898 us; error 0 us; skew 500 ppm
I20260709 13:06:06.572696 23370 server_base.cc:861] Flag tcmalloc_max_total_thread_cache_bytes is not working since tcmalloc is not enabled.
I20260709 13:06:06.576589 23370 webserver.cc:533] Webserver started at http://127.22.210.129:41849/ using document root <none> and password file <none>
I20260709 13:06:06.577275 23370 fs_manager.cc:362] Metadata directory not provided
I20260709 13:06:06.577530 23370 fs_manager.cc:368] Using write-ahead log directory (fs_wal_dir) as metadata directory
I20260709 13:06:06.577870 23370 server_base.cc:909] This appears to be a new deployment of Kudu; creating new FS layout
I20260709 13:06:06.579342 23370 fs_manager.cc:1068] Generated new instance metadata in path /tmp/dist-test-taskSmAJWO/test-tmp/auto_leader_rebalancer-test.0.LeaderRebalancerTest.FunctionalTestForDivided.1783602364869514-23370-0/minicluster-data/ts-0-root/instance:
uuid: "c2e543ff42f84d62b870cc88da13d20e"
format_stamp: "Formatted at 2026-07-09 13:06:06 on dist-test-slave-nmpn"
I20260709 13:06:06.585955 23370 fs_manager.cc:696] Time spent creating directory manager: real 0.006s	user 0.006s	sys 0.001s
I20260709 13:06:06.590850 23467 log_block_manager.cc:4127] Time spent loading block containers with low live blocks: real 0.000s	user 0.000s	sys 0.000s
I20260709 13:06:06.591668 23370 fs_manager.cc:730] Time spent opening block manager: real 0.003s	user 0.003s	sys 0.002s
I20260709 13:06:06.592008 23370 fs_manager.cc:647] Opened local filesystem: /tmp/dist-test-taskSmAJWO/test-tmp/auto_leader_rebalancer-test.0.LeaderRebalancerTest.FunctionalTestForDivided.1783602364869514-23370-0/minicluster-data/ts-0-root
uuid: "c2e543ff42f84d62b870cc88da13d20e"
format_stamp: "Formatted at 2026-07-09 13:06:06 on dist-test-slave-nmpn"
I20260709 13:06:06.592389 23370 fs_report.cc:389] FS layout report
--------------------
wal directory: /tmp/dist-test-taskSmAJWO/test-tmp/auto_leader_rebalancer-test.0.LeaderRebalancerTest.FunctionalTestForDivided.1783602364869514-23370-0/minicluster-data/ts-0-root
metadata directory: /tmp/dist-test-taskSmAJWO/test-tmp/auto_leader_rebalancer-test.0.LeaderRebalancerTest.FunctionalTestForDivided.1783602364869514-23370-0/minicluster-data/ts-0-root
1 data directories: /tmp/dist-test-taskSmAJWO/test-tmp/auto_leader_rebalancer-test.0.LeaderRebalancerTest.FunctionalTestForDivided.1783602364869514-23370-0/minicluster-data/ts-0-root/data
Total live blocks: 0
Total live bytes: 0
Total live bytes (after alignment): 0
Total number of LBM containers: 0 (0 full)
Did not check for missing blocks
Did not check for orphaned blocks
Total full LBM containers with extra space: 0 (0 repaired)
Total full LBM container extra space in bytes: 0 (0 repaired)
Total incomplete LBM containers: 0 (0 repaired)
Total LBM partial records: 0 (0 repaired)
Total corrupted LBM metadata records in RocksDB: 0 (0 repaired)
I20260709 13:06:06.640841 23370 rpc_server.cc:225] running with OpenSSL 1.1.1  11 Sep 2018
I20260709 13:06:06.642606 23370 kserver.cc:163] Server-wide thread pool size limit: 3276
I20260709 13:06:06.645301 23370 txn_system_client.cc:432] TxnSystemClient initialization is disabled...
I20260709 13:06:06.650614 23370 ts_tablet_manager.cc:585] Loaded tablet metadata (0 total tablets, 0 live tablets)
I20260709 13:06:06.650913 23370 ts_tablet_manager.cc:531] Time spent load tablet metadata: real 0.000s	user 0.000s	sys 0.000s
I20260709 13:06:06.651221 23370 ts_tablet_manager.cc:616] Registered 0 tablets
I20260709 13:06:06.651444 23370 ts_tablet_manager.cc:595] Time spent register tablets: real 0.000s	user 0.000s	sys 0.000s
I20260709 13:06:06.738754 23370 rpc_server.cc:307] RPC server started. Bound to: 127.22.210.129:39475
I20260709 13:06:06.738806 23529 acceptor_pool.cc:272] collecting diagnostics on the listening RPC socket 127.22.210.129:39475 every 8 connection(s)
I20260709 13:06:06.746520 23370 file_cache.cc:504] Constructed file cache file cache with capacity 419430
W20260709 13:06:06.756685 23534 instance_detector.cc:116] could not retrieve AWS instance metadata: Network error: curl error: HTTP response code said error: The requested URL returned error: 404
W20260709 13:06:06.758396 23535 instance_detector.cc:116] could not retrieve Azure instance metadata: Network error: curl error: HTTP response code said error: The requested URL returned error: 404
W20260709 13:06:06.763270 23537 instance_detector.cc:116] could not retrieve OpenStack instance metadata: Network error: curl error: HTTP response code said error: The requested URL returned error: 404
I20260709 13:06:06.766511 23370 server_base.cc:1061] running on GCE node
I20260709 13:06:06.767669 23370 hybrid_clock.cc:584] initializing the hybrid clock with 'system_unsync' time source
W20260709 13:06:06.767944 23370 system_unsync_time.cc:38] NTP support is disabled. Clock error bounds will not be accurate. This configuration is not suitable for distributed clusters.
I20260709 13:06:06.768151 23370 hybrid_clock.cc:648] HybridClock initialized: now 1783602366768134 us; error 0 us; skew 500 ppm
I20260709 13:06:06.768913 23370 server_base.cc:861] Flag tcmalloc_max_total_thread_cache_bytes is not working since tcmalloc is not enabled.
I20260709 13:06:06.771214 23530 heartbeater.cc:344] Connected to a master server at 127.22.210.190:42933
I20260709 13:06:06.771749 23530 heartbeater.cc:461] Registering TS with master...
I20260709 13:06:06.772450 23370 webserver.cc:533] Webserver started at http://127.22.210.130:46283/ using document root <none> and password file <none>
I20260709 13:06:06.772964 23530 heartbeater.cc:507] Master 127.22.210.190:42933 requested a full tablet report, sending...
I20260709 13:06:06.773157 23370 fs_manager.cc:362] Metadata directory not provided
I20260709 13:06:06.773408 23370 fs_manager.cc:368] Using write-ahead log directory (fs_wal_dir) as metadata directory
I20260709 13:06:06.773728 23370 server_base.cc:909] This appears to be a new deployment of Kudu; creating new FS layout
I20260709 13:06:06.775106 23370 fs_manager.cc:1068] Generated new instance metadata in path /tmp/dist-test-taskSmAJWO/test-tmp/auto_leader_rebalancer-test.0.LeaderRebalancerTest.FunctionalTestForDivided.1783602364869514-23370-0/minicluster-data/ts-1-root/instance:
uuid: "9cc2ea6a686d412e9c52af69f3369419"
format_stamp: "Formatted at 2026-07-09 13:06:06 on dist-test-slave-nmpn"
I20260709 13:06:06.776587 23402 ts_manager.cc:194] Registered new tserver with Master: c2e543ff42f84d62b870cc88da13d20e (127.22.210.129:39475)
I20260709 13:06:06.779682 23402 master_service.cc:502] Signed X509 certificate for tserver {username='slave'} at 127.0.0.1:56438
I20260709 13:06:06.781471 23370 fs_manager.cc:696] Time spent creating directory manager: real 0.006s	user 0.006s	sys 0.001s
I20260709 13:06:06.785719 23542 log_block_manager.cc:4127] Time spent loading block containers with low live blocks: real 0.000s	user 0.000s	sys 0.000s
I20260709 13:06:06.786556 23370 fs_manager.cc:730] Time spent opening block manager: real 0.003s	user 0.003s	sys 0.000s
I20260709 13:06:06.786821 23370 fs_manager.cc:647] Opened local filesystem: /tmp/dist-test-taskSmAJWO/test-tmp/auto_leader_rebalancer-test.0.LeaderRebalancerTest.FunctionalTestForDivided.1783602364869514-23370-0/minicluster-data/ts-1-root
uuid: "9cc2ea6a686d412e9c52af69f3369419"
format_stamp: "Formatted at 2026-07-09 13:06:06 on dist-test-slave-nmpn"
I20260709 13:06:06.787086 23370 fs_report.cc:389] FS layout report
--------------------
wal directory: /tmp/dist-test-taskSmAJWO/test-tmp/auto_leader_rebalancer-test.0.LeaderRebalancerTest.FunctionalTestForDivided.1783602364869514-23370-0/minicluster-data/ts-1-root
metadata directory: /tmp/dist-test-taskSmAJWO/test-tmp/auto_leader_rebalancer-test.0.LeaderRebalancerTest.FunctionalTestForDivided.1783602364869514-23370-0/minicluster-data/ts-1-root
1 data directories: /tmp/dist-test-taskSmAJWO/test-tmp/auto_leader_rebalancer-test.0.LeaderRebalancerTest.FunctionalTestForDivided.1783602364869514-23370-0/minicluster-data/ts-1-root/data
Total live blocks: 0
Total live bytes: 0
Total live bytes (after alignment): 0
Total number of LBM containers: 0 (0 full)
Did not check for missing blocks
Did not check for orphaned blocks
Total full LBM containers with extra space: 0 (0 repaired)
Total full LBM container extra space in bytes: 0 (0 repaired)
Total incomplete LBM containers: 0 (0 repaired)
Total LBM partial records: 0 (0 repaired)
Total corrupted LBM metadata records in RocksDB: 0 (0 repaired)
I20260709 13:06:06.809655 23370 rpc_server.cc:225] running with OpenSSL 1.1.1  11 Sep 2018
I20260709 13:06:06.811028 23370 kserver.cc:163] Server-wide thread pool size limit: 3276
I20260709 13:06:06.813107 23370 txn_system_client.cc:432] TxnSystemClient initialization is disabled...
I20260709 13:06:06.815901 23370 ts_tablet_manager.cc:585] Loaded tablet metadata (0 total tablets, 0 live tablets)
I20260709 13:06:06.816093 23370 ts_tablet_manager.cc:531] Time spent load tablet metadata: real 0.000s	user 0.000s	sys 0.000s
I20260709 13:06:06.816321 23370 ts_tablet_manager.cc:616] Registered 0 tablets
I20260709 13:06:06.816475 23370 ts_tablet_manager.cc:595] Time spent register tablets: real 0.000s	user 0.000s	sys 0.000s
I20260709 13:06:06.898870 23370 rpc_server.cc:307] RPC server started. Bound to: 127.22.210.130:39271
I20260709 13:06:06.899178 23604 acceptor_pool.cc:272] collecting diagnostics on the listening RPC socket 127.22.210.130:39271 every 8 connection(s)
I20260709 13:06:06.904712 23370 file_cache.cc:504] Constructed file cache file cache with capacity 419430
W20260709 13:06:06.911428 23608 instance_detector.cc:116] could not retrieve AWS instance metadata: Network error: curl error: HTTP response code said error: The requested URL returned error: 404
I20260709 13:06:06.919728 23605 heartbeater.cc:344] Connected to a master server at 127.22.210.190:42933
I20260709 13:06:06.920138 23605 heartbeater.cc:461] Registering TS with master...
I20260709 13:06:06.921176 23605 heartbeater.cc:507] Master 127.22.210.190:42933 requested a full tablet report, sending...
W20260709 13:06:06.923259 23609 instance_detector.cc:116] could not retrieve Azure instance metadata: Network error: curl error: HTTP response code said error: The requested URL returned error: 404
I20260709 13:06:06.923565 23402 ts_manager.cc:194] Registered new tserver with Master: 9cc2ea6a686d412e9c52af69f3369419 (127.22.210.130:39271)
W20260709 13:06:06.923784 23611 instance_detector.cc:116] could not retrieve OpenStack instance metadata: Network error: curl error: HTTP response code said error: The requested URL returned error: 404
I20260709 13:06:06.924646 23370 server_base.cc:1061] running on GCE node
I20260709 13:06:06.925396 23402 master_service.cc:502] Signed X509 certificate for tserver {username='slave'} at 127.0.0.1:56444
I20260709 13:06:06.925701 23370 hybrid_clock.cc:584] initializing the hybrid clock with 'system_unsync' time source
W20260709 13:06:06.925935 23370 system_unsync_time.cc:38] NTP support is disabled. Clock error bounds will not be accurate. This configuration is not suitable for distributed clusters.
I20260709 13:06:06.926162 23370 hybrid_clock.cc:648] HybridClock initialized: now 1783602366926133 us; error 0 us; skew 500 ppm
I20260709 13:06:06.926906 23370 server_base.cc:861] Flag tcmalloc_max_total_thread_cache_bytes is not working since tcmalloc is not enabled.
I20260709 13:06:06.929479 23370 webserver.cc:533] Webserver started at http://127.22.210.131:40717/ using document root <none> and password file <none>
I20260709 13:06:06.929981 23370 fs_manager.cc:362] Metadata directory not provided
I20260709 13:06:06.930173 23370 fs_manager.cc:368] Using write-ahead log directory (fs_wal_dir) as metadata directory
I20260709 13:06:06.930473 23370 server_base.cc:909] This appears to be a new deployment of Kudu; creating new FS layout
I20260709 13:06:06.931614 23370 fs_manager.cc:1068] Generated new instance metadata in path /tmp/dist-test-taskSmAJWO/test-tmp/auto_leader_rebalancer-test.0.LeaderRebalancerTest.FunctionalTestForDivided.1783602364869514-23370-0/minicluster-data/ts-2-root/instance:
uuid: "ff845d0555a347baa8676331e9a1433d"
format_stamp: "Formatted at 2026-07-09 13:06:06 on dist-test-slave-nmpn"
I20260709 13:06:06.936065 23370 fs_manager.cc:696] Time spent creating directory manager: real 0.004s	user 0.005s	sys 0.000s
I20260709 13:06:06.939283 23616 log_block_manager.cc:4127] Time spent loading block containers with low live blocks: real 0.000s	user 0.000s	sys 0.000s
I20260709 13:06:06.940101 23370 fs_manager.cc:730] Time spent opening block manager: real 0.002s	user 0.003s	sys 0.000s
I20260709 13:06:06.940358 23370 fs_manager.cc:647] Opened local filesystem: /tmp/dist-test-taskSmAJWO/test-tmp/auto_leader_rebalancer-test.0.LeaderRebalancerTest.FunctionalTestForDivided.1783602364869514-23370-0/minicluster-data/ts-2-root
uuid: "ff845d0555a347baa8676331e9a1433d"
format_stamp: "Formatted at 2026-07-09 13:06:06 on dist-test-slave-nmpn"
I20260709 13:06:06.940621 23370 fs_report.cc:389] FS layout report
--------------------
wal directory: /tmp/dist-test-taskSmAJWO/test-tmp/auto_leader_rebalancer-test.0.LeaderRebalancerTest.FunctionalTestForDivided.1783602364869514-23370-0/minicluster-data/ts-2-root
metadata directory: /tmp/dist-test-taskSmAJWO/test-tmp/auto_leader_rebalancer-test.0.LeaderRebalancerTest.FunctionalTestForDivided.1783602364869514-23370-0/minicluster-data/ts-2-root
1 data directories: /tmp/dist-test-taskSmAJWO/test-tmp/auto_leader_rebalancer-test.0.LeaderRebalancerTest.FunctionalTestForDivided.1783602364869514-23370-0/minicluster-data/ts-2-root/data
Total live blocks: 0
Total live bytes: 0
Total live bytes (after alignment): 0
Total number of LBM containers: 0 (0 full)
Did not check for missing blocks
Did not check for orphaned blocks
Total full LBM containers with extra space: 0 (0 repaired)
Total full LBM container extra space in bytes: 0 (0 repaired)
Total incomplete LBM containers: 0 (0 repaired)
Total LBM partial records: 0 (0 repaired)
Total corrupted LBM metadata records in RocksDB: 0 (0 repaired)
I20260709 13:06:06.957322 23370 rpc_server.cc:225] running with OpenSSL 1.1.1  11 Sep 2018
I20260709 13:06:06.958567 23370 kserver.cc:163] Server-wide thread pool size limit: 3276
I20260709 13:06:06.960819 23370 txn_system_client.cc:432] TxnSystemClient initialization is disabled...
I20260709 13:06:06.963692 23370 ts_tablet_manager.cc:585] Loaded tablet metadata (0 total tablets, 0 live tablets)
I20260709 13:06:06.963889 23370 ts_tablet_manager.cc:531] Time spent load tablet metadata: real 0.000s	user 0.000s	sys 0.000s
I20260709 13:06:06.964133 23370 ts_tablet_manager.cc:616] Registered 0 tablets
I20260709 13:06:06.964272 23370 ts_tablet_manager.cc:595] Time spent register tablets: real 0.000s	user 0.000s	sys 0.000s
I20260709 13:06:07.049647 23370 rpc_server.cc:307] RPC server started. Bound to: 127.22.210.131:34345
I20260709 13:06:07.050139 23678 acceptor_pool.cc:272] collecting diagnostics on the listening RPC socket 127.22.210.131:34345 every 8 connection(s)
I20260709 13:06:07.066067 23679 heartbeater.cc:344] Connected to a master server at 127.22.210.190:42933
I20260709 13:06:07.066458 23679 heartbeater.cc:461] Registering TS with master...
I20260709 13:06:07.067216 23679 heartbeater.cc:507] Master 127.22.210.190:42933 requested a full tablet report, sending...
I20260709 13:06:07.069062 23402 ts_manager.cc:194] Registered new tserver with Master: ff845d0555a347baa8676331e9a1433d (127.22.210.131:34345)
I20260709 13:06:07.069960 23370 internal_mini_cluster.cc:371] 3 TS(s) registered with all masters after 0.015642549s
I20260709 13:06:07.070331 23402 master_service.cc:502] Signed X509 certificate for tserver {username='slave'} at 127.0.0.1:56454
I20260709 13:06:07.120631 23402 catalog_manager.cc:2283] Servicing CreateTable request from {username='slave'} at 127.0.0.1:56464:
name: "test-workload"
schema {
  columns {
    name: "key"
    type: INT32
    is_key: true
    is_nullable: false
    encoding: AUTO_ENCODING
    compression: DEFAULT_COMPRESSION
    cfile_block_size: 0
    immutable: false
  }
  columns {
    name: "int_val"
    type: INT32
    is_key: false
    is_nullable: false
    encoding: AUTO_ENCODING
    compression: DEFAULT_COMPRESSION
    cfile_block_size: 0
    immutable: false
  }
  columns {
    name: "string_val"
    type: STRING
    is_key: false
    is_nullable: true
    encoding: AUTO_ENCODING
    compression: DEFAULT_COMPRESSION
    cfile_block_size: 0
    immutable: false
  }
}
num_replicas: 3
split_rows_range_bounds {
  rows: "\004\001\000\216\3438\016\004\001\000\034\307q\034\004\001\000\252\252\252*\004\001\0008\216\3438\004\001\000\306q\034G\004\001\000TUUU\004\001\000\3428\216c\004\001\000p\034\307q""\004\001\000\216\3438\016\004\001\000\034\307q\034\004\001\000\252\252\252*\004\001\0008\216\3438\004\001\000\306q\034G\004\001\000TUUU\004\001\000\3428\216c\004\001\000p\034\307q"
  indirect_data: """"
}
partition_schema {
  range_schema {
    columns {
      name: "key"
    }
  }
}
W20260709 13:06:07.124102 23402 catalog_manager.cc:7077] The number of live tablet servers is not enough to re-replicate a tablet replica of the newly created table test-workload in case of a server failure: 4 tablet servers would be needed, 3 are available. Consider bringing up more tablet servers.
I20260709 13:06:07.214668 23495 tablet_service.cc:1511] Processing CreateTablet for tablet ce23ef0459684d608f51b6671d596e49 (DEFAULT_TABLE table=test-workload [id=946b469156de426883387ee74dc33c35]), partition=RANGE (key) PARTITION VALUES < 238609294
I20260709 13:06:07.219139 23493 tablet_service.cc:1511] Processing CreateTablet for tablet 3c8fb9fa17cd45f49174bc77006a745e (DEFAULT_TABLE table=test-workload [id=946b469156de426883387ee74dc33c35]), partition=RANGE (key) PARTITION 477218588 <= VALUES < 715827882
I20260709 13:06:07.218014 23494 tablet_service.cc:1511] Processing CreateTablet for tablet 19c553ce93a64297b764ecaccb3ddbe2 (DEFAULT_TABLE table=test-workload [id=946b469156de426883387ee74dc33c35]), partition=RANGE (key) PARTITION 238609294 <= VALUES < 477218588
I20260709 13:06:07.219129 23492 tablet_service.cc:1511] Processing CreateTablet for tablet 5bf2c0671dd641e88e6f5ff82955d4ee (DEFAULT_TABLE table=test-workload [id=946b469156de426883387ee74dc33c35]), partition=RANGE (key) PARTITION 715827882 <= VALUES < 954437176
I20260709 13:06:07.221961 23495 data_dirs.cc:400] Could only allocate 1 dirs of requested 3 for tablet ce23ef0459684d608f51b6671d596e49. 1 dirs total, 0 dirs full, 0 dirs failed
I20260709 13:06:07.225780 23491 tablet_service.cc:1511] Processing CreateTablet for tablet 8745182b3b594fd09e9ef2e75e3cc658 (DEFAULT_TABLE table=test-workload [id=946b469156de426883387ee74dc33c35]), partition=RANGE (key) PARTITION 954437176 <= VALUES < 1193046470
I20260709 13:06:07.225462 23492 data_dirs.cc:400] Could only allocate 1 dirs of requested 3 for tablet 5bf2c0671dd641e88e6f5ff82955d4ee. 1 dirs total, 0 dirs full, 0 dirs failed
I20260709 13:06:07.228428 23493 data_dirs.cc:400] Could only allocate 1 dirs of requested 3 for tablet 3c8fb9fa17cd45f49174bc77006a745e. 1 dirs total, 0 dirs full, 0 dirs failed
I20260709 13:06:07.229714 23491 data_dirs.cc:400] Could only allocate 1 dirs of requested 3 for tablet 8745182b3b594fd09e9ef2e75e3cc658. 1 dirs total, 0 dirs full, 0 dirs failed
I20260709 13:06:07.231556 23494 data_dirs.cc:400] Could only allocate 1 dirs of requested 3 for tablet 19c553ce93a64297b764ecaccb3ddbe2. 1 dirs total, 0 dirs full, 0 dirs failed
I20260709 13:06:07.233841 23490 tablet_service.cc:1511] Processing CreateTablet for tablet a9eda847ef684cec8cb604c20b236af2 (DEFAULT_TABLE table=test-workload [id=946b469156de426883387ee74dc33c35]), partition=RANGE (key) PARTITION 1193046470 <= VALUES < 1431655764
I20260709 13:06:07.235733 23490 data_dirs.cc:400] Could only allocate 1 dirs of requested 3 for tablet a9eda847ef684cec8cb604c20b236af2. 1 dirs total, 0 dirs full, 0 dirs failed
I20260709 13:06:07.247428 23489 tablet_service.cc:1511] Processing CreateTablet for tablet 77cea879a6da46b89d9e307287a1d62a (DEFAULT_TABLE table=test-workload [id=946b469156de426883387ee74dc33c35]), partition=RANGE (key) PARTITION 1431655764 <= VALUES < 1670265058
I20260709 13:06:07.250442 23489 data_dirs.cc:400] Could only allocate 1 dirs of requested 3 for tablet 77cea879a6da46b89d9e307287a1d62a. 1 dirs total, 0 dirs full, 0 dirs failed
I20260709 13:06:07.259143 23488 tablet_service.cc:1511] Processing CreateTablet for tablet 0121c5efe73b4c5ca7a11f928983d3be (DEFAULT_TABLE table=test-workload [id=946b469156de426883387ee74dc33c35]), partition=RANGE (key) PARTITION 1670265058 <= VALUES < 1908874352
I20260709 13:06:07.262615 23488 data_dirs.cc:400] Could only allocate 1 dirs of requested 3 for tablet 0121c5efe73b4c5ca7a11f928983d3be. 1 dirs total, 0 dirs full, 0 dirs failed
I20260709 13:06:07.284442 23569 tablet_service.cc:1511] Processing CreateTablet for tablet 19c553ce93a64297b764ecaccb3ddbe2 (DEFAULT_TABLE table=test-workload [id=946b469156de426883387ee74dc33c35]), partition=RANGE (key) PARTITION 238609294 <= VALUES < 477218588
I20260709 13:06:07.293196 23564 tablet_service.cc:1511] Processing CreateTablet for tablet 77cea879a6da46b89d9e307287a1d62a (DEFAULT_TABLE table=test-workload [id=946b469156de426883387ee74dc33c35]), partition=RANGE (key) PARTITION 1431655764 <= VALUES < 1670265058
I20260709 13:06:07.288280 23567 tablet_service.cc:1511] Processing CreateTablet for tablet 5bf2c0671dd641e88e6f5ff82955d4ee (DEFAULT_TABLE table=test-workload [id=946b469156de426883387ee74dc33c35]), partition=RANGE (key) PARTITION 715827882 <= VALUES < 954437176
I20260709 13:06:07.296682 23569 data_dirs.cc:400] Could only allocate 1 dirs of requested 3 for tablet 19c553ce93a64297b764ecaccb3ddbe2. 1 dirs total, 0 dirs full, 0 dirs failed
I20260709 13:06:07.298981 23563 tablet_service.cc:1511] Processing CreateTablet for tablet 0121c5efe73b4c5ca7a11f928983d3be (DEFAULT_TABLE table=test-workload [id=946b469156de426883387ee74dc33c35]), partition=RANGE (key) PARTITION 1670265058 <= VALUES < 1908874352
I20260709 13:06:07.293131 23570 tablet_service.cc:1511] Processing CreateTablet for tablet ce23ef0459684d608f51b6671d596e49 (DEFAULT_TABLE table=test-workload [id=946b469156de426883387ee74dc33c35]), partition=RANGE (key) PARTITION VALUES < 238609294
I20260709 13:06:07.290314 23565 tablet_service.cc:1511] Processing CreateTablet for tablet a9eda847ef684cec8cb604c20b236af2 (DEFAULT_TABLE table=test-workload [id=946b469156de426883387ee74dc33c35]), partition=RANGE (key) PARTITION 1193046470 <= VALUES < 1431655764
I20260709 13:06:07.297091 23568 tablet_service.cc:1511] Processing CreateTablet for tablet 3c8fb9fa17cd45f49174bc77006a745e (DEFAULT_TABLE table=test-workload [id=946b469156de426883387ee74dc33c35]), partition=RANGE (key) PARTITION 477218588 <= VALUES < 715827882
I20260709 13:06:07.290705 23566 tablet_service.cc:1511] Processing CreateTablet for tablet 8745182b3b594fd09e9ef2e75e3cc658 (DEFAULT_TABLE table=test-workload [id=946b469156de426883387ee74dc33c35]), partition=RANGE (key) PARTITION 954437176 <= VALUES < 1193046470
I20260709 13:06:07.308852 23564 data_dirs.cc:400] Could only allocate 1 dirs of requested 3 for tablet 77cea879a6da46b89d9e307287a1d62a. 1 dirs total, 0 dirs full, 0 dirs failed
I20260709 13:06:07.312290 23566 data_dirs.cc:400] Could only allocate 1 dirs of requested 3 for tablet 8745182b3b594fd09e9ef2e75e3cc658. 1 dirs total, 0 dirs full, 0 dirs failed
I20260709 13:06:07.317953 23563 data_dirs.cc:400] Could only allocate 1 dirs of requested 3 for tablet 0121c5efe73b4c5ca7a11f928983d3be. 1 dirs total, 0 dirs full, 0 dirs failed
I20260709 13:06:07.327826 23642 tablet_service.cc:1511] Processing CreateTablet for tablet 3c8fb9fa17cd45f49174bc77006a745e (DEFAULT_TABLE table=test-workload [id=946b469156de426883387ee74dc33c35]), partition=RANGE (key) PARTITION 477218588 <= VALUES < 715827882
I20260709 13:06:07.329200 23642 data_dirs.cc:400] Could only allocate 1 dirs of requested 3 for tablet 3c8fb9fa17cd45f49174bc77006a745e. 1 dirs total, 0 dirs full, 0 dirs failed
I20260709 13:06:07.335023 23641 tablet_service.cc:1511] Processing CreateTablet for tablet 5bf2c0671dd641e88e6f5ff82955d4ee (DEFAULT_TABLE table=test-workload [id=946b469156de426883387ee74dc33c35]), partition=RANGE (key) PARTITION 715827882 <= VALUES < 954437176
I20260709 13:06:07.336393 23641 data_dirs.cc:400] Could only allocate 1 dirs of requested 3 for tablet 5bf2c0671dd641e88e6f5ff82955d4ee. 1 dirs total, 0 dirs full, 0 dirs failed
I20260709 13:06:07.325826 23567 data_dirs.cc:400] Could only allocate 1 dirs of requested 3 for tablet 5bf2c0671dd641e88e6f5ff82955d4ee. 1 dirs total, 0 dirs full, 0 dirs failed
I20260709 13:06:07.363716 23570 data_dirs.cc:400] Could only allocate 1 dirs of requested 3 for tablet ce23ef0459684d608f51b6671d596e49. 1 dirs total, 0 dirs full, 0 dirs failed
I20260709 13:06:07.366860 23643 tablet_service.cc:1511] Processing CreateTablet for tablet 19c553ce93a64297b764ecaccb3ddbe2 (DEFAULT_TABLE table=test-workload [id=946b469156de426883387ee74dc33c35]), partition=RANGE (key) PARTITION 238609294 <= VALUES < 477218588
I20260709 13:06:07.355782 23644 tablet_service.cc:1511] Processing CreateTablet for tablet ce23ef0459684d608f51b6671d596e49 (DEFAULT_TABLE table=test-workload [id=946b469156de426883387ee74dc33c35]), partition=RANGE (key) PARTITION VALUES < 238609294
I20260709 13:06:07.366875 23640 tablet_service.cc:1511] Processing CreateTablet for tablet 8745182b3b594fd09e9ef2e75e3cc658 (DEFAULT_TABLE table=test-workload [id=946b469156de426883387ee74dc33c35]), partition=RANGE (key) PARTITION 954437176 <= VALUES < 1193046470
I20260709 13:06:07.372424 23487 tablet_service.cc:1511] Processing CreateTablet for tablet 66fb59c1c79c4c50bebf6d6dd23b5ae9 (DEFAULT_TABLE table=test-workload [id=946b469156de426883387ee74dc33c35]), partition=RANGE (key) PARTITION 1908874352 <= VALUES
I20260709 13:06:07.374845 23639 tablet_service.cc:1511] Processing CreateTablet for tablet a9eda847ef684cec8cb604c20b236af2 (DEFAULT_TABLE table=test-workload [id=946b469156de426883387ee74dc33c35]), partition=RANGE (key) PARTITION 1193046470 <= VALUES < 1431655764
I20260709 13:06:07.373811 23565 data_dirs.cc:400] Could only allocate 1 dirs of requested 3 for tablet a9eda847ef684cec8cb604c20b236af2. 1 dirs total, 0 dirs full, 0 dirs failed
I20260709 13:06:07.375005 23643 data_dirs.cc:400] Could only allocate 1 dirs of requested 3 for tablet 19c553ce93a64297b764ecaccb3ddbe2. 1 dirs total, 0 dirs full, 0 dirs failed
I20260709 13:06:07.368618 23638 tablet_service.cc:1511] Processing CreateTablet for tablet 77cea879a6da46b89d9e307287a1d62a (DEFAULT_TABLE table=test-workload [id=946b469156de426883387ee74dc33c35]), partition=RANGE (key) PARTITION 1431655764 <= VALUES < 1670265058
I20260709 13:06:07.394246 23639 data_dirs.cc:400] Could only allocate 1 dirs of requested 3 for tablet a9eda847ef684cec8cb604c20b236af2. 1 dirs total, 0 dirs full, 0 dirs failed
I20260709 13:06:07.396811 23697 tablet_bootstrap.cc:492] T 0121c5efe73b4c5ca7a11f928983d3be P c2e543ff42f84d62b870cc88da13d20e: Bootstrap starting.
I20260709 13:06:07.400454 23644 data_dirs.cc:400] Could only allocate 1 dirs of requested 3 for tablet ce23ef0459684d608f51b6671d596e49. 1 dirs total, 0 dirs full, 0 dirs failed
I20260709 13:06:07.401476 23698 tablet_bootstrap.cc:492] T 5bf2c0671dd641e88e6f5ff82955d4ee P ff845d0555a347baa8676331e9a1433d: Bootstrap starting.
I20260709 13:06:07.400990 23562 tablet_service.cc:1511] Processing CreateTablet for tablet 66fb59c1c79c4c50bebf6d6dd23b5ae9 (DEFAULT_TABLE table=test-workload [id=946b469156de426883387ee74dc33c35]), partition=RANGE (key) PARTITION 1908874352 <= VALUES
I20260709 13:06:07.402388 23487 data_dirs.cc:400] Could only allocate 1 dirs of requested 3 for tablet 66fb59c1c79c4c50bebf6d6dd23b5ae9. 1 dirs total, 0 dirs full, 0 dirs failed
I20260709 13:06:07.401270 23642 tablet_service.cc:1511] Processing CreateTablet for tablet 0121c5efe73b4c5ca7a11f928983d3be (DEFAULT_TABLE table=test-workload [id=946b469156de426883387ee74dc33c35]), partition=RANGE (key) PARTITION 1670265058 <= VALUES < 1908874352
I20260709 13:06:07.413049 23638 data_dirs.cc:400] Could only allocate 1 dirs of requested 3 for tablet 77cea879a6da46b89d9e307287a1d62a. 1 dirs total, 0 dirs full, 0 dirs failed
I20260709 13:06:07.407953 23568 data_dirs.cc:400] Could only allocate 1 dirs of requested 3 for tablet 3c8fb9fa17cd45f49174bc77006a745e. 1 dirs total, 0 dirs full, 0 dirs failed
I20260709 13:06:07.415673 23640 data_dirs.cc:400] Could only allocate 1 dirs of requested 3 for tablet 8745182b3b594fd09e9ef2e75e3cc658. 1 dirs total, 0 dirs full, 0 dirs failed
I20260709 13:06:07.410813 23641 tablet_service.cc:1511] Processing CreateTablet for tablet 66fb59c1c79c4c50bebf6d6dd23b5ae9 (DEFAULT_TABLE table=test-workload [id=946b469156de426883387ee74dc33c35]), partition=RANGE (key) PARTITION 1908874352 <= VALUES
W20260709 13:06:07.421823 23449 auto_rebalancer.cc:288] Could not retrieve cluster info: Service unavailable: Tablet not running
I20260709 13:06:07.426918 23562 data_dirs.cc:400] Could only allocate 1 dirs of requested 3 for tablet 66fb59c1c79c4c50bebf6d6dd23b5ae9. 1 dirs total, 0 dirs full, 0 dirs failed
I20260709 13:06:07.431954 23642 data_dirs.cc:400] Could only allocate 1 dirs of requested 3 for tablet 0121c5efe73b4c5ca7a11f928983d3be. 1 dirs total, 0 dirs full, 0 dirs failed
I20260709 13:06:07.440064 23641 data_dirs.cc:400] Could only allocate 1 dirs of requested 3 for tablet 66fb59c1c79c4c50bebf6d6dd23b5ae9. 1 dirs total, 0 dirs full, 0 dirs failed
I20260709 13:06:07.477403 23697 tablet_bootstrap.cc:654] T 0121c5efe73b4c5ca7a11f928983d3be P c2e543ff42f84d62b870cc88da13d20e: Neither blocks nor log segments found. Creating new log.
I20260709 13:06:07.484604 23699 tablet_bootstrap.cc:492] T 77cea879a6da46b89d9e307287a1d62a P 9cc2ea6a686d412e9c52af69f3369419: Bootstrap starting.
I20260709 13:06:07.500874 23698 tablet_bootstrap.cc:654] T 5bf2c0671dd641e88e6f5ff82955d4ee P ff845d0555a347baa8676331e9a1433d: Neither blocks nor log segments found. Creating new log.
I20260709 13:06:07.522377 23697 tablet_bootstrap.cc:492] T 0121c5efe73b4c5ca7a11f928983d3be P c2e543ff42f84d62b870cc88da13d20e: No bootstrap required, opened a new log
I20260709 13:06:07.522867 23697 ts_tablet_manager.cc:1403] T 0121c5efe73b4c5ca7a11f928983d3be P c2e543ff42f84d62b870cc88da13d20e: Time spent bootstrapping tablet: real 0.128s	user 0.016s	sys 0.002s
I20260709 13:06:07.528026 23697 raft_consensus.cc:359] T 0121c5efe73b4c5ca7a11f928983d3be P c2e543ff42f84d62b870cc88da13d20e [term 0 FOLLOWER]: Replica starting. Triggering 0 pending ops. Active config: opid_index: -1 OBSOLETE_local: false peers { permanent_uuid: "c2e543ff42f84d62b870cc88da13d20e" member_type: VOTER last_known_addr { host: "127.22.210.129" port: 39475 } } peers { permanent_uuid: "9cc2ea6a686d412e9c52af69f3369419" member_type: VOTER last_known_addr { host: "127.22.210.130" port: 39271 } } peers { permanent_uuid: "ff845d0555a347baa8676331e9a1433d" member_type: VOTER last_known_addr { host: "127.22.210.131" port: 34345 } }
I20260709 13:06:07.529593 23697 raft_consensus.cc:385] T 0121c5efe73b4c5ca7a11f928983d3be P c2e543ff42f84d62b870cc88da13d20e [term 0 FOLLOWER]: Consensus starting up: Expiring failure detector timer to make a prompt election more likely
I20260709 13:06:07.530409 23697 raft_consensus.cc:740] T 0121c5efe73b4c5ca7a11f928983d3be P c2e543ff42f84d62b870cc88da13d20e [term 0 FOLLOWER]: Becoming Follower/Learner. State: Replica: c2e543ff42f84d62b870cc88da13d20e, State: Initialized, Role: FOLLOWER
I20260709 13:06:07.533063 23697 consensus_queue.cc:260] T 0121c5efe73b4c5ca7a11f928983d3be P c2e543ff42f84d62b870cc88da13d20e [NON_LEADER]: Queue going to NON_LEADER mode. State: All replicated index: 0, Majority replicated index: 0, Committed index: 0, Last appended: 0.0, Last appended by leader: 0, Current term: 0, Majority size: -1, State: 0, Mode: NON_LEADER, active raft config: opid_index: -1 OBSOLETE_local: false peers { permanent_uuid: "c2e543ff42f84d62b870cc88da13d20e" member_type: VOTER last_known_addr { host: "127.22.210.129" port: 39475 } } peers { permanent_uuid: "9cc2ea6a686d412e9c52af69f3369419" member_type: VOTER last_known_addr { host: "127.22.210.130" port: 39271 } } peers { permanent_uuid: "ff845d0555a347baa8676331e9a1433d" member_type: VOTER last_known_addr { host: "127.22.210.131" port: 34345 } }
I20260709 13:06:07.535882 23699 tablet_bootstrap.cc:654] T 77cea879a6da46b89d9e307287a1d62a P 9cc2ea6a686d412e9c52af69f3369419: Neither blocks nor log segments found. Creating new log.
I20260709 13:06:07.551347 23699 tablet_bootstrap.cc:492] T 77cea879a6da46b89d9e307287a1d62a P 9cc2ea6a686d412e9c52af69f3369419: No bootstrap required, opened a new log
I20260709 13:06:07.551791 23699 ts_tablet_manager.cc:1403] T 77cea879a6da46b89d9e307287a1d62a P 9cc2ea6a686d412e9c52af69f3369419: Time spent bootstrapping tablet: real 0.068s	user 0.010s	sys 0.004s
I20260709 13:06:07.554739 23697 ts_tablet_manager.cc:1434] T 0121c5efe73b4c5ca7a11f928983d3be P c2e543ff42f84d62b870cc88da13d20e: Time spent starting tablet: real 0.032s	user 0.015s	sys 0.008s
I20260709 13:06:07.554841 23698 tablet_bootstrap.cc:492] T 5bf2c0671dd641e88e6f5ff82955d4ee P ff845d0555a347baa8676331e9a1433d: No bootstrap required, opened a new log
I20260709 13:06:07.555543 23698 ts_tablet_manager.cc:1403] T 5bf2c0671dd641e88e6f5ff82955d4ee P ff845d0555a347baa8676331e9a1433d: Time spent bootstrapping tablet: real 0.158s	user 0.011s	sys 0.012s
I20260709 13:06:07.556573 23530 heartbeater.cc:499] Master 127.22.210.190:42933 was elected leader, sending a full tablet report...
I20260709 13:06:07.556869 23697 tablet_bootstrap.cc:492] T 8745182b3b594fd09e9ef2e75e3cc658 P c2e543ff42f84d62b870cc88da13d20e: Bootstrap starting.
I20260709 13:06:07.559834 23699 raft_consensus.cc:359] T 77cea879a6da46b89d9e307287a1d62a P 9cc2ea6a686d412e9c52af69f3369419 [term 0 FOLLOWER]: Replica starting. Triggering 0 pending ops. Active config: opid_index: -1 OBSOLETE_local: false peers { permanent_uuid: "c2e543ff42f84d62b870cc88da13d20e" member_type: VOTER last_known_addr { host: "127.22.210.129" port: 39475 } } peers { permanent_uuid: "9cc2ea6a686d412e9c52af69f3369419" member_type: VOTER last_known_addr { host: "127.22.210.130" port: 39271 } } peers { permanent_uuid: "ff845d0555a347baa8676331e9a1433d" member_type: VOTER last_known_addr { host: "127.22.210.131" port: 34345 } }
I20260709 13:06:07.560871 23699 raft_consensus.cc:385] T 77cea879a6da46b89d9e307287a1d62a P 9cc2ea6a686d412e9c52af69f3369419 [term 0 FOLLOWER]: Consensus starting up: Expiring failure detector timer to make a prompt election more likely
I20260709 13:06:07.561300 23699 raft_consensus.cc:740] T 77cea879a6da46b89d9e307287a1d62a P 9cc2ea6a686d412e9c52af69f3369419 [term 0 FOLLOWER]: Becoming Follower/Learner. State: Replica: 9cc2ea6a686d412e9c52af69f3369419, State: Initialized, Role: FOLLOWER
I20260709 13:06:07.566550 23697 tablet_bootstrap.cc:654] T 8745182b3b594fd09e9ef2e75e3cc658 P c2e543ff42f84d62b870cc88da13d20e: Neither blocks nor log segments found. Creating new log.
I20260709 13:06:07.568840 23698 raft_consensus.cc:359] T 5bf2c0671dd641e88e6f5ff82955d4ee P ff845d0555a347baa8676331e9a1433d [term 0 FOLLOWER]: Replica starting. Triggering 0 pending ops. Active config: opid_index: -1 OBSOLETE_local: false peers { permanent_uuid: "c2e543ff42f84d62b870cc88da13d20e" member_type: VOTER last_known_addr { host: "127.22.210.129" port: 39475 } } peers { permanent_uuid: "9cc2ea6a686d412e9c52af69f3369419" member_type: VOTER last_known_addr { host: "127.22.210.130" port: 39271 } } peers { permanent_uuid: "ff845d0555a347baa8676331e9a1433d" member_type: VOTER last_known_addr { host: "127.22.210.131" port: 34345 } }
I20260709 13:06:07.570094 23698 raft_consensus.cc:385] T 5bf2c0671dd641e88e6f5ff82955d4ee P ff845d0555a347baa8676331e9a1433d [term 0 FOLLOWER]: Consensus starting up: Expiring failure detector timer to make a prompt election more likely
I20260709 13:06:07.570555 23698 raft_consensus.cc:740] T 5bf2c0671dd641e88e6f5ff82955d4ee P ff845d0555a347baa8676331e9a1433d [term 0 FOLLOWER]: Becoming Follower/Learner. State: Replica: ff845d0555a347baa8676331e9a1433d, State: Initialized, Role: FOLLOWER
