I20260709 13:06:30.110867 19213 raft_consensus.cc:515] T 8422aefe1bb14001bd56e60ee6597406 P 5bbf1af36ba943a68aaca8973a952a36 [term 1 FOLLOWER]: Starting leader election with config: opid_index: -1 OBSOLETE_local: false peers { permanent_uuid: "c5ab453784b54272b831ffbe6c42868f" member_type: VOTER last_known_addr { host: "127.17.112.1" port: 39057 } } peers { permanent_uuid: "c2cc73dab4754b6a8495e206d9e7b6fc" member_type: VOTER last_known_addr { host: "127.17.112.2" port: 44031 } } peers { permanent_uuid: "5bbf1af36ba943a68aaca8973a952a36" member_type: VOTER last_known_addr { host: "127.17.112.3" port: 46029 } }
I20260709 13:06:30.111919 19144 raft_consensus.cc:2468] T aea5e2325c154e44b1170a7669513af3 P 5bbf1af36ba943a68aaca8973a952a36 [term 1 FOLLOWER]: Leader election vote request: Granting yes vote for candidate c2cc73dab4754b6a8495e206d9e7b6fc in term 1.
I20260709 13:06:30.114791 19033 leader_election.cc:304] T aea5e2325c154e44b1170a7669513af3 P c2cc73dab4754b6a8495e206d9e7b6fc [CANDIDATE]: Term 1 election: Election decided. Result: candidate won. Election summary: received 3 responses out of 3 voters: 2 yes votes; 1 no votes. yes voters: 5bbf1af36ba943a68aaca8973a952a36, c2cc73dab4754b6a8495e206d9e7b6fc; no voters: c5ab453784b54272b831ffbe6c42868f
I20260709 13:06:30.115578 19216 raft_consensus.cc:2804] T aea5e2325c154e44b1170a7669513af3 P c2cc73dab4754b6a8495e206d9e7b6fc [term 1 FOLLOWER]: Leader election won for term 1
I20260709 13:06:30.119747 19194 leader_election.cc:290] T aea5e2325c154e44b1170a7669513af3 P c2cc73dab4754b6a8495e206d9e7b6fc [CANDIDATE]: Term 1 election: Requested vote from peers c5ab453784b54272b831ffbe6c42868f (127.17.112.1:39057), 5bbf1af36ba943a68aaca8973a952a36 (127.17.112.3:46029)
I20260709 13:06:30.122589 19186 tablet_bootstrap.cc:654] T 86805daf89ab432492f71b09121af818 P c2cc73dab4754b6a8495e206d9e7b6fc: Neither blocks nor log segments found. Creating new log.
I20260709 13:06:30.124375 19213 leader_election.cc:290] T 8422aefe1bb14001bd56e60ee6597406 P 5bbf1af36ba943a68aaca8973a952a36 [CANDIDATE]: Term 1 election: Requested vote from peers c5ab453784b54272b831ffbe6c42868f (127.17.112.1:39057), c2cc73dab4754b6a8495e206d9e7b6fc (127.17.112.2:44031)
I20260709 13:06:30.119171 19191 raft_consensus.cc:515] T e2b6f5070c334a72bbf6b75a6c5c1378 P c5ab453784b54272b831ffbe6c42868f [term 1 FOLLOWER]: Starting leader election with config: opid_index: -1 OBSOLETE_local: false peers { permanent_uuid: "c5ab453784b54272b831ffbe6c42868f" member_type: VOTER last_known_addr { host: "127.17.112.1" port: 39057 } } peers { permanent_uuid: "c2cc73dab4754b6a8495e206d9e7b6fc" member_type: VOTER last_known_addr { host: "127.17.112.2" port: 44031 } } peers { permanent_uuid: "5bbf1af36ba943a68aaca8973a952a36" member_type: VOTER last_known_addr { host: "127.17.112.3" port: 46029 } }
I20260709 13:06:30.126698 19070 raft_consensus.cc:3060] T 2ede5492ea2c454e91ab3d9c8e099d4a P c2cc73dab4754b6a8495e206d9e7b6fc [term 0 FOLLOWER]: Advancing to term 1
I20260709 13:06:30.126466 19069 tablet_service.cc:1917] Received RequestConsensusVote() RPC: tablet_id: "8422aefe1bb14001bd56e60ee6597406" candidate_uuid: "5bbf1af36ba943a68aaca8973a952a36" candidate_term: 1 candidate_status { last_received { term: 0 index: 0 } } ignore_live_leader: false dest_uuid: "c2cc73dab4754b6a8495e206d9e7b6fc"
I20260709 13:06:30.127274 19069 raft_consensus.cc:3060] T 8422aefe1bb14001bd56e60ee6597406 P c2cc73dab4754b6a8495e206d9e7b6fc [term 0 FOLLOWER]: Advancing to term 1
I20260709 13:06:30.129675 18994 tablet_service.cc:1917] Received RequestConsensusVote() RPC: tablet_id: "8422aefe1bb14001bd56e60ee6597406" candidate_uuid: "5bbf1af36ba943a68aaca8973a952a36" candidate_term: 1 candidate_status { last_received { term: 0 index: 0 } } ignore_live_leader: false dest_uuid: "c5ab453784b54272b831ffbe6c42868f"
I20260709 13:06:30.130246 18994 raft_consensus.cc:3060] T 8422aefe1bb14001bd56e60ee6597406 P c5ab453784b54272b831ffbe6c42868f [term 0 FOLLOWER]: Advancing to term 1
I20260709 13:06:30.132113 19068 tablet_service.cc:1917] Received RequestConsensusVote() RPC: tablet_id: "e2b6f5070c334a72bbf6b75a6c5c1378" candidate_uuid: "c5ab453784b54272b831ffbe6c42868f" candidate_term: 1 candidate_status { last_received { term: 0 index: 0 } } ignore_live_leader: false dest_uuid: "c2cc73dab4754b6a8495e206d9e7b6fc"
I20260709 13:06:30.132714 19068 raft_consensus.cc:3060] T e2b6f5070c334a72bbf6b75a6c5c1378 P c2cc73dab4754b6a8495e206d9e7b6fc [term 0 FOLLOWER]: Advancing to term 1
I20260709 13:06:30.136646 19232 consensus_queue.cc:1048] T 2ede5492ea2c454e91ab3d9c8e099d4a P 5bbf1af36ba943a68aaca8973a952a36 [LEADER]: Connected to new peer: Peer: permanent_uuid: "c2cc73dab4754b6a8495e206d9e7b6fc" member_type: VOTER last_known_addr { host: "127.17.112.2" port: 44031 }, Status: LMP_MISMATCH, Last received: 0.0, Next index: 1, Last known committed idx: 0, Time since last communication: 0.001s
I20260709 13:06:30.141122 19068 raft_consensus.cc:2468] T e2b6f5070c334a72bbf6b75a6c5c1378 P c2cc73dab4754b6a8495e206d9e7b6fc [term 1 FOLLOWER]: Leader election vote request: Granting yes vote for candidate c5ab453784b54272b831ffbe6c42868f in term 1.
I20260709 13:06:30.142196 18961 leader_election.cc:304] T e2b6f5070c334a72bbf6b75a6c5c1378 P c5ab453784b54272b831ffbe6c42868f [CANDIDATE]: Term 1 election: Election decided. Result: candidate won. Election summary: received 2 responses out of 3 voters: 2 yes votes; 0 no votes. yes voters: c2cc73dab4754b6a8495e206d9e7b6fc, c5ab453784b54272b831ffbe6c42868f; no voters: 
I20260709 13:06:30.144644 19069 raft_consensus.cc:2468] T 8422aefe1bb14001bd56e60ee6597406 P c2cc73dab4754b6a8495e206d9e7b6fc [term 1 FOLLOWER]: Leader election vote request: Granting yes vote for candidate 5bbf1af36ba943a68aaca8973a952a36 in term 1.
I20260709 13:06:30.146353 19216 raft_consensus.cc:697] T aea5e2325c154e44b1170a7669513af3 P c2cc73dab4754b6a8495e206d9e7b6fc [term 1 LEADER]: Becoming Leader. State: Replica: c2cc73dab4754b6a8495e206d9e7b6fc, State: Running, Role: LEADER
I20260709 13:06:30.146219 19110 leader_election.cc:304] T 8422aefe1bb14001bd56e60ee6597406 P 5bbf1af36ba943a68aaca8973a952a36 [CANDIDATE]: Term 1 election: Election decided. Result: candidate won. Election summary: received 2 responses out of 3 voters: 2 yes votes; 0 no votes. yes voters: 5bbf1af36ba943a68aaca8973a952a36, c2cc73dab4754b6a8495e206d9e7b6fc; no voters: 
I20260709 13:06:30.147435 19232 raft_consensus.cc:2804] T 8422aefe1bb14001bd56e60ee6597406 P 5bbf1af36ba943a68aaca8973a952a36 [term 1 FOLLOWER]: Leader election won for term 1
I20260709 13:06:30.147395 19216 consensus_queue.cc:237] T aea5e2325c154e44b1170a7669513af3 P c2cc73dab4754b6a8495e206d9e7b6fc [LEADER]: Queue going to LEADER mode. State: All replicated index: 0, Majority replicated index: 0, Committed index: 0, Last appended: 0.0, Last appended by leader: 0, Current term: 1, Majority size: 2, State: 0, Mode: LEADER, active raft config: opid_index: -1 OBSOLETE_local: false peers { permanent_uuid: "c5ab453784b54272b831ffbe6c42868f" member_type: VOTER last_known_addr { host: "127.17.112.1" port: 39057 } } peers { permanent_uuid: "c2cc73dab4754b6a8495e206d9e7b6fc" member_type: VOTER last_known_addr { host: "127.17.112.2" port: 44031 } } peers { permanent_uuid: "5bbf1af36ba943a68aaca8973a952a36" member_type: VOTER last_known_addr { host: "127.17.112.3" port: 46029 } }
I20260709 13:06:30.148276 19232 raft_consensus.cc:697] T 8422aefe1bb14001bd56e60ee6597406 P 5bbf1af36ba943a68aaca8973a952a36 [term 1 LEADER]: Becoming Leader. State: Replica: 5bbf1af36ba943a68aaca8973a952a36, State: Running, Role: LEADER
I20260709 13:06:30.149395 19232 consensus_queue.cc:237] T 8422aefe1bb14001bd56e60ee6597406 P 5bbf1af36ba943a68aaca8973a952a36 [LEADER]: Queue going to LEADER mode. State: All replicated index: 0, Majority replicated index: 0, Committed index: 0, Last appended: 0.0, Last appended by leader: 0, Current term: 1, Majority size: 2, State: 0, Mode: LEADER, active raft config: opid_index: -1 OBSOLETE_local: false peers { permanent_uuid: "c5ab453784b54272b831ffbe6c42868f" member_type: VOTER last_known_addr { host: "127.17.112.1" port: 39057 } } peers { permanent_uuid: "c2cc73dab4754b6a8495e206d9e7b6fc" member_type: VOTER last_known_addr { host: "127.17.112.2" port: 44031 } } peers { permanent_uuid: "5bbf1af36ba943a68aaca8973a952a36" member_type: VOTER last_known_addr { host: "127.17.112.3" port: 46029 } }
I20260709 13:06:30.152570 19186 tablet_bootstrap.cc:492] T 86805daf89ab432492f71b09121af818 P c2cc73dab4754b6a8495e206d9e7b6fc: No bootstrap required, opened a new log
I20260709 13:06:30.153069 19186 ts_tablet_manager.cc:1403] T 86805daf89ab432492f71b09121af818 P c2cc73dab4754b6a8495e206d9e7b6fc: Time spent bootstrapping tablet: real 0.045s	user 0.007s	sys 0.004s
I20260709 13:06:30.155736 19144 tablet_service.cc:1917] Received RequestConsensusVote() RPC: tablet_id: "e2b6f5070c334a72bbf6b75a6c5c1378" candidate_uuid: "c5ab453784b54272b831ffbe6c42868f" candidate_term: 1 candidate_status { last_received { term: 0 index: 0 } } ignore_live_leader: false dest_uuid: "5bbf1af36ba943a68aaca8973a952a36"
I20260709 13:06:30.156358 19144 raft_consensus.cc:3060] T e2b6f5070c334a72bbf6b75a6c5c1378 P 5bbf1af36ba943a68aaca8973a952a36 [term 0 FOLLOWER]: Advancing to term 1
I20260709 13:06:30.156757 19186 raft_consensus.cc:359] T 86805daf89ab432492f71b09121af818 P c2cc73dab4754b6a8495e206d9e7b6fc [term 0 FOLLOWER]: Replica starting. Triggering 0 pending ops. Active config: opid_index: -1 OBSOLETE_local: false peers { permanent_uuid: "c5ab453784b54272b831ffbe6c42868f" member_type: VOTER last_known_addr { host: "127.17.112.1" port: 39057 } } peers { permanent_uuid: "c2cc73dab4754b6a8495e206d9e7b6fc" member_type: VOTER last_known_addr { host: "127.17.112.2" port: 44031 } } peers { permanent_uuid: "5bbf1af36ba943a68aaca8973a952a36" member_type: VOTER last_known_addr { host: "127.17.112.3" port: 46029 } }
I20260709 13:06:30.157401 19186 raft_consensus.cc:385] T 86805daf89ab432492f71b09121af818 P c2cc73dab4754b6a8495e206d9e7b6fc [term 0 FOLLOWER]: Consensus starting up: Expiring failure detector timer to make a prompt election more likely
I20260709 13:06:30.157663 19186 raft_consensus.cc:740] T 86805daf89ab432492f71b09121af818 P c2cc73dab4754b6a8495e206d9e7b6fc [term 0 FOLLOWER]: Becoming Follower/Learner. State: Replica: c2cc73dab4754b6a8495e206d9e7b6fc, State: Initialized, Role: FOLLOWER
I20260709 13:06:30.158339 19186 consensus_queue.cc:260] T 86805daf89ab432492f71b09121af818 P c2cc73dab4754b6a8495e206d9e7b6fc [NON_LEADER]: Queue going to NON_LEADER mode. State: All replicated index: 0, Majority replicated index: 0, Committed index: 0, Last appended: 0.0, Last appended by leader: 0, Current term: 0, Majority size: -1, State: 0, Mode: NON_LEADER, active raft config: opid_index: -1 OBSOLETE_local: false peers { permanent_uuid: "c5ab453784b54272b831ffbe6c42868f" member_type: VOTER last_known_addr { host: "127.17.112.1" port: 39057 } } peers { permanent_uuid: "c2cc73dab4754b6a8495e206d9e7b6fc" member_type: VOTER last_known_addr { host: "127.17.112.2" port: 44031 } } peers { permanent_uuid: "5bbf1af36ba943a68aaca8973a952a36" member_type: VOTER last_known_addr { host: "127.17.112.3" port: 46029 } }
I20260709 13:06:30.160820 19186 ts_tablet_manager.cc:1434] T 86805daf89ab432492f71b09121af818 P c2cc73dab4754b6a8495e206d9e7b6fc: Time spent starting tablet: real 0.007s	user 0.007s	sys 0.000s
I20260709 13:06:30.162851 19240 raft_consensus.cc:2804] T e2b6f5070c334a72bbf6b75a6c5c1378 P c5ab453784b54272b831ffbe6c42868f [term 1 FOLLOWER]: Leader election won for term 1
I20260709 13:06:30.163882 19185 ts_tablet_manager.cc:1434] T bc6a897ef26c43e295886eb842d58c2b P c5ab453784b54272b831ffbe6c42868f: Time spent starting tablet: real 0.180s	user 0.036s	sys 0.113s
I20260709 13:06:30.176391 19240 raft_consensus.cc:697] T e2b6f5070c334a72bbf6b75a6c5c1378 P c5ab453784b54272b831ffbe6c42868f [term 1 LEADER]: Becoming Leader. State: Replica: c5ab453784b54272b831ffbe6c42868f, State: Running, Role: LEADER
I20260709 13:06:30.177086 19185 tablet_bootstrap.cc:492] T ff1ee51beb9b44b9bd27783b82e68d4a P c5ab453784b54272b831ffbe6c42868f: Bootstrap starting.
I20260709 13:06:30.179090 19184 tablet_bootstrap.cc:492] T b6be823f4a164ccb9750537551d89cd9 P 5bbf1af36ba943a68aaca8973a952a36: No bootstrap required, opened a new log
I20260709 13:06:30.179589 19184 ts_tablet_manager.cc:1403] T b6be823f4a164ccb9750537551d89cd9 P 5bbf1af36ba943a68aaca8973a952a36: Time spent bootstrapping tablet: real 0.209s	user 0.075s	sys 0.073s
I20260709 13:06:30.167090 19144 raft_consensus.cc:2468] T e2b6f5070c334a72bbf6b75a6c5c1378 P 5bbf1af36ba943a68aaca8973a952a36 [term 1 FOLLOWER]: Leader election vote request: Granting yes vote for candidate c5ab453784b54272b831ffbe6c42868f in term 1.
I20260709 13:06:30.168213 19186 tablet_bootstrap.cc:492] T 1d1fe78083e84f1b8d8f135a127eedcd P c2cc73dab4754b6a8495e206d9e7b6fc: Bootstrap starting.
I20260709 13:06:30.169629 18994 raft_consensus.cc:2468] T 8422aefe1bb14001bd56e60ee6597406 P c5ab453784b54272b831ffbe6c42868f [term 1 FOLLOWER]: Leader election vote request: Granting yes vote for candidate 5bbf1af36ba943a68aaca8973a952a36 in term 1.
I20260709 13:06:30.170117 19191 leader_election.cc:290] T e2b6f5070c334a72bbf6b75a6c5c1378 P c5ab453784b54272b831ffbe6c42868f [CANDIDATE]: Term 1 election: Requested vote from peers c2cc73dab4754b6a8495e206d9e7b6fc (127.17.112.2:44031), 5bbf1af36ba943a68aaca8973a952a36 (127.17.112.3:46029)
I20260709 13:06:30.184336 19185 tablet_bootstrap.cc:654] T ff1ee51beb9b44b9bd27783b82e68d4a P c5ab453784b54272b831ffbe6c42868f: Neither blocks nor log segments found. Creating new log.
I20260709 13:06:30.182408 19184 raft_consensus.cc:359] T b6be823f4a164ccb9750537551d89cd9 P 5bbf1af36ba943a68aaca8973a952a36 [term 0 FOLLOWER]: Replica starting. Triggering 0 pending ops. Active config: opid_index: -1 OBSOLETE_local: false peers { permanent_uuid: "c5ab453784b54272b831ffbe6c42868f" member_type: VOTER last_known_addr { host: "127.17.112.1" port: 39057 } } peers { permanent_uuid: "c2cc73dab4754b6a8495e206d9e7b6fc" member_type: VOTER last_known_addr { host: "127.17.112.2" port: 44031 } } peers { permanent_uuid: "5bbf1af36ba943a68aaca8973a952a36" member_type: VOTER last_known_addr { host: "127.17.112.3" port: 46029 } }
I20260709 13:06:30.188884 19184 raft_consensus.cc:385] T b6be823f4a164ccb9750537551d89cd9 P 5bbf1af36ba943a68aaca8973a952a36 [term 0 FOLLOWER]: Consensus starting up: Expiring failure detector timer to make a prompt election more likely
I20260709 13:06:30.189172 19184 raft_consensus.cc:740] T b6be823f4a164ccb9750537551d89cd9 P 5bbf1af36ba943a68aaca8973a952a36 [term 0 FOLLOWER]: Becoming Follower/Learner. State: Replica: 5bbf1af36ba943a68aaca8973a952a36, State: Initialized, Role: FOLLOWER
I20260709 13:06:30.190094 19184 consensus_queue.cc:260] T b6be823f4a164ccb9750537551d89cd9 P 5bbf1af36ba943a68aaca8973a952a36 [NON_LEADER]: Queue going to NON_LEADER mode. State: All replicated index: 0, Majority replicated index: 0, Committed index: 0, Last appended: 0.0, Last appended by leader: 0, Current term: 0, Majority size: -1, State: 0, Mode: NON_LEADER, active raft config: opid_index: -1 OBSOLETE_local: false peers { permanent_uuid: "c5ab453784b54272b831ffbe6c42868f" member_type: VOTER last_known_addr { host: "127.17.112.1" port: 39057 } } peers { permanent_uuid: "c2cc73dab4754b6a8495e206d9e7b6fc" member_type: VOTER last_known_addr { host: "127.17.112.2" port: 44031 } } peers { permanent_uuid: "5bbf1af36ba943a68aaca8973a952a36" member_type: VOTER last_known_addr { host: "127.17.112.3" port: 46029 } }
I20260709 13:06:30.179129 19240 consensus_queue.cc:237] T e2b6f5070c334a72bbf6b75a6c5c1378 P c5ab453784b54272b831ffbe6c42868f [LEADER]: Queue going to LEADER mode. State: All replicated index: 0, Majority replicated index: 0, Committed index: 0, Last appended: 0.0, Last appended by leader: 0, Current term: 1, Majority size: 2, State: 0, Mode: LEADER, active raft config: opid_index: -1 OBSOLETE_local: false peers { permanent_uuid: "c5ab453784b54272b831ffbe6c42868f" member_type: VOTER last_known_addr { host: "127.17.112.1" port: 39057 } } peers { permanent_uuid: "c2cc73dab4754b6a8495e206d9e7b6fc" member_type: VOTER last_known_addr { host: "127.17.112.2" port: 44031 } } peers { permanent_uuid: "5bbf1af36ba943a68aaca8973a952a36" member_type: VOTER last_known_addr { host: "127.17.112.3" port: 46029 } }
I20260709 13:06:30.196424 19186 tablet_bootstrap.cc:654] T 1d1fe78083e84f1b8d8f135a127eedcd P c2cc73dab4754b6a8495e206d9e7b6fc: Neither blocks nor log segments found. Creating new log.
I20260709 13:06:30.200481 19185 tablet_bootstrap.cc:492] T ff1ee51beb9b44b9bd27783b82e68d4a P c5ab453784b54272b831ffbe6c42868f: No bootstrap required, opened a new log
I20260709 13:06:30.200645 19184 ts_tablet_manager.cc:1434] T b6be823f4a164ccb9750537551d89cd9 P 5bbf1af36ba943a68aaca8973a952a36: Time spent starting tablet: real 0.021s	user 0.007s	sys 0.002s
I20260709 13:06:30.200947 19185 ts_tablet_manager.cc:1403] T ff1ee51beb9b44b9bd27783b82e68d4a P c5ab453784b54272b831ffbe6c42868f: Time spent bootstrapping tablet: real 0.024s	user 0.012s	sys 0.007s
I20260709 13:06:30.201519 19184 tablet_bootstrap.cc:492] T 0c91ccd4462647ac9b74efdbb25a6d59 P 5bbf1af36ba943a68aaca8973a952a36: Bootstrap starting.
I20260709 13:06:30.201598 18890 catalog_manager.cc:5697] T 8422aefe1bb14001bd56e60ee6597406 P 5bbf1af36ba943a68aaca8973a952a36 reported cstate change: term changed from 0 to 1, leader changed from <none> to 5bbf1af36ba943a68aaca8973a952a36 (127.17.112.3). New cstate: current_term: 1 leader_uuid: "5bbf1af36ba943a68aaca8973a952a36" committed_config { opid_index: -1 OBSOLETE_local: false peers { permanent_uuid: "c5ab453784b54272b831ffbe6c42868f" member_type: VOTER last_known_addr { host: "127.17.112.1" port: 39057 } health_report { overall_health: UNKNOWN } } peers { permanent_uuid: "c2cc73dab4754b6a8495e206d9e7b6fc" member_type: VOTER last_known_addr { host: "127.17.112.2" port: 44031 } health_report { overall_health: UNKNOWN } } peers { permanent_uuid: "5bbf1af36ba943a68aaca8973a952a36" member_type: VOTER last_known_addr { host: "127.17.112.3" port: 46029 } health_report { overall_health: HEALTHY } } }
I20260709 13:06:30.203403 19185 raft_consensus.cc:359] T ff1ee51beb9b44b9bd27783b82e68d4a P c5ab453784b54272b831ffbe6c42868f [term 0 FOLLOWER]: Replica starting. Triggering 0 pending ops. Active config: opid_index: -1 OBSOLETE_local: false peers { permanent_uuid: "c5ab453784b54272b831ffbe6c42868f" member_type: VOTER last_known_addr { host: "127.17.112.1" port: 39057 } } peers { permanent_uuid: "c2cc73dab4754b6a8495e206d9e7b6fc" member_type: VOTER last_known_addr { host: "127.17.112.2" port: 44031 } } peers { permanent_uuid: "5bbf1af36ba943a68aaca8973a952a36" member_type: VOTER last_known_addr { host: "127.17.112.3" port: 46029 } }
I20260709 13:06:30.203994 19216 raft_consensus.cc:493] T b3628e2a02744dd097c4ae8a6fb6f64b P c2cc73dab4754b6a8495e206d9e7b6fc [term 0 FOLLOWER]: Starting pre-election (no leader contacted us within the election timeout)
I20260709 13:06:30.204206 19185 raft_consensus.cc:385] T ff1ee51beb9b44b9bd27783b82e68d4a P c5ab453784b54272b831ffbe6c42868f [term 0 FOLLOWER]: Consensus starting up: Expiring failure detector timer to make a prompt election more likely
I20260709 13:06:30.204563 19216 raft_consensus.cc:515] T b3628e2a02744dd097c4ae8a6fb6f64b P c2cc73dab4754b6a8495e206d9e7b6fc [term 0 FOLLOWER]: Starting pre-election with config: opid_index: -1 OBSOLETE_local: false peers { permanent_uuid: "c5ab453784b54272b831ffbe6c42868f" member_type: VOTER last_known_addr { host: "127.17.112.1" port: 39057 } } peers { permanent_uuid: "c2cc73dab4754b6a8495e206d9e7b6fc" member_type: VOTER last_known_addr { host: "127.17.112.2" port: 44031 } } peers { permanent_uuid: "5bbf1af36ba943a68aaca8973a952a36" member_type: VOTER last_known_addr { host: "127.17.112.3" port: 46029 } }
I20260709 13:06:30.205229 19194 raft_consensus.cc:493] T 86805daf89ab432492f71b09121af818 P c2cc73dab4754b6a8495e206d9e7b6fc [term 0 FOLLOWER]: Starting pre-election (no leader contacted us within the election timeout)
I20260709 13:06:30.205845 19194 raft_consensus.cc:515] T 86805daf89ab432492f71b09121af818 P c2cc73dab4754b6a8495e206d9e7b6fc [term 0 FOLLOWER]: Starting pre-election with config: opid_index: -1 OBSOLETE_local: false peers { permanent_uuid: "c5ab453784b54272b831ffbe6c42868f" member_type: VOTER last_known_addr { host: "127.17.112.1" port: 39057 } } peers { permanent_uuid: "c2cc73dab4754b6a8495e206d9e7b6fc" member_type: VOTER last_known_addr { host: "127.17.112.2" port: 44031 } } peers { permanent_uuid: "5bbf1af36ba943a68aaca8973a952a36" member_type: VOTER last_known_addr { host: "127.17.112.3" port: 46029 } }
I20260709 13:06:30.206617 19216 leader_election.cc:290] T b3628e2a02744dd097c4ae8a6fb6f64b P c2cc73dab4754b6a8495e206d9e7b6fc [CANDIDATE]: Term 1 pre-election: Requested pre-vote from peers c5ab453784b54272b831ffbe6c42868f (127.17.112.1:39057), 5bbf1af36ba943a68aaca8973a952a36 (127.17.112.3:46029)
I20260709 13:06:30.208534 19194 leader_election.cc:290] T 86805daf89ab432492f71b09121af818 P c2cc73dab4754b6a8495e206d9e7b6fc [CANDIDATE]: Term 1 pre-election: Requested pre-vote from peers c5ab453784b54272b831ffbe6c42868f (127.17.112.1:39057), 5bbf1af36ba943a68aaca8973a952a36 (127.17.112.3:46029)
I20260709 13:06:30.204545 19185 raft_consensus.cc:740] T ff1ee51beb9b44b9bd27783b82e68d4a P c5ab453784b54272b831ffbe6c42868f [term 0 FOLLOWER]: Becoming Follower/Learner. State: Replica: c5ab453784b54272b831ffbe6c42868f, State: Initialized, Role: FOLLOWER
I20260709 13:06:30.209663 19185 consensus_queue.cc:260] T ff1ee51beb9b44b9bd27783b82e68d4a P c5ab453784b54272b831ffbe6c42868f [NON_LEADER]: Queue going to NON_LEADER mode. State: All replicated index: 0, Majority replicated index: 0, Committed index: 0, Last appended: 0.0, Last appended by leader: 0, Current term: 0, Majority size: -1, State: 0, Mode: NON_LEADER, active raft config: opid_index: -1 OBSOLETE_local: false peers { permanent_uuid: "c5ab453784b54272b831ffbe6c42868f" member_type: VOTER last_known_addr { host: "127.17.112.1" port: 39057 } } peers { permanent_uuid: "c2cc73dab4754b6a8495e206d9e7b6fc" member_type: VOTER last_known_addr { host: "127.17.112.2" port: 44031 } } peers { permanent_uuid: "5bbf1af36ba943a68aaca8973a952a36" member_type: VOTER last_known_addr { host: "127.17.112.3" port: 46029 } }
I20260709 13:06:30.210245 19184 tablet_bootstrap.cc:654] T 0c91ccd4462647ac9b74efdbb25a6d59 P 5bbf1af36ba943a68aaca8973a952a36: Neither blocks nor log segments found. Creating new log.
I20260709 13:06:30.211300 18995 tablet_service.cc:1917] Received RequestConsensusVote() RPC: tablet_id: "86805daf89ab432492f71b09121af818" candidate_uuid: "c2cc73dab4754b6a8495e206d9e7b6fc" candidate_term: 1 candidate_status { last_received { term: 0 index: 0 } } ignore_live_leader: false dest_uuid: "c5ab453784b54272b831ffbe6c42868f" is_pre_election: true
W20260709 13:06:30.214035 19036 leader_election.cc:343] T 86805daf89ab432492f71b09121af818 P c2cc73dab4754b6a8495e206d9e7b6fc [CANDIDATE]: Term 1 pre-election: Tablet error from VoteRequest() call to peer c5ab453784b54272b831ffbe6c42868f (127.17.112.1:39057): Illegal state: must be running to vote when last-logged opid is not known
I20260709 13:06:30.214308 19143 tablet_service.cc:1917] Received RequestConsensusVote() RPC: tablet_id: "86805daf89ab432492f71b09121af818" candidate_uuid: "c2cc73dab4754b6a8495e206d9e7b6fc" candidate_term: 1 candidate_status { last_received { term: 0 index: 0 } } ignore_live_leader: false dest_uuid: "5bbf1af36ba943a68aaca8973a952a36" is_pre_election: true
W20260709 13:06:30.215646 19033 leader_election.cc:343] T 86805daf89ab432492f71b09121af818 P c2cc73dab4754b6a8495e206d9e7b6fc [CANDIDATE]: Term 1 pre-election: Tablet error from VoteRequest() call to peer 5bbf1af36ba943a68aaca8973a952a36 (127.17.112.3:46029): Illegal state: must be running to vote when last-logged opid is not known
I20260709 13:06:30.216061 19033 leader_election.cc:304] T 86805daf89ab432492f71b09121af818 P c2cc73dab4754b6a8495e206d9e7b6fc [CANDIDATE]: Term 1 pre-election: Election decided. Result: candidate lost. Election summary: received 3 responses out of 3 voters: 1 yes votes; 2 no votes. yes voters: c2cc73dab4754b6a8495e206d9e7b6fc; no voters: 5bbf1af36ba943a68aaca8973a952a36, c5ab453784b54272b831ffbe6c42868f
I20260709 13:06:30.217163 19194 raft_consensus.cc:2749] T 86805daf89ab432492f71b09121af818 P c2cc73dab4754b6a8495e206d9e7b6fc [term 0 FOLLOWER]: Leader pre-election lost for term 1. Reason: could not achieve majority
I20260709 13:06:30.217278 18994 tablet_service.cc:1917] Received RequestConsensusVote() RPC: tablet_id: "b3628e2a02744dd097c4ae8a6fb6f64b" candidate_uuid: "c2cc73dab4754b6a8495e206d9e7b6fc" candidate_term: 1 candidate_status { last_received { term: 0 index: 0 } } ignore_live_leader: false dest_uuid: "c5ab453784b54272b831ffbe6c42868f" is_pre_election: true
W20260709 13:06:30.218703 19036 leader_election.cc:343] T b3628e2a02744dd097c4ae8a6fb6f64b P c2cc73dab4754b6a8495e206d9e7b6fc [CANDIDATE]: Term 1 pre-election: Tablet error from VoteRequest() call to peer c5ab453784b54272b831ffbe6c42868f (127.17.112.1:39057): Illegal state: must be running to vote when last-logged opid is not known
I20260709 13:06:30.219458 19144 tablet_service.cc:1917] Received RequestConsensusVote() RPC: tablet_id: "b3628e2a02744dd097c4ae8a6fb6f64b" candidate_uuid: "c2cc73dab4754b6a8495e206d9e7b6fc" candidate_term: 1 candidate_status { last_received { term: 0 index: 0 } } ignore_live_leader: false dest_uuid: "5bbf1af36ba943a68aaca8973a952a36" is_pre_election: true
I20260709 13:06:30.220100 19144 raft_consensus.cc:2468] T b3628e2a02744dd097c4ae8a6fb6f64b P 5bbf1af36ba943a68aaca8973a952a36 [term 0 FOLLOWER]: Leader pre-election vote request: Granting yes vote for candidate c2cc73dab4754b6a8495e206d9e7b6fc in term 0.
I20260709 13:06:30.220057 18891 catalog_manager.cc:5697] T e2b6f5070c334a72bbf6b75a6c5c1378 P c5ab453784b54272b831ffbe6c42868f reported cstate change: term changed from 0 to 1, leader changed from <none> to c5ab453784b54272b831ffbe6c42868f (127.17.112.1). New cstate: current_term: 1 leader_uuid: "c5ab453784b54272b831ffbe6c42868f" committed_config { opid_index: -1 OBSOLETE_local: false peers { permanent_uuid: "c5ab453784b54272b831ffbe6c42868f" member_type: VOTER last_known_addr { host: "127.17.112.1" port: 39057 } health_report { overall_health: HEALTHY } } peers { permanent_uuid: "c2cc73dab4754b6a8495e206d9e7b6fc" member_type: VOTER last_known_addr { host: "127.17.112.2" port: 44031 } health_report { overall_health: UNKNOWN } } peers { permanent_uuid: "5bbf1af36ba943a68aaca8973a952a36" member_type: VOTER last_known_addr { host: "127.17.112.3" port: 46029 } health_report { overall_health: UNKNOWN } } }
I20260709 13:06:30.221470 19033 leader_election.cc:304] T b3628e2a02744dd097c4ae8a6fb6f64b P c2cc73dab4754b6a8495e206d9e7b6fc [CANDIDATE]: Term 1 pre-election: Election decided. Result: candidate won. Election summary: received 3 responses out of 3 voters: 2 yes votes; 1 no votes. yes voters: 5bbf1af36ba943a68aaca8973a952a36, c2cc73dab4754b6a8495e206d9e7b6fc; no voters: c5ab453784b54272b831ffbe6c42868f
I20260709 13:06:30.221226 18892 catalog_manager.cc:5697] T aea5e2325c154e44b1170a7669513af3 P c2cc73dab4754b6a8495e206d9e7b6fc reported cstate change: term changed from 0 to 1, leader changed from <none> to c2cc73dab4754b6a8495e206d9e7b6fc (127.17.112.2). New cstate: current_term: 1 leader_uuid: "c2cc73dab4754b6a8495e206d9e7b6fc" committed_config { opid_index: -1 OBSOLETE_local: false peers { permanent_uuid: "c5ab453784b54272b831ffbe6c42868f" member_type: VOTER last_known_addr { host: "127.17.112.1" port: 39057 } health_report { overall_health: UNKNOWN } } peers { permanent_uuid: "c2cc73dab4754b6a8495e206d9e7b6fc" member_type: VOTER last_known_addr { host: "127.17.112.2" port: 44031 } health_report { overall_health: HEALTHY } } peers { permanent_uuid: "5bbf1af36ba943a68aaca8973a952a36" member_type: VOTER last_known_addr { host: "127.17.112.3" port: 46029 } health_report { overall_health: UNKNOWN } } }
I20260709 13:06:30.222572 19194 raft_consensus.cc:2804] T b3628e2a02744dd097c4ae8a6fb6f64b P c2cc73dab4754b6a8495e206d9e7b6fc [term 0 FOLLOWER]: Leader pre-election won for term 1
I20260709 13:06:30.222940 19194 raft_consensus.cc:493] T b3628e2a02744dd097c4ae8a6fb6f64b P c2cc73dab4754b6a8495e206d9e7b6fc [term 0 FOLLOWER]: Starting leader election (no leader contacted us within the election timeout)
I20260709 13:06:30.223289 19194 raft_consensus.cc:3060] T b3628e2a02744dd097c4ae8a6fb6f64b P c2cc73dab4754b6a8495e206d9e7b6fc [term 0 FOLLOWER]: Advancing to term 1
I20260709 13:06:30.211730 19185 ts_tablet_manager.cc:1434] T ff1ee51beb9b44b9bd27783b82e68d4a P c5ab453784b54272b831ffbe6c42868f: Time spent starting tablet: real 0.010s	user 0.006s	sys 0.002s
I20260709 13:06:30.225072 19185 tablet_bootstrap.cc:492] T b6be823f4a164ccb9750537551d89cd9 P c5ab453784b54272b831ffbe6c42868f: Bootstrap starting.
I20260709 13:06:30.224975 19216 raft_consensus.cc:493] T eaf436986cff43dca0cc47a92a1c436b P c2cc73dab4754b6a8495e206d9e7b6fc [term 0 FOLLOWER]: Starting pre-election (no leader contacted us within the election timeout)
I20260709 13:06:30.229168 19216 raft_consensus.cc:515] T eaf436986cff43dca0cc47a92a1c436b P c2cc73dab4754b6a8495e206d9e7b6fc [term 0 FOLLOWER]: Starting pre-election with config: opid_index: -1 OBSOLETE_local: false peers { permanent_uuid: "c5ab453784b54272b831ffbe6c42868f" member_type: VOTER last_known_addr { host: "127.17.112.1" port: 39057 } } peers { permanent_uuid: "c2cc73dab4754b6a8495e206d9e7b6fc" member_type: VOTER last_known_addr { host: "127.17.112.2" port: 44031 } } peers { permanent_uuid: "5bbf1af36ba943a68aaca8973a952a36" member_type: VOTER last_known_addr { host: "127.17.112.3" port: 46029 } }
I20260709 13:06:30.230410 19194 raft_consensus.cc:515] T b3628e2a02744dd097c4ae8a6fb6f64b P c2cc73dab4754b6a8495e206d9e7b6fc [term 1 FOLLOWER]: Starting leader election with config: opid_index: -1 OBSOLETE_local: false peers { permanent_uuid: "c5ab453784b54272b831ffbe6c42868f" member_type: VOTER last_known_addr { host: "127.17.112.1" port: 39057 } } peers { permanent_uuid: "c2cc73dab4754b6a8495e206d9e7b6fc" member_type: VOTER last_known_addr { host: "127.17.112.2" port: 44031 } } peers { permanent_uuid: "5bbf1af36ba943a68aaca8973a952a36" member_type: VOTER last_known_addr { host: "127.17.112.3" port: 46029 } }
I20260709 13:06:30.231503 19216 leader_election.cc:290] T eaf436986cff43dca0cc47a92a1c436b P c2cc73dab4754b6a8495e206d9e7b6fc [CANDIDATE]: Term 1 pre-election: Requested pre-vote from peers c5ab453784b54272b831ffbe6c42868f (127.17.112.1:39057), 5bbf1af36ba943a68aaca8973a952a36 (127.17.112.3:46029)
I20260709 13:06:30.232542 19185 tablet_bootstrap.cc:654] T b6be823f4a164ccb9750537551d89cd9 P c5ab453784b54272b831ffbe6c42868f: Neither blocks nor log segments found. Creating new log.
I20260709 13:06:30.233916 18995 tablet_service.cc:1917] Received RequestConsensusVote() RPC: tablet_id: "b3628e2a02744dd097c4ae8a6fb6f64b" candidate_uuid: "c2cc73dab4754b6a8495e206d9e7b6fc" candidate_term: 1 candidate_status { last_received { term: 0 index: 0 } } ignore_live_leader: false dest_uuid: "c5ab453784b54272b831ffbe6c42868f"
I20260709 13:06:30.234876 18994 tablet_service.cc:1917] Received RequestConsensusVote() RPC: tablet_id: "eaf436986cff43dca0cc47a92a1c436b" candidate_uuid: "c2cc73dab4754b6a8495e206d9e7b6fc" candidate_term: 1 candidate_status { last_received { term: 0 index: 0 } } ignore_live_leader: false dest_uuid: "c5ab453784b54272b831ffbe6c42868f" is_pre_election: true
W20260709 13:06:30.235349 19036 leader_election.cc:343] T b3628e2a02744dd097c4ae8a6fb6f64b P c2cc73dab4754b6a8495e206d9e7b6fc [CANDIDATE]: Term 1 election: Tablet error from VoteRequest() call to peer c5ab453784b54272b831ffbe6c42868f (127.17.112.1:39057): Illegal state: must be running to vote when last-logged opid is not known
I20260709 13:06:30.235824 19144 tablet_service.cc:1917] Received RequestConsensusVote() RPC: tablet_id: "eaf436986cff43dca0cc47a92a1c436b" candidate_uuid: "c2cc73dab4754b6a8495e206d9e7b6fc" candidate_term: 1 candidate_status { last_received { term: 0 index: 0 } } ignore_live_leader: false dest_uuid: "5bbf1af36ba943a68aaca8973a952a36" is_pre_election: true
W20260709 13:06:30.237377 19036 leader_election.cc:343] T eaf436986cff43dca0cc47a92a1c436b P c2cc73dab4754b6a8495e206d9e7b6fc [CANDIDATE]: Term 1 pre-election: Tablet error from VoteRequest() call to peer c5ab453784b54272b831ffbe6c42868f (127.17.112.1:39057): Illegal state: must be running to vote when last-logged opid is not known
I20260709 13:06:30.237983 19144 raft_consensus.cc:2468] T eaf436986cff43dca0cc47a92a1c436b P 5bbf1af36ba943a68aaca8973a952a36 [term 0 FOLLOWER]: Leader pre-election vote request: Granting yes vote for candidate c2cc73dab4754b6a8495e206d9e7b6fc in term 0.
I20260709 13:06:30.238938 19232 raft_consensus.cc:493] T b6be823f4a164ccb9750537551d89cd9 P 5bbf1af36ba943a68aaca8973a952a36 [term 0 FOLLOWER]: Starting pre-election (no leader contacted us within the election timeout)
I20260709 13:06:30.239130 19033 leader_election.cc:304] T eaf436986cff43dca0cc47a92a1c436b P c2cc73dab4754b6a8495e206d9e7b6fc [CANDIDATE]: Term 1 pre-election: Election decided. Result: candidate won. Election summary: received 3 responses out of 3 voters: 2 yes votes; 1 no votes. yes voters: 5bbf1af36ba943a68aaca8973a952a36, c2cc73dab4754b6a8495e206d9e7b6fc; no voters: c5ab453784b54272b831ffbe6c42868f
I20260709 13:06:30.239559 19232 raft_consensus.cc:515] T b6be823f4a164ccb9750537551d89cd9 P 5bbf1af36ba943a68aaca8973a952a36 [term 0 FOLLOWER]: Starting pre-election with config: opid_index: -1 OBSOLETE_local: false peers { permanent_uuid: "c5ab453784b54272b831ffbe6c42868f" member_type: VOTER last_known_addr { host: "127.17.112.1" port: 39057 } } peers { permanent_uuid: "c2cc73dab4754b6a8495e206d9e7b6fc" member_type: VOTER last_known_addr { host: "127.17.112.2" port: 44031 } } peers { permanent_uuid: "5bbf1af36ba943a68aaca8973a952a36" member_type: VOTER last_known_addr { host: "127.17.112.3" port: 46029 } }
I20260709 13:06:30.240286 19216 raft_consensus.cc:2804] T eaf436986cff43dca0cc47a92a1c436b P c2cc73dab4754b6a8495e206d9e7b6fc [term 0 FOLLOWER]: Leader pre-election won for term 1
I20260709 13:06:30.240677 19216 raft_consensus.cc:493] T eaf436986cff43dca0cc47a92a1c436b P c2cc73dab4754b6a8495e206d9e7b6fc [term 0 FOLLOWER]: Starting leader election (no leader contacted us within the election timeout)
I20260709 13:06:30.242017 19216 raft_consensus.cc:3060] T eaf436986cff43dca0cc47a92a1c436b P c2cc73dab4754b6a8495e206d9e7b6fc [term 0 FOLLOWER]: Advancing to term 1
I20260709 13:06:30.243568 19186 tablet_bootstrap.cc:492] T 1d1fe78083e84f1b8d8f135a127eedcd P c2cc73dab4754b6a8495e206d9e7b6fc: No bootstrap required, opened a new log
I20260709 13:06:30.244249 19186 ts_tablet_manager.cc:1403] T 1d1fe78083e84f1b8d8f135a127eedcd P c2cc73dab4754b6a8495e206d9e7b6fc: Time spent bootstrapping tablet: real 0.076s	user 0.015s	sys 0.016s
I20260709 13:06:30.246872 19144 tablet_service.cc:1917] Received RequestConsensusVote() RPC: tablet_id: "b3628e2a02744dd097c4ae8a6fb6f64b" candidate_uuid: "c2cc73dab4754b6a8495e206d9e7b6fc" candidate_term: 1 candidate_status { last_received { term: 0 index: 0 } } ignore_live_leader: false dest_uuid: "5bbf1af36ba943a68aaca8973a952a36"
I20260709 13:06:30.247538 19144 raft_consensus.cc:3060] T b3628e2a02744dd097c4ae8a6fb6f64b P 5bbf1af36ba943a68aaca8973a952a36 [term 0 FOLLOWER]: Advancing to term 1
I20260709 13:06:30.250401 19194 leader_election.cc:290] T b3628e2a02744dd097c4ae8a6fb6f64b P c2cc73dab4754b6a8495e206d9e7b6fc [CANDIDATE]: Term 1 election: Requested vote from peers c5ab453784b54272b831ffbe6c42868f (127.17.112.1:39057), 5bbf1af36ba943a68aaca8973a952a36 (127.17.112.3:46029)
I20260709 13:06:30.250645 19232 leader_election.cc:290] T b6be823f4a164ccb9750537551d89cd9 P 5bbf1af36ba943a68aaca8973a952a36 [CANDIDATE]: Term 1 pre-election: Requested pre-vote from peers c5ab453784b54272b831ffbe6c42868f (127.17.112.1:39057), c2cc73dab4754b6a8495e206d9e7b6fc (127.17.112.2:44031)
I20260709 13:06:30.256498 19070 tablet_service.cc:1917] Received RequestConsensusVote() RPC: tablet_id: "b6be823f4a164ccb9750537551d89cd9" candidate_uuid: "5bbf1af36ba943a68aaca8973a952a36" candidate_term: 1 candidate_status { last_received { term: 0 index: 0 } } ignore_live_leader: false dest_uuid: "c2cc73dab4754b6a8495e206d9e7b6fc" is_pre_election: true
I20260709 13:06:30.258069 18994 tablet_service.cc:1917] Received RequestConsensusVote() RPC: tablet_id: "b6be823f4a164ccb9750537551d89cd9" candidate_uuid: "5bbf1af36ba943a68aaca8973a952a36" candidate_term: 1 candidate_status { last_received { term: 0 index: 0 } } ignore_live_leader: false dest_uuid: "c5ab453784b54272b831ffbe6c42868f" is_pre_election: true
I20260709 13:06:30.258419 19070 raft_consensus.cc:2468] T b6be823f4a164ccb9750537551d89cd9 P c2cc73dab4754b6a8495e206d9e7b6fc [term 0 FOLLOWER]: Leader pre-election vote request: Granting yes vote for candidate 5bbf1af36ba943a68aaca8973a952a36 in term 0.
I20260709 13:06:30.260377 19186 raft_consensus.cc:359] T 1d1fe78083e84f1b8d8f135a127eedcd P c2cc73dab4754b6a8495e206d9e7b6fc [term 0 FOLLOWER]: Replica starting. Triggering 0 pending ops. Active config: opid_index: -1 OBSOLETE_local: false peers { permanent_uuid: "c5ab453784b54272b831ffbe6c42868f" member_type: VOTER last_known_addr { host: "127.17.112.1" port: 39057 } } peers { permanent_uuid: "c2cc73dab4754b6a8495e206d9e7b6fc" member_type: VOTER last_known_addr { host: "127.17.112.2" port: 44031 } } peers { permanent_uuid: "5bbf1af36ba943a68aaca8973a952a36" member_type: VOTER last_known_addr { host: "127.17.112.3" port: 46029 } }
I20260709 13:06:30.261281 19186 raft_consensus.cc:385] T 1d1fe78083e84f1b8d8f135a127eedcd P c2cc73dab4754b6a8495e206d9e7b6fc [term 0 FOLLOWER]: Consensus starting up: Expiring failure detector timer to make a prompt election more likely
I20260709 13:06:30.261621 19186 raft_consensus.cc:740] T 1d1fe78083e84f1b8d8f135a127eedcd P c2cc73dab4754b6a8495e206d9e7b6fc [term 0 FOLLOWER]: Becoming Follower/Learner. State: Replica: c2cc73dab4754b6a8495e206d9e7b6fc, State: Initialized, Role: FOLLOWER
I20260709 13:06:30.264514 19186 consensus_queue.cc:260] T 1d1fe78083e84f1b8d8f135a127eedcd P c2cc73dab4754b6a8495e206d9e7b6fc [NON_LEADER]: Queue going to NON_LEADER mode. State: All replicated index: 0, Majority replicated index: 0, Committed index: 0, Last appended: 0.0, Last appended by leader: 0, Current term: 0, Majority size: -1, State: 0, Mode: NON_LEADER, active raft config: opid_index: -1 OBSOLETE_local: false peers { permanent_uuid: "c5ab453784b54272b831ffbe6c42868f" member_type: VOTER last_known_addr { host: "127.17.112.1" port: 39057 } } peers { permanent_uuid: "c2cc73dab4754b6a8495e206d9e7b6fc" member_type: VOTER last_known_addr { host: "127.17.112.2" port: 44031 } } peers { permanent_uuid: "5bbf1af36ba943a68aaca8973a952a36" member_type: VOTER last_known_addr { host: "127.17.112.3" port: 46029 } }
W20260709 13:06:30.265448 19110 leader_election.cc:343] T b6be823f4a164ccb9750537551d89cd9 P 5bbf1af36ba943a68aaca8973a952a36 [CANDIDATE]: Term 1 pre-election: Tablet error from VoteRequest() call to peer c5ab453784b54272b831ffbe6c42868f (127.17.112.1:39057): Illegal state: must be running to vote when last-logged opid is not known
I20260709 13:06:30.266201 19110 leader_election.cc:304] T b6be823f4a164ccb9750537551d89cd9 P 5bbf1af36ba943a68aaca8973a952a36 [CANDIDATE]: Term 1 pre-election: Election decided. Result: candidate won. Election summary: received 3 responses out of 3 voters: 2 yes votes; 1 no votes. yes voters: 5bbf1af36ba943a68aaca8973a952a36, c2cc73dab4754b6a8495e206d9e7b6fc; no voters: c5ab453784b54272b831ffbe6c42868f
I20260709 13:06:30.268293 19186 ts_tablet_manager.cc:1434] T 1d1fe78083e84f1b8d8f135a127eedcd P c2cc73dab4754b6a8495e206d9e7b6fc: Time spent starting tablet: real 0.024s	user 0.007s	sys 0.000s
I20260709 13:06:30.268191 19216 raft_consensus.cc:515] T eaf436986cff43dca0cc47a92a1c436b P c2cc73dab4754b6a8495e206d9e7b6fc [term 1 FOLLOWER]: Starting leader election with config: opid_index: -1 OBSOLETE_local: false peers { permanent_uuid: "c5ab453784b54272b831ffbe6c42868f" member_type: VOTER last_known_addr { host: "127.17.112.1" port: 39057 } } peers { permanent_uuid: "c2cc73dab4754b6a8495e206d9e7b6fc" member_type: VOTER last_known_addr { host: "127.17.112.2" port: 44031 } } peers { permanent_uuid: "5bbf1af36ba943a68aaca8973a952a36" member_type: VOTER last_known_addr { host: "127.17.112.3" port: 46029 } }
I20260709 13:06:30.269260 19186 tablet_bootstrap.cc:492] T d5a110d9f7a347bc8d120d298a9bd8b1 P c2cc73dab4754b6a8495e206d9e7b6fc: Bootstrap starting.
I20260709 13:06:30.270357 19216 leader_election.cc:290] T eaf436986cff43dca0cc47a92a1c436b P c2cc73dab4754b6a8495e206d9e7b6fc [CANDIDATE]: Term 1 election: Requested vote from peers c5ab453784b54272b831ffbe6c42868f (127.17.112.1:39057), 5bbf1af36ba943a68aaca8973a952a36 (127.17.112.3:46029)
I20260709 13:06:30.271559 18994 tablet_service.cc:1917] Received RequestConsensusVote() RPC: tablet_id: "eaf436986cff43dca0cc47a92a1c436b" candidate_uuid: "c2cc73dab4754b6a8495e206d9e7b6fc" candidate_term: 1 candidate_status { last_received { term: 0 index: 0 } } ignore_live_leader: false dest_uuid: "c5ab453784b54272b831ffbe6c42868f"
I20260709 13:06:30.271780 19232 raft_consensus.cc:2804] T b6be823f4a164ccb9750537551d89cd9 P 5bbf1af36ba943a68aaca8973a952a36 [term 0 FOLLOWER]: Leader pre-election won for term 1
I20260709 13:06:30.272168 19232 raft_consensus.cc:493] T b6be823f4a164ccb9750537551d89cd9 P 5bbf1af36ba943a68aaca8973a952a36 [term 0 FOLLOWER]: Starting leader election (no leader contacted us within the election timeout)
I20260709 13:06:30.272799 19232 raft_consensus.cc:3060] T b6be823f4a164ccb9750537551d89cd9 P 5bbf1af36ba943a68aaca8973a952a36 [term 0 FOLLOWER]: Advancing to term 1
I20260709 13:06:30.272822 19184 tablet_bootstrap.cc:492] T 0c91ccd4462647ac9b74efdbb25a6d59 P 5bbf1af36ba943a68aaca8973a952a36: No bootstrap required, opened a new log
I20260709 13:06:30.272357 19143 tablet_service.cc:1917] Received RequestConsensusVote() RPC: tablet_id: "eaf436986cff43dca0cc47a92a1c436b" candidate_uuid: "c2cc73dab4754b6a8495e206d9e7b6fc" candidate_term: 1 candidate_status { last_received { term: 0 index: 0 } } ignore_live_leader: false dest_uuid: "5bbf1af36ba943a68aaca8973a952a36"
I20260709 13:06:30.273689 19184 ts_tablet_manager.cc:1403] T 0c91ccd4462647ac9b74efdbb25a6d59 P 5bbf1af36ba943a68aaca8973a952a36: Time spent bootstrapping tablet: real 0.072s	user 0.016s	sys 0.004s
I20260709 13:06:30.273665 19143 raft_consensus.cc:3060] T eaf436986cff43dca0cc47a92a1c436b P 5bbf1af36ba943a68aaca8973a952a36 [term 0 FOLLOWER]: Advancing to term 1
W20260709 13:06:30.275133 19036 leader_election.cc:343] T eaf436986cff43dca0cc47a92a1c436b P c2cc73dab4754b6a8495e206d9e7b6fc [CANDIDATE]: Term 1 election: Tablet error from VoteRequest() call to peer c5ab453784b54272b831ffbe6c42868f (127.17.112.1:39057): Illegal state: must be running to vote when last-logged opid is not known
I20260709 13:06:30.277900 19186 tablet_bootstrap.cc:654] T d5a110d9f7a347bc8d120d298a9bd8b1 P c2cc73dab4754b6a8495e206d9e7b6fc: Neither blocks nor log segments found. Creating new log.
I20260709 13:06:30.280273 19185 tablet_bootstrap.cc:492] T b6be823f4a164ccb9750537551d89cd9 P c5ab453784b54272b831ffbe6c42868f: No bootstrap required, opened a new log
I20260709 13:06:30.280805 19185 ts_tablet_manager.cc:1403] T b6be823f4a164ccb9750537551d89cd9 P c5ab453784b54272b831ffbe6c42868f: Time spent bootstrapping tablet: real 0.056s	user 0.031s	sys 0.006s
I20260709 13:06:30.283394 19185 raft_consensus.cc:359] T b6be823f4a164ccb9750537551d89cd9 P c5ab453784b54272b831ffbe6c42868f [term 0 FOLLOWER]: Replica starting. Triggering 0 pending ops. Active config: opid_index: -1 OBSOLETE_local: false peers { permanent_uuid: "c5ab453784b54272b831ffbe6c42868f" member_type: VOTER last_known_addr { host: "127.17.112.1" port: 39057 } } peers { permanent_uuid: "c2cc73dab4754b6a8495e206d9e7b6fc" member_type: VOTER last_known_addr { host: "127.17.112.2" port: 44031 } } peers { permanent_uuid: "5bbf1af36ba943a68aaca8973a952a36" member_type: VOTER last_known_addr { host: "127.17.112.3" port: 46029 } }
I20260709 13:06:30.284112 19185 raft_consensus.cc:385] T b6be823f4a164ccb9750537551d89cd9 P c5ab453784b54272b831ffbe6c42868f [term 0 FOLLOWER]: Consensus starting up: Expiring failure detector timer to make a prompt election more likely
I20260709 13:06:30.284446 19185 raft_consensus.cc:740] T b6be823f4a164ccb9750537551d89cd9 P c5ab453784b54272b831ffbe6c42868f [term 0 FOLLOWER]: Becoming Follower/Learner. State: Replica: c5ab453784b54272b831ffbe6c42868f, State: Initialized, Role: FOLLOWER
I20260709 13:06:30.285244 19185 consensus_queue.cc:260] T b6be823f4a164ccb9750537551d89cd9 P c5ab453784b54272b831ffbe6c42868f [NON_LEADER]: Queue going to NON_LEADER mode. State: All replicated index: 0, Majority replicated index: 0, Committed index: 0, Last appended: 0.0, Last appended by leader: 0, Current term: 0, Majority size: -1, State: 0, Mode: NON_LEADER, active raft config: opid_index: -1 OBSOLETE_local: false peers { permanent_uuid: "c5ab453784b54272b831ffbe6c42868f" member_type: VOTER last_known_addr { host: "127.17.112.1" port: 39057 } } peers { permanent_uuid: "c2cc73dab4754b6a8495e206d9e7b6fc" member_type: VOTER last_known_addr { host: "127.17.112.2" port: 44031 } } peers { permanent_uuid: "5bbf1af36ba943a68aaca8973a952a36" member_type: VOTER last_known_addr { host: "127.17.112.3" port: 46029 } }
I20260709 13:06:30.277632 19184 raft_consensus.cc:359] T 0c91ccd4462647ac9b74efdbb25a6d59 P 5bbf1af36ba943a68aaca8973a952a36 [term 0 FOLLOWER]: Replica starting. Triggering 0 pending ops. Active config: opid_index: -1 OBSOLETE_local: false peers { permanent_uuid: "c5ab453784b54272b831ffbe6c42868f" member_type: VOTER last_known_addr { host: "127.17.112.1" port: 39057 } } peers { permanent_uuid: "c2cc73dab4754b6a8495e206d9e7b6fc" member_type: VOTER last_known_addr { host: "127.17.112.2" port: 44031 } } peers { permanent_uuid: "5bbf1af36ba943a68aaca8973a952a36" member_type: VOTER last_known_addr { host: "127.17.112.3" port: 46029 } }
I20260709 13:06:30.287106 19184 raft_consensus.cc:385] T 0c91ccd4462647ac9b74efdbb25a6d59 P 5bbf1af36ba943a68aaca8973a952a36 [term 0 FOLLOWER]: Consensus starting up: Expiring failure detector timer to make a prompt election more likely
I20260709 13:06:30.287420 19184 raft_consensus.cc:740] T 0c91ccd4462647ac9b74efdbb25a6d59 P 5bbf1af36ba943a68aaca8973a952a36 [term 0 FOLLOWER]: Becoming Follower/Learner. State: Replica: 5bbf1af36ba943a68aaca8973a952a36, State: Initialized, Role: FOLLOWER
I20260709 13:06:30.296470 19185 ts_tablet_manager.cc:1434] T b6be823f4a164ccb9750537551d89cd9 P c5ab453784b54272b831ffbe6c42868f: Time spent starting tablet: real 0.015s	user 0.006s	sys 0.000s
I20260709 13:06:30.302409 19184 consensus_queue.cc:260] T 0c91ccd4462647ac9b74efdbb25a6d59 P 5bbf1af36ba943a68aaca8973a952a36 [NON_LEADER]: Queue going to NON_LEADER mode. State: All replicated index: 0, Majority replicated index: 0, Committed index: 0, Last appended: 0.0, Last appended by leader: 0, Current term: 0, Majority size: -1, State: 0, Mode: NON_LEADER, active raft config: opid_index: -1 OBSOLETE_local: false peers { permanent_uuid: "c5ab453784b54272b831ffbe6c42868f" member_type: VOTER last_known_addr { host: "127.17.112.1" port: 39057 } } peers { permanent_uuid: "c2cc73dab4754b6a8495e206d9e7b6fc" member_type: VOTER last_known_addr { host: "127.17.112.2" port: 44031 } } peers { permanent_uuid: "5bbf1af36ba943a68aaca8973a952a36" member_type: VOTER last_known_addr { host: "127.17.112.3" port: 46029 } }
I20260709 13:06:30.303740 19185 tablet_bootstrap.cc:492] T aea5e2325c154e44b1170a7669513af3 P c5ab453784b54272b831ffbe6c42868f: Bootstrap starting.
I20260709 13:06:30.304859 19184 ts_tablet_manager.cc:1434] T 0c91ccd4462647ac9b74efdbb25a6d59 P 5bbf1af36ba943a68aaca8973a952a36: Time spent starting tablet: real 0.031s	user 0.008s	sys 0.000s
I20260709 13:06:30.305763 19184 tablet_bootstrap.cc:492] T bc6a897ef26c43e295886eb842d58c2b P 5bbf1af36ba943a68aaca8973a952a36: Bootstrap starting.
I20260709 13:06:30.290382 19144 raft_consensus.cc:2468] T b3628e2a02744dd097c4ae8a6fb6f64b P 5bbf1af36ba943a68aaca8973a952a36 [term 1 FOLLOWER]: Leader election vote request: Granting yes vote for candidate c2cc73dab4754b6a8495e206d9e7b6fc in term 1.
I20260709 13:06:30.308609 19033 leader_election.cc:304] T b3628e2a02744dd097c4ae8a6fb6f64b P c2cc73dab4754b6a8495e206d9e7b6fc [CANDIDATE]: Term 1 election: Election decided. Result: candidate won. Election summary: received 3 responses out of 3 voters: 2 yes votes; 1 no votes. yes voters: 5bbf1af36ba943a68aaca8973a952a36, c2cc73dab4754b6a8495e206d9e7b6fc; no voters: c5ab453784b54272b831ffbe6c42868f
I20260709 13:06:30.293709 19232 raft_consensus.cc:515] T b6be823f4a164ccb9750537551d89cd9 P 5bbf1af36ba943a68aaca8973a952a36 [term 1 FOLLOWER]: Starting leader election with config: opid_index: -1 OBSOLETE_local: false peers { permanent_uuid: "c5ab453784b54272b831ffbe6c42868f" member_type: VOTER last_known_addr { host: "127.17.112.1" port: 39057 } } peers { permanent_uuid: "c2cc73dab4754b6a8495e206d9e7b6fc" member_type: VOTER last_known_addr { host: "127.17.112.2" port: 44031 } } peers { permanent_uuid: "5bbf1af36ba943a68aaca8973a952a36" member_type: VOTER last_known_addr { host: "127.17.112.3" port: 46029 } }
I20260709 13:06:30.310315 19194 raft_consensus.cc:2804] T b3628e2a02744dd097c4ae8a6fb6f64b P c2cc73dab4754b6a8495e206d9e7b6fc [term 1 FOLLOWER]: Leader election won for term 1
