I20260709 13:06:29.725623 22704 raft_consensus.cc:359] T 91903f03d7624c13afcc6ed93edb0510 P 8f6d96cb0bf34bac9a6306efdc789dd4 [term 0 FOLLOWER]: Replica starting. Triggering 0 pending ops. Active config: opid_index: -1 OBSOLETE_local: false peers { permanent_uuid: "e4276e06f2f44122bd583d968c532f53" member_type: VOTER last_known_addr { host: "127.20.229.65" port: 36171 } } peers { permanent_uuid: "1e189ec4fed44b12bb9026413df99eba" member_type: VOTER last_known_addr { host: "127.20.229.66" port: 45955 } } peers { permanent_uuid: "8f6d96cb0bf34bac9a6306efdc789dd4" member_type: VOTER last_known_addr { host: "127.20.229.67" port: 38619 } }
I20260709 13:06:29.726261 22704 raft_consensus.cc:385] T 91903f03d7624c13afcc6ed93edb0510 P 8f6d96cb0bf34bac9a6306efdc789dd4 [term 0 FOLLOWER]: Consensus starting up: Expiring failure detector timer to make a prompt election more likely
I20260709 13:06:29.726495 22705 tablet_bootstrap.cc:492] T b987ea247a3b4ad3b6e81c5b54fd9c7c P e4276e06f2f44122bd583d968c532f53: No bootstrap required, opened a new log
I20260709 13:06:29.726504 22704 raft_consensus.cc:740] T 91903f03d7624c13afcc6ed93edb0510 P 8f6d96cb0bf34bac9a6306efdc789dd4 [term 0 FOLLOWER]: Becoming Follower/Learner. State: Replica: 8f6d96cb0bf34bac9a6306efdc789dd4, State: Initialized, Role: FOLLOWER
I20260709 13:06:29.727005 22705 ts_tablet_manager.cc:1403] T b987ea247a3b4ad3b6e81c5b54fd9c7c P e4276e06f2f44122bd583d968c532f53: Time spent bootstrapping tablet: real 0.029s	user 0.009s	sys 0.007s
I20260709 13:06:29.728879 22704 consensus_queue.cc:260] T 91903f03d7624c13afcc6ed93edb0510 P 8f6d96cb0bf34bac9a6306efdc789dd4 [NON_LEADER]: Queue going to NON_LEADER mode. State: All replicated index: 0, Majority replicated index: 0, Committed index: 0, Last appended: 0.0, Last appended by leader: 0, Current term: 0, Majority size: -1, State: 0, Mode: NON_LEADER, active raft config: opid_index: -1 OBSOLETE_local: false peers { permanent_uuid: "e4276e06f2f44122bd583d968c532f53" member_type: VOTER last_known_addr { host: "127.20.229.65" port: 36171 } } peers { permanent_uuid: "1e189ec4fed44b12bb9026413df99eba" member_type: VOTER last_known_addr { host: "127.20.229.66" port: 45955 } } peers { permanent_uuid: "8f6d96cb0bf34bac9a6306efdc789dd4" member_type: VOTER last_known_addr { host: "127.20.229.67" port: 38619 } }
I20260709 13:06:29.731173 22704 ts_tablet_manager.cc:1434] T 91903f03d7624c13afcc6ed93edb0510 P 8f6d96cb0bf34bac9a6306efdc789dd4: Time spent starting tablet: real 0.009s	user 0.006s	sys 0.000s
I20260709 13:06:29.732671 22704 tablet_bootstrap.cc:492] T b3f3c52429394e82961653e16f153be8 P 8f6d96cb0bf34bac9a6306efdc789dd4: Bootstrap starting.
I20260709 13:06:29.733534 22706 tablet_bootstrap.cc:492] T 4377896b0cc64921bbd5f1d7bf3bd198 P 1e189ec4fed44b12bb9026413df99eba: No bootstrap required, opened a new log
I20260709 13:06:29.735431 22705 raft_consensus.cc:359] T b987ea247a3b4ad3b6e81c5b54fd9c7c P e4276e06f2f44122bd583d968c532f53 [term 0 FOLLOWER]: Replica starting. Triggering 0 pending ops. Active config: opid_index: -1 OBSOLETE_local: false peers { permanent_uuid: "e4276e06f2f44122bd583d968c532f53" member_type: VOTER last_known_addr { host: "127.20.229.65" port: 36171 } } peers { permanent_uuid: "1e189ec4fed44b12bb9026413df99eba" member_type: VOTER last_known_addr { host: "127.20.229.66" port: 45955 } } peers { permanent_uuid: "8f6d96cb0bf34bac9a6306efdc789dd4" member_type: VOTER last_known_addr { host: "127.20.229.67" port: 38619 } }
I20260709 13:06:29.734010 22706 ts_tablet_manager.cc:1403] T 4377896b0cc64921bbd5f1d7bf3bd198 P 1e189ec4fed44b12bb9026413df99eba: Time spent bootstrapping tablet: real 0.067s	user 0.020s	sys 0.012s
I20260709 13:06:29.736054 22705 raft_consensus.cc:385] T b987ea247a3b4ad3b6e81c5b54fd9c7c P e4276e06f2f44122bd583d968c532f53 [term 0 FOLLOWER]: Consensus starting up: Expiring failure detector timer to make a prompt election more likely
I20260709 13:06:29.736397 22705 raft_consensus.cc:740] T b987ea247a3b4ad3b6e81c5b54fd9c7c P e4276e06f2f44122bd583d968c532f53 [term 0 FOLLOWER]: Becoming Follower/Learner. State: Replica: e4276e06f2f44122bd583d968c532f53, State: Initialized, Role: FOLLOWER
I20260709 13:06:29.737222 22705 consensus_queue.cc:260] T b987ea247a3b4ad3b6e81c5b54fd9c7c P e4276e06f2f44122bd583d968c532f53 [NON_LEADER]: Queue going to NON_LEADER mode. State: All replicated index: 0, Majority replicated index: 0, Committed index: 0, Last appended: 0.0, Last appended by leader: 0, Current term: 0, Majority size: -1, State: 0, Mode: NON_LEADER, active raft config: opid_index: -1 OBSOLETE_local: false peers { permanent_uuid: "e4276e06f2f44122bd583d968c532f53" member_type: VOTER last_known_addr { host: "127.20.229.65" port: 36171 } } peers { permanent_uuid: "1e189ec4fed44b12bb9026413df99eba" member_type: VOTER last_known_addr { host: "127.20.229.66" port: 45955 } } peers { permanent_uuid: "8f6d96cb0bf34bac9a6306efdc789dd4" member_type: VOTER last_known_addr { host: "127.20.229.67" port: 38619 } }
I20260709 13:06:29.738312 22704 tablet_bootstrap.cc:654] T b3f3c52429394e82961653e16f153be8 P 8f6d96cb0bf34bac9a6306efdc789dd4: Neither blocks nor log segments found. Creating new log.
I20260709 13:06:29.739203 22705 ts_tablet_manager.cc:1434] T b987ea247a3b4ad3b6e81c5b54fd9c7c P e4276e06f2f44122bd583d968c532f53: Time spent starting tablet: real 0.012s	user 0.006s	sys 0.001s
I20260709 13:06:29.740250 22705 tablet_bootstrap.cc:492] T 4377896b0cc64921bbd5f1d7bf3bd198 P e4276e06f2f44122bd583d968c532f53: Bootstrap starting.
I20260709 13:06:29.746133 22705 tablet_bootstrap.cc:654] T 4377896b0cc64921bbd5f1d7bf3bd198 P e4276e06f2f44122bd583d968c532f53: Neither blocks nor log segments found. Creating new log.
I20260709 13:06:29.753613 22706 raft_consensus.cc:359] T 4377896b0cc64921bbd5f1d7bf3bd198 P 1e189ec4fed44b12bb9026413df99eba [term 0 FOLLOWER]: Replica starting. Triggering 0 pending ops. Active config: opid_index: -1 OBSOLETE_local: false peers { permanent_uuid: "e4276e06f2f44122bd583d968c532f53" member_type: VOTER last_known_addr { host: "127.20.229.65" port: 36171 } } peers { permanent_uuid: "1e189ec4fed44b12bb9026413df99eba" member_type: VOTER last_known_addr { host: "127.20.229.66" port: 45955 } } peers { permanent_uuid: "8f6d96cb0bf34bac9a6306efdc789dd4" member_type: VOTER last_known_addr { host: "127.20.229.67" port: 38619 } }
I20260709 13:06:29.755314 22706 raft_consensus.cc:385] T 4377896b0cc64921bbd5f1d7bf3bd198 P 1e189ec4fed44b12bb9026413df99eba [term 0 FOLLOWER]: Consensus starting up: Expiring failure detector timer to make a prompt election more likely
I20260709 13:06:29.755756 22706 raft_consensus.cc:740] T 4377896b0cc64921bbd5f1d7bf3bd198 P 1e189ec4fed44b12bb9026413df99eba [term 0 FOLLOWER]: Becoming Follower/Learner. State: Replica: 1e189ec4fed44b12bb9026413df99eba, State: Initialized, Role: FOLLOWER
I20260709 13:06:29.756503 22706 consensus_queue.cc:260] T 4377896b0cc64921bbd5f1d7bf3bd198 P 1e189ec4fed44b12bb9026413df99eba [NON_LEADER]: Queue going to NON_LEADER mode. State: All replicated index: 0, Majority replicated index: 0, Committed index: 0, Last appended: 0.0, Last appended by leader: 0, Current term: 0, Majority size: -1, State: 0, Mode: NON_LEADER, active raft config: opid_index: -1 OBSOLETE_local: false peers { permanent_uuid: "e4276e06f2f44122bd583d968c532f53" member_type: VOTER last_known_addr { host: "127.20.229.65" port: 36171 } } peers { permanent_uuid: "1e189ec4fed44b12bb9026413df99eba" member_type: VOTER last_known_addr { host: "127.20.229.66" port: 45955 } } peers { permanent_uuid: "8f6d96cb0bf34bac9a6306efdc789dd4" member_type: VOTER last_known_addr { host: "127.20.229.67" port: 38619 } }
I20260709 13:06:29.758975 22706 ts_tablet_manager.cc:1434] T 4377896b0cc64921bbd5f1d7bf3bd198 P 1e189ec4fed44b12bb9026413df99eba: Time spent starting tablet: real 0.023s	user 0.006s	sys 0.000s
I20260709 13:06:29.760752 22706 tablet_bootstrap.cc:492] T b3f3c52429394e82961653e16f153be8 P 1e189ec4fed44b12bb9026413df99eba: Bootstrap starting.
I20260709 13:06:29.760828 22704 tablet_bootstrap.cc:492] T b3f3c52429394e82961653e16f153be8 P 8f6d96cb0bf34bac9a6306efdc789dd4: No bootstrap required, opened a new log
I20260709 13:06:29.767647 22704 ts_tablet_manager.cc:1403] T b3f3c52429394e82961653e16f153be8 P 8f6d96cb0bf34bac9a6306efdc789dd4: Time spent bootstrapping tablet: real 0.035s	user 0.012s	sys 0.017s
I20260709 13:06:29.762051 22705 tablet_bootstrap.cc:492] T 4377896b0cc64921bbd5f1d7bf3bd198 P e4276e06f2f44122bd583d968c532f53: No bootstrap required, opened a new log
I20260709 13:06:29.772384 22705 ts_tablet_manager.cc:1403] T 4377896b0cc64921bbd5f1d7bf3bd198 P e4276e06f2f44122bd583d968c532f53: Time spent bootstrapping tablet: real 0.032s	user 0.010s	sys 0.008s
I20260709 13:06:29.770992 22966 raft_consensus.cc:493] T b3f3c52429394e82961653e16f153be8 P e4276e06f2f44122bd583d968c532f53 [term 0 FOLLOWER]: Starting pre-election (no leader contacted us within the election timeout)
I20260709 13:06:29.773217 22704 raft_consensus.cc:359] T b3f3c52429394e82961653e16f153be8 P 8f6d96cb0bf34bac9a6306efdc789dd4 [term 0 FOLLOWER]: Replica starting. Triggering 0 pending ops. Active config: opid_index: -1 OBSOLETE_local: false peers { permanent_uuid: "e4276e06f2f44122bd583d968c532f53" member_type: VOTER last_known_addr { host: "127.20.229.65" port: 36171 } } peers { permanent_uuid: "1e189ec4fed44b12bb9026413df99eba" member_type: VOTER last_known_addr { host: "127.20.229.66" port: 45955 } } peers { permanent_uuid: "8f6d96cb0bf34bac9a6306efdc789dd4" member_type: VOTER last_known_addr { host: "127.20.229.67" port: 38619 } }
I20260709 13:06:29.773866 22704 raft_consensus.cc:385] T b3f3c52429394e82961653e16f153be8 P 8f6d96cb0bf34bac9a6306efdc789dd4 [term 0 FOLLOWER]: Consensus starting up: Expiring failure detector timer to make a prompt election more likely
I20260709 13:06:29.774104 22704 raft_consensus.cc:740] T b3f3c52429394e82961653e16f153be8 P 8f6d96cb0bf34bac9a6306efdc789dd4 [term 0 FOLLOWER]: Becoming Follower/Learner. State: Replica: 8f6d96cb0bf34bac9a6306efdc789dd4, State: Initialized, Role: FOLLOWER
I20260709 13:06:29.774662 22966 raft_consensus.cc:515] T b3f3c52429394e82961653e16f153be8 P e4276e06f2f44122bd583d968c532f53 [term 0 FOLLOWER]: Starting pre-election with config: opid_index: -1 OBSOLETE_local: false peers { permanent_uuid: "e4276e06f2f44122bd583d968c532f53" member_type: VOTER last_known_addr { host: "127.20.229.65" port: 36171 } } peers { permanent_uuid: "1e189ec4fed44b12bb9026413df99eba" member_type: VOTER last_known_addr { host: "127.20.229.66" port: 45955 } } peers { permanent_uuid: "8f6d96cb0bf34bac9a6306efdc789dd4" member_type: VOTER last_known_addr { host: "127.20.229.67" port: 38619 } }
I20260709 13:06:29.777941 22706 tablet_bootstrap.cc:654] T b3f3c52429394e82961653e16f153be8 P 1e189ec4fed44b12bb9026413df99eba: Neither blocks nor log segments found. Creating new log.
I20260709 13:06:29.779683 22590 tablet_service.cc:1917] Received RequestConsensusVote() RPC: tablet_id: "b3f3c52429394e82961653e16f153be8" candidate_uuid: "e4276e06f2f44122bd583d968c532f53" candidate_term: 1 candidate_status { last_received { term: 0 index: 0 } } ignore_live_leader: false dest_uuid: "1e189ec4fed44b12bb9026413df99eba" is_pre_election: true
I20260709 13:06:29.783196 22656 tablet_service.cc:1917] Received RequestConsensusVote() RPC: tablet_id: "b3f3c52429394e82961653e16f153be8" candidate_uuid: "e4276e06f2f44122bd583d968c532f53" candidate_term: 1 candidate_status { last_received { term: 0 index: 0 } } ignore_live_leader: false dest_uuid: "8f6d96cb0bf34bac9a6306efdc789dd4" is_pre_election: true
I20260709 13:06:29.783524 22705 raft_consensus.cc:359] T 4377896b0cc64921bbd5f1d7bf3bd198 P e4276e06f2f44122bd583d968c532f53 [term 0 FOLLOWER]: Replica starting. Triggering 0 pending ops. Active config: opid_index: -1 OBSOLETE_local: false peers { permanent_uuid: "e4276e06f2f44122bd583d968c532f53" member_type: VOTER last_known_addr { host: "127.20.229.65" port: 36171 } } peers { permanent_uuid: "1e189ec4fed44b12bb9026413df99eba" member_type: VOTER last_known_addr { host: "127.20.229.66" port: 45955 } } peers { permanent_uuid: "8f6d96cb0bf34bac9a6306efdc789dd4" member_type: VOTER last_known_addr { host: "127.20.229.67" port: 38619 } }
I20260709 13:06:29.784566 22705 raft_consensus.cc:385] T 4377896b0cc64921bbd5f1d7bf3bd198 P e4276e06f2f44122bd583d968c532f53 [term 0 FOLLOWER]: Consensus starting up: Expiring failure detector timer to make a prompt election more likely
I20260709 13:06:29.784894 22705 raft_consensus.cc:740] T 4377896b0cc64921bbd5f1d7bf3bd198 P e4276e06f2f44122bd583d968c532f53 [term 0 FOLLOWER]: Becoming Follower/Learner. State: Replica: e4276e06f2f44122bd583d968c532f53, State: Initialized, Role: FOLLOWER
I20260709 13:06:29.785574 22705 consensus_queue.cc:260] T 4377896b0cc64921bbd5f1d7bf3bd198 P e4276e06f2f44122bd583d968c532f53 [NON_LEADER]: Queue going to NON_LEADER mode. State: All replicated index: 0, Majority replicated index: 0, Committed index: 0, Last appended: 0.0, Last appended by leader: 0, Current term: 0, Majority size: -1, State: 0, Mode: NON_LEADER, active raft config: opid_index: -1 OBSOLETE_local: false peers { permanent_uuid: "e4276e06f2f44122bd583d968c532f53" member_type: VOTER last_known_addr { host: "127.20.229.65" port: 36171 } } peers { permanent_uuid: "1e189ec4fed44b12bb9026413df99eba" member_type: VOTER last_known_addr { host: "127.20.229.66" port: 45955 } } peers { permanent_uuid: "8f6d96cb0bf34bac9a6306efdc789dd4" member_type: VOTER last_known_addr { host: "127.20.229.67" port: 38619 } }
I20260709 13:06:29.783861 22966 leader_election.cc:290] T b3f3c52429394e82961653e16f153be8 P e4276e06f2f44122bd583d968c532f53 [CANDIDATE]: Term 1 pre-election: Requested pre-vote from peers 1e189ec4fed44b12bb9026413df99eba (127.20.229.66:45955), 8f6d96cb0bf34bac9a6306efdc789dd4 (127.20.229.67:38619)
I20260709 13:06:29.787523 22705 ts_tablet_manager.cc:1434] T 4377896b0cc64921bbd5f1d7bf3bd198 P e4276e06f2f44122bd583d968c532f53: Time spent starting tablet: real 0.015s	user 0.004s	sys 0.000s
I20260709 13:06:29.788439 22992 raft_consensus.cc:493] T b987ea247a3b4ad3b6e81c5b54fd9c7c P e4276e06f2f44122bd583d968c532f53 [term 0 FOLLOWER]: Starting pre-election (no leader contacted us within the election timeout)
W20260709 13:06:29.788983 22481 leader_election.cc:343] T b3f3c52429394e82961653e16f153be8 P e4276e06f2f44122bd583d968c532f53 [CANDIDATE]: Term 1 pre-election: Tablet error from VoteRequest() call to peer 1e189ec4fed44b12bb9026413df99eba (127.20.229.66:45955): Illegal state: must be running to vote when last-logged opid is not known
I20260709 13:06:29.788964 22992 raft_consensus.cc:515] T b987ea247a3b4ad3b6e81c5b54fd9c7c P e4276e06f2f44122bd583d968c532f53 [term 0 FOLLOWER]: Starting pre-election with config: opid_index: -1 OBSOLETE_local: false peers { permanent_uuid: "e4276e06f2f44122bd583d968c532f53" member_type: VOTER last_known_addr { host: "127.20.229.65" port: 36171 } } peers { permanent_uuid: "1e189ec4fed44b12bb9026413df99eba" member_type: VOTER last_known_addr { host: "127.20.229.66" port: 45955 } } peers { permanent_uuid: "8f6d96cb0bf34bac9a6306efdc789dd4" member_type: VOTER last_known_addr { host: "127.20.229.67" port: 38619 } }
I20260709 13:06:29.776778 22704 consensus_queue.cc:260] T b3f3c52429394e82961653e16f153be8 P 8f6d96cb0bf34bac9a6306efdc789dd4 [NON_LEADER]: Queue going to NON_LEADER mode. State: All replicated index: 0, Majority replicated index: 0, Committed index: 0, Last appended: 0.0, Last appended by leader: 0, Current term: 0, Majority size: -1, State: 0, Mode: NON_LEADER, active raft config: opid_index: -1 OBSOLETE_local: false peers { permanent_uuid: "e4276e06f2f44122bd583d968c532f53" member_type: VOTER last_known_addr { host: "127.20.229.65" port: 36171 } } peers { permanent_uuid: "1e189ec4fed44b12bb9026413df99eba" member_type: VOTER last_known_addr { host: "127.20.229.66" port: 45955 } } peers { permanent_uuid: "8f6d96cb0bf34bac9a6306efdc789dd4" member_type: VOTER last_known_addr { host: "127.20.229.67" port: 38619 } }
I20260709 13:06:29.790336 22656 raft_consensus.cc:2468] T b3f3c52429394e82961653e16f153be8 P 8f6d96cb0bf34bac9a6306efdc789dd4 [term 0 FOLLOWER]: Leader pre-election vote request: Granting yes vote for candidate e4276e06f2f44122bd583d968c532f53 in term 0.
I20260709 13:06:29.790541 22706 tablet_bootstrap.cc:492] T b3f3c52429394e82961653e16f153be8 P 1e189ec4fed44b12bb9026413df99eba: No bootstrap required, opened a new log
I20260709 13:06:29.790930 22705 tablet_bootstrap.cc:492] T 91903f03d7624c13afcc6ed93edb0510 P e4276e06f2f44122bd583d968c532f53: Bootstrap starting.
I20260709 13:06:29.791237 22992 leader_election.cc:290] T b987ea247a3b4ad3b6e81c5b54fd9c7c P e4276e06f2f44122bd583d968c532f53 [CANDIDATE]: Term 1 pre-election: Requested pre-vote from peers 1e189ec4fed44b12bb9026413df99eba (127.20.229.66:45955), 8f6d96cb0bf34bac9a6306efdc789dd4 (127.20.229.67:38619)
I20260709 13:06:29.792191 22661 tablet_service.cc:1917] Received RequestConsensusVote() RPC: tablet_id: "b987ea247a3b4ad3b6e81c5b54fd9c7c" candidate_uuid: "e4276e06f2f44122bd583d968c532f53" candidate_term: 1 candidate_status { last_received { term: 0 index: 0 } } ignore_live_leader: false dest_uuid: "8f6d96cb0bf34bac9a6306efdc789dd4" is_pre_election: true
I20260709 13:06:29.792824 22661 raft_consensus.cc:2468] T b987ea247a3b4ad3b6e81c5b54fd9c7c P 8f6d96cb0bf34bac9a6306efdc789dd4 [term 0 FOLLOWER]: Leader pre-election vote request: Granting yes vote for candidate e4276e06f2f44122bd583d968c532f53 in term 0.
I20260709 13:06:29.792936 22478 leader_election.cc:304] T b3f3c52429394e82961653e16f153be8 P e4276e06f2f44122bd583d968c532f53 [CANDIDATE]: Term 1 pre-election: Election decided. Result: candidate won. Election summary: received 3 responses out of 3 voters: 2 yes votes; 1 no votes. yes voters: 8f6d96cb0bf34bac9a6306efdc789dd4, e4276e06f2f44122bd583d968c532f53; no voters: 1e189ec4fed44b12bb9026413df99eba
I20260709 13:06:29.791039 22706 ts_tablet_manager.cc:1403] T b3f3c52429394e82961653e16f153be8 P 1e189ec4fed44b12bb9026413df99eba: Time spent bootstrapping tablet: real 0.031s	user 0.007s	sys 0.005s
I20260709 13:06:29.794234 22478 leader_election.cc:304] T b987ea247a3b4ad3b6e81c5b54fd9c7c P e4276e06f2f44122bd583d968c532f53 [CANDIDATE]: Term 1 pre-election: Election decided. Result: candidate won. Election summary: received 2 responses out of 3 voters: 2 yes votes; 0 no votes. yes voters: 8f6d96cb0bf34bac9a6306efdc789dd4, e4276e06f2f44122bd583d968c532f53; no voters: 
I20260709 13:06:29.794770 22992 raft_consensus.cc:2804] T b3f3c52429394e82961653e16f153be8 P e4276e06f2f44122bd583d968c532f53 [term 0 FOLLOWER]: Leader pre-election won for term 1
I20260709 13:06:29.795413 22796 raft_consensus.cc:2804] T b987ea247a3b4ad3b6e81c5b54fd9c7c P e4276e06f2f44122bd583d968c532f53 [term 0 FOLLOWER]: Leader pre-election won for term 1
I20260709 13:06:29.800036 22992 raft_consensus.cc:493] T b3f3c52429394e82961653e16f153be8 P e4276e06f2f44122bd583d968c532f53 [term 0 FOLLOWER]: Starting leader election (no leader contacted us within the election timeout)
I20260709 13:06:29.797595 22588 tablet_service.cc:1917] Received RequestConsensusVote() RPC: tablet_id: "b987ea247a3b4ad3b6e81c5b54fd9c7c" candidate_uuid: "e4276e06f2f44122bd583d968c532f53" candidate_term: 1 candidate_status { last_received { term: 0 index: 0 } } ignore_live_leader: false dest_uuid: "1e189ec4fed44b12bb9026413df99eba" is_pre_election: true
I20260709 13:06:29.798271 22705 tablet_bootstrap.cc:654] T 91903f03d7624c13afcc6ed93edb0510 P e4276e06f2f44122bd583d968c532f53: Neither blocks nor log segments found. Creating new log.
I20260709 13:06:29.802167 22992 raft_consensus.cc:3060] T b3f3c52429394e82961653e16f153be8 P e4276e06f2f44122bd583d968c532f53 [term 0 FOLLOWER]: Advancing to term 1
W20260709 13:06:29.803232 22481 leader_election.cc:343] T b987ea247a3b4ad3b6e81c5b54fd9c7c P e4276e06f2f44122bd583d968c532f53 [CANDIDATE]: Term 1 pre-election: Tablet error from VoteRequest() call to peer 1e189ec4fed44b12bb9026413df99eba (127.20.229.66:45955): Illegal state: must be running to vote when last-logged opid is not known
I20260709 13:06:29.796289 22706 raft_consensus.cc:359] T b3f3c52429394e82961653e16f153be8 P 1e189ec4fed44b12bb9026413df99eba [term 0 FOLLOWER]: Replica starting. Triggering 0 pending ops. Active config: opid_index: -1 OBSOLETE_local: false peers { permanent_uuid: "e4276e06f2f44122bd583d968c532f53" member_type: VOTER last_known_addr { host: "127.20.229.65" port: 36171 } } peers { permanent_uuid: "1e189ec4fed44b12bb9026413df99eba" member_type: VOTER last_known_addr { host: "127.20.229.66" port: 45955 } } peers { permanent_uuid: "8f6d96cb0bf34bac9a6306efdc789dd4" member_type: VOTER last_known_addr { host: "127.20.229.67" port: 38619 } }
I20260709 13:06:29.800053 22796 raft_consensus.cc:493] T b987ea247a3b4ad3b6e81c5b54fd9c7c P e4276e06f2f44122bd583d968c532f53 [term 0 FOLLOWER]: Starting leader election (no leader contacted us within the election timeout)
I20260709 13:06:29.803838 22706 raft_consensus.cc:385] T b3f3c52429394e82961653e16f153be8 P 1e189ec4fed44b12bb9026413df99eba [term 0 FOLLOWER]: Consensus starting up: Expiring failure detector timer to make a prompt election more likely
I20260709 13:06:29.803951 22796 raft_consensus.cc:3060] T b987ea247a3b4ad3b6e81c5b54fd9c7c P e4276e06f2f44122bd583d968c532f53 [term 0 FOLLOWER]: Advancing to term 1
I20260709 13:06:29.804088 22706 raft_consensus.cc:740] T b3f3c52429394e82961653e16f153be8 P 1e189ec4fed44b12bb9026413df99eba [term 0 FOLLOWER]: Becoming Follower/Learner. State: Replica: 1e189ec4fed44b12bb9026413df99eba, State: Initialized, Role: FOLLOWER
I20260709 13:06:29.804930 22706 consensus_queue.cc:260] T b3f3c52429394e82961653e16f153be8 P 1e189ec4fed44b12bb9026413df99eba [NON_LEADER]: Queue going to NON_LEADER mode. State: All replicated index: 0, Majority replicated index: 0, Committed index: 0, Last appended: 0.0, Last appended by leader: 0, Current term: 0, Majority size: -1, State: 0, Mode: NON_LEADER, active raft config: opid_index: -1 OBSOLETE_local: false peers { permanent_uuid: "e4276e06f2f44122bd583d968c532f53" member_type: VOTER last_known_addr { host: "127.20.229.65" port: 36171 } } peers { permanent_uuid: "1e189ec4fed44b12bb9026413df99eba" member_type: VOTER last_known_addr { host: "127.20.229.66" port: 45955 } } peers { permanent_uuid: "8f6d96cb0bf34bac9a6306efdc789dd4" member_type: VOTER last_known_addr { host: "127.20.229.67" port: 38619 } }
I20260709 13:06:29.811666 22796 raft_consensus.cc:515] T b987ea247a3b4ad3b6e81c5b54fd9c7c P e4276e06f2f44122bd583d968c532f53 [term 1 FOLLOWER]: Starting leader election with config: opid_index: -1 OBSOLETE_local: false peers { permanent_uuid: "e4276e06f2f44122bd583d968c532f53" member_type: VOTER last_known_addr { host: "127.20.229.65" port: 36171 } } peers { permanent_uuid: "1e189ec4fed44b12bb9026413df99eba" member_type: VOTER last_known_addr { host: "127.20.229.66" port: 45955 } } peers { permanent_uuid: "8f6d96cb0bf34bac9a6306efdc789dd4" member_type: VOTER last_known_addr { host: "127.20.229.67" port: 38619 } }
I20260709 13:06:29.814337 22588 tablet_service.cc:1917] Received RequestConsensusVote() RPC: tablet_id: "b987ea247a3b4ad3b6e81c5b54fd9c7c" candidate_uuid: "e4276e06f2f44122bd583d968c532f53" candidate_term: 1 candidate_status { last_received { term: 0 index: 0 } } ignore_live_leader: false dest_uuid: "1e189ec4fed44b12bb9026413df99eba"
I20260709 13:06:29.814922 22706 ts_tablet_manager.cc:1434] T b3f3c52429394e82961653e16f153be8 P 1e189ec4fed44b12bb9026413df99eba: Time spent starting tablet: real 0.021s	user 0.005s	sys 0.001s
W20260709 13:06:29.815608 22481 leader_election.cc:343] T b987ea247a3b4ad3b6e81c5b54fd9c7c P e4276e06f2f44122bd583d968c532f53 [CANDIDATE]: Term 1 election: Tablet error from VoteRequest() call to peer 1e189ec4fed44b12bb9026413df99eba (127.20.229.66:45955): Illegal state: must be running to vote when last-logged opid is not known
I20260709 13:06:29.816767 22706 tablet_bootstrap.cc:492] T ab94b30535ae4c438c5201037088acfb P 1e189ec4fed44b12bb9026413df99eba: Bootstrap starting.
I20260709 13:06:29.799791 22704 ts_tablet_manager.cc:1434] T b3f3c52429394e82961653e16f153be8 P 8f6d96cb0bf34bac9a6306efdc789dd4: Time spent starting tablet: real 0.032s	user 0.002s	sys 0.003s
I20260709 13:06:29.818324 22704 tablet_bootstrap.cc:492] T ab94b30535ae4c438c5201037088acfb P 8f6d96cb0bf34bac9a6306efdc789dd4: Bootstrap starting.
I20260709 13:06:29.822170 22796 leader_election.cc:290] T b987ea247a3b4ad3b6e81c5b54fd9c7c P e4276e06f2f44122bd583d968c532f53 [CANDIDATE]: Term 1 election: Requested vote from peers 1e189ec4fed44b12bb9026413df99eba (127.20.229.66:45955), 8f6d96cb0bf34bac9a6306efdc789dd4 (127.20.229.67:38619)
I20260709 13:06:29.823990 22661 tablet_service.cc:1917] Received RequestConsensusVote() RPC: tablet_id: "b987ea247a3b4ad3b6e81c5b54fd9c7c" candidate_uuid: "e4276e06f2f44122bd583d968c532f53" candidate_term: 1 candidate_status { last_received { term: 0 index: 0 } } ignore_live_leader: false dest_uuid: "8f6d96cb0bf34bac9a6306efdc789dd4"
I20260709 13:06:29.824546 22661 raft_consensus.cc:3060] T b987ea247a3b4ad3b6e81c5b54fd9c7c P 8f6d96cb0bf34bac9a6306efdc789dd4 [term 0 FOLLOWER]: Advancing to term 1
I20260709 13:06:29.826622 22992 raft_consensus.cc:515] T b3f3c52429394e82961653e16f153be8 P e4276e06f2f44122bd583d968c532f53 [term 1 FOLLOWER]: Starting leader election with config: opid_index: -1 OBSOLETE_local: false peers { permanent_uuid: "e4276e06f2f44122bd583d968c532f53" member_type: VOTER last_known_addr { host: "127.20.229.65" port: 36171 } } peers { permanent_uuid: "1e189ec4fed44b12bb9026413df99eba" member_type: VOTER last_known_addr { host: "127.20.229.66" port: 45955 } } peers { permanent_uuid: "8f6d96cb0bf34bac9a6306efdc789dd4" member_type: VOTER last_known_addr { host: "127.20.229.67" port: 38619 } }
I20260709 13:06:29.829319 22588 tablet_service.cc:1917] Received RequestConsensusVote() RPC: tablet_id: "b3f3c52429394e82961653e16f153be8" candidate_uuid: "e4276e06f2f44122bd583d968c532f53" candidate_term: 1 candidate_status { last_received { term: 0 index: 0 } } ignore_live_leader: false dest_uuid: "1e189ec4fed44b12bb9026413df99eba"
I20260709 13:06:29.829818 22588 raft_consensus.cc:3060] T b3f3c52429394e82961653e16f153be8 P 1e189ec4fed44b12bb9026413df99eba [term 0 FOLLOWER]: Advancing to term 1
I20260709 13:06:29.837486 22976 consensus_queue.cc:1048] T a64e4fa635da4e1499d0dd681afd0d21 P 1e189ec4fed44b12bb9026413df99eba [LEADER]: Connected to new peer: Peer: permanent_uuid: "e4276e06f2f44122bd583d968c532f53" member_type: VOTER last_known_addr { host: "127.20.229.65" port: 36171 }, Status: LMP_MISMATCH, Last received: 0.0, Next index: 1, Last known committed idx: 0, Time since last communication: 0.001s
I20260709 13:06:29.840601 22588 raft_consensus.cc:2468] T b3f3c52429394e82961653e16f153be8 P 1e189ec4fed44b12bb9026413df99eba [term 1 FOLLOWER]: Leader election vote request: Granting yes vote for candidate e4276e06f2f44122bd583d968c532f53 in term 1.
I20260709 13:06:29.843050 22992 leader_election.cc:290] T b3f3c52429394e82961653e16f153be8 P e4276e06f2f44122bd583d968c532f53 [CANDIDATE]: Term 1 election: Requested vote from peers 1e189ec4fed44b12bb9026413df99eba (127.20.229.66:45955), 8f6d96cb0bf34bac9a6306efdc789dd4 (127.20.229.67:38619)
I20260709 13:06:29.844612 22656 tablet_service.cc:1917] Received RequestConsensusVote() RPC: tablet_id: "b3f3c52429394e82961653e16f153be8" candidate_uuid: "e4276e06f2f44122bd583d968c532f53" candidate_term: 1 candidate_status { last_received { term: 0 index: 0 } } ignore_live_leader: false dest_uuid: "8f6d96cb0bf34bac9a6306efdc789dd4"
I20260709 13:06:29.848941 22656 raft_consensus.cc:3060] T b3f3c52429394e82961653e16f153be8 P 8f6d96cb0bf34bac9a6306efdc789dd4 [term 0 FOLLOWER]: Advancing to term 1
I20260709 13:06:29.848857 22976 raft_consensus.cc:493] T 4377896b0cc64921bbd5f1d7bf3bd198 P 1e189ec4fed44b12bb9026413df99eba [term 0 FOLLOWER]: Starting pre-election (no leader contacted us within the election timeout)
I20260709 13:06:29.849582 22976 raft_consensus.cc:515] T 4377896b0cc64921bbd5f1d7bf3bd198 P 1e189ec4fed44b12bb9026413df99eba [term 0 FOLLOWER]: Starting pre-election with config: opid_index: -1 OBSOLETE_local: false peers { permanent_uuid: "e4276e06f2f44122bd583d968c532f53" member_type: VOTER last_known_addr { host: "127.20.229.65" port: 36171 } } peers { permanent_uuid: "1e189ec4fed44b12bb9026413df99eba" member_type: VOTER last_known_addr { host: "127.20.229.66" port: 45955 } } peers { permanent_uuid: "8f6d96cb0bf34bac9a6306efdc789dd4" member_type: VOTER last_known_addr { host: "127.20.229.67" port: 38619 } }
I20260709 13:06:29.846180 22995 consensus_queue.cc:1048] T 3c7bdad65be34ec7af248b3aad8c50ef P 8f6d96cb0bf34bac9a6306efdc789dd4 [LEADER]: Connected to new peer: Peer: permanent_uuid: "e4276e06f2f44122bd583d968c532f53" member_type: VOTER last_known_addr { host: "127.20.229.65" port: 36171 }, Status: LMP_MISMATCH, Last received: 0.0, Next index: 1, Last known committed idx: 0, Time since last communication: 0.000s
I20260709 13:06:29.851783 22976 leader_election.cc:290] T 4377896b0cc64921bbd5f1d7bf3bd198 P 1e189ec4fed44b12bb9026413df99eba [CANDIDATE]: Term 1 pre-election: Requested pre-vote from peers e4276e06f2f44122bd583d968c532f53 (127.20.229.65:36171), 8f6d96cb0bf34bac9a6306efdc789dd4 (127.20.229.67:38619)
I20260709 13:06:29.853345 22660 tablet_service.cc:1917] Received RequestConsensusVote() RPC: tablet_id: "4377896b0cc64921bbd5f1d7bf3bd198" candidate_uuid: "1e189ec4fed44b12bb9026413df99eba" candidate_term: 1 candidate_status { last_received { term: 0 index: 0 } } ignore_live_leader: false dest_uuid: "8f6d96cb0bf34bac9a6306efdc789dd4" is_pre_election: true
I20260709 13:06:29.853962 22660 raft_consensus.cc:2468] T 4377896b0cc64921bbd5f1d7bf3bd198 P 8f6d96cb0bf34bac9a6306efdc789dd4 [term 0 FOLLOWER]: Leader pre-election vote request: Granting yes vote for candidate 1e189ec4fed44b12bb9026413df99eba in term 0.
I20260709 13:06:29.855167 22553 leader_election.cc:304] T 4377896b0cc64921bbd5f1d7bf3bd198 P 1e189ec4fed44b12bb9026413df99eba [CANDIDATE]: Term 1 pre-election: Election decided. Result: candidate won. Election summary: received 2 responses out of 3 voters: 2 yes votes; 0 no votes. yes voters: 1e189ec4fed44b12bb9026413df99eba, 8f6d96cb0bf34bac9a6306efdc789dd4; no voters: 
I20260709 13:06:29.856077 22661 raft_consensus.cc:2468] T b987ea247a3b4ad3b6e81c5b54fd9c7c P 8f6d96cb0bf34bac9a6306efdc789dd4 [term 1 FOLLOWER]: Leader election vote request: Granting yes vote for candidate e4276e06f2f44122bd583d968c532f53 in term 1.
I20260709 13:06:29.857198 22656 raft_consensus.cc:2468] T b3f3c52429394e82961653e16f153be8 P 8f6d96cb0bf34bac9a6306efdc789dd4 [term 1 FOLLOWER]: Leader election vote request: Granting yes vote for candidate e4276e06f2f44122bd583d968c532f53 in term 1.
I20260709 13:06:29.857403 22478 leader_election.cc:304] T b987ea247a3b4ad3b6e81c5b54fd9c7c P e4276e06f2f44122bd583d968c532f53 [CANDIDATE]: Term 1 election: Election decided. Result: candidate won. Election summary: received 3 responses out of 3 voters: 2 yes votes; 1 no votes. yes voters: 8f6d96cb0bf34bac9a6306efdc789dd4, e4276e06f2f44122bd583d968c532f53; no voters: 1e189ec4fed44b12bb9026413df99eba
I20260709 13:06:29.858834 22992 raft_consensus.cc:2804] T b987ea247a3b4ad3b6e81c5b54fd9c7c P e4276e06f2f44122bd583d968c532f53 [term 1 FOLLOWER]: Leader election won for term 1
I20260709 13:06:29.856158 22976 raft_consensus.cc:2804] T 4377896b0cc64921bbd5f1d7bf3bd198 P 1e189ec4fed44b12bb9026413df99eba [term 0 FOLLOWER]: Leader pre-election won for term 1
I20260709 13:06:29.859376 22976 raft_consensus.cc:493] T 4377896b0cc64921bbd5f1d7bf3bd198 P 1e189ec4fed44b12bb9026413df99eba [term 0 FOLLOWER]: Starting leader election (no leader contacted us within the election timeout)
I20260709 13:06:29.859398 22992 raft_consensus.cc:697] T b987ea247a3b4ad3b6e81c5b54fd9c7c P e4276e06f2f44122bd583d968c532f53 [term 1 LEADER]: Becoming Leader. State: Replica: e4276e06f2f44122bd583d968c532f53, State: Running, Role: LEADER
I20260709 13:06:29.859823 22976 raft_consensus.cc:3060] T 4377896b0cc64921bbd5f1d7bf3bd198 P 1e189ec4fed44b12bb9026413df99eba [term 0 FOLLOWER]: Advancing to term 1
I20260709 13:06:29.860698 22992 consensus_queue.cc:237] T b987ea247a3b4ad3b6e81c5b54fd9c7c P e4276e06f2f44122bd583d968c532f53 [LEADER]: Queue going to LEADER mode. State: All replicated index: 0, Majority replicated index: 0, Committed index: 0, Last appended: 0.0, Last appended by leader: 0, Current term: 1, Majority size: 2, State: 0, Mode: LEADER, active raft config: opid_index: -1 OBSOLETE_local: false peers { permanent_uuid: "e4276e06f2f44122bd583d968c532f53" member_type: VOTER last_known_addr { host: "127.20.229.65" port: 36171 } } peers { permanent_uuid: "1e189ec4fed44b12bb9026413df99eba" member_type: VOTER last_known_addr { host: "127.20.229.66" port: 45955 } } peers { permanent_uuid: "8f6d96cb0bf34bac9a6306efdc789dd4" member_type: VOTER last_known_addr { host: "127.20.229.67" port: 38619 } }
I20260709 13:06:29.862432 22706 tablet_bootstrap.cc:654] T ab94b30535ae4c438c5201037088acfb P 1e189ec4fed44b12bb9026413df99eba: Neither blocks nor log segments found. Creating new log.
I20260709 13:06:29.856408 22481 leader_election.cc:304] T b3f3c52429394e82961653e16f153be8 P e4276e06f2f44122bd583d968c532f53 [CANDIDATE]: Term 1 election: Election decided. Result: candidate won. Election summary: received 2 responses out of 3 voters: 2 yes votes; 0 no votes. yes voters: 1e189ec4fed44b12bb9026413df99eba, e4276e06f2f44122bd583d968c532f53; no voters: 
I20260709 13:06:29.865985 22971 raft_consensus.cc:2804] T b3f3c52429394e82961653e16f153be8 P e4276e06f2f44122bd583d968c532f53 [term 1 FOLLOWER]: Leader election won for term 1
I20260709 13:06:29.866475 22971 raft_consensus.cc:697] T b3f3c52429394e82961653e16f153be8 P e4276e06f2f44122bd583d968c532f53 [term 1 LEADER]: Becoming Leader. State: Replica: e4276e06f2f44122bd583d968c532f53, State: Running, Role: LEADER
I20260709 13:06:29.867316 22971 consensus_queue.cc:237] T b3f3c52429394e82961653e16f153be8 P e4276e06f2f44122bd583d968c532f53 [LEADER]: Queue going to LEADER mode. State: All replicated index: 0, Majority replicated index: 0, Committed index: 0, Last appended: 0.0, Last appended by leader: 0, Current term: 1, Majority size: 2, State: 0, Mode: LEADER, active raft config: opid_index: -1 OBSOLETE_local: false peers { permanent_uuid: "e4276e06f2f44122bd583d968c532f53" member_type: VOTER last_known_addr { host: "127.20.229.65" port: 36171 } } peers { permanent_uuid: "1e189ec4fed44b12bb9026413df99eba" member_type: VOTER last_known_addr { host: "127.20.229.66" port: 45955 } } peers { permanent_uuid: "8f6d96cb0bf34bac9a6306efdc789dd4" member_type: VOTER last_known_addr { host: "127.20.229.67" port: 38619 } }
I20260709 13:06:29.867832 22510 tablet_service.cc:1917] Received RequestConsensusVote() RPC: tablet_id: "4377896b0cc64921bbd5f1d7bf3bd198" candidate_uuid: "1e189ec4fed44b12bb9026413df99eba" candidate_term: 1 candidate_status { last_received { term: 0 index: 0 } } ignore_live_leader: false dest_uuid: "e4276e06f2f44122bd583d968c532f53" is_pre_election: true
I20260709 13:06:29.868633 22510 raft_consensus.cc:2468] T 4377896b0cc64921bbd5f1d7bf3bd198 P e4276e06f2f44122bd583d968c532f53 [term 0 FOLLOWER]: Leader pre-election vote request: Granting yes vote for candidate 1e189ec4fed44b12bb9026413df99eba in term 0.
I20260709 13:06:29.846413 22705 tablet_bootstrap.cc:492] T 91903f03d7624c13afcc6ed93edb0510 P e4276e06f2f44122bd583d968c532f53: No bootstrap required, opened a new log
I20260709 13:06:29.862847 22704 tablet_bootstrap.cc:654] T ab94b30535ae4c438c5201037088acfb P 8f6d96cb0bf34bac9a6306efdc789dd4: Neither blocks nor log segments found. Creating new log.
I20260709 13:06:29.872846 22705 ts_tablet_manager.cc:1403] T 91903f03d7624c13afcc6ed93edb0510 P e4276e06f2f44122bd583d968c532f53: Time spent bootstrapping tablet: real 0.084s	user 0.019s	sys 0.011s
I20260709 13:06:29.878894 22705 raft_consensus.cc:359] T 91903f03d7624c13afcc6ed93edb0510 P e4276e06f2f44122bd583d968c532f53 [term 0 FOLLOWER]: Replica starting. Triggering 0 pending ops. Active config: opid_index: -1 OBSOLETE_local: false peers { permanent_uuid: "e4276e06f2f44122bd583d968c532f53" member_type: VOTER last_known_addr { host: "127.20.229.65" port: 36171 } } peers { permanent_uuid: "1e189ec4fed44b12bb9026413df99eba" member_type: VOTER last_known_addr { host: "127.20.229.66" port: 45955 } } peers { permanent_uuid: "8f6d96cb0bf34bac9a6306efdc789dd4" member_type: VOTER last_known_addr { host: "127.20.229.67" port: 38619 } }
I20260709 13:06:29.879524 22705 raft_consensus.cc:385] T 91903f03d7624c13afcc6ed93edb0510 P e4276e06f2f44122bd583d968c532f53 [term 0 FOLLOWER]: Consensus starting up: Expiring failure detector timer to make a prompt election more likely
I20260709 13:06:29.879608 22833 raft_consensus.cc:493] T cb1b0b9a58b0462a9bda3087f8d30ac0 P 1e189ec4fed44b12bb9026413df99eba [term 0 FOLLOWER]: Starting pre-election (no leader contacted us within the election timeout)
I20260709 13:06:29.879817 22705 raft_consensus.cc:740] T 91903f03d7624c13afcc6ed93edb0510 P e4276e06f2f44122bd583d968c532f53 [term 0 FOLLOWER]: Becoming Follower/Learner. State: Replica: e4276e06f2f44122bd583d968c532f53, State: Initialized, Role: FOLLOWER
I20260709 13:06:29.880105 22833 raft_consensus.cc:515] T cb1b0b9a58b0462a9bda3087f8d30ac0 P 1e189ec4fed44b12bb9026413df99eba [term 0 FOLLOWER]: Starting pre-election with config: opid_index: -1 OBSOLETE_local: false peers { permanent_uuid: "e4276e06f2f44122bd583d968c532f53" member_type: VOTER last_known_addr { host: "127.20.229.65" port: 36171 } } peers { permanent_uuid: "1e189ec4fed44b12bb9026413df99eba" member_type: VOTER last_known_addr { host: "127.20.229.66" port: 45955 } } peers { permanent_uuid: "8f6d96cb0bf34bac9a6306efdc789dd4" member_type: VOTER last_known_addr { host: "127.20.229.67" port: 38619 } }
I20260709 13:06:29.887837 22510 tablet_service.cc:1917] Received RequestConsensusVote() RPC: tablet_id: "cb1b0b9a58b0462a9bda3087f8d30ac0" candidate_uuid: "1e189ec4fed44b12bb9026413df99eba" candidate_term: 1 candidate_status { last_received { term: 0 index: 0 } } ignore_live_leader: false dest_uuid: "e4276e06f2f44122bd583d968c532f53" is_pre_election: true
W20260709 13:06:29.894167 22553 leader_election.cc:343] T cb1b0b9a58b0462a9bda3087f8d30ac0 P 1e189ec4fed44b12bb9026413df99eba [CANDIDATE]: Term 1 pre-election: Tablet error from VoteRequest() call to peer e4276e06f2f44122bd583d968c532f53 (127.20.229.65:36171): Illegal state: must be running to vote when last-logged opid is not known
I20260709 13:06:29.910200 22705 consensus_queue.cc:260] T 91903f03d7624c13afcc6ed93edb0510 P e4276e06f2f44122bd583d968c532f53 [NON_LEADER]: Queue going to NON_LEADER mode. State: All replicated index: 0, Majority replicated index: 0, Committed index: 0, Last appended: 0.0, Last appended by leader: 0, Current term: 0, Majority size: -1, State: 0, Mode: NON_LEADER, active raft config: opid_index: -1 OBSOLETE_local: false peers { permanent_uuid: "e4276e06f2f44122bd583d968c532f53" member_type: VOTER last_known_addr { host: "127.20.229.65" port: 36171 } } peers { permanent_uuid: "1e189ec4fed44b12bb9026413df99eba" member_type: VOTER last_known_addr { host: "127.20.229.66" port: 45955 } } peers { permanent_uuid: "8f6d96cb0bf34bac9a6306efdc789dd4" member_type: VOTER last_known_addr { host: "127.20.229.67" port: 38619 } }
I20260709 13:06:29.914079 22833 leader_election.cc:290] T cb1b0b9a58b0462a9bda3087f8d30ac0 P 1e189ec4fed44b12bb9026413df99eba [CANDIDATE]: Term 1 pre-election: Requested pre-vote from peers e4276e06f2f44122bd583d968c532f53 (127.20.229.65:36171), 8f6d96cb0bf34bac9a6306efdc789dd4 (127.20.229.67:38619)
I20260709 13:06:29.910827 22976 raft_consensus.cc:515] T 4377896b0cc64921bbd5f1d7bf3bd198 P 1e189ec4fed44b12bb9026413df99eba [term 1 FOLLOWER]: Starting leader election with config: opid_index: -1 OBSOLETE_local: false peers { permanent_uuid: "e4276e06f2f44122bd583d968c532f53" member_type: VOTER last_known_addr { host: "127.20.229.65" port: 36171 } } peers { permanent_uuid: "1e189ec4fed44b12bb9026413df99eba" member_type: VOTER last_known_addr { host: "127.20.229.66" port: 45955 } } peers { permanent_uuid: "8f6d96cb0bf34bac9a6306efdc789dd4" member_type: VOTER last_known_addr { host: "127.20.229.67" port: 38619 } }
I20260709 13:06:29.917374 22661 tablet_service.cc:1917] Received RequestConsensusVote() RPC: tablet_id: "cb1b0b9a58b0462a9bda3087f8d30ac0" candidate_uuid: "1e189ec4fed44b12bb9026413df99eba" candidate_term: 1 candidate_status { last_received { term: 0 index: 0 } } ignore_live_leader: false dest_uuid: "8f6d96cb0bf34bac9a6306efdc789dd4" is_pre_election: true
I20260709 13:06:29.917979 22661 raft_consensus.cc:2468] T cb1b0b9a58b0462a9bda3087f8d30ac0 P 8f6d96cb0bf34bac9a6306efdc789dd4 [term 0 FOLLOWER]: Leader pre-election vote request: Granting yes vote for candidate 1e189ec4fed44b12bb9026413df99eba in term 0.
I20260709 13:06:29.918917 22976 leader_election.cc:290] T 4377896b0cc64921bbd5f1d7bf3bd198 P 1e189ec4fed44b12bb9026413df99eba [CANDIDATE]: Term 1 election: Requested vote from peers e4276e06f2f44122bd583d968c532f53 (127.20.229.65:36171), 8f6d96cb0bf34bac9a6306efdc789dd4 (127.20.229.67:38619)
I20260709 13:06:29.919222 22918 raft_consensus.cc:493] T cb1b0b9a58b0462a9bda3087f8d30ac0 P 8f6d96cb0bf34bac9a6306efdc789dd4 [term 0 FOLLOWER]: Starting pre-election (no leader contacted us within the election timeout)
I20260709 13:06:29.919682 22918 raft_consensus.cc:515] T cb1b0b9a58b0462a9bda3087f8d30ac0 P 8f6d96cb0bf34bac9a6306efdc789dd4 [term 0 FOLLOWER]: Starting pre-election with config: opid_index: -1 OBSOLETE_local: false peers { permanent_uuid: "e4276e06f2f44122bd583d968c532f53" member_type: VOTER last_known_addr { host: "127.20.229.65" port: 36171 } } peers { permanent_uuid: "1e189ec4fed44b12bb9026413df99eba" member_type: VOTER last_known_addr { host: "127.20.229.66" port: 45955 } } peers { permanent_uuid: "8f6d96cb0bf34bac9a6306efdc789dd4" member_type: VOTER last_known_addr { host: "127.20.229.67" port: 38619 } }
I20260709 13:06:29.925050 22553 leader_election.cc:304] T cb1b0b9a58b0462a9bda3087f8d30ac0 P 1e189ec4fed44b12bb9026413df99eba [CANDIDATE]: Term 1 pre-election: Election decided. Result: candidate won. Election summary: received 3 responses out of 3 voters: 2 yes votes; 1 no votes. yes voters: 1e189ec4fed44b12bb9026413df99eba, 8f6d96cb0bf34bac9a6306efdc789dd4; no voters: e4276e06f2f44122bd583d968c532f53
I20260709 13:06:29.927413 22918 leader_election.cc:290] T cb1b0b9a58b0462a9bda3087f8d30ac0 P 8f6d96cb0bf34bac9a6306efdc789dd4 [CANDIDATE]: Term 1 pre-election: Requested pre-vote from peers e4276e06f2f44122bd583d968c532f53 (127.20.229.65:36171), 1e189ec4fed44b12bb9026413df99eba (127.20.229.66:45955)
I20260709 13:06:29.928905 22514 tablet_service.cc:1917] Received RequestConsensusVote() RPC: tablet_id: "4377896b0cc64921bbd5f1d7bf3bd198" candidate_uuid: "1e189ec4fed44b12bb9026413df99eba" candidate_term: 1 candidate_status { last_received { term: 0 index: 0 } } ignore_live_leader: false dest_uuid: "e4276e06f2f44122bd583d968c532f53"
I20260709 13:06:29.929073 22950 raft_consensus.cc:2804] T cb1b0b9a58b0462a9bda3087f8d30ac0 P 1e189ec4fed44b12bb9026413df99eba [term 0 FOLLOWER]: Leader pre-election won for term 1
I20260709 13:06:29.929225 22588 tablet_service.cc:1917] Received RequestConsensusVote() RPC: tablet_id: "cb1b0b9a58b0462a9bda3087f8d30ac0" candidate_uuid: "8f6d96cb0bf34bac9a6306efdc789dd4" candidate_term: 1 candidate_status { last_received { term: 0 index: 0 } } ignore_live_leader: false dest_uuid: "1e189ec4fed44b12bb9026413df99eba" is_pre_election: true
I20260709 13:06:29.929502 22950 raft_consensus.cc:493] T cb1b0b9a58b0462a9bda3087f8d30ac0 P 1e189ec4fed44b12bb9026413df99eba [term 0 FOLLOWER]: Starting leader election (no leader contacted us within the election timeout)
I20260709 13:06:29.929541 22514 raft_consensus.cc:3060] T 4377896b0cc64921bbd5f1d7bf3bd198 P e4276e06f2f44122bd583d968c532f53 [term 0 FOLLOWER]: Advancing to term 1
I20260709 13:06:29.929949 22950 raft_consensus.cc:3060] T cb1b0b9a58b0462a9bda3087f8d30ac0 P 1e189ec4fed44b12bb9026413df99eba [term 0 FOLLOWER]: Advancing to term 1
I20260709 13:06:29.931519 22660 tablet_service.cc:1917] Received RequestConsensusVote() RPC: tablet_id: "4377896b0cc64921bbd5f1d7bf3bd198" candidate_uuid: "1e189ec4fed44b12bb9026413df99eba" candidate_term: 1 candidate_status { last_received { term: 0 index: 0 } } ignore_live_leader: false dest_uuid: "8f6d96cb0bf34bac9a6306efdc789dd4"
I20260709 13:06:29.932090 22660 raft_consensus.cc:3060] T 4377896b0cc64921bbd5f1d7bf3bd198 P 8f6d96cb0bf34bac9a6306efdc789dd4 [term 0 FOLLOWER]: Advancing to term 1
I20260709 13:06:29.939414 22508 tablet_service.cc:1917] Received RequestConsensusVote() RPC: tablet_id: "cb1b0b9a58b0462a9bda3087f8d30ac0" candidate_uuid: "8f6d96cb0bf34bac9a6306efdc789dd4" candidate_term: 1 candidate_status { last_received { term: 0 index: 0 } } ignore_live_leader: false dest_uuid: "e4276e06f2f44122bd583d968c532f53" is_pre_election: true
W20260709 13:06:29.945022 22627 leader_election.cc:343] T cb1b0b9a58b0462a9bda3087f8d30ac0 P 8f6d96cb0bf34bac9a6306efdc789dd4 [CANDIDATE]: Term 1 pre-election: Tablet error from VoteRequest() call to peer e4276e06f2f44122bd583d968c532f53 (127.20.229.65:36171): Illegal state: must be running to vote when last-logged opid is not known
I20260709 13:06:29.946000 22875 consensus_queue.cc:1048] T a64e4fa635da4e1499d0dd681afd0d21 P 1e189ec4fed44b12bb9026413df99eba [LEADER]: Connected to new peer: Peer: permanent_uuid: "8f6d96cb0bf34bac9a6306efdc789dd4" member_type: VOTER last_known_addr { host: "127.20.229.67" port: 38619 }, Status: LMP_MISMATCH, Last received: 0.0, Next index: 1, Last known committed idx: 0, Time since last communication: 0.006s
I20260709 13:06:29.952040 22918 consensus_queue.cc:1048] T 3c7bdad65be34ec7af248b3aad8c50ef P 8f6d96cb0bf34bac9a6306efdc789dd4 [LEADER]: Connected to new peer: Peer: permanent_uuid: "1e189ec4fed44b12bb9026413df99eba" member_type: VOTER last_known_addr { host: "127.20.229.66" port: 45955 }, Status: LMP_MISMATCH, Last received: 0.0, Next index: 1, Last known committed idx: 0, Time since last communication: 0.001s
I20260709 13:06:29.951989 22950 raft_consensus.cc:515] T cb1b0b9a58b0462a9bda3087f8d30ac0 P 1e189ec4fed44b12bb9026413df99eba [term 1 FOLLOWER]: Starting leader election with config: opid_index: -1 OBSOLETE_local: false peers { permanent_uuid: "e4276e06f2f44122bd583d968c532f53" member_type: VOTER last_known_addr { host: "127.20.229.65" port: 36171 } } peers { permanent_uuid: "1e189ec4fed44b12bb9026413df99eba" member_type: VOTER last_known_addr { host: "127.20.229.66" port: 45955 } } peers { permanent_uuid: "8f6d96cb0bf34bac9a6306efdc789dd4" member_type: VOTER last_known_addr { host: "127.20.229.67" port: 38619 } }
I20260709 13:06:29.955540 22705 ts_tablet_manager.cc:1434] T 91903f03d7624c13afcc6ed93edb0510 P e4276e06f2f44122bd583d968c532f53: Time spent starting tablet: real 0.082s	user 0.004s	sys 0.004s
I20260709 13:06:29.959090 22705 tablet_bootstrap.cc:492] T 4d1cd5c382d94fd5ad7850b4bf3573ff P e4276e06f2f44122bd583d968c532f53: Bootstrap starting.
I20260709 13:06:29.959874 22706 tablet_bootstrap.cc:492] T ab94b30535ae4c438c5201037088acfb P 1e189ec4fed44b12bb9026413df99eba: No bootstrap required, opened a new log
I20260709 13:06:29.960305 22706 ts_tablet_manager.cc:1403] T ab94b30535ae4c438c5201037088acfb P 1e189ec4fed44b12bb9026413df99eba: Time spent bootstrapping tablet: real 0.144s	user 0.015s	sys 0.027s
I20260709 13:06:29.961840 22704 tablet_bootstrap.cc:492] T ab94b30535ae4c438c5201037088acfb P 8f6d96cb0bf34bac9a6306efdc789dd4: No bootstrap required, opened a new log
I20260709 13:06:29.962292 22704 ts_tablet_manager.cc:1403] T ab94b30535ae4c438c5201037088acfb P 8f6d96cb0bf34bac9a6306efdc789dd4: Time spent bootstrapping tablet: real 0.144s	user 0.016s	sys 0.007s
I20260709 13:06:29.965523 22588 raft_consensus.cc:2393] T cb1b0b9a58b0462a9bda3087f8d30ac0 P 1e189ec4fed44b12bb9026413df99eba [term 1 FOLLOWER]: Leader pre-election vote request: Denying vote to candidate 8f6d96cb0bf34bac9a6306efdc789dd4 in current term 1: Already voted for candidate 1e189ec4fed44b12bb9026413df99eba in this term.
I20260709 13:06:29.966660 22950 leader_election.cc:290] T cb1b0b9a58b0462a9bda3087f8d30ac0 P 1e189ec4fed44b12bb9026413df99eba [CANDIDATE]: Term 1 election: Requested vote from peers e4276e06f2f44122bd583d968c532f53 (127.20.229.65:36171), 8f6d96cb0bf34bac9a6306efdc789dd4 (127.20.229.67:38619)
I20260709 13:06:29.969308 22511 tablet_service.cc:1917] Received RequestConsensusVote() RPC: tablet_id: "cb1b0b9a58b0462a9bda3087f8d30ac0" candidate_uuid: "1e189ec4fed44b12bb9026413df99eba" candidate_term: 1 candidate_status { last_received { term: 0 index: 0 } } ignore_live_leader: false dest_uuid: "e4276e06f2f44122bd583d968c532f53"
I20260709 13:06:30.047343 22656 tablet_service.cc:1917] Received RequestConsensusVote() RPC: tablet_id: "cb1b0b9a58b0462a9bda3087f8d30ac0" candidate_uuid: "1e189ec4fed44b12bb9026413df99eba" candidate_term: 1 candidate_status { last_received { term: 0 index: 0 } } ignore_live_leader: false dest_uuid: "8f6d96cb0bf34bac9a6306efdc789dd4"
I20260709 13:06:30.065656 22656 raft_consensus.cc:3060] T cb1b0b9a58b0462a9bda3087f8d30ac0 P 8f6d96cb0bf34bac9a6306efdc789dd4 [term 0 FOLLOWER]: Advancing to term 1
I20260709 13:06:30.040570 22660 raft_consensus.cc:2468] T 4377896b0cc64921bbd5f1d7bf3bd198 P 8f6d96cb0bf34bac9a6306efdc789dd4 [term 1 FOLLOWER]: Leader election vote request: Granting yes vote for candidate 1e189ec4fed44b12bb9026413df99eba in term 1.
I20260709 13:06:29.972889 22705 tablet_bootstrap.cc:654] T 4d1cd5c382d94fd5ad7850b4bf3573ff P e4276e06f2f44122bd583d968c532f53: Neither blocks nor log segments found. Creating new log.
