I20260709 13:06:00.485474 21124 raft_consensus.cc:493] T 5a01c063215140b2bb5d3b49d8ebc9ac P 5ace52073e64442bb89bd96b93a97296 [term 0 FOLLOWER]: Starting leader election (no leader contacted us within the election timeout)
I20260709 13:06:00.485822 21124 raft_consensus.cc:3060] T 5a01c063215140b2bb5d3b49d8ebc9ac P 5ace52073e64442bb89bd96b93a97296 [term 0 FOLLOWER]: Advancing to term 1
I20260709 13:06:00.492157 21123 raft_consensus.cc:493] T e73534db48354014aa55788394771e0b P a9252ee4bff34d88b20c6afdc9c614c7 [term 0 FOLLOWER]: Starting pre-election (no leader contacted us within the election timeout)
I20260709 13:06:00.493034 21123 raft_consensus.cc:515] T e73534db48354014aa55788394771e0b P a9252ee4bff34d88b20c6afdc9c614c7 [term 0 FOLLOWER]: Starting pre-election with config: opid_index: -1 OBSOLETE_local: false peers { permanent_uuid: "5a17708190e049a3a6b36256a25fd59f" member_type: VOTER last_known_addr { host: "127.20.77.129" port: 39423 } } peers { permanent_uuid: "5ace52073e64442bb89bd96b93a97296" member_type: VOTER last_known_addr { host: "127.20.77.130" port: 40055 } } peers { permanent_uuid: "a9252ee4bff34d88b20c6afdc9c614c7" member_type: VOTER last_known_addr { host: "127.20.77.131" port: 34779 } }
I20260709 13:06:00.493116 20923 tablet_service.cc:1917] Received RequestConsensusVote() RPC: tablet_id: "af1a35542efc4ba59fb1489ecdd977c1" candidate_uuid: "a9252ee4bff34d88b20c6afdc9c614c7" candidate_term: 1 candidate_status { last_received { term: 0 index: 0 } } ignore_live_leader: false dest_uuid: "5a17708190e049a3a6b36256a25fd59f" is_pre_election: true
I20260709 13:06:00.491963 20925 tablet_service.cc:1917] Received RequestConsensusVote() RPC: tablet_id: "098035d2b1944c90b5e1176fdf144dcc" candidate_uuid: "a9252ee4bff34d88b20c6afdc9c614c7" candidate_term: 1 candidate_status { last_received { term: 0 index: 0 } } ignore_live_leader: false dest_uuid: "5a17708190e049a3a6b36256a25fd59f" is_pre_election: true
I20260709 13:06:00.495108 20925 raft_consensus.cc:2468] T 098035d2b1944c90b5e1176fdf144dcc P 5a17708190e049a3a6b36256a25fd59f [term 0 FOLLOWER]: Leader pre-election vote request: Granting yes vote for candidate a9252ee4bff34d88b20c6afdc9c614c7 in term 0.
I20260709 13:06:00.495435 21123 leader_election.cc:290] T e73534db48354014aa55788394771e0b P a9252ee4bff34d88b20c6afdc9c614c7 [CANDIDATE]: Term 1 pre-election: Requested pre-vote from peers 5a17708190e049a3a6b36256a25fd59f (127.20.77.129:39423), 5ace52073e64442bb89bd96b93a97296 (127.20.77.130:40055)
I20260709 13:06:00.499929 21000 tablet_service.cc:1917] Received RequestConsensusVote() RPC: tablet_id: "098035d2b1944c90b5e1176fdf144dcc" candidate_uuid: "a9252ee4bff34d88b20c6afdc9c614c7" candidate_term: 1 candidate_status { last_received { term: 0 index: 0 } } ignore_live_leader: false dest_uuid: "5ace52073e64442bb89bd96b93a97296" is_pre_election: true
W20260709 13:06:00.501669 21040 leader_election.cc:343] T af1a35542efc4ba59fb1489ecdd977c1 P a9252ee4bff34d88b20c6afdc9c614c7 [CANDIDATE]: Term 1 pre-election: Tablet error from VoteRequest() call to peer 5a17708190e049a3a6b36256a25fd59f (127.20.77.129:39423): Illegal state: must be running to vote when last-logged opid is not known
I20260709 13:06:00.503058 20999 tablet_service.cc:1917] Received RequestConsensusVote() RPC: tablet_id: "af1a35542efc4ba59fb1489ecdd977c1" candidate_uuid: "a9252ee4bff34d88b20c6afdc9c614c7" candidate_term: 1 candidate_status { last_received { term: 0 index: 0 } } ignore_live_leader: false dest_uuid: "5ace52073e64442bb89bd96b93a97296" is_pre_election: true
I20260709 13:06:00.504016 21000 raft_consensus.cc:2468] T 098035d2b1944c90b5e1176fdf144dcc P 5ace52073e64442bb89bd96b93a97296 [term 0 FOLLOWER]: Leader pre-election vote request: Granting yes vote for candidate a9252ee4bff34d88b20c6afdc9c614c7 in term 0.
I20260709 13:06:00.499691 20966 leader_election.cc:304] T 5f45d83206ca4007be8536a7ebbdff9e P 5ace52073e64442bb89bd96b93a97296 [CANDIDATE]: Term 1 pre-election: Election decided. Result: candidate won. Election summary: received 2 responses out of 3 voters: 2 yes votes; 0 no votes. yes voters: 5a17708190e049a3a6b36256a25fd59f, 5ace52073e64442bb89bd96b93a97296; no voters: 
W20260709 13:06:00.507705 20965 leader_election.cc:343] T 5f45d83206ca4007be8536a7ebbdff9e P 5ace52073e64442bb89bd96b93a97296 [CANDIDATE]: Term 1 pre-election: Tablet error from VoteRequest() call to peer a9252ee4bff34d88b20c6afdc9c614c7 (127.20.77.131:34779): Illegal state: must be running to vote when last-logged opid is not known
I20260709 13:06:00.509021 20998 tablet_service.cc:1917] Received RequestConsensusVote() RPC: tablet_id: "e73534db48354014aa55788394771e0b" candidate_uuid: "a9252ee4bff34d88b20c6afdc9c614c7" candidate_term: 1 candidate_status { last_received { term: 0 index: 0 } } ignore_live_leader: false dest_uuid: "5ace52073e64442bb89bd96b93a97296" is_pre_election: true
I20260709 13:06:00.509783 20924 tablet_service.cc:1917] Received RequestConsensusVote() RPC: tablet_id: "e73534db48354014aa55788394771e0b" candidate_uuid: "a9252ee4bff34d88b20c6afdc9c614c7" candidate_term: 1 candidate_status { last_received { term: 0 index: 0 } } ignore_live_leader: false dest_uuid: "5a17708190e049a3a6b36256a25fd59f" is_pre_election: true
I20260709 13:06:00.511260 20998 raft_consensus.cc:2468] T e73534db48354014aa55788394771e0b P 5ace52073e64442bb89bd96b93a97296 [term 0 FOLLOWER]: Leader pre-election vote request: Granting yes vote for candidate a9252ee4bff34d88b20c6afdc9c614c7 in term 0.
I20260709 13:06:00.509087 21040 leader_election.cc:304] T 098035d2b1944c90b5e1176fdf144dcc P a9252ee4bff34d88b20c6afdc9c614c7 [CANDIDATE]: Term 1 pre-election: Election decided. Result: candidate won. Election summary: received 2 responses out of 3 voters: 2 yes votes; 0 no votes. yes voters: 5a17708190e049a3a6b36256a25fd59f, a9252ee4bff34d88b20c6afdc9c614c7; no voters: 
I20260709 13:06:00.514392 21123 raft_consensus.cc:2804] T 098035d2b1944c90b5e1176fdf144dcc P a9252ee4bff34d88b20c6afdc9c614c7 [term 0 FOLLOWER]: Leader pre-election won for term 1
I20260709 13:06:00.519935 21123 raft_consensus.cc:493] T 098035d2b1944c90b5e1176fdf144dcc P a9252ee4bff34d88b20c6afdc9c614c7 [term 0 FOLLOWER]: Starting leader election (no leader contacted us within the election timeout)
I20260709 13:06:00.520354 21118 tablet_bootstrap.cc:492] T 7e7d6651ddb04d67899e44873cda0493 P 5ace52073e64442bb89bd96b93a97296: No bootstrap required, opened a new log
I20260709 13:06:00.520493 21123 raft_consensus.cc:3060] T 098035d2b1944c90b5e1176fdf144dcc P a9252ee4bff34d88b20c6afdc9c614c7 [term 0 FOLLOWER]: Advancing to term 1
I20260709 13:06:00.523255 21118 ts_tablet_manager.cc:1403] T 7e7d6651ddb04d67899e44873cda0493 P 5ace52073e64442bb89bd96b93a97296: Time spent bootstrapping tablet: real 0.109s	user 0.022s	sys 0.006s
I20260709 13:06:00.529426 21119 tablet_bootstrap.cc:492] T e73534db48354014aa55788394771e0b P 5a17708190e049a3a6b36256a25fd59f: No bootstrap required, opened a new log
I20260709 13:06:00.530071 21119 ts_tablet_manager.cc:1403] T e73534db48354014aa55788394771e0b P 5a17708190e049a3a6b36256a25fd59f: Time spent bootstrapping tablet: real 0.156s	user 0.021s	sys 0.007s
I20260709 13:06:00.526333 21124 raft_consensus.cc:515] T 5a01c063215140b2bb5d3b49d8ebc9ac P 5ace52073e64442bb89bd96b93a97296 [term 1 FOLLOWER]: Starting leader election with config: opid_index: -1 OBSOLETE_local: false peers { permanent_uuid: "5a17708190e049a3a6b36256a25fd59f" member_type: VOTER last_known_addr { host: "127.20.77.129" port: 39423 } } peers { permanent_uuid: "5ace52073e64442bb89bd96b93a97296" member_type: VOTER last_known_addr { host: "127.20.77.130" port: 40055 } } peers { permanent_uuid: "a9252ee4bff34d88b20c6afdc9c614c7" member_type: VOTER last_known_addr { host: "127.20.77.131" port: 34779 } }
W20260709 13:06:00.530151 21040 leader_election.cc:343] T af1a35542efc4ba59fb1489ecdd977c1 P a9252ee4bff34d88b20c6afdc9c614c7 [CANDIDATE]: Term 1 pre-election: Tablet error from VoteRequest() call to peer 5ace52073e64442bb89bd96b93a97296 (127.20.77.130:40055): Illegal state: must be running to vote when last-logged opid is not known
I20260709 13:06:00.535169 21040 leader_election.cc:304] T af1a35542efc4ba59fb1489ecdd977c1 P a9252ee4bff34d88b20c6afdc9c614c7 [CANDIDATE]: Term 1 pre-election: Election decided. Result: candidate lost. Election summary: received 3 responses out of 3 voters: 1 yes votes; 2 no votes. yes voters: a9252ee4bff34d88b20c6afdc9c614c7; no voters: 5a17708190e049a3a6b36256a25fd59f, 5ace52073e64442bb89bd96b93a97296
W20260709 13:06:00.536479 20965 outbound_call.cc:321] RPC callback for RPC call kudu.consensus.ConsensusService.RequestConsensusVote -> {remote=127.20.77.131:34779, user_credentials={real_user=slave}} blocked reactor thread for 48514.6us
I20260709 13:06:00.536674 21124 leader_election.cc:290] T 5a01c063215140b2bb5d3b49d8ebc9ac P 5ace52073e64442bb89bd96b93a97296 [CANDIDATE]: Term 1 election: Requested vote from peers 5a17708190e049a3a6b36256a25fd59f (127.20.77.129:39423), a9252ee4bff34d88b20c6afdc9c614c7 (127.20.77.131:34779)
I20260709 13:06:00.538261 21124 raft_consensus.cc:2804] T 5f45d83206ca4007be8536a7ebbdff9e P 5ace52073e64442bb89bd96b93a97296 [term 0 FOLLOWER]: Leader pre-election won for term 1
I20260709 13:06:00.538600 21124 raft_consensus.cc:493] T 5f45d83206ca4007be8536a7ebbdff9e P 5ace52073e64442bb89bd96b93a97296 [term 0 FOLLOWER]: Starting leader election (no leader contacted us within the election timeout)
I20260709 13:06:00.538957 21124 raft_consensus.cc:3060] T 5f45d83206ca4007be8536a7ebbdff9e P 5ace52073e64442bb89bd96b93a97296 [term 0 FOLLOWER]: Advancing to term 1
I20260709 13:06:00.540184 21150 raft_consensus.cc:493] T 7e7d6651ddb04d67899e44873cda0493 P a9252ee4bff34d88b20c6afdc9c614c7 [term 0 FOLLOWER]: Starting pre-election (no leader contacted us within the election timeout)
I20260709 13:06:00.542444 21118 raft_consensus.cc:359] T 7e7d6651ddb04d67899e44873cda0493 P 5ace52073e64442bb89bd96b93a97296 [term 0 FOLLOWER]: Replica starting. Triggering 0 pending ops. Active config: opid_index: -1 OBSOLETE_local: false peers { permanent_uuid: "5a17708190e049a3a6b36256a25fd59f" member_type: VOTER last_known_addr { host: "127.20.77.129" port: 39423 } } peers { permanent_uuid: "5ace52073e64442bb89bd96b93a97296" member_type: VOTER last_known_addr { host: "127.20.77.130" port: 40055 } } peers { permanent_uuid: "a9252ee4bff34d88b20c6afdc9c614c7" member_type: VOTER last_known_addr { host: "127.20.77.131" port: 34779 } }
I20260709 13:06:00.543712 21117 tablet_bootstrap.cc:654] T 5f45d83206ca4007be8536a7ebbdff9e P a9252ee4bff34d88b20c6afdc9c614c7: Neither blocks nor log segments found. Creating new log.
I20260709 13:06:00.542639 21150 raft_consensus.cc:515] T 7e7d6651ddb04d67899e44873cda0493 P a9252ee4bff34d88b20c6afdc9c614c7 [term 0 FOLLOWER]: Starting pre-election with config: opid_index: -1 OBSOLETE_local: false peers { permanent_uuid: "5a17708190e049a3a6b36256a25fd59f" member_type: VOTER last_known_addr { host: "127.20.77.129" port: 39423 } } peers { permanent_uuid: "5ace52073e64442bb89bd96b93a97296" member_type: VOTER last_known_addr { host: "127.20.77.130" port: 40055 } } peers { permanent_uuid: "a9252ee4bff34d88b20c6afdc9c614c7" member_type: VOTER last_known_addr { host: "127.20.77.131" port: 34779 } }
I20260709 13:06:00.543454 21118 raft_consensus.cc:385] T 7e7d6651ddb04d67899e44873cda0493 P 5ace52073e64442bb89bd96b93a97296 [term 0 FOLLOWER]: Consensus starting up: Expiring failure detector timer to make a prompt election more likely
I20260709 13:06:00.546015 21118 raft_consensus.cc:740] T 7e7d6651ddb04d67899e44873cda0493 P 5ace52073e64442bb89bd96b93a97296 [term 0 FOLLOWER]: Becoming Follower/Learner. State: Replica: 5ace52073e64442bb89bd96b93a97296, State: Initialized, Role: FOLLOWER
I20260709 13:06:00.543478 21123 raft_consensus.cc:515] T 098035d2b1944c90b5e1176fdf144dcc P a9252ee4bff34d88b20c6afdc9c614c7 [term 1 FOLLOWER]: Starting leader election with config: opid_index: -1 OBSOLETE_local: false peers { permanent_uuid: "a9252ee4bff34d88b20c6afdc9c614c7" member_type: VOTER last_known_addr { host: "127.20.77.131" port: 34779 } } peers { permanent_uuid: "5ace52073e64442bb89bd96b93a97296" member_type: VOTER last_known_addr { host: "127.20.77.130" port: 40055 } } peers { permanent_uuid: "5a17708190e049a3a6b36256a25fd59f" member_type: VOTER last_known_addr { host: "127.20.77.129" port: 39423 } }
I20260709 13:06:00.546934 21074 tablet_service.cc:1917] Received RequestConsensusVote() RPC: tablet_id: "5a01c063215140b2bb5d3b49d8ebc9ac" candidate_uuid: "5ace52073e64442bb89bd96b93a97296" candidate_term: 1 candidate_status { last_received { term: 0 index: 0 } } ignore_live_leader: false dest_uuid: "a9252ee4bff34d88b20c6afdc9c614c7"
I20260709 13:06:00.546963 21118 consensus_queue.cc:260] T 7e7d6651ddb04d67899e44873cda0493 P 5ace52073e64442bb89bd96b93a97296 [NON_LEADER]: Queue going to NON_LEADER mode. State: All replicated index: 0, Majority replicated index: 0, Committed index: 0, Last appended: 0.0, Last appended by leader: 0, Current term: 0, Majority size: -1, State: 0, Mode: NON_LEADER, active raft config: opid_index: -1 OBSOLETE_local: false peers { permanent_uuid: "5a17708190e049a3a6b36256a25fd59f" member_type: VOTER last_known_addr { host: "127.20.77.129" port: 39423 } } peers { permanent_uuid: "5ace52073e64442bb89bd96b93a97296" member_type: VOTER last_known_addr { host: "127.20.77.130" port: 40055 } } peers { permanent_uuid: "a9252ee4bff34d88b20c6afdc9c614c7" member_type: VOTER last_known_addr { host: "127.20.77.131" port: 34779 } }
I20260709 13:06:00.547703 21074 raft_consensus.cc:3060] T 5a01c063215140b2bb5d3b49d8ebc9ac P a9252ee4bff34d88b20c6afdc9c614c7 [term 0 FOLLOWER]: Advancing to term 1
I20260709 13:06:00.539155 21119 raft_consensus.cc:359] T e73534db48354014aa55788394771e0b P 5a17708190e049a3a6b36256a25fd59f [term 0 FOLLOWER]: Replica starting. Triggering 0 pending ops. Active config: opid_index: -1 OBSOLETE_local: false peers { permanent_uuid: "5a17708190e049a3a6b36256a25fd59f" member_type: VOTER last_known_addr { host: "127.20.77.129" port: 39423 } } peers { permanent_uuid: "5ace52073e64442bb89bd96b93a97296" member_type: VOTER last_known_addr { host: "127.20.77.130" port: 40055 } } peers { permanent_uuid: "a9252ee4bff34d88b20c6afdc9c614c7" member_type: VOTER last_known_addr { host: "127.20.77.131" port: 34779 } }
I20260709 13:06:00.549011 21119 raft_consensus.cc:385] T e73534db48354014aa55788394771e0b P 5a17708190e049a3a6b36256a25fd59f [term 0 FOLLOWER]: Consensus starting up: Expiring failure detector timer to make a prompt election more likely
I20260709 13:06:00.549427 21119 raft_consensus.cc:740] T e73534db48354014aa55788394771e0b P 5a17708190e049a3a6b36256a25fd59f [term 0 FOLLOWER]: Becoming Follower/Learner. State: Replica: 5a17708190e049a3a6b36256a25fd59f, State: Initialized, Role: FOLLOWER
I20260709 13:06:00.549535 21123 leader_election.cc:290] T 098035d2b1944c90b5e1176fdf144dcc P a9252ee4bff34d88b20c6afdc9c614c7 [CANDIDATE]: Term 1 election: Requested vote from peers 5ace52073e64442bb89bd96b93a97296 (127.20.77.130:40055), 5a17708190e049a3a6b36256a25fd59f (127.20.77.129:39423)
I20260709 13:06:00.550535 21073 tablet_service.cc:1917] Received RequestConsensusVote() RPC: tablet_id: "5f45d83206ca4007be8536a7ebbdff9e" candidate_uuid: "5a17708190e049a3a6b36256a25fd59f" candidate_term: 1 candidate_status { last_received { term: 0 index: 0 } } ignore_live_leader: false dest_uuid: "a9252ee4bff34d88b20c6afdc9c614c7" is_pre_election: true
I20260709 13:06:00.553417 21123 raft_consensus.cc:2749] T af1a35542efc4ba59fb1489ecdd977c1 P a9252ee4bff34d88b20c6afdc9c614c7 [term 0 FOLLOWER]: Leader pre-election lost for term 1. Reason: could not achieve majority
I20260709 13:06:00.551397 21119 consensus_queue.cc:260] T e73534db48354014aa55788394771e0b P 5a17708190e049a3a6b36256a25fd59f [NON_LEADER]: Queue going to NON_LEADER mode. State: All replicated index: 0, Majority replicated index: 0, Committed index: 0, Last appended: 0.0, Last appended by leader: 0, Current term: 0, Majority size: -1, State: 0, Mode: NON_LEADER, active raft config: opid_index: -1 OBSOLETE_local: false peers { permanent_uuid: "5a17708190e049a3a6b36256a25fd59f" member_type: VOTER last_known_addr { host: "127.20.77.129" port: 39423 } } peers { permanent_uuid: "5ace52073e64442bb89bd96b93a97296" member_type: VOTER last_known_addr { host: "127.20.77.130" port: 40055 } } peers { permanent_uuid: "a9252ee4bff34d88b20c6afdc9c614c7" member_type: VOTER last_known_addr { host: "127.20.77.131" port: 34779 } }
I20260709 13:06:00.552376 21118 ts_tablet_manager.cc:1434] T 7e7d6651ddb04d67899e44873cda0493 P 5ace52073e64442bb89bd96b93a97296: Time spent starting tablet: real 0.025s	user 0.003s	sys 0.003s
I20260709 13:06:00.555299 21073 tablet_service.cc:1917] Received RequestConsensusVote() RPC: tablet_id: "5a01c063215140b2bb5d3b49d8ebc9ac" candidate_uuid: "5a17708190e049a3a6b36256a25fd59f" candidate_term: 1 candidate_status { last_received { term: 0 index: 0 } } ignore_live_leader: false dest_uuid: "a9252ee4bff34d88b20c6afdc9c614c7" is_pre_election: true
I20260709 13:06:00.557271 21119 ts_tablet_manager.cc:1434] T e73534db48354014aa55788394771e0b P 5a17708190e049a3a6b36256a25fd59f: Time spent starting tablet: real 0.027s	user 0.009s	sys 0.000s
I20260709 13:06:00.559048 21119 tablet_bootstrap.cc:492] T 70681a2808f5465587da5621afabb668 P 5a17708190e049a3a6b36256a25fd59f: Bootstrap starting.
I20260709 13:06:00.559263 21124 raft_consensus.cc:515] T 5f45d83206ca4007be8536a7ebbdff9e P 5ace52073e64442bb89bd96b93a97296 [term 1 FOLLOWER]: Starting leader election with config: opid_index: -1 OBSOLETE_local: false peers { permanent_uuid: "5a17708190e049a3a6b36256a25fd59f" member_type: VOTER last_known_addr { host: "127.20.77.129" port: 39423 } } peers { permanent_uuid: "5ace52073e64442bb89bd96b93a97296" member_type: VOTER last_known_addr { host: "127.20.77.130" port: 40055 } } peers { permanent_uuid: "a9252ee4bff34d88b20c6afdc9c614c7" member_type: VOTER last_known_addr { host: "127.20.77.131" port: 34779 } }
I20260709 13:06:00.555855 21118 tablet_bootstrap.cc:492] T 6c74c985ef6649319455388298833573 P 5ace52073e64442bb89bd96b93a97296: Bootstrap starting.
I20260709 13:06:00.562016 21073 tablet_service.cc:1917] Received RequestConsensusVote() RPC: tablet_id: "5f45d83206ca4007be8536a7ebbdff9e" candidate_uuid: "5ace52073e64442bb89bd96b93a97296" candidate_term: 1 candidate_status { last_received { term: 0 index: 0 } } ignore_live_leader: false dest_uuid: "a9252ee4bff34d88b20c6afdc9c614c7"
W20260709 13:06:00.566519 20965 leader_election.cc:343] T 5f45d83206ca4007be8536a7ebbdff9e P 5ace52073e64442bb89bd96b93a97296 [CANDIDATE]: Term 1 election: Tablet error from VoteRequest() call to peer a9252ee4bff34d88b20c6afdc9c614c7 (127.20.77.131:34779): Illegal state: must be running to vote when last-logged opid is not known
W20260709 13:06:00.567181 20890 leader_election.cc:343] T 5f45d83206ca4007be8536a7ebbdff9e P 5a17708190e049a3a6b36256a25fd59f [CANDIDATE]: Term 1 pre-election: Tablet error from VoteRequest() call to peer a9252ee4bff34d88b20c6afdc9c614c7 (127.20.77.131:34779): Illegal state: must be running to vote when last-logged opid is not known
I20260709 13:06:00.561949 21074 raft_consensus.cc:2468] T 5a01c063215140b2bb5d3b49d8ebc9ac P a9252ee4bff34d88b20c6afdc9c614c7 [term 1 FOLLOWER]: Leader election vote request: Granting yes vote for candidate 5ace52073e64442bb89bd96b93a97296 in term 1.
I20260709 13:06:00.576160 21119 tablet_bootstrap.cc:654] T 70681a2808f5465587da5621afabb668 P 5a17708190e049a3a6b36256a25fd59f: Neither blocks nor log segments found. Creating new log.
I20260709 13:06:00.576918 20965 leader_election.cc:304] T 5a01c063215140b2bb5d3b49d8ebc9ac P 5ace52073e64442bb89bd96b93a97296 [CANDIDATE]: Term 1 election: Election decided. Result: candidate won. Election summary: received 2 responses out of 3 voters: 2 yes votes; 0 no votes. yes voters: 5ace52073e64442bb89bd96b93a97296, a9252ee4bff34d88b20c6afdc9c614c7; no voters: 
I20260709 13:06:00.565773 21124 leader_election.cc:290] T 5f45d83206ca4007be8536a7ebbdff9e P 5ace52073e64442bb89bd96b93a97296 [CANDIDATE]: Term 1 election: Requested vote from peers 5a17708190e049a3a6b36256a25fd59f (127.20.77.129:39423), a9252ee4bff34d88b20c6afdc9c614c7 (127.20.77.131:34779)
I20260709 13:06:00.587766 21150 leader_election.cc:290] T 7e7d6651ddb04d67899e44873cda0493 P a9252ee4bff34d88b20c6afdc9c614c7 [CANDIDATE]: Term 1 pre-election: Requested pre-vote from peers 5a17708190e049a3a6b36256a25fd59f (127.20.77.129:39423), 5ace52073e64442bb89bd96b93a97296 (127.20.77.130:40055)
W20260709 13:06:00.589234 21040 outbound_call.cc:321] RPC callback for RPC call kudu.consensus.ConsensusService.RequestConsensusVote -> {remote=127.20.77.130:40055, user_credentials={real_user=slave}} blocked reactor thread for 59584.4us
I20260709 13:06:00.590421 21040 leader_election.cc:304] T e73534db48354014aa55788394771e0b P a9252ee4bff34d88b20c6afdc9c614c7 [CANDIDATE]: Term 1 pre-election: Election decided. Result: candidate won. Election summary: received 2 responses out of 3 voters: 2 yes votes; 0 no votes. yes voters: 5ace52073e64442bb89bd96b93a97296, a9252ee4bff34d88b20c6afdc9c614c7; no voters: 
I20260709 13:06:00.591339 21151 raft_consensus.cc:2804] T e73534db48354014aa55788394771e0b P a9252ee4bff34d88b20c6afdc9c614c7 [term 0 FOLLOWER]: Leader pre-election won for term 1
I20260709 13:06:00.591764 21151 raft_consensus.cc:493] T e73534db48354014aa55788394771e0b P a9252ee4bff34d88b20c6afdc9c614c7 [term 0 FOLLOWER]: Starting leader election (no leader contacted us within the election timeout)
I20260709 13:06:00.592149 21151 raft_consensus.cc:3060] T e73534db48354014aa55788394771e0b P a9252ee4bff34d88b20c6afdc9c614c7 [term 0 FOLLOWER]: Advancing to term 1
I20260709 13:06:00.593099 21126 raft_consensus.cc:493] T 7e7d6651ddb04d67899e44873cda0493 P 5a17708190e049a3a6b36256a25fd59f [term 0 FOLLOWER]: Starting pre-election (no leader contacted us within the election timeout)
I20260709 13:06:00.593771 21126 raft_consensus.cc:515] T 7e7d6651ddb04d67899e44873cda0493 P 5a17708190e049a3a6b36256a25fd59f [term 0 FOLLOWER]: Starting pre-election with config: opid_index: -1 OBSOLETE_local: false peers { permanent_uuid: "5a17708190e049a3a6b36256a25fd59f" member_type: VOTER last_known_addr { host: "127.20.77.129" port: 39423 } } peers { permanent_uuid: "5ace52073e64442bb89bd96b93a97296" member_type: VOTER last_known_addr { host: "127.20.77.130" port: 40055 } } peers { permanent_uuid: "a9252ee4bff34d88b20c6afdc9c614c7" member_type: VOTER last_known_addr { host: "127.20.77.131" port: 34779 } }
I20260709 13:06:00.594704 20998 tablet_service.cc:1917] Received RequestConsensusVote() RPC: tablet_id: "098035d2b1944c90b5e1176fdf144dcc" candidate_uuid: "a9252ee4bff34d88b20c6afdc9c614c7" candidate_term: 1 candidate_status { last_received { term: 0 index: 0 } } ignore_live_leader: false dest_uuid: "5ace52073e64442bb89bd96b93a97296"
I20260709 13:06:00.595279 20998 raft_consensus.cc:3060] T 098035d2b1944c90b5e1176fdf144dcc P 5ace52073e64442bb89bd96b93a97296 [term 0 FOLLOWER]: Advancing to term 1
I20260709 13:06:00.596422 21126 leader_election.cc:290] T 7e7d6651ddb04d67899e44873cda0493 P 5a17708190e049a3a6b36256a25fd59f [CANDIDATE]: Term 1 pre-election: Requested pre-vote from peers 5ace52073e64442bb89bd96b93a97296 (127.20.77.130:40055), a9252ee4bff34d88b20c6afdc9c614c7 (127.20.77.131:34779)
I20260709 13:06:00.601048 21124 raft_consensus.cc:2804] T 5a01c063215140b2bb5d3b49d8ebc9ac P 5ace52073e64442bb89bd96b93a97296 [term 1 FOLLOWER]: Leader election won for term 1
I20260709 13:06:00.601537 21124 raft_consensus.cc:697] T 5a01c063215140b2bb5d3b49d8ebc9ac P 5ace52073e64442bb89bd96b93a97296 [term 1 LEADER]: Becoming Leader. State: Replica: 5ace52073e64442bb89bd96b93a97296, State: Running, Role: LEADER
I20260709 13:06:00.601894 21074 tablet_service.cc:1917] Received RequestConsensusVote() RPC: tablet_id: "7e7d6651ddb04d67899e44873cda0493" candidate_uuid: "5a17708190e049a3a6b36256a25fd59f" candidate_term: 1 candidate_status { last_received { term: 0 index: 0 } } ignore_live_leader: false dest_uuid: "a9252ee4bff34d88b20c6afdc9c614c7" is_pre_election: true
I20260709 13:06:00.603677 20924 tablet_service.cc:1917] Received RequestConsensusVote() RPC: tablet_id: "098035d2b1944c90b5e1176fdf144dcc" candidate_uuid: "a9252ee4bff34d88b20c6afdc9c614c7" candidate_term: 1 candidate_status { last_received { term: 0 index: 0 } } ignore_live_leader: false dest_uuid: "5a17708190e049a3a6b36256a25fd59f"
I20260709 13:06:00.604214 20924 raft_consensus.cc:3060] T 098035d2b1944c90b5e1176fdf144dcc P 5a17708190e049a3a6b36256a25fd59f [term 0 FOLLOWER]: Advancing to term 1
I20260709 13:06:00.604343 20925 tablet_service.cc:1917] Received RequestConsensusVote() RPC: tablet_id: "7e7d6651ddb04d67899e44873cda0493" candidate_uuid: "a9252ee4bff34d88b20c6afdc9c614c7" candidate_term: 1 candidate_status { last_received { term: 0 index: 0 } } ignore_live_leader: false dest_uuid: "5a17708190e049a3a6b36256a25fd59f" is_pre_election: true
I20260709 13:06:00.604991 20925 raft_consensus.cc:2468] T 7e7d6651ddb04d67899e44873cda0493 P 5a17708190e049a3a6b36256a25fd59f [term 0 FOLLOWER]: Leader pre-election vote request: Granting yes vote for candidate a9252ee4bff34d88b20c6afdc9c614c7 in term 0.
I20260709 13:06:00.602489 21074 raft_consensus.cc:2468] T 7e7d6651ddb04d67899e44873cda0493 P a9252ee4bff34d88b20c6afdc9c614c7 [term 0 FOLLOWER]: Leader pre-election vote request: Granting yes vote for candidate 5a17708190e049a3a6b36256a25fd59f in term 0.
I20260709 13:06:00.606947 21000 tablet_service.cc:1917] Received RequestConsensusVote() RPC: tablet_id: "7e7d6651ddb04d67899e44873cda0493" candidate_uuid: "a9252ee4bff34d88b20c6afdc9c614c7" candidate_term: 1 candidate_status { last_received { term: 0 index: 0 } } ignore_live_leader: false dest_uuid: "5ace52073e64442bb89bd96b93a97296" is_pre_election: true
I20260709 13:06:00.602325 21124 consensus_queue.cc:237] T 5a01c063215140b2bb5d3b49d8ebc9ac P 5ace52073e64442bb89bd96b93a97296 [LEADER]: Queue going to LEADER mode. State: All replicated index: 0, Majority replicated index: 0, Committed index: 0, Last appended: 0.0, Last appended by leader: 0, Current term: 1, Majority size: 2, State: 0, Mode: LEADER, active raft config: opid_index: -1 OBSOLETE_local: false peers { permanent_uuid: "5a17708190e049a3a6b36256a25fd59f" member_type: VOTER last_known_addr { host: "127.20.77.129" port: 39423 } } peers { permanent_uuid: "5ace52073e64442bb89bd96b93a97296" member_type: VOTER last_known_addr { host: "127.20.77.130" port: 40055 } } peers { permanent_uuid: "a9252ee4bff34d88b20c6afdc9c614c7" member_type: VOTER last_known_addr { host: "127.20.77.131" port: 34779 } }
I20260709 13:06:00.609306 21000 raft_consensus.cc:2468] T 7e7d6651ddb04d67899e44873cda0493 P 5ace52073e64442bb89bd96b93a97296 [term 0 FOLLOWER]: Leader pre-election vote request: Granting yes vote for candidate a9252ee4bff34d88b20c6afdc9c614c7 in term 0.
I20260709 13:06:00.614984 20890 leader_election.cc:304] T 7e7d6651ddb04d67899e44873cda0493 P 5a17708190e049a3a6b36256a25fd59f [CANDIDATE]: Term 1 pre-election: Election decided. Result: candidate won. Election summary: received 2 responses out of 3 voters: 2 yes votes; 0 no votes. yes voters: 5a17708190e049a3a6b36256a25fd59f, a9252ee4bff34d88b20c6afdc9c614c7; no voters: 
I20260709 13:06:00.618978 21126 raft_consensus.cc:2804] T 7e7d6651ddb04d67899e44873cda0493 P 5a17708190e049a3a6b36256a25fd59f [term 0 FOLLOWER]: Leader pre-election won for term 1
I20260709 13:06:00.619338 21126 raft_consensus.cc:493] T 7e7d6651ddb04d67899e44873cda0493 P 5a17708190e049a3a6b36256a25fd59f [term 0 FOLLOWER]: Starting leader election (no leader contacted us within the election timeout)
I20260709 13:06:00.619664 21126 raft_consensus.cc:3060] T 7e7d6651ddb04d67899e44873cda0493 P 5a17708190e049a3a6b36256a25fd59f [term 0 FOLLOWER]: Advancing to term 1
I20260709 13:06:00.611332 21151 raft_consensus.cc:515] T e73534db48354014aa55788394771e0b P a9252ee4bff34d88b20c6afdc9c614c7 [term 1 FOLLOWER]: Starting leader election with config: opid_index: -1 OBSOLETE_local: false peers { permanent_uuid: "5a17708190e049a3a6b36256a25fd59f" member_type: VOTER last_known_addr { host: "127.20.77.129" port: 39423 } } peers { permanent_uuid: "5ace52073e64442bb89bd96b93a97296" member_type: VOTER last_known_addr { host: "127.20.77.130" port: 40055 } } peers { permanent_uuid: "a9252ee4bff34d88b20c6afdc9c614c7" member_type: VOTER last_known_addr { host: "127.20.77.131" port: 34779 } }
I20260709 13:06:00.620276 20924 raft_consensus.cc:2468] T 098035d2b1944c90b5e1176fdf144dcc P 5a17708190e049a3a6b36256a25fd59f [term 1 FOLLOWER]: Leader election vote request: Granting yes vote for candidate a9252ee4bff34d88b20c6afdc9c614c7 in term 1.
W20260709 13:06:00.616406 21040 leader_election.cc:343] T e73534db48354014aa55788394771e0b P a9252ee4bff34d88b20c6afdc9c614c7 [CANDIDATE]: Term 1 pre-election: Tablet error from VoteRequest() call to peer 5a17708190e049a3a6b36256a25fd59f (127.20.77.129:39423): Illegal state: must be running to vote when last-logged opid is not known
I20260709 13:06:00.626878 21150 raft_consensus.cc:493] T 6c74c985ef6649319455388298833573 P a9252ee4bff34d88b20c6afdc9c614c7 [term 0 FOLLOWER]: Starting pre-election (no leader contacted us within the election timeout)
I20260709 13:06:00.628257 21150 raft_consensus.cc:515] T 6c74c985ef6649319455388298833573 P a9252ee4bff34d88b20c6afdc9c614c7 [term 0 FOLLOWER]: Starting pre-election with config: opid_index: -1 OBSOLETE_local: false peers { permanent_uuid: "5a17708190e049a3a6b36256a25fd59f" member_type: VOTER last_known_addr { host: "127.20.77.129" port: 39423 } } peers { permanent_uuid: "5ace52073e64442bb89bd96b93a97296" member_type: VOTER last_known_addr { host: "127.20.77.130" port: 40055 } } peers { permanent_uuid: "a9252ee4bff34d88b20c6afdc9c614c7" member_type: VOTER last_known_addr { host: "127.20.77.131" port: 34779 } }
W20260709 13:06:00.628861 20965 outbound_call.cc:321] RPC callback for RPC call kudu.consensus.ConsensusService.RequestConsensusVote -> {remote=127.20.77.131:34779, user_credentials={real_user=slave}} blocked reactor thread for 52030.5us
I20260709 13:06:00.623912 20998 raft_consensus.cc:2468] T 098035d2b1944c90b5e1176fdf144dcc P 5ace52073e64442bb89bd96b93a97296 [term 1 FOLLOWER]: Leader election vote request: Granting yes vote for candidate a9252ee4bff34d88b20c6afdc9c614c7 in term 1.
I20260709 13:06:00.632311 21150 leader_election.cc:290] T 6c74c985ef6649319455388298833573 P a9252ee4bff34d88b20c6afdc9c614c7 [CANDIDATE]: Term 1 pre-election: Requested pre-vote from peers 5a17708190e049a3a6b36256a25fd59f (127.20.77.129:39423), 5ace52073e64442bb89bd96b93a97296 (127.20.77.130:40055)
I20260709 13:06:00.634778 21118 tablet_bootstrap.cc:654] T 6c74c985ef6649319455388298833573 P 5ace52073e64442bb89bd96b93a97296: Neither blocks nor log segments found. Creating new log.
I20260709 13:06:00.632762 21040 leader_election.cc:304] T 7e7d6651ddb04d67899e44873cda0493 P a9252ee4bff34d88b20c6afdc9c614c7 [CANDIDATE]: Term 1 pre-election: Election decided. Result: candidate won. Election summary: received 2 responses out of 3 voters: 2 yes votes; 0 no votes. yes voters: 5a17708190e049a3a6b36256a25fd59f, a9252ee4bff34d88b20c6afdc9c614c7; no voters: 
I20260709 13:06:00.637478 21150 raft_consensus.cc:2804] T 7e7d6651ddb04d67899e44873cda0493 P a9252ee4bff34d88b20c6afdc9c614c7 [term 0 FOLLOWER]: Leader pre-election won for term 1
I20260709 13:06:00.638327 21150 raft_consensus.cc:493] T 7e7d6651ddb04d67899e44873cda0493 P a9252ee4bff34d88b20c6afdc9c614c7 [term 0 FOLLOWER]: Starting leader election (no leader contacted us within the election timeout)
I20260709 13:06:00.638660 21150 raft_consensus.cc:3060] T 7e7d6651ddb04d67899e44873cda0493 P a9252ee4bff34d88b20c6afdc9c614c7 [term 0 FOLLOWER]: Advancing to term 1
I20260709 13:06:00.639703 21040 leader_election.cc:304] T 098035d2b1944c90b5e1176fdf144dcc P a9252ee4bff34d88b20c6afdc9c614c7 [CANDIDATE]: Term 1 election: Election decided. Result: candidate won. Election summary: received 2 responses out of 3 voters: 2 yes votes; 0 no votes. yes voters: 5a17708190e049a3a6b36256a25fd59f, a9252ee4bff34d88b20c6afdc9c614c7; no voters: 
I20260709 13:06:00.640405 21117 tablet_bootstrap.cc:492] T 5f45d83206ca4007be8536a7ebbdff9e P a9252ee4bff34d88b20c6afdc9c614c7: No bootstrap required, opened a new log
I20260709 13:06:00.641049 21117 ts_tablet_manager.cc:1403] T 5f45d83206ca4007be8536a7ebbdff9e P a9252ee4bff34d88b20c6afdc9c614c7: Time spent bootstrapping tablet: real 0.167s	user 0.019s	sys 0.009s
I20260709 13:06:00.643821 21123 raft_consensus.cc:2804] T 098035d2b1944c90b5e1176fdf144dcc P a9252ee4bff34d88b20c6afdc9c614c7 [term 1 FOLLOWER]: Leader election won for term 1
I20260709 13:06:00.644265 21117 raft_consensus.cc:359] T 5f45d83206ca4007be8536a7ebbdff9e P a9252ee4bff34d88b20c6afdc9c614c7 [term 0 FOLLOWER]: Replica starting. Triggering 0 pending ops. Active config: opid_index: -1 OBSOLETE_local: false peers { permanent_uuid: "5a17708190e049a3a6b36256a25fd59f" member_type: VOTER last_known_addr { host: "127.20.77.129" port: 39423 } } peers { permanent_uuid: "5ace52073e64442bb89bd96b93a97296" member_type: VOTER last_known_addr { host: "127.20.77.130" port: 40055 } } peers { permanent_uuid: "a9252ee4bff34d88b20c6afdc9c614c7" member_type: VOTER last_known_addr { host: "127.20.77.131" port: 34779 } }
I20260709 13:06:00.645964 21117 raft_consensus.cc:385] T 5f45d83206ca4007be8536a7ebbdff9e P a9252ee4bff34d88b20c6afdc9c614c7 [term 0 FOLLOWER]: Consensus starting up: Expiring failure detector timer to make a prompt election more likely
I20260709 13:06:00.646165 21117 raft_consensus.cc:740] T 5f45d83206ca4007be8536a7ebbdff9e P a9252ee4bff34d88b20c6afdc9c614c7 [term 0 FOLLOWER]: Becoming Follower/Learner. State: Replica: a9252ee4bff34d88b20c6afdc9c614c7, State: Initialized, Role: FOLLOWER
I20260709 13:06:00.647215 20924 tablet_service.cc:1917] Received RequestConsensusVote() RPC: tablet_id: "6c74c985ef6649319455388298833573" candidate_uuid: "a9252ee4bff34d88b20c6afdc9c614c7" candidate_term: 1 candidate_status { last_received { term: 0 index: 0 } } ignore_live_leader: false dest_uuid: "5a17708190e049a3a6b36256a25fd59f" is_pre_election: true
I20260709 13:06:00.655148 20998 tablet_service.cc:1917] Received RequestConsensusVote() RPC: tablet_id: "6c74c985ef6649319455388298833573" candidate_uuid: "a9252ee4bff34d88b20c6afdc9c614c7" candidate_term: 1 candidate_status { last_received { term: 0 index: 0 } } ignore_live_leader: false dest_uuid: "5ace52073e64442bb89bd96b93a97296" is_pre_election: true
I20260709 13:06:00.656490 21151 leader_election.cc:290] T e73534db48354014aa55788394771e0b P a9252ee4bff34d88b20c6afdc9c614c7 [CANDIDATE]: Term 1 election: Requested vote from peers 5a17708190e049a3a6b36256a25fd59f (127.20.77.129:39423), 5ace52073e64442bb89bd96b93a97296 (127.20.77.130:40055)
W20260709 13:06:00.658908 21040 leader_election.cc:343] T 6c74c985ef6649319455388298833573 P a9252ee4bff34d88b20c6afdc9c614c7 [CANDIDATE]: Term 1 pre-election: Tablet error from VoteRequest() call to peer 5ace52073e64442bb89bd96b93a97296 (127.20.77.130:40055): Illegal state: must be running to vote when last-logged opid is not known
I20260709 13:06:00.659013 21117 consensus_queue.cc:260] T 5f45d83206ca4007be8536a7ebbdff9e P a9252ee4bff34d88b20c6afdc9c614c7 [NON_LEADER]: Queue going to NON_LEADER mode. State: All replicated index: 0, Majority replicated index: 0, Committed index: 0, Last appended: 0.0, Last appended by leader: 0, Current term: 0, Majority size: -1, State: 0, Mode: NON_LEADER, active raft config: opid_index: -1 OBSOLETE_local: false peers { permanent_uuid: "5a17708190e049a3a6b36256a25fd59f" member_type: VOTER last_known_addr { host: "127.20.77.129" port: 39423 } } peers { permanent_uuid: "5ace52073e64442bb89bd96b93a97296" member_type: VOTER last_known_addr { host: "127.20.77.130" port: 40055 } } peers { permanent_uuid: "a9252ee4bff34d88b20c6afdc9c614c7" member_type: VOTER last_known_addr { host: "127.20.77.131" port: 34779 } }
I20260709 13:06:00.660454 20924 tablet_service.cc:1917] Received RequestConsensusVote() RPC: tablet_id: "e73534db48354014aa55788394771e0b" candidate_uuid: "a9252ee4bff34d88b20c6afdc9c614c7" candidate_term: 1 candidate_status { last_received { term: 0 index: 0 } } ignore_live_leader: false dest_uuid: "5a17708190e049a3a6b36256a25fd59f"
I20260709 13:06:00.660622 20998 tablet_service.cc:1917] Received RequestConsensusVote() RPC: tablet_id: "e73534db48354014aa55788394771e0b" candidate_uuid: "a9252ee4bff34d88b20c6afdc9c614c7" candidate_term: 1 candidate_status { last_received { term: 0 index: 0 } } ignore_live_leader: false dest_uuid: "5ace52073e64442bb89bd96b93a97296"
I20260709 13:06:00.660990 20924 raft_consensus.cc:3060] T e73534db48354014aa55788394771e0b P 5a17708190e049a3a6b36256a25fd59f [term 0 FOLLOWER]: Advancing to term 1
I20260709 13:06:00.661090 20998 raft_consensus.cc:3060] T e73534db48354014aa55788394771e0b P 5ace52073e64442bb89bd96b93a97296 [term 0 FOLLOWER]: Advancing to term 1
I20260709 13:06:00.661866 21126 raft_consensus.cc:515] T 7e7d6651ddb04d67899e44873cda0493 P 5a17708190e049a3a6b36256a25fd59f [term 1 FOLLOWER]: Starting leader election with config: opid_index: -1 OBSOLETE_local: false peers { permanent_uuid: "5a17708190e049a3a6b36256a25fd59f" member_type: VOTER last_known_addr { host: "127.20.77.129" port: 39423 } } peers { permanent_uuid: "5ace52073e64442bb89bd96b93a97296" member_type: VOTER last_known_addr { host: "127.20.77.130" port: 40055 } } peers { permanent_uuid: "a9252ee4bff34d88b20c6afdc9c614c7" member_type: VOTER last_known_addr { host: "127.20.77.131" port: 34779 } }
I20260709 13:06:00.663964 21126 leader_election.cc:290] T 7e7d6651ddb04d67899e44873cda0493 P 5a17708190e049a3a6b36256a25fd59f [CANDIDATE]: Term 1 election: Requested vote from peers 5ace52073e64442bb89bd96b93a97296 (127.20.77.130:40055), a9252ee4bff34d88b20c6afdc9c614c7 (127.20.77.131:34779)
I20260709 13:06:00.661103 21117 ts_tablet_manager.cc:1434] T 5f45d83206ca4007be8536a7ebbdff9e P a9252ee4bff34d88b20c6afdc9c614c7: Time spent starting tablet: real 0.020s	user 0.004s	sys 0.000s
I20260709 13:06:00.665014 21074 tablet_service.cc:1917] Received RequestConsensusVote() RPC: tablet_id: "7e7d6651ddb04d67899e44873cda0493" candidate_uuid: "5a17708190e049a3a6b36256a25fd59f" candidate_term: 1 candidate_status { last_received { term: 0 index: 0 } } ignore_live_leader: false dest_uuid: "a9252ee4bff34d88b20c6afdc9c614c7"
I20260709 13:06:00.668351 21119 tablet_bootstrap.cc:492] T 70681a2808f5465587da5621afabb668 P 5a17708190e049a3a6b36256a25fd59f: No bootstrap required, opened a new log
I20260709 13:06:00.669545 21119 ts_tablet_manager.cc:1403] T 70681a2808f5465587da5621afabb668 P 5a17708190e049a3a6b36256a25fd59f: Time spent bootstrapping tablet: real 0.112s	user 0.022s	sys 0.004s
I20260709 13:06:00.669613 20819 catalog_manager.cc:5697] T 5a01c063215140b2bb5d3b49d8ebc9ac P 5ace52073e64442bb89bd96b93a97296 reported cstate change: term changed from 0 to 1, leader changed from <none> to 5ace52073e64442bb89bd96b93a97296 (127.20.77.130). New cstate: current_term: 1 leader_uuid: "5ace52073e64442bb89bd96b93a97296" committed_config { opid_index: -1 OBSOLETE_local: false peers { permanent_uuid: "5a17708190e049a3a6b36256a25fd59f" member_type: VOTER last_known_addr { host: "127.20.77.129" port: 39423 } health_report { overall_health: UNKNOWN } } peers { permanent_uuid: "5ace52073e64442bb89bd96b93a97296" member_type: VOTER last_known_addr { host: "127.20.77.130" port: 40055 } health_report { overall_health: HEALTHY } } peers { permanent_uuid: "a9252ee4bff34d88b20c6afdc9c614c7" member_type: VOTER last_known_addr { host: "127.20.77.131" port: 34779 } health_report { overall_health: UNKNOWN } } }
I20260709 13:06:00.670691 21151 raft_consensus.cc:493] T 70681a2808f5465587da5621afabb668 P a9252ee4bff34d88b20c6afdc9c614c7 [term 0 FOLLOWER]: Starting pre-election (no leader contacted us within the election timeout)
I20260709 13:06:00.671665 20924 raft_consensus.cc:2468] T e73534db48354014aa55788394771e0b P 5a17708190e049a3a6b36256a25fd59f [term 1 FOLLOWER]: Leader election vote request: Granting yes vote for candidate a9252ee4bff34d88b20c6afdc9c614c7 in term 1.
I20260709 13:06:00.671609 21151 raft_consensus.cc:515] T 70681a2808f5465587da5621afabb668 P a9252ee4bff34d88b20c6afdc9c614c7 [term 0 FOLLOWER]: Starting pre-election with config: opid_index: -1 OBSOLETE_local: false peers { permanent_uuid: "5a17708190e049a3a6b36256a25fd59f" member_type: VOTER last_known_addr { host: "127.20.77.129" port: 39423 } } peers { permanent_uuid: "5ace52073e64442bb89bd96b93a97296" member_type: VOTER last_known_addr { host: "127.20.77.130" port: 40055 } } peers { permanent_uuid: "a9252ee4bff34d88b20c6afdc9c614c7" member_type: VOTER last_known_addr { host: "127.20.77.131" port: 34779 } }
I20260709 13:06:00.658521 21150 raft_consensus.cc:515] T 7e7d6651ddb04d67899e44873cda0493 P a9252ee4bff34d88b20c6afdc9c614c7 [term 1 FOLLOWER]: Starting leader election with config: opid_index: -1 OBSOLETE_local: false peers { permanent_uuid: "5a17708190e049a3a6b36256a25fd59f" member_type: VOTER last_known_addr { host: "127.20.77.129" port: 39423 } } peers { permanent_uuid: "5ace52073e64442bb89bd96b93a97296" member_type: VOTER last_known_addr { host: "127.20.77.130" port: 40055 } } peers { permanent_uuid: "a9252ee4bff34d88b20c6afdc9c614c7" member_type: VOTER last_known_addr { host: "127.20.77.131" port: 34779 } }
I20260709 13:06:00.675414 21074 raft_consensus.cc:2393] T 7e7d6651ddb04d67899e44873cda0493 P a9252ee4bff34d88b20c6afdc9c614c7 [term 1 FOLLOWER]: Leader election vote request: Denying vote to candidate 5a17708190e049a3a6b36256a25fd59f in current term 1: Already voted for candidate a9252ee4bff34d88b20c6afdc9c614c7 in this term.
W20260709 13:06:00.677702 21040 leader_election.cc:343] T 6c74c985ef6649319455388298833573 P a9252ee4bff34d88b20c6afdc9c614c7 [CANDIDATE]: Term 1 pre-election: Tablet error from VoteRequest() call to peer 5a17708190e049a3a6b36256a25fd59f (127.20.77.129:39423): Illegal state: must be running to vote when last-logged opid is not known
I20260709 13:06:00.678344 21151 leader_election.cc:290] T 70681a2808f5465587da5621afabb668 P a9252ee4bff34d88b20c6afdc9c614c7 [CANDIDATE]: Term 1 pre-election: Requested pre-vote from peers 5a17708190e049a3a6b36256a25fd59f (127.20.77.129:39423), 5ace52073e64442bb89bd96b93a97296 (127.20.77.130:40055)
I20260709 13:06:00.678162 21123 raft_consensus.cc:697] T 098035d2b1944c90b5e1176fdf144dcc P a9252ee4bff34d88b20c6afdc9c614c7 [term 1 LEADER]: Becoming Leader. State: Replica: a9252ee4bff34d88b20c6afdc9c614c7, State: Running, Role: LEADER
I20260709 13:06:00.681512 21119 raft_consensus.cc:359] T 70681a2808f5465587da5621afabb668 P 5a17708190e049a3a6b36256a25fd59f [term 0 FOLLOWER]: Replica starting. Triggering 0 pending ops. Active config: opid_index: -1 OBSOLETE_local: false peers { permanent_uuid: "5a17708190e049a3a6b36256a25fd59f" member_type: VOTER last_known_addr { host: "127.20.77.129" port: 39423 } } peers { permanent_uuid: "5ace52073e64442bb89bd96b93a97296" member_type: VOTER last_known_addr { host: "127.20.77.130" port: 40055 } } peers { permanent_uuid: "a9252ee4bff34d88b20c6afdc9c614c7" member_type: VOTER last_known_addr { host: "127.20.77.131" port: 34779 } }
I20260709 13:06:00.686939 21119 raft_consensus.cc:385] T 70681a2808f5465587da5621afabb668 P 5a17708190e049a3a6b36256a25fd59f [term 0 FOLLOWER]: Consensus starting up: Expiring failure detector timer to make a prompt election more likely
I20260709 13:06:00.687248 21119 raft_consensus.cc:740] T 70681a2808f5465587da5621afabb668 P 5a17708190e049a3a6b36256a25fd59f [term 0 FOLLOWER]: Becoming Follower/Learner. State: Replica: 5a17708190e049a3a6b36256a25fd59f, State: Initialized, Role: FOLLOWER
I20260709 13:06:00.688071 21119 consensus_queue.cc:260] T 70681a2808f5465587da5621afabb668 P 5a17708190e049a3a6b36256a25fd59f [NON_LEADER]: Queue going to NON_LEADER mode. State: All replicated index: 0, Majority replicated index: 0, Committed index: 0, Last appended: 0.0, Last appended by leader: 0, Current term: 0, Majority size: -1, State: 0, Mode: NON_LEADER, active raft config: opid_index: -1 OBSOLETE_local: false peers { permanent_uuid: "5a17708190e049a3a6b36256a25fd59f" member_type: VOTER last_known_addr { host: "127.20.77.129" port: 39423 } } peers { permanent_uuid: "5ace52073e64442bb89bd96b93a97296" member_type: VOTER last_known_addr { host: "127.20.77.130" port: 40055 } } peers { permanent_uuid: "a9252ee4bff34d88b20c6afdc9c614c7" member_type: VOTER last_known_addr { host: "127.20.77.131" port: 34779 } }
I20260709 13:06:00.690207 21119 ts_tablet_manager.cc:1434] T 70681a2808f5465587da5621afabb668 P 5a17708190e049a3a6b36256a25fd59f: Time spent starting tablet: real 0.019s	user 0.004s	sys 0.002s
I20260709 13:06:00.693225 21119 tablet_bootstrap.cc:492] T af1a35542efc4ba59fb1489ecdd977c1 P 5a17708190e049a3a6b36256a25fd59f: Bootstrap starting.
I20260709 13:06:00.681459 21150 leader_election.cc:290] T 7e7d6651ddb04d67899e44873cda0493 P a9252ee4bff34d88b20c6afdc9c614c7 [CANDIDATE]: Term 1 election: Requested vote from peers 5a17708190e049a3a6b36256a25fd59f (127.20.77.129:39423), 5ace52073e64442bb89bd96b93a97296 (127.20.77.130:40055)
I20260709 13:06:00.682480 21118 tablet_bootstrap.cc:492] T 6c74c985ef6649319455388298833573 P 5ace52073e64442bb89bd96b93a97296: No bootstrap required, opened a new log
I20260709 13:06:00.693861 21118 ts_tablet_manager.cc:1403] T 6c74c985ef6649319455388298833573 P 5ace52073e64442bb89bd96b93a97296: Time spent bootstrapping tablet: real 0.138s	user 0.015s	sys 0.023s
I20260709 13:06:00.699393 21119 tablet_bootstrap.cc:654] T af1a35542efc4ba59fb1489ecdd977c1 P 5a17708190e049a3a6b36256a25fd59f: Neither blocks nor log segments found. Creating new log.
I20260709 13:06:00.680109 21040 leader_election.cc:304] T 6c74c985ef6649319455388298833573 P a9252ee4bff34d88b20c6afdc9c614c7 [CANDIDATE]: Term 1 pre-election: Election decided. Result: candidate lost. Election summary: received 3 responses out of 3 voters: 1 yes votes; 2 no votes. yes voters: a9252ee4bff34d88b20c6afdc9c614c7; no voters: 5a17708190e049a3a6b36256a25fd59f, 5ace52073e64442bb89bd96b93a97296
I20260709 13:06:00.700063 21151 raft_consensus.cc:2749] T 6c74c985ef6649319455388298833573 P a9252ee4bff34d88b20c6afdc9c614c7 [term 0 FOLLOWER]: Leader pre-election lost for term 1. Reason: could not achieve majority
I20260709 13:06:00.700542 21040 leader_election.cc:304] T e73534db48354014aa55788394771e0b P a9252ee4bff34d88b20c6afdc9c614c7 [CANDIDATE]: Term 1 election: Election decided. Result: candidate won. Election summary: received 2 responses out of 3 voters: 2 yes votes; 0 no votes. yes voters: 5a17708190e049a3a6b36256a25fd59f, a9252ee4bff34d88b20c6afdc9c614c7; no voters: 
I20260709 13:06:00.701347 21151 raft_consensus.cc:2804] T e73534db48354014aa55788394771e0b P a9252ee4bff34d88b20c6afdc9c614c7 [term 1 FOLLOWER]: Leader election won for term 1
I20260709 13:06:00.702214 20924 tablet_service.cc:1917] Received RequestConsensusVote() RPC: tablet_id: "70681a2808f5465587da5621afabb668" candidate_uuid: "a9252ee4bff34d88b20c6afdc9c614c7" candidate_term: 1 candidate_status { last_received { term: 0 index: 0 } } ignore_live_leader: false dest_uuid: "5a17708190e049a3a6b36256a25fd59f" is_pre_election: true
I20260709 13:06:00.702837 20924 raft_consensus.cc:2468] T 70681a2808f5465587da5621afabb668 P 5a17708190e049a3a6b36256a25fd59f [term 0 FOLLOWER]: Leader pre-election vote request: Granting yes vote for candidate a9252ee4bff34d88b20c6afdc9c614c7 in term 0.
I20260709 13:06:00.703209 21151 raft_consensus.cc:697] T e73534db48354014aa55788394771e0b P a9252ee4bff34d88b20c6afdc9c614c7 [term 1 LEADER]: Becoming Leader. State: Replica: a9252ee4bff34d88b20c6afdc9c614c7, State: Running, Role: LEADER
I20260709 13:06:00.703619 20925 tablet_service.cc:1917] Received RequestConsensusVote() RPC: tablet_id: "7e7d6651ddb04d67899e44873cda0493" candidate_uuid: "a9252ee4bff34d88b20c6afdc9c614c7" candidate_term: 1 candidate_status { last_received { term: 0 index: 0 } } ignore_live_leader: false dest_uuid: "5a17708190e049a3a6b36256a25fd59f"
I20260709 13:06:00.704376 20925 raft_consensus.cc:2393] T 7e7d6651ddb04d67899e44873cda0493 P 5a17708190e049a3a6b36256a25fd59f [term 1 FOLLOWER]: Leader election vote request: Denying vote to candidate a9252ee4bff34d88b20c6afdc9c614c7 in current term 1: Already voted for candidate 5a17708190e049a3a6b36256a25fd59f in this term.
I20260709 13:06:00.704001 21151 consensus_queue.cc:237] T e73534db48354014aa55788394771e0b P a9252ee4bff34d88b20c6afdc9c614c7 [LEADER]: Queue going to LEADER mode. State: All replicated index: 0, Majority replicated index: 0, Committed index: 0, Last appended: 0.0, Last appended by leader: 0, Current term: 1, Majority size: 2, State: 0, Mode: LEADER, active raft config: opid_index: -1 OBSOLETE_local: false peers { permanent_uuid: "5a17708190e049a3a6b36256a25fd59f" member_type: VOTER last_known_addr { host: "127.20.77.129" port: 39423 } } peers { permanent_uuid: "5ace52073e64442bb89bd96b93a97296" member_type: VOTER last_known_addr { host: "127.20.77.130" port: 40055 } } peers { permanent_uuid: "a9252ee4bff34d88b20c6afdc9c614c7" member_type: VOTER last_known_addr { host: "127.20.77.131" port: 34779 } }
