I20260709 13:06:20.767724 23572 consensus_queue.cc:260] T 0bbe9eeb27374c2bae89baa6e94a2580 P 98e8d1ddedc2489c92bebbd46a002975 [NON_LEADER]: Queue going to NON_LEADER mode. State: All replicated index: 0, Majority replicated index: 0, Committed index: 0, Last appended: 0.0, Last appended by leader: 0, Current term: 0, Majority size: -1, State: 0, Mode: NON_LEADER, active raft config: opid_index: -1 OBSOLETE_local: false peers { permanent_uuid: "cd1de0436816426e90849394f48799bb" member_type: VOTER last_known_addr { host: "127.21.194.65" port: 37209 } } peers { permanent_uuid: "b32626b593f44bd7b4155d313837330b" member_type: VOTER last_known_addr { host: "127.21.194.66" port: 35357 } } peers { permanent_uuid: "98e8d1ddedc2489c92bebbd46a002975" member_type: VOTER last_known_addr { host: "127.21.194.67" port: 34937 } }
I20260709 13:06:20.769202 23750 raft_consensus.cc:2749] T 323aec6b39204b1687a3fa068c062374 P cd1de0436816426e90849394f48799bb [term 1 FOLLOWER]: Leader pre-election lost for term 1. Reason: could not achieve majority
I20260709 13:06:20.763576 23604 raft_consensus.cc:3060] T 25887c2cde2f46b1b0469f34e14796e4 P cd1de0436816426e90849394f48799bb [term 0 FOLLOWER]: Advancing to term 1
I20260709 13:06:20.770519 23572 ts_tablet_manager.cc:1434] T 0bbe9eeb27374c2bae89baa6e94a2580 P 98e8d1ddedc2489c92bebbd46a002975: Time spent starting tablet: real 0.015s	user 0.005s	sys 0.001s
I20260709 13:06:20.771473 23572 tablet_bootstrap.cc:492] T 9cf3c5a539ad4a80bba2373284966ec3 P 98e8d1ddedc2489c92bebbd46a002975: Bootstrap starting.
I20260709 13:06:20.771435 23808 leader_election.cc:290] T 4266a28ac2434e76beeb0e345d416782 P 98e8d1ddedc2489c92bebbd46a002975 [CANDIDATE]: Term 1 election: Requested vote from peers cd1de0436816426e90849394f48799bb (127.21.194.65:37209), b32626b593f44bd7b4155d313837330b (127.21.194.66:35357)
W20260709 13:06:20.774716 23420 leader_election.cc:343] T 4b14d7c4d6924c73ab15eb2d0d53c30f P b32626b593f44bd7b4155d313837330b [CANDIDATE]: Term 1 election: Tablet error from VoteRequest() call to peer cd1de0436816426e90849394f48799bb (127.21.194.65:37209): Illegal state: must be running to vote when last-logged opid is not known
I20260709 13:06:20.775210 23420 leader_election.cc:304] T 4b14d7c4d6924c73ab15eb2d0d53c30f P b32626b593f44bd7b4155d313837330b [CANDIDATE]: Term 1 election: Election decided. Result: candidate lost. Election summary: received 3 responses out of 3 voters: 1 yes votes; 2 no votes. yes voters: b32626b593f44bd7b4155d313837330b; no voters: 98e8d1ddedc2489c92bebbd46a002975, cd1de0436816426e90849394f48799bb
I20260709 13:06:20.776300 23877 raft_consensus.cc:2749] T 4b14d7c4d6924c73ab15eb2d0d53c30f P b32626b593f44bd7b4155d313837330b [term 1 FOLLOWER]: Leader election lost for term 1. Reason: could not achieve majority
I20260709 13:06:20.777633 23453 tablet_service.cc:1917] Received RequestConsensusVote() RPC: tablet_id: "4266a28ac2434e76beeb0e345d416782" candidate_uuid: "98e8d1ddedc2489c92bebbd46a002975" candidate_term: 1 candidate_status { last_received { term: 0 index: 0 } } ignore_live_leader: false dest_uuid: "b32626b593f44bd7b4155d313837330b"
I20260709 13:06:20.778265 23453 raft_consensus.cc:3060] T 4266a28ac2434e76beeb0e345d416782 P b32626b593f44bd7b4155d313837330b [term 0 FOLLOWER]: Advancing to term 1
I20260709 13:06:20.788066 23572 tablet_bootstrap.cc:654] T 9cf3c5a539ad4a80bba2373284966ec3 P 98e8d1ddedc2489c92bebbd46a002975: Neither blocks nor log segments found. Creating new log.
I20260709 13:06:20.791577 23453 raft_consensus.cc:2468] T 4266a28ac2434e76beeb0e345d416782 P b32626b593f44bd7b4155d313837330b [term 1 FOLLOWER]: Leader election vote request: Granting yes vote for candidate 98e8d1ddedc2489c92bebbd46a002975 in term 1.
I20260709 13:06:20.794584 23570 tablet_bootstrap.cc:492] T 0bbe9eeb27374c2bae89baa6e94a2580 P b32626b593f44bd7b4155d313837330b: No bootstrap required, opened a new log
I20260709 13:06:20.795056 23570 ts_tablet_manager.cc:1403] T 0bbe9eeb27374c2bae89baa6e94a2580 P b32626b593f44bd7b4155d313837330b: Time spent bootstrapping tablet: real 0.241s	user 0.027s	sys 0.032s
I20260709 13:06:20.796408 23604 raft_consensus.cc:2749] T 25887c2cde2f46b1b0469f34e14796e4 P cd1de0436816426e90849394f48799bb [term 1 FOLLOWER]: Leader pre-election lost for term 1. Reason: could not achieve majority
I20260709 13:06:20.836004 23881 raft_consensus.cc:493] T dadcbdc4ec9a49f78b6674b5eaf717bc P b32626b593f44bd7b4155d313837330b [term 0 FOLLOWER]: Starting pre-election (no leader contacted us within the election timeout)
I20260709 13:06:20.836452 23494 leader_election.cc:304] T 4266a28ac2434e76beeb0e345d416782 P 98e8d1ddedc2489c92bebbd46a002975 [CANDIDATE]: Term 1 election: Election decided. Result: candidate won. Election summary: received 2 responses out of 3 voters: 2 yes votes; 0 no votes. yes voters: 98e8d1ddedc2489c92bebbd46a002975, b32626b593f44bd7b4155d313837330b; no voters: 
I20260709 13:06:20.840560 23739 raft_consensus.cc:2804] T 4266a28ac2434e76beeb0e345d416782 P 98e8d1ddedc2489c92bebbd46a002975 [term 1 FOLLOWER]: Leader election won for term 1
I20260709 13:06:20.841259 23739 raft_consensus.cc:697] T 4266a28ac2434e76beeb0e345d416782 P 98e8d1ddedc2489c92bebbd46a002975 [term 1 LEADER]: Becoming Leader. State: Replica: 98e8d1ddedc2489c92bebbd46a002975, State: Running, Role: LEADER
W20260709 13:06:20.847162 23494 leader_election.cc:343] T 4266a28ac2434e76beeb0e345d416782 P 98e8d1ddedc2489c92bebbd46a002975 [CANDIDATE]: Term 1 pre-election: Tablet error from VoteRequest() call to peer cd1de0436816426e90849394f48799bb (127.21.194.65:37209): Illegal state: must be running to vote when last-logged opid is not known
I20260709 13:06:20.837775 23881 raft_consensus.cc:515] T dadcbdc4ec9a49f78b6674b5eaf717bc P b32626b593f44bd7b4155d313837330b [term 0 FOLLOWER]: Starting pre-election with config: opid_index: -1 OBSOLETE_local: false peers { permanent_uuid: "cd1de0436816426e90849394f48799bb" member_type: VOTER last_known_addr { host: "127.21.194.65" port: 37209 } } peers { permanent_uuid: "b32626b593f44bd7b4155d313837330b" member_type: VOTER last_known_addr { host: "127.21.194.66" port: 35357 } } peers { permanent_uuid: "98e8d1ddedc2489c92bebbd46a002975" member_type: VOTER last_known_addr { host: "127.21.194.67" port: 34937 } }
I20260709 13:06:20.849984 23689 consensus_queue.cc:1048] T 323aec6b39204b1687a3fa068c062374 P 98e8d1ddedc2489c92bebbd46a002975 [LEADER]: Connected to new peer: Peer: permanent_uuid: "cd1de0436816426e90849394f48799bb" member_type: VOTER last_known_addr { host: "127.21.194.65" port: 37209 }, Status: LMP_MISMATCH, Last received: 0.0, Next index: 1, Last known committed idx: 0, Time since last communication: 0.001s
I20260709 13:06:20.850934 23881 leader_election.cc:290] T dadcbdc4ec9a49f78b6674b5eaf717bc P b32626b593f44bd7b4155d313837330b [CANDIDATE]: Term 1 pre-election: Requested pre-vote from peers cd1de0436816426e90849394f48799bb (127.21.194.65:37209), 98e8d1ddedc2489c92bebbd46a002975 (127.21.194.67:34937)
I20260709 13:06:20.853353 23570 raft_consensus.cc:359] T 0bbe9eeb27374c2bae89baa6e94a2580 P b32626b593f44bd7b4155d313837330b [term 0 FOLLOWER]: Replica starting. Triggering 0 pending ops. Active config: opid_index: -1 OBSOLETE_local: false peers { permanent_uuid: "cd1de0436816426e90849394f48799bb" member_type: VOTER last_known_addr { host: "127.21.194.65" port: 37209 } } peers { permanent_uuid: "b32626b593f44bd7b4155d313837330b" member_type: VOTER last_known_addr { host: "127.21.194.66" port: 35357 } } peers { permanent_uuid: "98e8d1ddedc2489c92bebbd46a002975" member_type: VOTER last_known_addr { host: "127.21.194.67" port: 34937 } }
I20260709 13:06:20.854169 23570 raft_consensus.cc:385] T 0bbe9eeb27374c2bae89baa6e94a2580 P b32626b593f44bd7b4155d313837330b [term 0 FOLLOWER]: Consensus starting up: Expiring failure detector timer to make a prompt election more likely
I20260709 13:06:20.854501 23570 raft_consensus.cc:740] T 0bbe9eeb27374c2bae89baa6e94a2580 P b32626b593f44bd7b4155d313837330b [term 0 FOLLOWER]: Becoming Follower/Learner. State: Replica: b32626b593f44bd7b4155d313837330b, State: Initialized, Role: FOLLOWER
I20260709 13:06:20.855345 23570 consensus_queue.cc:260] T 0bbe9eeb27374c2bae89baa6e94a2580 P b32626b593f44bd7b4155d313837330b [NON_LEADER]: Queue going to NON_LEADER mode. State: All replicated index: 0, Majority replicated index: 0, Committed index: 0, Last appended: 0.0, Last appended by leader: 0, Current term: 0, Majority size: -1, State: 0, Mode: NON_LEADER, active raft config: opid_index: -1 OBSOLETE_local: false peers { permanent_uuid: "cd1de0436816426e90849394f48799bb" member_type: VOTER last_known_addr { host: "127.21.194.65" port: 37209 } } peers { permanent_uuid: "b32626b593f44bd7b4155d313837330b" member_type: VOTER last_known_addr { host: "127.21.194.66" port: 35357 } } peers { permanent_uuid: "98e8d1ddedc2489c92bebbd46a002975" member_type: VOTER last_known_addr { host: "127.21.194.67" port: 34937 } }
I20260709 13:06:20.857867 23569 tablet_bootstrap.cc:654] T c5b7d42be0d1457a80876a747a4aa3a7 P cd1de0436816426e90849394f48799bb: Neither blocks nor log segments found. Creating new log.
I20260709 13:06:20.845675 23739 consensus_queue.cc:237] T 4266a28ac2434e76beeb0e345d416782 P 98e8d1ddedc2489c92bebbd46a002975 [LEADER]: Queue going to LEADER mode. State: All replicated index: 0, Majority replicated index: 0, Committed index: 0, Last appended: 0.0, Last appended by leader: 0, Current term: 1, Majority size: 2, State: 0, Mode: LEADER, active raft config: opid_index: -1 OBSOLETE_local: false peers { permanent_uuid: "cd1de0436816426e90849394f48799bb" member_type: VOTER last_known_addr { host: "127.21.194.65" port: 37209 } } peers { permanent_uuid: "b32626b593f44bd7b4155d313837330b" member_type: VOTER last_known_addr { host: "127.21.194.66" port: 35357 } } peers { permanent_uuid: "98e8d1ddedc2489c92bebbd46a002975" member_type: VOTER last_known_addr { host: "127.21.194.67" port: 34937 } }
I20260709 13:06:20.860143 23521 tablet_service.cc:1917] Received RequestConsensusVote() RPC: tablet_id: "dadcbdc4ec9a49f78b6674b5eaf717bc" candidate_uuid: "b32626b593f44bd7b4155d313837330b" candidate_term: 1 candidate_status { last_received { term: 0 index: 0 } } ignore_live_leader: false dest_uuid: "98e8d1ddedc2489c92bebbd46a002975" is_pre_election: true
W20260709 13:06:20.866830 23419 leader_election.cc:343] T dadcbdc4ec9a49f78b6674b5eaf717bc P b32626b593f44bd7b4155d313837330b [CANDIDATE]: Term 1 pre-election: Tablet error from VoteRequest() call to peer 98e8d1ddedc2489c92bebbd46a002975 (127.21.194.67:34937): Illegal state: must be running to vote when last-logged opid is not known
I20260709 13:06:20.871626 23379 tablet_service.cc:1917] Received RequestConsensusVote() RPC: tablet_id: "dadcbdc4ec9a49f78b6674b5eaf717bc" candidate_uuid: "b32626b593f44bd7b4155d313837330b" candidate_term: 1 candidate_status { last_received { term: 0 index: 0 } } ignore_live_leader: false dest_uuid: "cd1de0436816426e90849394f48799bb" is_pre_election: true
I20260709 13:06:20.862506 23572 tablet_bootstrap.cc:492] T 9cf3c5a539ad4a80bba2373284966ec3 P 98e8d1ddedc2489c92bebbd46a002975: No bootstrap required, opened a new log
I20260709 13:06:20.874588 23572 ts_tablet_manager.cc:1403] T 9cf3c5a539ad4a80bba2373284966ec3 P 98e8d1ddedc2489c92bebbd46a002975: Time spent bootstrapping tablet: real 0.103s	user 0.013s	sys 0.000s
I20260709 13:06:20.874945 23380 tablet_service.cc:1917] Received RequestConsensusVote() RPC: tablet_id: "4b14d7c4d6924c73ab15eb2d0d53c30f" candidate_uuid: "98e8d1ddedc2489c92bebbd46a002975" candidate_term: 1 candidate_status { last_received { term: 0 index: 0 } } ignore_live_leader: false dest_uuid: "cd1de0436816426e90849394f48799bb"
I20260709 13:06:20.876804 23679 consensus_queue.cc:1048] T 8df33019c60a4523913146b610cb560d P 98e8d1ddedc2489c92bebbd46a002975 [LEADER]: Connected to new peer: Peer: permanent_uuid: "cd1de0436816426e90849394f48799bb" member_type: VOTER last_known_addr { host: "127.21.194.65" port: 37209 }, Status: LMP_MISMATCH, Last received: 0.0, Next index: 1, Last known committed idx: 0, Time since last communication: 0.001s
W20260709 13:06:20.883136 23420 leader_election.cc:343] T dadcbdc4ec9a49f78b6674b5eaf717bc P b32626b593f44bd7b4155d313837330b [CANDIDATE]: Term 1 pre-election: Tablet error from VoteRequest() call to peer cd1de0436816426e90849394f48799bb (127.21.194.65:37209): Illegal state: must be running to vote when last-logged opid is not known
I20260709 13:06:20.883756 23420 leader_election.cc:304] T dadcbdc4ec9a49f78b6674b5eaf717bc P b32626b593f44bd7b4155d313837330b [CANDIDATE]: Term 1 pre-election: Election decided. Result: candidate lost. Election summary: received 3 responses out of 3 voters: 1 yes votes; 2 no votes. yes voters: b32626b593f44bd7b4155d313837330b; no voters: 98e8d1ddedc2489c92bebbd46a002975, cd1de0436816426e90849394f48799bb
I20260709 13:06:20.886957 23881 raft_consensus.cc:2749] T dadcbdc4ec9a49f78b6674b5eaf717bc P b32626b593f44bd7b4155d313837330b [term 0 FOLLOWER]: Leader pre-election lost for term 1. Reason: could not achieve majority
I20260709 13:06:20.891419 23376 tablet_service.cc:1917] Received RequestConsensusVote() RPC: tablet_id: "4266a28ac2434e76beeb0e345d416782" candidate_uuid: "98e8d1ddedc2489c92bebbd46a002975" candidate_term: 1 candidate_status { last_received { term: 0 index: 0 } } ignore_live_leader: false dest_uuid: "cd1de0436816426e90849394f48799bb"
W20260709 13:06:20.896867 23494 leader_election.cc:343] T 4b14d7c4d6924c73ab15eb2d0d53c30f P 98e8d1ddedc2489c92bebbd46a002975 [CANDIDATE]: Term 1 election: Tablet error from VoteRequest() call to peer cd1de0436816426e90849394f48799bb (127.21.194.65:37209): Illegal state: must be running to vote when last-logged opid is not known
I20260709 13:06:20.897457 23494 leader_election.cc:304] T 4b14d7c4d6924c73ab15eb2d0d53c30f P 98e8d1ddedc2489c92bebbd46a002975 [CANDIDATE]: Term 1 election: Election decided. Result: candidate lost. Election summary: received 3 responses out of 3 voters: 1 yes votes; 2 no votes. yes voters: 98e8d1ddedc2489c92bebbd46a002975; no voters: b32626b593f44bd7b4155d313837330b, cd1de0436816426e90849394f48799bb
I20260709 13:06:20.898880 23570 ts_tablet_manager.cc:1434] T 0bbe9eeb27374c2bae89baa6e94a2580 P b32626b593f44bd7b4155d313837330b: Time spent starting tablet: real 0.104s	user 0.004s	sys 0.004s
I20260709 13:06:20.899516 23808 raft_consensus.cc:2749] T 4b14d7c4d6924c73ab15eb2d0d53c30f P 98e8d1ddedc2489c92bebbd46a002975 [term 1 FOLLOWER]: Leader election lost for term 1. Reason: could not achieve majority
I20260709 13:06:20.911795 23572 raft_consensus.cc:359] T 9cf3c5a539ad4a80bba2373284966ec3 P 98e8d1ddedc2489c92bebbd46a002975 [term 0 FOLLOWER]: Replica starting. Triggering 0 pending ops. Active config: opid_index: -1 OBSOLETE_local: false peers { permanent_uuid: "cd1de0436816426e90849394f48799bb" member_type: VOTER last_known_addr { host: "127.21.194.65" port: 37209 } } peers { permanent_uuid: "b32626b593f44bd7b4155d313837330b" member_type: VOTER last_known_addr { host: "127.21.194.66" port: 35357 } } peers { permanent_uuid: "98e8d1ddedc2489c92bebbd46a002975" member_type: VOTER last_known_addr { host: "127.21.194.67" port: 34937 } }
I20260709 13:06:20.912671 23572 raft_consensus.cc:385] T 9cf3c5a539ad4a80bba2373284966ec3 P 98e8d1ddedc2489c92bebbd46a002975 [term 0 FOLLOWER]: Consensus starting up: Expiring failure detector timer to make a prompt election more likely
I20260709 13:06:20.912971 23572 raft_consensus.cc:740] T 9cf3c5a539ad4a80bba2373284966ec3 P 98e8d1ddedc2489c92bebbd46a002975 [term 0 FOLLOWER]: Becoming Follower/Learner. State: Replica: 98e8d1ddedc2489c92bebbd46a002975, State: Initialized, Role: FOLLOWER
I20260709 13:06:20.913648 23572 consensus_queue.cc:260] T 9cf3c5a539ad4a80bba2373284966ec3 P 98e8d1ddedc2489c92bebbd46a002975 [NON_LEADER]: Queue going to NON_LEADER mode. State: All replicated index: 0, Majority replicated index: 0, Committed index: 0, Last appended: 0.0, Last appended by leader: 0, Current term: 0, Majority size: -1, State: 0, Mode: NON_LEADER, active raft config: opid_index: -1 OBSOLETE_local: false peers { permanent_uuid: "cd1de0436816426e90849394f48799bb" member_type: VOTER last_known_addr { host: "127.21.194.65" port: 37209 } } peers { permanent_uuid: "b32626b593f44bd7b4155d313837330b" member_type: VOTER last_known_addr { host: "127.21.194.66" port: 35357 } } peers { permanent_uuid: "98e8d1ddedc2489c92bebbd46a002975" member_type: VOTER last_known_addr { host: "127.21.194.67" port: 34937 } }
I20260709 13:06:20.922993 23570 tablet_bootstrap.cc:492] T b39baf1ca76c41a991c8c24f96b1f35d P b32626b593f44bd7b4155d313837330b: Bootstrap starting.
W20260709 13:06:20.930226 23494 leader_election.cc:343] T 4266a28ac2434e76beeb0e345d416782 P 98e8d1ddedc2489c92bebbd46a002975 [CANDIDATE]: Term 1 election: Tablet error from VoteRequest() call to peer cd1de0436816426e90849394f48799bb (127.21.194.65:37209): Illegal state: must be running to vote when last-logged opid is not known
I20260709 13:06:20.938282 23808 consensus_queue.cc:1048] T e296b1a1e81d4a70a8bc1f2ad0d8b375 P 98e8d1ddedc2489c92bebbd46a002975 [LEADER]: Connected to new peer: Peer: permanent_uuid: "cd1de0436816426e90849394f48799bb" member_type: VOTER last_known_addr { host: "127.21.194.65" port: 37209 }, Status: LMP_MISMATCH, Last received: 0.0, Next index: 1, Last known committed idx: 0, Time since last communication: 0.002s
I20260709 13:06:20.959313 23572 ts_tablet_manager.cc:1434] T 9cf3c5a539ad4a80bba2373284966ec3 P 98e8d1ddedc2489c92bebbd46a002975: Time spent starting tablet: real 0.084s	user 0.008s	sys 0.000s
I20260709 13:06:20.960922 23572 tablet_bootstrap.cc:492] T 7737fec2e8f940bb95791f0c89063f56 P 98e8d1ddedc2489c92bebbd46a002975: Bootstrap starting.
I20260709 13:06:20.953718 23808 consensus_queue.cc:1048] T 8df33019c60a4523913146b610cb560d P 98e8d1ddedc2489c92bebbd46a002975 [LEADER]: Connected to new peer: Peer: permanent_uuid: "b32626b593f44bd7b4155d313837330b" member_type: VOTER last_known_addr { host: "127.21.194.66" port: 35357 }, Status: LMP_MISMATCH, Last received: 0.0, Next index: 1, Last known committed idx: 0, Time since last communication: 0.011s
I20260709 13:06:20.970045 23804 raft_consensus.cc:493] T 0bbe9eeb27374c2bae89baa6e94a2580 P 98e8d1ddedc2489c92bebbd46a002975 [term 0 FOLLOWER]: Starting pre-election (no leader contacted us within the election timeout)
I20260709 13:06:20.970991 23570 tablet_bootstrap.cc:654] T b39baf1ca76c41a991c8c24f96b1f35d P b32626b593f44bd7b4155d313837330b: Neither blocks nor log segments found. Creating new log.
I20260709 13:06:20.970664 23804 raft_consensus.cc:515] T 0bbe9eeb27374c2bae89baa6e94a2580 P 98e8d1ddedc2489c92bebbd46a002975 [term 0 FOLLOWER]: Starting pre-election with config: opid_index: -1 OBSOLETE_local: false peers { permanent_uuid: "cd1de0436816426e90849394f48799bb" member_type: VOTER last_known_addr { host: "127.21.194.65" port: 37209 } } peers { permanent_uuid: "b32626b593f44bd7b4155d313837330b" member_type: VOTER last_known_addr { host: "127.21.194.66" port: 35357 } } peers { permanent_uuid: "98e8d1ddedc2489c92bebbd46a002975" member_type: VOTER last_known_addr { host: "127.21.194.67" port: 34937 } }
I20260709 13:06:20.972923 23804 leader_election.cc:290] T 0bbe9eeb27374c2bae89baa6e94a2580 P 98e8d1ddedc2489c92bebbd46a002975 [CANDIDATE]: Term 1 pre-election: Requested pre-vote from peers cd1de0436816426e90849394f48799bb (127.21.194.65:37209), b32626b593f44bd7b4155d313837330b (127.21.194.66:35357)
I20260709 13:06:20.976643 23888 raft_consensus.cc:493] T 7ecb18bebc0a4f32b55665d19f92a340 P 98e8d1ddedc2489c92bebbd46a002975 [term 0 FOLLOWER]: Starting pre-election (no leader contacted us within the election timeout)
I20260709 13:06:20.977383 23888 raft_consensus.cc:515] T 7ecb18bebc0a4f32b55665d19f92a340 P 98e8d1ddedc2489c92bebbd46a002975 [term 0 FOLLOWER]: Starting pre-election with config: opid_index: -1 OBSOLETE_local: false peers { permanent_uuid: "cd1de0436816426e90849394f48799bb" member_type: VOTER last_known_addr { host: "127.21.194.65" port: 37209 } } peers { permanent_uuid: "b32626b593f44bd7b4155d313837330b" member_type: VOTER last_known_addr { host: "127.21.194.66" port: 35357 } } peers { permanent_uuid: "98e8d1ddedc2489c92bebbd46a002975" member_type: VOTER last_known_addr { host: "127.21.194.67" port: 34937 } }
I20260709 13:06:20.983342 23569 tablet_bootstrap.cc:492] T c5b7d42be0d1457a80876a747a4aa3a7 P cd1de0436816426e90849394f48799bb: No bootstrap required, opened a new log
I20260709 13:06:20.986502 23450 tablet_service.cc:1917] Received RequestConsensusVote() RPC: tablet_id: "0bbe9eeb27374c2bae89baa6e94a2580" candidate_uuid: "98e8d1ddedc2489c92bebbd46a002975" candidate_term: 1 candidate_status { last_received { term: 0 index: 0 } } ignore_live_leader: false dest_uuid: "b32626b593f44bd7b4155d313837330b" is_pre_election: true
I20260709 13:06:20.986994 23888 leader_election.cc:290] T 7ecb18bebc0a4f32b55665d19f92a340 P 98e8d1ddedc2489c92bebbd46a002975 [CANDIDATE]: Term 1 pre-election: Requested pre-vote from peers cd1de0436816426e90849394f48799bb (127.21.194.65:37209), b32626b593f44bd7b4155d313837330b (127.21.194.66:35357)
I20260709 13:06:20.987185 23450 raft_consensus.cc:2468] T 0bbe9eeb27374c2bae89baa6e94a2580 P b32626b593f44bd7b4155d313837330b [term 0 FOLLOWER]: Leader pre-election vote request: Granting yes vote for candidate 98e8d1ddedc2489c92bebbd46a002975 in term 0.
I20260709 13:06:20.992597 23450 tablet_service.cc:1917] Received RequestConsensusVote() RPC: tablet_id: "7ecb18bebc0a4f32b55665d19f92a340" candidate_uuid: "98e8d1ddedc2489c92bebbd46a002975" candidate_term: 1 candidate_status { last_received { term: 0 index: 0 } } ignore_live_leader: false dest_uuid: "b32626b593f44bd7b4155d313837330b" is_pre_election: true
I20260709 13:06:20.994570 23374 tablet_service.cc:1917] Received RequestConsensusVote() RPC: tablet_id: "7ecb18bebc0a4f32b55665d19f92a340" candidate_uuid: "98e8d1ddedc2489c92bebbd46a002975" candidate_term: 1 candidate_status { last_received { term: 0 index: 0 } } ignore_live_leader: false dest_uuid: "cd1de0436816426e90849394f48799bb" is_pre_election: true
I20260709 13:06:20.996663 23494 leader_election.cc:304] T 0bbe9eeb27374c2bae89baa6e94a2580 P 98e8d1ddedc2489c92bebbd46a002975 [CANDIDATE]: Term 1 pre-election: Election decided. Result: candidate won. Election summary: received 2 responses out of 3 voters: 2 yes votes; 0 no votes. yes voters: 98e8d1ddedc2489c92bebbd46a002975, b32626b593f44bd7b4155d313837330b; no voters: 
I20260709 13:06:20.997157 23569 ts_tablet_manager.cc:1403] T c5b7d42be0d1457a80876a747a4aa3a7 P cd1de0436816426e90849394f48799bb: Time spent bootstrapping tablet: real 0.250s	user 0.014s	sys 0.008s
I20260709 13:06:20.998584 23888 raft_consensus.cc:2804] T 0bbe9eeb27374c2bae89baa6e94a2580 P 98e8d1ddedc2489c92bebbd46a002975 [term 0 FOLLOWER]: Leader pre-election won for term 1
I20260709 13:06:20.999014 23888 raft_consensus.cc:493] T 0bbe9eeb27374c2bae89baa6e94a2580 P 98e8d1ddedc2489c92bebbd46a002975 [term 0 FOLLOWER]: Starting leader election (no leader contacted us within the election timeout)
I20260709 13:06:20.999365 23888 raft_consensus.cc:3060] T 0bbe9eeb27374c2bae89baa6e94a2580 P 98e8d1ddedc2489c92bebbd46a002975 [term 0 FOLLOWER]: Advancing to term 1
I20260709 13:06:21.000849 23569 raft_consensus.cc:359] T c5b7d42be0d1457a80876a747a4aa3a7 P cd1de0436816426e90849394f48799bb [term 0 FOLLOWER]: Replica starting. Triggering 0 pending ops. Active config: opid_index: -1 OBSOLETE_local: false peers { permanent_uuid: "cd1de0436816426e90849394f48799bb" member_type: VOTER last_known_addr { host: "127.21.194.65" port: 37209 } } peers { permanent_uuid: "b32626b593f44bd7b4155d313837330b" member_type: VOTER last_known_addr { host: "127.21.194.66" port: 35357 } } peers { permanent_uuid: "98e8d1ddedc2489c92bebbd46a002975" member_type: VOTER last_known_addr { host: "127.21.194.67" port: 34937 } }
I20260709 13:06:21.001555 23569 raft_consensus.cc:385] T c5b7d42be0d1457a80876a747a4aa3a7 P cd1de0436816426e90849394f48799bb [term 0 FOLLOWER]: Consensus starting up: Expiring failure detector timer to make a prompt election more likely
I20260709 13:06:21.001812 23569 raft_consensus.cc:740] T c5b7d42be0d1457a80876a747a4aa3a7 P cd1de0436816426e90849394f48799bb [term 0 FOLLOWER]: Becoming Follower/Learner. State: Replica: cd1de0436816426e90849394f48799bb, State: Initialized, Role: FOLLOWER
I20260709 13:06:21.004375 23572 tablet_bootstrap.cc:654] T 7737fec2e8f940bb95791f0c89063f56 P 98e8d1ddedc2489c92bebbd46a002975: Neither blocks nor log segments found. Creating new log.
W20260709 13:06:21.005056 23494 leader_election.cc:343] T 7ecb18bebc0a4f32b55665d19f92a340 P 98e8d1ddedc2489c92bebbd46a002975 [CANDIDATE]: Term 1 pre-election: Tablet error from VoteRequest() call to peer cd1de0436816426e90849394f48799bb (127.21.194.65:37209): Illegal state: must be running to vote when last-logged opid is not known
I20260709 13:06:21.002499 23569 consensus_queue.cc:260] T c5b7d42be0d1457a80876a747a4aa3a7 P cd1de0436816426e90849394f48799bb [NON_LEADER]: Queue going to NON_LEADER mode. State: All replicated index: 0, Majority replicated index: 0, Committed index: 0, Last appended: 0.0, Last appended by leader: 0, Current term: 0, Majority size: -1, State: 0, Mode: NON_LEADER, active raft config: opid_index: -1 OBSOLETE_local: false peers { permanent_uuid: "cd1de0436816426e90849394f48799bb" member_type: VOTER last_known_addr { host: "127.21.194.65" port: 37209 } } peers { permanent_uuid: "b32626b593f44bd7b4155d313837330b" member_type: VOTER last_known_addr { host: "127.21.194.66" port: 35357 } } peers { permanent_uuid: "98e8d1ddedc2489c92bebbd46a002975" member_type: VOTER last_known_addr { host: "127.21.194.67" port: 34937 } }
I20260709 13:06:21.006889 23375 tablet_service.cc:1917] Received RequestConsensusVote() RPC: tablet_id: "0bbe9eeb27374c2bae89baa6e94a2580" candidate_uuid: "98e8d1ddedc2489c92bebbd46a002975" candidate_term: 1 candidate_status { last_received { term: 0 index: 0 } } ignore_live_leader: false dest_uuid: "cd1de0436816426e90849394f48799bb" is_pre_election: true
W20260709 13:06:21.011976 23494 leader_election.cc:343] T 7ecb18bebc0a4f32b55665d19f92a340 P 98e8d1ddedc2489c92bebbd46a002975 [CANDIDATE]: Term 1 pre-election: Tablet error from VoteRequest() call to peer b32626b593f44bd7b4155d313837330b (127.21.194.66:35357): Illegal state: must be running to vote when last-logged opid is not known
I20260709 13:06:21.012419 23494 leader_election.cc:304] T 7ecb18bebc0a4f32b55665d19f92a340 P 98e8d1ddedc2489c92bebbd46a002975 [CANDIDATE]: Term 1 pre-election: Election decided. Result: candidate lost. Election summary: received 3 responses out of 3 voters: 1 yes votes; 2 no votes. yes voters: 98e8d1ddedc2489c92bebbd46a002975; no voters: b32626b593f44bd7b4155d313837330b, cd1de0436816426e90849394f48799bb
I20260709 13:06:21.014532 23804 raft_consensus.cc:2749] T 7ecb18bebc0a4f32b55665d19f92a340 P 98e8d1ddedc2489c92bebbd46a002975 [term 0 FOLLOWER]: Leader pre-election lost for term 1. Reason: could not achieve majority
I20260709 13:06:21.015144 23808 consensus_queue.cc:1048] T 1fb15c72df924f4a8793e7e209a22d63 P 98e8d1ddedc2489c92bebbd46a002975 [LEADER]: Connected to new peer: Peer: permanent_uuid: "b32626b593f44bd7b4155d313837330b" member_type: VOTER last_known_addr { host: "127.21.194.66" port: 35357 }, Status: LMP_MISMATCH, Last received: 0.0, Next index: 1, Last known committed idx: 0, Time since last communication: 0.000s
W20260709 13:06:21.020155 23494 leader_election.cc:343] T 0bbe9eeb27374c2bae89baa6e94a2580 P 98e8d1ddedc2489c92bebbd46a002975 [CANDIDATE]: Term 1 pre-election: Tablet error from VoteRequest() call to peer cd1de0436816426e90849394f48799bb (127.21.194.65:37209): Illegal state: must be running to vote when last-logged opid is not known
I20260709 13:06:21.037375 23569 ts_tablet_manager.cc:1434] T c5b7d42be0d1457a80876a747a4aa3a7 P cd1de0436816426e90849394f48799bb: Time spent starting tablet: real 0.040s	user 0.004s	sys 0.003s
I20260709 13:06:21.039274 23569 tablet_bootstrap.cc:492] T 0bbe9eeb27374c2bae89baa6e94a2580 P cd1de0436816426e90849394f48799bb: Bootstrap starting.
I20260709 13:06:21.047209 23276 catalog_manager.cc:5697] T 4266a28ac2434e76beeb0e345d416782 P 98e8d1ddedc2489c92bebbd46a002975 reported cstate change: term changed from 0 to 1, leader changed from <none> to 98e8d1ddedc2489c92bebbd46a002975 (127.21.194.67). New cstate: current_term: 1 leader_uuid: "98e8d1ddedc2489c92bebbd46a002975" committed_config { opid_index: -1 OBSOLETE_local: false peers { permanent_uuid: "cd1de0436816426e90849394f48799bb" member_type: VOTER last_known_addr { host: "127.21.194.65" port: 37209 } health_report { overall_health: UNKNOWN } } peers { permanent_uuid: "b32626b593f44bd7b4155d313837330b" member_type: VOTER last_known_addr { host: "127.21.194.66" port: 35357 } health_report { overall_health: UNKNOWN } } peers { permanent_uuid: "98e8d1ddedc2489c92bebbd46a002975" member_type: VOTER last_known_addr { host: "127.21.194.67" port: 34937 } health_report { overall_health: HEALTHY } } }
I20260709 13:06:21.052426 23572 tablet_bootstrap.cc:492] T 7737fec2e8f940bb95791f0c89063f56 P 98e8d1ddedc2489c92bebbd46a002975: No bootstrap required, opened a new log
I20260709 13:06:21.052896 23572 ts_tablet_manager.cc:1403] T 7737fec2e8f940bb95791f0c89063f56 P 98e8d1ddedc2489c92bebbd46a002975: Time spent bootstrapping tablet: real 0.092s	user 0.008s	sys 0.005s
I20260709 13:06:21.056447 23572 raft_consensus.cc:359] T 7737fec2e8f940bb95791f0c89063f56 P 98e8d1ddedc2489c92bebbd46a002975 [term 0 FOLLOWER]: Replica starting. Triggering 0 pending ops. Active config: opid_index: -1 OBSOLETE_local: false peers { permanent_uuid: "cd1de0436816426e90849394f48799bb" member_type: VOTER last_known_addr { host: "127.21.194.65" port: 37209 } } peers { permanent_uuid: "b32626b593f44bd7b4155d313837330b" member_type: VOTER last_known_addr { host: "127.21.194.66" port: 35357 } } peers { permanent_uuid: "98e8d1ddedc2489c92bebbd46a002975" member_type: VOTER last_known_addr { host: "127.21.194.67" port: 34937 } }
I20260709 13:06:21.057086 23572 raft_consensus.cc:385] T 7737fec2e8f940bb95791f0c89063f56 P 98e8d1ddedc2489c92bebbd46a002975 [term 0 FOLLOWER]: Consensus starting up: Expiring failure detector timer to make a prompt election more likely
I20260709 13:06:21.057354 23572 raft_consensus.cc:740] T 7737fec2e8f940bb95791f0c89063f56 P 98e8d1ddedc2489c92bebbd46a002975 [term 0 FOLLOWER]: Becoming Follower/Learner. State: Replica: 98e8d1ddedc2489c92bebbd46a002975, State: Initialized, Role: FOLLOWER
I20260709 13:06:21.057957 23572 consensus_queue.cc:260] T 7737fec2e8f940bb95791f0c89063f56 P 98e8d1ddedc2489c92bebbd46a002975 [NON_LEADER]: Queue going to NON_LEADER mode. State: All replicated index: 0, Majority replicated index: 0, Committed index: 0, Last appended: 0.0, Last appended by leader: 0, Current term: 0, Majority size: -1, State: 0, Mode: NON_LEADER, active raft config: opid_index: -1 OBSOLETE_local: false peers { permanent_uuid: "cd1de0436816426e90849394f48799bb" member_type: VOTER last_known_addr { host: "127.21.194.65" port: 37209 } } peers { permanent_uuid: "b32626b593f44bd7b4155d313837330b" member_type: VOTER last_known_addr { host: "127.21.194.66" port: 35357 } } peers { permanent_uuid: "98e8d1ddedc2489c92bebbd46a002975" member_type: VOTER last_known_addr { host: "127.21.194.67" port: 34937 } }
I20260709 13:06:21.060114 23888 raft_consensus.cc:515] T 0bbe9eeb27374c2bae89baa6e94a2580 P 98e8d1ddedc2489c92bebbd46a002975 [term 1 FOLLOWER]: Starting leader election with config: opid_index: -1 OBSOLETE_local: false peers { permanent_uuid: "cd1de0436816426e90849394f48799bb" member_type: VOTER last_known_addr { host: "127.21.194.65" port: 37209 } } peers { permanent_uuid: "b32626b593f44bd7b4155d313837330b" member_type: VOTER last_known_addr { host: "127.21.194.66" port: 35357 } } peers { permanent_uuid: "98e8d1ddedc2489c92bebbd46a002975" member_type: VOTER last_known_addr { host: "127.21.194.67" port: 34937 } }
I20260709 13:06:21.068775 23888 leader_election.cc:290] T 0bbe9eeb27374c2bae89baa6e94a2580 P 98e8d1ddedc2489c92bebbd46a002975 [CANDIDATE]: Term 1 election: Requested vote from peers cd1de0436816426e90849394f48799bb (127.21.194.65:37209), b32626b593f44bd7b4155d313837330b (127.21.194.66:35357)
I20260709 13:06:21.063740 23570 tablet_bootstrap.cc:492] T b39baf1ca76c41a991c8c24f96b1f35d P b32626b593f44bd7b4155d313837330b: No bootstrap required, opened a new log
I20260709 13:06:21.065333 23569 tablet_bootstrap.cc:654] T 0bbe9eeb27374c2bae89baa6e94a2580 P cd1de0436816426e90849394f48799bb: Neither blocks nor log segments found. Creating new log.
I20260709 13:06:21.072463 23453 tablet_service.cc:1917] Received RequestConsensusVote() RPC: tablet_id: "0bbe9eeb27374c2bae89baa6e94a2580" candidate_uuid: "98e8d1ddedc2489c92bebbd46a002975" candidate_term: 1 candidate_status { last_received { term: 0 index: 0 } } ignore_live_leader: false dest_uuid: "b32626b593f44bd7b4155d313837330b"
I20260709 13:06:21.073060 23453 raft_consensus.cc:3060] T 0bbe9eeb27374c2bae89baa6e94a2580 P b32626b593f44bd7b4155d313837330b [term 0 FOLLOWER]: Advancing to term 1
I20260709 13:06:21.066968 23572 ts_tablet_manager.cc:1434] T 7737fec2e8f940bb95791f0c89063f56 P 98e8d1ddedc2489c92bebbd46a002975: Time spent starting tablet: real 0.014s	user 0.006s	sys 0.000s
I20260709 13:06:21.074052 23379 tablet_service.cc:1917] Received RequestConsensusVote() RPC: tablet_id: "0bbe9eeb27374c2bae89baa6e94a2580" candidate_uuid: "98e8d1ddedc2489c92bebbd46a002975" candidate_term: 1 candidate_status { last_received { term: 0 index: 0 } } ignore_live_leader: false dest_uuid: "cd1de0436816426e90849394f48799bb"
I20260709 13:06:21.077596 23570 ts_tablet_manager.cc:1403] T b39baf1ca76c41a991c8c24f96b1f35d P b32626b593f44bd7b4155d313837330b: Time spent bootstrapping tablet: real 0.155s	user 0.008s	sys 0.013s
I20260709 13:06:21.082842 23572 tablet_bootstrap.cc:492] T eb10ef57313541d7b07680e66371b813 P 98e8d1ddedc2489c92bebbd46a002975: Bootstrap starting.
I20260709 13:06:21.085774 23570 raft_consensus.cc:359] T b39baf1ca76c41a991c8c24f96b1f35d P b32626b593f44bd7b4155d313837330b [term 0 FOLLOWER]: Replica starting. Triggering 0 pending ops. Active config: opid_index: -1 OBSOLETE_local: false peers { permanent_uuid: "cd1de0436816426e90849394f48799bb" member_type: VOTER last_known_addr { host: "127.21.194.65" port: 37209 } } peers { permanent_uuid: "b32626b593f44bd7b4155d313837330b" member_type: VOTER last_known_addr { host: "127.21.194.66" port: 35357 } } peers { permanent_uuid: "98e8d1ddedc2489c92bebbd46a002975" member_type: VOTER last_known_addr { host: "127.21.194.67" port: 34937 } }
I20260709 13:06:21.086477 23570 raft_consensus.cc:385] T b39baf1ca76c41a991c8c24f96b1f35d P b32626b593f44bd7b4155d313837330b [term 0 FOLLOWER]: Consensus starting up: Expiring failure detector timer to make a prompt election more likely
I20260709 13:06:21.086763 23570 raft_consensus.cc:740] T b39baf1ca76c41a991c8c24f96b1f35d P b32626b593f44bd7b4155d313837330b [term 0 FOLLOWER]: Becoming Follower/Learner. State: Replica: b32626b593f44bd7b4155d313837330b, State: Initialized, Role: FOLLOWER
I20260709 13:06:21.087467 23570 consensus_queue.cc:260] T b39baf1ca76c41a991c8c24f96b1f35d P b32626b593f44bd7b4155d313837330b [NON_LEADER]: Queue going to NON_LEADER mode. State: All replicated index: 0, Majority replicated index: 0, Committed index: 0, Last appended: 0.0, Last appended by leader: 0, Current term: 0, Majority size: -1, State: 0, Mode: NON_LEADER, active raft config: opid_index: -1 OBSOLETE_local: false peers { permanent_uuid: "cd1de0436816426e90849394f48799bb" member_type: VOTER last_known_addr { host: "127.21.194.65" port: 37209 } } peers { permanent_uuid: "b32626b593f44bd7b4155d313837330b" member_type: VOTER last_known_addr { host: "127.21.194.66" port: 35357 } } peers { permanent_uuid: "98e8d1ddedc2489c92bebbd46a002975" member_type: VOTER last_known_addr { host: "127.21.194.67" port: 34937 } }
I20260709 13:06:21.081512 23453 raft_consensus.cc:2468] T 0bbe9eeb27374c2bae89baa6e94a2580 P b32626b593f44bd7b4155d313837330b [term 1 FOLLOWER]: Leader election vote request: Granting yes vote for candidate 98e8d1ddedc2489c92bebbd46a002975 in term 1.
W20260709 13:06:21.074363 23494 consensus_peers.cc:597] T 1fb15c72df924f4a8793e7e209a22d63 P 98e8d1ddedc2489c92bebbd46a002975 -> Peer cd1de0436816426e90849394f48799bb (127.21.194.65:37209): Couldn't send request to peer cd1de0436816426e90849394f48799bb. Error code: TABLET_NOT_RUNNING (12). Status: Illegal state: Tablet not RUNNING: INITIALIZED. This is attempt 1: this message will repeat every 5th retry.
I20260709 13:06:21.089395 23572 tablet_bootstrap.cc:654] T eb10ef57313541d7b07680e66371b813 P 98e8d1ddedc2489c92bebbd46a002975: Neither blocks nor log segments found. Creating new log.
I20260709 13:06:21.095727 23881 raft_consensus.cc:493] T 25887c2cde2f46b1b0469f34e14796e4 P b32626b593f44bd7b4155d313837330b [term 1 FOLLOWER]: Starting pre-election (no leader contacted us within the election timeout)
I20260709 13:06:21.096212 23881 raft_consensus.cc:515] T 25887c2cde2f46b1b0469f34e14796e4 P b32626b593f44bd7b4155d313837330b [term 1 FOLLOWER]: Starting pre-election with config: opid_index: -1 OBSOLETE_local: false peers { permanent_uuid: "cd1de0436816426e90849394f48799bb" member_type: VOTER last_known_addr { host: "127.21.194.65" port: 37209 } } peers { permanent_uuid: "b32626b593f44bd7b4155d313837330b" member_type: VOTER last_known_addr { host: "127.21.194.66" port: 35357 } } peers { permanent_uuid: "98e8d1ddedc2489c92bebbd46a002975" member_type: VOTER last_known_addr { host: "127.21.194.67" port: 34937 } }
I20260709 13:06:21.097819 23881 leader_election.cc:290] T 25887c2cde2f46b1b0469f34e14796e4 P b32626b593f44bd7b4155d313837330b [CANDIDATE]: Term 2 pre-election: Requested pre-vote from peers cd1de0436816426e90849394f48799bb (127.21.194.65:37209), 98e8d1ddedc2489c92bebbd46a002975 (127.21.194.67:34937)
I20260709 13:06:21.098464 23380 tablet_service.cc:1917] Received RequestConsensusVote() RPC: tablet_id: "25887c2cde2f46b1b0469f34e14796e4" candidate_uuid: "b32626b593f44bd7b4155d313837330b" candidate_term: 2 candidate_status { last_received { term: 0 index: 0 } } ignore_live_leader: false dest_uuid: "cd1de0436816426e90849394f48799bb" is_pre_election: true
I20260709 13:06:21.099176 23380 raft_consensus.cc:2468] T 25887c2cde2f46b1b0469f34e14796e4 P cd1de0436816426e90849394f48799bb [term 1 FOLLOWER]: Leader pre-election vote request: Granting yes vote for candidate b32626b593f44bd7b4155d313837330b in term 1.
I20260709 13:06:21.100363 23420 leader_election.cc:304] T 25887c2cde2f46b1b0469f34e14796e4 P b32626b593f44bd7b4155d313837330b [CANDIDATE]: Term 2 pre-election: Election decided. Result: candidate won. Election summary: received 2 responses out of 3 voters: 2 yes votes; 0 no votes. yes voters: b32626b593f44bd7b4155d313837330b, cd1de0436816426e90849394f48799bb; no voters: 
I20260709 13:06:21.101078 23528 tablet_service.cc:1917] Received RequestConsensusVote() RPC: tablet_id: "25887c2cde2f46b1b0469f34e14796e4" candidate_uuid: "b32626b593f44bd7b4155d313837330b" candidate_term: 2 candidate_status { last_received { term: 0 index: 0 } } ignore_live_leader: false dest_uuid: "98e8d1ddedc2489c92bebbd46a002975" is_pre_election: true
I20260709 13:06:21.101418 23881 raft_consensus.cc:2804] T 25887c2cde2f46b1b0469f34e14796e4 P b32626b593f44bd7b4155d313837330b [term 1 FOLLOWER]: Leader pre-election won for term 2
I20260709 13:06:21.101780 23881 raft_consensus.cc:493] T 25887c2cde2f46b1b0469f34e14796e4 P b32626b593f44bd7b4155d313837330b [term 1 FOLLOWER]: Starting leader election (no leader contacted us within the election timeout)
I20260709 13:06:21.101802 23528 raft_consensus.cc:2468] T 25887c2cde2f46b1b0469f34e14796e4 P 98e8d1ddedc2489c92bebbd46a002975 [term 1 FOLLOWER]: Leader pre-election vote request: Granting yes vote for candidate b32626b593f44bd7b4155d313837330b in term 1.
W20260709 13:06:21.102043 23494 leader_election.cc:343] T 0bbe9eeb27374c2bae89baa6e94a2580 P 98e8d1ddedc2489c92bebbd46a002975 [CANDIDATE]: Term 1 election: Tablet error from VoteRequest() call to peer cd1de0436816426e90849394f48799bb (127.21.194.65:37209): Illegal state: must be running to vote when last-logged opid is not known
I20260709 13:06:21.102196 23881 raft_consensus.cc:3060] T 25887c2cde2f46b1b0469f34e14796e4 P b32626b593f44bd7b4155d313837330b [term 1 FOLLOWER]: Advancing to term 2
I20260709 13:06:21.103837 23570 ts_tablet_manager.cc:1434] T b39baf1ca76c41a991c8c24f96b1f35d P b32626b593f44bd7b4155d313837330b: Time spent starting tablet: real 0.021s	user 0.001s	sys 0.005s
I20260709 13:06:21.107234 23570 tablet_bootstrap.cc:492] T 7ecb18bebc0a4f32b55665d19f92a340 P b32626b593f44bd7b4155d313837330b: Bootstrap starting.
I20260709 13:06:21.116642 23881 raft_consensus.cc:515] T 25887c2cde2f46b1b0469f34e14796e4 P b32626b593f44bd7b4155d313837330b [term 2 FOLLOWER]: Starting leader election with config: opid_index: -1 OBSOLETE_local: false peers { permanent_uuid: "cd1de0436816426e90849394f48799bb" member_type: VOTER last_known_addr { host: "127.21.194.65" port: 37209 } } peers { permanent_uuid: "b32626b593f44bd7b4155d313837330b" member_type: VOTER last_known_addr { host: "127.21.194.66" port: 35357 } } peers { permanent_uuid: "98e8d1ddedc2489c92bebbd46a002975" member_type: VOTER last_known_addr { host: "127.21.194.67" port: 34937 } }
I20260709 13:06:21.119839 23380 tablet_service.cc:1917] Received RequestConsensusVote() RPC: tablet_id: "25887c2cde2f46b1b0469f34e14796e4" candidate_uuid: "b32626b593f44bd7b4155d313837330b" candidate_term: 2 candidate_status { last_received { term: 0 index: 0 } } ignore_live_leader: false dest_uuid: "cd1de0436816426e90849394f48799bb"
I20260709 13:06:21.120435 23380 raft_consensus.cc:3060] T 25887c2cde2f46b1b0469f34e14796e4 P cd1de0436816426e90849394f48799bb [term 1 FOLLOWER]: Advancing to term 2
I20260709 13:06:21.127414 23380 raft_consensus.cc:2468] T 25887c2cde2f46b1b0469f34e14796e4 P cd1de0436816426e90849394f48799bb [term 2 FOLLOWER]: Leader election vote request: Granting yes vote for candidate b32626b593f44bd7b4155d313837330b in term 2.
I20260709 13:06:21.128728 23420 leader_election.cc:304] T 25887c2cde2f46b1b0469f34e14796e4 P b32626b593f44bd7b4155d313837330b [CANDIDATE]: Term 2 election: Election decided. Result: candidate won. Election summary: received 2 responses out of 3 voters: 2 yes votes; 0 no votes. yes voters: b32626b593f44bd7b4155d313837330b, cd1de0436816426e90849394f48799bb; no voters: 
I20260709 13:06:21.129726 23745 raft_consensus.cc:2804] T 25887c2cde2f46b1b0469f34e14796e4 P b32626b593f44bd7b4155d313837330b [term 2 FOLLOWER]: Leader election won for term 2
I20260709 13:06:21.130225 23745 raft_consensus.cc:697] T 25887c2cde2f46b1b0469f34e14796e4 P b32626b593f44bd7b4155d313837330b [term 2 LEADER]: Becoming Leader. State: Replica: b32626b593f44bd7b4155d313837330b, State: Running, Role: LEADER
I20260709 13:06:21.130468 23494 leader_election.cc:304] T 0bbe9eeb27374c2bae89baa6e94a2580 P 98e8d1ddedc2489c92bebbd46a002975 [CANDIDATE]: Term 1 election: Election decided. Result: candidate won. Election summary: received 3 responses out of 3 voters: 2 yes votes; 1 no votes. yes voters: 98e8d1ddedc2489c92bebbd46a002975, b32626b593f44bd7b4155d313837330b; no voters: cd1de0436816426e90849394f48799bb
I20260709 13:06:21.131297 23739 raft_consensus.cc:2804] T 0bbe9eeb27374c2bae89baa6e94a2580 P 98e8d1ddedc2489c92bebbd46a002975 [term 1 FOLLOWER]: Leader election won for term 1
I20260709 13:06:21.131098 23745 consensus_queue.cc:237] T 25887c2cde2f46b1b0469f34e14796e4 P b32626b593f44bd7b4155d313837330b [LEADER]: Queue going to LEADER mode. State: All replicated index: 0, Majority replicated index: 0, Committed index: 0, Last appended: 0.0, Last appended by leader: 0, Current term: 2, Majority size: 2, State: 0, Mode: LEADER, active raft config: opid_index: -1 OBSOLETE_local: false peers { permanent_uuid: "cd1de0436816426e90849394f48799bb" member_type: VOTER last_known_addr { host: "127.21.194.65" port: 37209 } } peers { permanent_uuid: "b32626b593f44bd7b4155d313837330b" member_type: VOTER last_known_addr { host: "127.21.194.66" port: 35357 } } peers { permanent_uuid: "98e8d1ddedc2489c92bebbd46a002975" member_type: VOTER last_known_addr { host: "127.21.194.67" port: 34937 } }
I20260709 13:06:21.132761 23739 raft_consensus.cc:697] T 0bbe9eeb27374c2bae89baa6e94a2580 P 98e8d1ddedc2489c92bebbd46a002975 [term 1 LEADER]: Becoming Leader. State: Replica: 98e8d1ddedc2489c92bebbd46a002975, State: Running, Role: LEADER
I20260709 13:06:21.133581 23739 consensus_queue.cc:237] T 0bbe9eeb27374c2bae89baa6e94a2580 P 98e8d1ddedc2489c92bebbd46a002975 [LEADER]: Queue going to LEADER mode. State: All replicated index: 0, Majority replicated index: 0, Committed index: 0, Last appended: 0.0, Last appended by leader: 0, Current term: 1, Majority size: 2, State: 0, Mode: LEADER, active raft config: opid_index: -1 OBSOLETE_local: false peers { permanent_uuid: "cd1de0436816426e90849394f48799bb" member_type: VOTER last_known_addr { host: "127.21.194.65" port: 37209 } } peers { permanent_uuid: "b32626b593f44bd7b4155d313837330b" member_type: VOTER last_known_addr { host: "127.21.194.66" port: 35357 } } peers { permanent_uuid: "98e8d1ddedc2489c92bebbd46a002975" member_type: VOTER last_known_addr { host: "127.21.194.67" port: 34937 } }
I20260709 13:06:21.135959 23570 tablet_bootstrap.cc:654] T 7ecb18bebc0a4f32b55665d19f92a340 P b32626b593f44bd7b4155d313837330b: Neither blocks nor log segments found. Creating new log.
I20260709 13:06:21.137943 23572 tablet_bootstrap.cc:492] T eb10ef57313541d7b07680e66371b813 P 98e8d1ddedc2489c92bebbd46a002975: No bootstrap required, opened a new log
I20260709 13:06:21.138474 23572 ts_tablet_manager.cc:1403] T eb10ef57313541d7b07680e66371b813 P 98e8d1ddedc2489c92bebbd46a002975: Time spent bootstrapping tablet: real 0.056s	user 0.025s	sys 0.018s
I20260709 13:06:21.141032 23572 raft_consensus.cc:359] T eb10ef57313541d7b07680e66371b813 P 98e8d1ddedc2489c92bebbd46a002975 [term 0 FOLLOWER]: Replica starting. Triggering 0 pending ops. Active config: opid_index: -1 OBSOLETE_local: false peers { permanent_uuid: "cd1de0436816426e90849394f48799bb" member_type: VOTER last_known_addr { host: "127.21.194.65" port: 37209 } } peers { permanent_uuid: "b32626b593f44bd7b4155d313837330b" member_type: VOTER last_known_addr { host: "127.21.194.66" port: 35357 } } peers { permanent_uuid: "98e8d1ddedc2489c92bebbd46a002975" member_type: VOTER last_known_addr { host: "127.21.194.67" port: 34937 } }
I20260709 13:06:21.141646 23572 raft_consensus.cc:385] T eb10ef57313541d7b07680e66371b813 P 98e8d1ddedc2489c92bebbd46a002975 [term 0 FOLLOWER]: Consensus starting up: Expiring failure detector timer to make a prompt election more likely
I20260709 13:06:21.141902 23572 raft_consensus.cc:740] T eb10ef57313541d7b07680e66371b813 P 98e8d1ddedc2489c92bebbd46a002975 [term 0 FOLLOWER]: Becoming Follower/Learner. State: Replica: 98e8d1ddedc2489c92bebbd46a002975, State: Initialized, Role: FOLLOWER
I20260709 13:06:21.144893 23572 consensus_queue.cc:260] T eb10ef57313541d7b07680e66371b813 P 98e8d1ddedc2489c92bebbd46a002975 [NON_LEADER]: Queue going to NON_LEADER mode. State: All replicated index: 0, Majority replicated index: 0, Committed index: 0, Last appended: 0.0, Last appended by leader: 0, Current term: 0, Majority size: -1, State: 0, Mode: NON_LEADER, active raft config: opid_index: -1 OBSOLETE_local: false peers { permanent_uuid: "cd1de0436816426e90849394f48799bb" member_type: VOTER last_known_addr { host: "127.21.194.65" port: 37209 } } peers { permanent_uuid: "b32626b593f44bd7b4155d313837330b" member_type: VOTER last_known_addr { host: "127.21.194.66" port: 35357 } } peers { permanent_uuid: "98e8d1ddedc2489c92bebbd46a002975" member_type: VOTER last_known_addr { host: "127.21.194.67" port: 34937 } }
I20260709 13:06:21.146827 23572 ts_tablet_manager.cc:1434] T eb10ef57313541d7b07680e66371b813 P 98e8d1ddedc2489c92bebbd46a002975: Time spent starting tablet: real 0.008s	user 0.002s	sys 0.004s
I20260709 13:06:21.146916 23569 tablet_bootstrap.cc:492] T 0bbe9eeb27374c2bae89baa6e94a2580 P cd1de0436816426e90849394f48799bb: No bootstrap required, opened a new log
I20260709 13:06:21.147505 23569 ts_tablet_manager.cc:1403] T 0bbe9eeb27374c2bae89baa6e94a2580 P cd1de0436816426e90849394f48799bb: Time spent bootstrapping tablet: real 0.109s	user 0.011s	sys 0.015s
I20260709 13:06:21.150657 23572 tablet_bootstrap.cc:492] T 1943a243a0224e2d80cb499c03ca4811 P 98e8d1ddedc2489c92bebbd46a002975: Bootstrap starting.
I20260709 13:06:21.153208 23276 catalog_manager.cc:5697] T 0bbe9eeb27374c2bae89baa6e94a2580 P 98e8d1ddedc2489c92bebbd46a002975 reported cstate change: term changed from 0 to 1, leader changed from <none> to 98e8d1ddedc2489c92bebbd46a002975 (127.21.194.67). New cstate: current_term: 1 leader_uuid: "98e8d1ddedc2489c92bebbd46a002975" committed_config { opid_index: -1 OBSOLETE_local: false peers { permanent_uuid: "cd1de0436816426e90849394f48799bb" member_type: VOTER last_known_addr { host: "127.21.194.65" port: 37209 } health_report { overall_health: UNKNOWN } } peers { permanent_uuid: "b32626b593f44bd7b4155d313837330b" member_type: VOTER last_known_addr { host: "127.21.194.66" port: 35357 } health_report { overall_health: UNKNOWN } } peers { permanent_uuid: "98e8d1ddedc2489c92bebbd46a002975" member_type: VOTER last_known_addr { host: "127.21.194.67" port: 34937 } health_report { overall_health: HEALTHY } } }
I20260709 13:06:21.156414 23754 consensus_queue.cc:1048] T cf5b834c414b4a24a2d1aa048e54920d P b32626b593f44bd7b4155d313837330b [LEADER]: Connected to new peer: Peer: permanent_uuid: "98e8d1ddedc2489c92bebbd46a002975" member_type: VOTER last_known_addr { host: "127.21.194.67" port: 34937 }, Status: LMP_MISMATCH, Last received: 0.0, Next index: 1, Last known committed idx: 0, Time since last communication: 0.000s
