I20260709 13:06:09.190187 23978 consensus_queue.cc:260] T 17f252a20bf6445180e8a7a8bb447ecd P 23c8bdb9c9c84f238d23408d1f443f5c [NON_LEADER]: Queue going to NON_LEADER mode. State: All replicated index: 0, Majority replicated index: 2, Committed index: 2, Last appended: 2.2, Last appended by leader: 2, Current term: 2, Majority size: -1, State: 0, Mode: NON_LEADER, active raft config: opid_index: -1 OBSOLETE_local: false peers { permanent_uuid: "8ef6b7aabbe84a2d88855cd34d71f555" member_type: VOTER last_known_addr { host: "127.22.173.1" port: 44919 } } peers { permanent_uuid: "31cdf7203c094004ba7d90e5fa8b191a" member_type: VOTER last_known_addr { host: "127.22.173.2" port: 41427 } } peers { permanent_uuid: "23c8bdb9c9c84f238d23408d1f443f5c" member_type: VOTER last_known_addr { host: "127.22.173.3" port: 32911 } }
I20260709 13:06:09.191414 23978 raft_consensus.cc:3060] T 17f252a20bf6445180e8a7a8bb447ecd P 23c8bdb9c9c84f238d23408d1f443f5c [term 2 FOLLOWER]: Advancing to term 3
I20260709 13:06:09.193778 23903 raft_consensus.cc:2468] T 17f252a20bf6445180e8a7a8bb447ecd P 31cdf7203c094004ba7d90e5fa8b191a [term 3 FOLLOWER]: Leader election vote request: Granting yes vote for candidate 8ef6b7aabbe84a2d88855cd34d71f555 in term 3.
I20260709 13:06:09.194837 23795 leader_election.cc:304] T 17f252a20bf6445180e8a7a8bb447ecd P 8ef6b7aabbe84a2d88855cd34d71f555 [CANDIDATE]: Term 3 election: Election decided. Result: candidate won. Election summary: received 2 responses out of 3 voters: 2 yes votes; 0 no votes. yes voters: 31cdf7203c094004ba7d90e5fa8b191a, 8ef6b7aabbe84a2d88855cd34d71f555; no voters: 
I20260709 13:06:09.195891 24138 raft_consensus.cc:2804] T 17f252a20bf6445180e8a7a8bb447ecd P 8ef6b7aabbe84a2d88855cd34d71f555 [term 3 FOLLOWER]: Leader election won for term 3
I20260709 13:06:09.196391 24138 raft_consensus.cc:697] T 17f252a20bf6445180e8a7a8bb447ecd P 8ef6b7aabbe84a2d88855cd34d71f555 [term 3 LEADER]: Becoming Leader. State: Replica: 8ef6b7aabbe84a2d88855cd34d71f555, State: Running, Role: LEADER
I20260709 13:06:09.197160 24138 consensus_queue.cc:237] T 17f252a20bf6445180e8a7a8bb447ecd P 8ef6b7aabbe84a2d88855cd34d71f555 [LEADER]: Queue going to LEADER mode. State: All replicated index: 0, Majority replicated index: 2, Committed index: 2, Last appended: 2.2, Last appended by leader: 2, Current term: 3, Majority size: 2, State: 0, Mode: LEADER, active raft config: opid_index: -1 OBSOLETE_local: false peers { permanent_uuid: "8ef6b7aabbe84a2d88855cd34d71f555" member_type: VOTER last_known_addr { host: "127.22.173.1" port: 44919 } } peers { permanent_uuid: "31cdf7203c094004ba7d90e5fa8b191a" member_type: VOTER last_known_addr { host: "127.22.173.2" port: 41427 } } peers { permanent_uuid: "23c8bdb9c9c84f238d23408d1f443f5c" member_type: VOTER last_known_addr { host: "127.22.173.3" port: 32911 } }
I20260709 13:06:09.197868 23978 raft_consensus.cc:2468] T 17f252a20bf6445180e8a7a8bb447ecd P 23c8bdb9c9c84f238d23408d1f443f5c [term 3 FOLLOWER]: Leader election vote request: Granting yes vote for candidate 8ef6b7aabbe84a2d88855cd34d71f555 in term 3.
I20260709 13:06:09.199949 23728 catalog_manager.cc:5697] T 5e278153181d4f2489c2d3d8bdc14cc9 P 8ef6b7aabbe84a2d88855cd34d71f555 reported cstate change: term changed from 1 to 2, leader changed from 31cdf7203c094004ba7d90e5fa8b191a (127.22.173.2) to 8ef6b7aabbe84a2d88855cd34d71f555 (127.22.173.1). New cstate: current_term: 2 leader_uuid: "8ef6b7aabbe84a2d88855cd34d71f555" committed_config { opid_index: -1 OBSOLETE_local: false peers { permanent_uuid: "8ef6b7aabbe84a2d88855cd34d71f555" member_type: VOTER last_known_addr { host: "127.22.173.1" port: 44919 } health_report { overall_health: HEALTHY } } peers { permanent_uuid: "31cdf7203c094004ba7d90e5fa8b191a" member_type: VOTER last_known_addr { host: "127.22.173.2" port: 41427 } health_report { overall_health: UNKNOWN } } peers { permanent_uuid: "23c8bdb9c9c84f238d23408d1f443f5c" member_type: VOTER last_known_addr { host: "127.22.173.3" port: 32911 } health_report { overall_health: UNKNOWN } } }
I20260709 13:06:09.210083 23728 catalog_manager.cc:5697] T 17f252a20bf6445180e8a7a8bb447ecd P 8ef6b7aabbe84a2d88855cd34d71f555 reported cstate change: term changed from 2 to 3, leader changed from 23c8bdb9c9c84f238d23408d1f443f5c (127.22.173.3) to 8ef6b7aabbe84a2d88855cd34d71f555 (127.22.173.1). New cstate: current_term: 3 leader_uuid: "8ef6b7aabbe84a2d88855cd34d71f555" committed_config { opid_index: -1 OBSOLETE_local: false peers { permanent_uuid: "8ef6b7aabbe84a2d88855cd34d71f555" member_type: VOTER last_known_addr { host: "127.22.173.1" port: 44919 } health_report { overall_health: HEALTHY } } peers { permanent_uuid: "31cdf7203c094004ba7d90e5fa8b191a" member_type: VOTER last_known_addr { host: "127.22.173.2" port: 41427 } health_report { overall_health: UNKNOWN } } peers { permanent_uuid: "23c8bdb9c9c84f238d23408d1f443f5c" member_type: VOTER last_known_addr { host: "127.22.173.3" port: 32911 } health_report { overall_health: UNKNOWN } } }
I20260709 13:06:09.498075 23978 raft_consensus.cc:1275] T 6e8e347a3a214c66ba00c598d5a8dfe8 P 23c8bdb9c9c84f238d23408d1f443f5c [term 3 FOLLOWER]: Refusing update from remote peer 8ef6b7aabbe84a2d88855cd34d71f555: Log matching property violated. Preceding OpId in replica: term: 2 index: 2. Preceding OpId from leader: term: 3 index: 3. (index mismatch)
I20260709 13:06:09.499256 24138 consensus_queue.cc:1048] T 6e8e347a3a214c66ba00c598d5a8dfe8 P 8ef6b7aabbe84a2d88855cd34d71f555 [LEADER]: Connected to new peer: Peer: permanent_uuid: "23c8bdb9c9c84f238d23408d1f443f5c" member_type: VOTER last_known_addr { host: "127.22.173.3" port: 32911 }, Status: LMP_MISMATCH, Last received: 0.0, Next index: 3, Last known committed idx: 2, Time since last communication: 0.000s
I20260709 13:06:09.508013 23903 raft_consensus.cc:1275] T 6e8e347a3a214c66ba00c598d5a8dfe8 P 31cdf7203c094004ba7d90e5fa8b191a [term 3 FOLLOWER]: Refusing update from remote peer 8ef6b7aabbe84a2d88855cd34d71f555: Log matching property violated. Preceding OpId in replica: term: 2 index: 2. Preceding OpId from leader: term: 3 index: 3. (index mismatch)
I20260709 13:06:09.509685 24132 consensus_queue.cc:1048] T 6e8e347a3a214c66ba00c598d5a8dfe8 P 8ef6b7aabbe84a2d88855cd34d71f555 [LEADER]: Connected to new peer: Peer: permanent_uuid: "31cdf7203c094004ba7d90e5fa8b191a" member_type: VOTER last_known_addr { host: "127.22.173.2" port: 41427 }, Status: LMP_MISMATCH, Last received: 0.0, Next index: 3, Last known committed idx: 2, Time since last communication: 0.000s
I20260709 13:06:09.565577 23903 raft_consensus.cc:1275] T 1b43d858f47b4340ab0727f564711ea4 P 31cdf7203c094004ba7d90e5fa8b191a [term 4 FOLLOWER]: Refusing update from remote peer 8ef6b7aabbe84a2d88855cd34d71f555: Log matching property violated. Preceding OpId in replica: term: 3 index: 3. Preceding OpId from leader: term: 4 index: 4. (index mismatch)
I20260709 13:06:09.566687 24138 consensus_queue.cc:1048] T 1b43d858f47b4340ab0727f564711ea4 P 8ef6b7aabbe84a2d88855cd34d71f555 [LEADER]: Connected to new peer: Peer: permanent_uuid: "31cdf7203c094004ba7d90e5fa8b191a" member_type: VOTER last_known_addr { host: "127.22.173.2" port: 41427 }, Status: LMP_MISMATCH, Last received: 0.0, Next index: 4, Last known committed idx: 3, Time since last communication: 0.000s
I20260709 13:06:09.574920 23978 raft_consensus.cc:1275] T 1b43d858f47b4340ab0727f564711ea4 P 23c8bdb9c9c84f238d23408d1f443f5c [term 4 FOLLOWER]: Refusing update from remote peer 8ef6b7aabbe84a2d88855cd34d71f555: Log matching property violated. Preceding OpId in replica: term: 3 index: 3. Preceding OpId from leader: term: 4 index: 4. (index mismatch)
I20260709 13:06:09.576942 24132 consensus_queue.cc:1048] T 1b43d858f47b4340ab0727f564711ea4 P 8ef6b7aabbe84a2d88855cd34d71f555 [LEADER]: Connected to new peer: Peer: permanent_uuid: "23c8bdb9c9c84f238d23408d1f443f5c" member_type: VOTER last_known_addr { host: "127.22.173.3" port: 32911 }, Status: LMP_MISMATCH, Last received: 0.0, Next index: 4, Last known committed idx: 3, Time since last communication: 0.000s
I20260709 13:06:09.602123 23978 raft_consensus.cc:1275] T dd1e50a25f004708915aeaabc6f52be4 P 23c8bdb9c9c84f238d23408d1f443f5c [term 3 FOLLOWER]: Refusing update from remote peer 8ef6b7aabbe84a2d88855cd34d71f555: Log matching property violated. Preceding OpId in replica: term: 2 index: 2. Preceding OpId from leader: term: 3 index: 3. (index mismatch)
I20260709 13:06:09.603188 24132 consensus_queue.cc:1048] T dd1e50a25f004708915aeaabc6f52be4 P 8ef6b7aabbe84a2d88855cd34d71f555 [LEADER]: Connected to new peer: Peer: permanent_uuid: "23c8bdb9c9c84f238d23408d1f443f5c" member_type: VOTER last_known_addr { host: "127.22.173.3" port: 32911 }, Status: LMP_MISMATCH, Last received: 0.0, Next index: 3, Last known committed idx: 2, Time since last communication: 0.000s
I20260709 13:06:09.607316 23979 raft_consensus.cc:1275] T 17f252a20bf6445180e8a7a8bb447ecd P 23c8bdb9c9c84f238d23408d1f443f5c [term 3 FOLLOWER]: Refusing update from remote peer 8ef6b7aabbe84a2d88855cd34d71f555: Log matching property violated. Preceding OpId in replica: term: 2 index: 2. Preceding OpId from leader: term: 3 index: 3. (index mismatch)
I20260709 13:06:09.608592 24138 consensus_queue.cc:1048] T 17f252a20bf6445180e8a7a8bb447ecd P 8ef6b7aabbe84a2d88855cd34d71f555 [LEADER]: Connected to new peer: Peer: permanent_uuid: "23c8bdb9c9c84f238d23408d1f443f5c" member_type: VOTER last_known_addr { host: "127.22.173.3" port: 32911 }, Status: LMP_MISMATCH, Last received: 0.0, Next index: 3, Last known committed idx: 2, Time since last communication: 0.000s
I20260709 13:06:09.612975 23903 raft_consensus.cc:1275] T dd1e50a25f004708915aeaabc6f52be4 P 31cdf7203c094004ba7d90e5fa8b191a [term 3 FOLLOWER]: Refusing update from remote peer 8ef6b7aabbe84a2d88855cd34d71f555: Log matching property violated. Preceding OpId in replica: term: 2 index: 2. Preceding OpId from leader: term: 3 index: 3. (index mismatch)
I20260709 13:06:09.617969 23903 raft_consensus.cc:1275] T 17f252a20bf6445180e8a7a8bb447ecd P 31cdf7203c094004ba7d90e5fa8b191a [term 3 FOLLOWER]: Refusing update from remote peer 8ef6b7aabbe84a2d88855cd34d71f555: Log matching property violated. Preceding OpId in replica: term: 2 index: 2. Preceding OpId from leader: term: 3 index: 3. (index mismatch)
I20260709 13:06:09.618887 24027 consensus_queue.cc:1048] T dd1e50a25f004708915aeaabc6f52be4 P 8ef6b7aabbe84a2d88855cd34d71f555 [LEADER]: Connected to new peer: Peer: permanent_uuid: "31cdf7203c094004ba7d90e5fa8b191a" member_type: VOTER last_known_addr { host: "127.22.173.2" port: 41427 }, Status: LMP_MISMATCH, Last received: 0.0, Next index: 3, Last known committed idx: 2, Time since last communication: 0.001s
I20260709 13:06:09.620571 24148 consensus_queue.cc:1048] T 17f252a20bf6445180e8a7a8bb447ecd P 8ef6b7aabbe84a2d88855cd34d71f555 [LEADER]: Connected to new peer: Peer: permanent_uuid: "31cdf7203c094004ba7d90e5fa8b191a" member_type: VOTER last_known_addr { host: "127.22.173.2" port: 41427 }, Status: LMP_MISMATCH, Last received: 0.0, Next index: 3, Last known committed idx: 2, Time since last communication: 0.000s
I20260709 13:06:09.701056 23903 raft_consensus.cc:1275] T 5e278153181d4f2489c2d3d8bdc14cc9 P 31cdf7203c094004ba7d90e5fa8b191a [term 2 FOLLOWER]: Refusing update from remote peer 8ef6b7aabbe84a2d88855cd34d71f555: Log matching property violated. Preceding OpId in replica: term: 1 index: 1. Preceding OpId from leader: term: 2 index: 2. (index mismatch)
I20260709 13:06:09.702239 24148 consensus_queue.cc:1048] T 5e278153181d4f2489c2d3d8bdc14cc9 P 8ef6b7aabbe84a2d88855cd34d71f555 [LEADER]: Connected to new peer: Peer: permanent_uuid: "31cdf7203c094004ba7d90e5fa8b191a" member_type: VOTER last_known_addr { host: "127.22.173.2" port: 41427 }, Status: LMP_MISMATCH, Last received: 0.0, Next index: 2, Last known committed idx: 1, Time since last communication: 0.000s
I20260709 13:06:09.711841 23978 raft_consensus.cc:1275] T 5e278153181d4f2489c2d3d8bdc14cc9 P 23c8bdb9c9c84f238d23408d1f443f5c [term 2 FOLLOWER]: Refusing update from remote peer 8ef6b7aabbe84a2d88855cd34d71f555: Log matching property violated. Preceding OpId in replica: term: 1 index: 1. Preceding OpId from leader: term: 2 index: 2. (index mismatch)
I20260709 13:06:09.713747 24027 consensus_queue.cc:1048] T 5e278153181d4f2489c2d3d8bdc14cc9 P 8ef6b7aabbe84a2d88855cd34d71f555 [LEADER]: Connected to new peer: Peer: permanent_uuid: "23c8bdb9c9c84f238d23408d1f443f5c" member_type: VOTER last_known_addr { host: "127.22.173.3" port: 32911 }, Status: LMP_MISMATCH, Last received: 0.0, Next index: 2, Last known committed idx: 1, Time since last communication: 0.000s
I20260709 13:06:11.908308 23220 auto_leader_rebalancer.cc:141] leader rebalance for table test-workload
I20260709 13:06:11.915726 23828 tablet_service.cc:2072] Received LeaderStepDown RPC: tablet_id: "17f252a20bf6445180e8a7a8bb447ecd"
dest_uuid: "8ef6b7aabbe84a2d88855cd34d71f555"
mode: GRACEFUL
new_leader_uuid: "23c8bdb9c9c84f238d23408d1f443f5c"
 from {username='slave'} at 127.0.0.1:50734
I20260709 13:06:11.916385 23828 raft_consensus.cc:606] T 17f252a20bf6445180e8a7a8bb447ecd P 8ef6b7aabbe84a2d88855cd34d71f555 [term 3 LEADER]: Received request to transfer leadership to TS 23c8bdb9c9c84f238d23408d1f443f5c
I20260709 13:06:11.918879 23828 tablet_service.cc:2072] Received LeaderStepDown RPC: tablet_id: "4d8dcc8c10bd41dea0a779b53708a82b"
dest_uuid: "8ef6b7aabbe84a2d88855cd34d71f555"
mode: GRACEFUL
new_leader_uuid: "31cdf7203c094004ba7d90e5fa8b191a"
 from {username='slave'} at 127.0.0.1:50734
I20260709 13:06:11.919327 23828 raft_consensus.cc:606] T 4d8dcc8c10bd41dea0a779b53708a82b P 8ef6b7aabbe84a2d88855cd34d71f555 [term 2 LEADER]: Received request to transfer leadership to TS 31cdf7203c094004ba7d90e5fa8b191a
I20260709 13:06:11.921371 23828 tablet_service.cc:2072] Received LeaderStepDown RPC: tablet_id: "5e278153181d4f2489c2d3d8bdc14cc9"
dest_uuid: "8ef6b7aabbe84a2d88855cd34d71f555"
mode: GRACEFUL
new_leader_uuid: "31cdf7203c094004ba7d90e5fa8b191a"
 from {username='slave'} at 127.0.0.1:50734
I20260709 13:06:11.921851 23828 raft_consensus.cc:606] T 5e278153181d4f2489c2d3d8bdc14cc9 P 8ef6b7aabbe84a2d88855cd34d71f555 [term 2 LEADER]: Received request to transfer leadership to TS 31cdf7203c094004ba7d90e5fa8b191a
I20260709 13:06:11.924168 23828 tablet_service.cc:2072] Received LeaderStepDown RPC: tablet_id: "6e8e347a3a214c66ba00c598d5a8dfe8"
dest_uuid: "8ef6b7aabbe84a2d88855cd34d71f555"
mode: GRACEFUL
new_leader_uuid: "23c8bdb9c9c84f238d23408d1f443f5c"
 from {username='slave'} at 127.0.0.1:50734
I20260709 13:06:11.924590 23828 raft_consensus.cc:606] T 6e8e347a3a214c66ba00c598d5a8dfe8 P 8ef6b7aabbe84a2d88855cd34d71f555 [term 3 LEADER]: Received request to transfer leadership to TS 23c8bdb9c9c84f238d23408d1f443f5c
I20260709 13:06:11.925556 23220 auto_leader_rebalancer.cc:452] table: test-workload, leader rebalance finish, leader transfer count: 4
I20260709 13:06:11.925990 23220 auto_leader_rebalancer.cc:527] All tables' leader rebalancing finished this round
I20260709 13:06:12.196616 24155 raft_consensus.cc:993] T 17f252a20bf6445180e8a7a8bb447ecd P 8ef6b7aabbe84a2d88855cd34d71f555: : Instructing follower 23c8bdb9c9c84f238d23408d1f443f5c to start an election
I20260709 13:06:12.197309 24154 raft_consensus.cc:1081] T 17f252a20bf6445180e8a7a8bb447ecd P 8ef6b7aabbe84a2d88855cd34d71f555 [term 3 LEADER]: Signalling peer 23c8bdb9c9c84f238d23408d1f443f5c to start an election
I20260709 13:06:12.198693 23979 tablet_service.cc:2044] Received Run Leader Election RPC: tablet_id: "17f252a20bf6445180e8a7a8bb447ecd"
dest_uuid: "23c8bdb9c9c84f238d23408d1f443f5c"
 from {username='slave'} at 127.0.0.1:58524
I20260709 13:06:12.199074 23979 raft_consensus.cc:493] T 17f252a20bf6445180e8a7a8bb447ecd P 23c8bdb9c9c84f238d23408d1f443f5c [term 3 FOLLOWER]: Starting forced leader election (received explicit request)
I20260709 13:06:12.199343 23979 raft_consensus.cc:3060] T 17f252a20bf6445180e8a7a8bb447ecd P 23c8bdb9c9c84f238d23408d1f443f5c [term 3 FOLLOWER]: Advancing to term 4
I20260709 13:06:12.206439 23979 raft_consensus.cc:515] T 17f252a20bf6445180e8a7a8bb447ecd P 23c8bdb9c9c84f238d23408d1f443f5c [term 4 FOLLOWER]: Starting forced leader election with config: opid_index: -1 OBSOLETE_local: false peers { permanent_uuid: "8ef6b7aabbe84a2d88855cd34d71f555" member_type: VOTER last_known_addr { host: "127.22.173.1" port: 44919 } } peers { permanent_uuid: "31cdf7203c094004ba7d90e5fa8b191a" member_type: VOTER last_known_addr { host: "127.22.173.2" port: 41427 } } peers { permanent_uuid: "23c8bdb9c9c84f238d23408d1f443f5c" member_type: VOTER last_known_addr { host: "127.22.173.3" port: 32911 } }
I20260709 13:06:12.208345 23979 leader_election.cc:290] T 17f252a20bf6445180e8a7a8bb447ecd P 23c8bdb9c9c84f238d23408d1f443f5c [CANDIDATE]: Term 4 election: Requested vote from peers 8ef6b7aabbe84a2d88855cd34d71f555 (127.22.173.1:44919), 31cdf7203c094004ba7d90e5fa8b191a (127.22.173.2:41427)
I20260709 13:06:12.209332 23828 tablet_service.cc:1917] Received RequestConsensusVote() RPC: tablet_id: "17f252a20bf6445180e8a7a8bb447ecd" candidate_uuid: "23c8bdb9c9c84f238d23408d1f443f5c" candidate_term: 4 candidate_status { last_received { term: 3 index: 3 } } ignore_live_leader: true dest_uuid: "8ef6b7aabbe84a2d88855cd34d71f555"
I20260709 13:06:12.209705 23903 tablet_service.cc:1917] Received RequestConsensusVote() RPC: tablet_id: "17f252a20bf6445180e8a7a8bb447ecd" candidate_uuid: "23c8bdb9c9c84f238d23408d1f443f5c" candidate_term: 4 candidate_status { last_received { term: 3 index: 3 } } ignore_live_leader: true dest_uuid: "31cdf7203c094004ba7d90e5fa8b191a"
I20260709 13:06:12.210071 23828 raft_consensus.cc:3055] T 17f252a20bf6445180e8a7a8bb447ecd P 8ef6b7aabbe84a2d88855cd34d71f555 [term 3 LEADER]: Stepping down as leader of term 3
I20260709 13:06:12.210191 23903 raft_consensus.cc:3060] T 17f252a20bf6445180e8a7a8bb447ecd P 31cdf7203c094004ba7d90e5fa8b191a [term 3 FOLLOWER]: Advancing to term 4
I20260709 13:06:12.210379 23828 raft_consensus.cc:740] T 17f252a20bf6445180e8a7a8bb447ecd P 8ef6b7aabbe84a2d88855cd34d71f555 [term 3 LEADER]: Becoming Follower/Learner. State: Replica: 8ef6b7aabbe84a2d88855cd34d71f555, State: Running, Role: LEADER
I20260709 13:06:12.211275 23828 consensus_queue.cc:260] T 17f252a20bf6445180e8a7a8bb447ecd P 8ef6b7aabbe84a2d88855cd34d71f555 [NON_LEADER]: Queue going to NON_LEADER mode. State: All replicated index: 0, Majority replicated index: 3, Committed index: 3, Last appended: 3.3, Last appended by leader: 3, Current term: 3, Majority size: -1, State: 0, Mode: NON_LEADER, active raft config: opid_index: -1 OBSOLETE_local: false peers { permanent_uuid: "8ef6b7aabbe84a2d88855cd34d71f555" member_type: VOTER last_known_addr { host: "127.22.173.1" port: 44919 } } peers { permanent_uuid: "31cdf7203c094004ba7d90e5fa8b191a" member_type: VOTER last_known_addr { host: "127.22.173.2" port: 41427 } } peers { permanent_uuid: "23c8bdb9c9c84f238d23408d1f443f5c" member_type: VOTER last_known_addr { host: "127.22.173.3" port: 32911 } }
I20260709 13:06:12.212563 23828 raft_consensus.cc:3060] T 17f252a20bf6445180e8a7a8bb447ecd P 8ef6b7aabbe84a2d88855cd34d71f555 [term 3 FOLLOWER]: Advancing to term 4
I20260709 13:06:12.217394 23903 raft_consensus.cc:2468] T 17f252a20bf6445180e8a7a8bb447ecd P 31cdf7203c094004ba7d90e5fa8b191a [term 4 FOLLOWER]: Leader election vote request: Granting yes vote for candidate 23c8bdb9c9c84f238d23408d1f443f5c in term 4.
I20260709 13:06:12.218693 23944 leader_election.cc:304] T 17f252a20bf6445180e8a7a8bb447ecd P 23c8bdb9c9c84f238d23408d1f443f5c [CANDIDATE]: Term 4 election: Election decided. Result: candidate won. Election summary: received 2 responses out of 3 voters: 2 yes votes; 0 no votes. yes voters: 23c8bdb9c9c84f238d23408d1f443f5c, 31cdf7203c094004ba7d90e5fa8b191a; no voters: 
I20260709 13:06:12.219599 24116 raft_consensus.cc:2804] T 17f252a20bf6445180e8a7a8bb447ecd P 23c8bdb9c9c84f238d23408d1f443f5c [term 4 FOLLOWER]: Leader election won for term 4
I20260709 13:06:12.219617 23828 raft_consensus.cc:2468] T 17f252a20bf6445180e8a7a8bb447ecd P 8ef6b7aabbe84a2d88855cd34d71f555 [term 4 FOLLOWER]: Leader election vote request: Granting yes vote for candidate 23c8bdb9c9c84f238d23408d1f443f5c in term 4.
I20260709 13:06:12.220764 24116 raft_consensus.cc:697] T 17f252a20bf6445180e8a7a8bb447ecd P 23c8bdb9c9c84f238d23408d1f443f5c [term 4 LEADER]: Becoming Leader. State: Replica: 23c8bdb9c9c84f238d23408d1f443f5c, State: Running, Role: LEADER
I20260709 13:06:12.221660 24116 consensus_queue.cc:237] T 17f252a20bf6445180e8a7a8bb447ecd P 23c8bdb9c9c84f238d23408d1f443f5c [LEADER]: Queue going to LEADER mode. State: All replicated index: 0, Majority replicated index: 3, Committed index: 3, Last appended: 3.3, Last appended by leader: 3, Current term: 4, Majority size: 2, State: 0, Mode: LEADER, active raft config: opid_index: -1 OBSOLETE_local: false peers { permanent_uuid: "8ef6b7aabbe84a2d88855cd34d71f555" member_type: VOTER last_known_addr { host: "127.22.173.1" port: 44919 } } peers { permanent_uuid: "31cdf7203c094004ba7d90e5fa8b191a" member_type: VOTER last_known_addr { host: "127.22.173.2" port: 41427 } } peers { permanent_uuid: "23c8bdb9c9c84f238d23408d1f443f5c" member_type: VOTER last_known_addr { host: "127.22.173.3" port: 32911 } }
I20260709 13:06:12.228799 23728 catalog_manager.cc:5697] T 17f252a20bf6445180e8a7a8bb447ecd P 23c8bdb9c9c84f238d23408d1f443f5c reported cstate change: term changed from 3 to 4, leader changed from 8ef6b7aabbe84a2d88855cd34d71f555 (127.22.173.1) to 23c8bdb9c9c84f238d23408d1f443f5c (127.22.173.3). New cstate: current_term: 4 leader_uuid: "23c8bdb9c9c84f238d23408d1f443f5c" committed_config { opid_index: -1 OBSOLETE_local: false peers { permanent_uuid: "8ef6b7aabbe84a2d88855cd34d71f555" member_type: VOTER last_known_addr { host: "127.22.173.1" port: 44919 } health_report { overall_health: UNKNOWN } } peers { permanent_uuid: "31cdf7203c094004ba7d90e5fa8b191a" member_type: VOTER last_known_addr { host: "127.22.173.2" port: 41427 } health_report { overall_health: UNKNOWN } } peers { permanent_uuid: "23c8bdb9c9c84f238d23408d1f443f5c" member_type: VOTER last_known_addr { host: "127.22.173.3" port: 32911 } health_report { overall_health: HEALTHY } } }
I20260709 13:06:12.242735 24155 raft_consensus.cc:993] T 5e278153181d4f2489c2d3d8bdc14cc9 P 8ef6b7aabbe84a2d88855cd34d71f555: : Instructing follower 31cdf7203c094004ba7d90e5fa8b191a to start an election
I20260709 13:06:12.243145 24154 raft_consensus.cc:1081] T 5e278153181d4f2489c2d3d8bdc14cc9 P 8ef6b7aabbe84a2d88855cd34d71f555 [term 2 LEADER]: Signalling peer 31cdf7203c094004ba7d90e5fa8b191a to start an election
I20260709 13:06:12.244309 23903 tablet_service.cc:2044] Received Run Leader Election RPC: tablet_id: "5e278153181d4f2489c2d3d8bdc14cc9"
dest_uuid: "31cdf7203c094004ba7d90e5fa8b191a"
 from {username='slave'} at 127.0.0.1:52724
I20260709 13:06:12.244753 23903 raft_consensus.cc:493] T 5e278153181d4f2489c2d3d8bdc14cc9 P 31cdf7203c094004ba7d90e5fa8b191a [term 2 FOLLOWER]: Starting forced leader election (received explicit request)
I20260709 13:06:12.245019 23903 raft_consensus.cc:3060] T 5e278153181d4f2489c2d3d8bdc14cc9 P 31cdf7203c094004ba7d90e5fa8b191a [term 2 FOLLOWER]: Advancing to term 3
I20260709 13:06:12.249030 23903 raft_consensus.cc:515] T 5e278153181d4f2489c2d3d8bdc14cc9 P 31cdf7203c094004ba7d90e5fa8b191a [term 3 FOLLOWER]: Starting forced leader election with config: opid_index: -1 OBSOLETE_local: false peers { permanent_uuid: "8ef6b7aabbe84a2d88855cd34d71f555" member_type: VOTER last_known_addr { host: "127.22.173.1" port: 44919 } } peers { permanent_uuid: "31cdf7203c094004ba7d90e5fa8b191a" member_type: VOTER last_known_addr { host: "127.22.173.2" port: 41427 } } peers { permanent_uuid: "23c8bdb9c9c84f238d23408d1f443f5c" member_type: VOTER last_known_addr { host: "127.22.173.3" port: 32911 } }
I20260709 13:06:12.250386 23903 leader_election.cc:290] T 5e278153181d4f2489c2d3d8bdc14cc9 P 31cdf7203c094004ba7d90e5fa8b191a [CANDIDATE]: Term 3 election: Requested vote from peers 8ef6b7aabbe84a2d88855cd34d71f555 (127.22.173.1:44919), 23c8bdb9c9c84f238d23408d1f443f5c (127.22.173.3:32911)
I20260709 13:06:12.251199 23828 tablet_service.cc:1917] Received RequestConsensusVote() RPC: tablet_id: "5e278153181d4f2489c2d3d8bdc14cc9" candidate_uuid: "31cdf7203c094004ba7d90e5fa8b191a" candidate_term: 3 candidate_status { last_received { term: 2 index: 2 } } ignore_live_leader: true dest_uuid: "8ef6b7aabbe84a2d88855cd34d71f555"
I20260709 13:06:12.251494 23979 tablet_service.cc:1917] Received RequestConsensusVote() RPC: tablet_id: "5e278153181d4f2489c2d3d8bdc14cc9" candidate_uuid: "31cdf7203c094004ba7d90e5fa8b191a" candidate_term: 3 candidate_status { last_received { term: 2 index: 2 } } ignore_live_leader: true dest_uuid: "23c8bdb9c9c84f238d23408d1f443f5c"
I20260709 13:06:12.251760 23828 raft_consensus.cc:3055] T 5e278153181d4f2489c2d3d8bdc14cc9 P 8ef6b7aabbe84a2d88855cd34d71f555 [term 2 LEADER]: Stepping down as leader of term 2
I20260709 13:06:12.252048 23828 raft_consensus.cc:740] T 5e278153181d4f2489c2d3d8bdc14cc9 P 8ef6b7aabbe84a2d88855cd34d71f555 [term 2 LEADER]: Becoming Follower/Learner. State: Replica: 8ef6b7aabbe84a2d88855cd34d71f555, State: Running, Role: LEADER
I20260709 13:06:12.252013 23979 raft_consensus.cc:3060] T 5e278153181d4f2489c2d3d8bdc14cc9 P 23c8bdb9c9c84f238d23408d1f443f5c [term 2 FOLLOWER]: Advancing to term 3
I20260709 13:06:12.252880 23828 consensus_queue.cc:260] T 5e278153181d4f2489c2d3d8bdc14cc9 P 8ef6b7aabbe84a2d88855cd34d71f555 [NON_LEADER]: Queue going to NON_LEADER mode. State: All replicated index: 0, Majority replicated index: 2, Committed index: 2, Last appended: 2.2, Last appended by leader: 2, Current term: 2, Majority size: -1, State: 0, Mode: NON_LEADER, active raft config: opid_index: -1 OBSOLETE_local: false peers { permanent_uuid: "8ef6b7aabbe84a2d88855cd34d71f555" member_type: VOTER last_known_addr { host: "127.22.173.1" port: 44919 } } peers { permanent_uuid: "31cdf7203c094004ba7d90e5fa8b191a" member_type: VOTER last_known_addr { host: "127.22.173.2" port: 41427 } } peers { permanent_uuid: "23c8bdb9c9c84f238d23408d1f443f5c" member_type: VOTER last_known_addr { host: "127.22.173.3" port: 32911 } }
I20260709 13:06:12.253854 23828 raft_consensus.cc:3060] T 5e278153181d4f2489c2d3d8bdc14cc9 P 8ef6b7aabbe84a2d88855cd34d71f555 [term 2 FOLLOWER]: Advancing to term 3
I20260709 13:06:12.256896 23979 raft_consensus.cc:2468] T 5e278153181d4f2489c2d3d8bdc14cc9 P 23c8bdb9c9c84f238d23408d1f443f5c [term 3 FOLLOWER]: Leader election vote request: Granting yes vote for candidate 31cdf7203c094004ba7d90e5fa8b191a in term 3.
I20260709 13:06:12.257985 23870 leader_election.cc:304] T 5e278153181d4f2489c2d3d8bdc14cc9 P 31cdf7203c094004ba7d90e5fa8b191a [CANDIDATE]: Term 3 election: Election decided. Result: candidate won. Election summary: received 2 responses out of 3 voters: 2 yes votes; 0 no votes. yes voters: 23c8bdb9c9c84f238d23408d1f443f5c, 31cdf7203c094004ba7d90e5fa8b191a; no voters: 
I20260709 13:06:12.258450 23828 raft_consensus.cc:2468] T 5e278153181d4f2489c2d3d8bdc14cc9 P 8ef6b7aabbe84a2d88855cd34d71f555 [term 3 FOLLOWER]: Leader election vote request: Granting yes vote for candidate 31cdf7203c094004ba7d90e5fa8b191a in term 3.
I20260709 13:06:12.258926 24150 raft_consensus.cc:2804] T 5e278153181d4f2489c2d3d8bdc14cc9 P 31cdf7203c094004ba7d90e5fa8b191a [term 3 FOLLOWER]: Leader election won for term 3
I20260709 13:06:12.260071 24150 raft_consensus.cc:697] T 5e278153181d4f2489c2d3d8bdc14cc9 P 31cdf7203c094004ba7d90e5fa8b191a [term 3 LEADER]: Becoming Leader. State: Replica: 31cdf7203c094004ba7d90e5fa8b191a, State: Running, Role: LEADER
I20260709 13:06:12.260874 24150 consensus_queue.cc:237] T 5e278153181d4f2489c2d3d8bdc14cc9 P 31cdf7203c094004ba7d90e5fa8b191a [LEADER]: Queue going to LEADER mode. State: All replicated index: 0, Majority replicated index: 2, Committed index: 2, Last appended: 2.2, Last appended by leader: 2, Current term: 3, Majority size: 2, State: 0, Mode: LEADER, active raft config: opid_index: -1 OBSOLETE_local: false peers { permanent_uuid: "8ef6b7aabbe84a2d88855cd34d71f555" member_type: VOTER last_known_addr { host: "127.22.173.1" port: 44919 } } peers { permanent_uuid: "31cdf7203c094004ba7d90e5fa8b191a" member_type: VOTER last_known_addr { host: "127.22.173.2" port: 41427 } } peers { permanent_uuid: "23c8bdb9c9c84f238d23408d1f443f5c" member_type: VOTER last_known_addr { host: "127.22.173.3" port: 32911 } }
I20260709 13:06:12.267840 23728 catalog_manager.cc:5697] T 5e278153181d4f2489c2d3d8bdc14cc9 P 31cdf7203c094004ba7d90e5fa8b191a reported cstate change: term changed from 2 to 3, leader changed from 8ef6b7aabbe84a2d88855cd34d71f555 (127.22.173.1) to 31cdf7203c094004ba7d90e5fa8b191a (127.22.173.2). New cstate: current_term: 3 leader_uuid: "31cdf7203c094004ba7d90e5fa8b191a" committed_config { opid_index: -1 OBSOLETE_local: false peers { permanent_uuid: "8ef6b7aabbe84a2d88855cd34d71f555" member_type: VOTER last_known_addr { host: "127.22.173.1" port: 44919 } health_report { overall_health: UNKNOWN } } peers { permanent_uuid: "31cdf7203c094004ba7d90e5fa8b191a" member_type: VOTER last_known_addr { host: "127.22.173.2" port: 41427 } health_report { overall_health: HEALTHY } } peers { permanent_uuid: "23c8bdb9c9c84f238d23408d1f443f5c" member_type: VOTER last_known_addr { host: "127.22.173.3" port: 32911 } health_report { overall_health: UNKNOWN } } }
I20260709 13:06:12.272841 24155 raft_consensus.cc:993] T 6e8e347a3a214c66ba00c598d5a8dfe8 P 8ef6b7aabbe84a2d88855cd34d71f555: : Instructing follower 23c8bdb9c9c84f238d23408d1f443f5c to start an election
I20260709 13:06:12.273334 24154 raft_consensus.cc:1081] T 6e8e347a3a214c66ba00c598d5a8dfe8 P 8ef6b7aabbe84a2d88855cd34d71f555 [term 3 LEADER]: Signalling peer 23c8bdb9c9c84f238d23408d1f443f5c to start an election
I20260709 13:06:12.275056 23979 tablet_service.cc:2044] Received Run Leader Election RPC: tablet_id: "6e8e347a3a214c66ba00c598d5a8dfe8"
dest_uuid: "23c8bdb9c9c84f238d23408d1f443f5c"
 from {username='slave'} at 127.0.0.1:58524
I20260709 13:06:12.275714 23979 raft_consensus.cc:493] T 6e8e347a3a214c66ba00c598d5a8dfe8 P 23c8bdb9c9c84f238d23408d1f443f5c [term 3 FOLLOWER]: Starting forced leader election (received explicit request)
I20260709 13:06:12.276086 23979 raft_consensus.cc:3060] T 6e8e347a3a214c66ba00c598d5a8dfe8 P 23c8bdb9c9c84f238d23408d1f443f5c [term 3 FOLLOWER]: Advancing to term 4
I20260709 13:06:12.280634 23979 raft_consensus.cc:515] T 6e8e347a3a214c66ba00c598d5a8dfe8 P 23c8bdb9c9c84f238d23408d1f443f5c [term 4 FOLLOWER]: Starting forced leader election with config: opid_index: -1 OBSOLETE_local: false peers { permanent_uuid: "8ef6b7aabbe84a2d88855cd34d71f555" member_type: VOTER last_known_addr { host: "127.22.173.1" port: 44919 } } peers { permanent_uuid: "31cdf7203c094004ba7d90e5fa8b191a" member_type: VOTER last_known_addr { host: "127.22.173.2" port: 41427 } } peers { permanent_uuid: "23c8bdb9c9c84f238d23408d1f443f5c" member_type: VOTER last_known_addr { host: "127.22.173.3" port: 32911 } }
I20260709 13:06:12.282088 23979 leader_election.cc:290] T 6e8e347a3a214c66ba00c598d5a8dfe8 P 23c8bdb9c9c84f238d23408d1f443f5c [CANDIDATE]: Term 4 election: Requested vote from peers 8ef6b7aabbe84a2d88855cd34d71f555 (127.22.173.1:44919), 31cdf7203c094004ba7d90e5fa8b191a (127.22.173.2:41427)
I20260709 13:06:12.283224 23828 tablet_service.cc:1917] Received RequestConsensusVote() RPC: tablet_id: "6e8e347a3a214c66ba00c598d5a8dfe8" candidate_uuid: "23c8bdb9c9c84f238d23408d1f443f5c" candidate_term: 4 candidate_status { last_received { term: 3 index: 3 } } ignore_live_leader: true dest_uuid: "8ef6b7aabbe84a2d88855cd34d71f555"
I20260709 13:06:12.283550 23903 tablet_service.cc:1917] Received RequestConsensusVote() RPC: tablet_id: "6e8e347a3a214c66ba00c598d5a8dfe8" candidate_uuid: "23c8bdb9c9c84f238d23408d1f443f5c" candidate_term: 4 candidate_status { last_received { term: 3 index: 3 } } ignore_live_leader: true dest_uuid: "31cdf7203c094004ba7d90e5fa8b191a"
I20260709 13:06:12.283751 23828 raft_consensus.cc:3055] T 6e8e347a3a214c66ba00c598d5a8dfe8 P 8ef6b7aabbe84a2d88855cd34d71f555 [term 3 LEADER]: Stepping down as leader of term 3
I20260709 13:06:12.284055 23903 raft_consensus.cc:3060] T 6e8e347a3a214c66ba00c598d5a8dfe8 P 31cdf7203c094004ba7d90e5fa8b191a [term 3 FOLLOWER]: Advancing to term 4
I20260709 13:06:12.284106 23828 raft_consensus.cc:740] T 6e8e347a3a214c66ba00c598d5a8dfe8 P 8ef6b7aabbe84a2d88855cd34d71f555 [term 3 LEADER]: Becoming Follower/Learner. State: Replica: 8ef6b7aabbe84a2d88855cd34d71f555, State: Running, Role: LEADER
I20260709 13:06:12.284919 23828 consensus_queue.cc:260] T 6e8e347a3a214c66ba00c598d5a8dfe8 P 8ef6b7aabbe84a2d88855cd34d71f555 [NON_LEADER]: Queue going to NON_LEADER mode. State: All replicated index: 0, Majority replicated index: 3, Committed index: 3, Last appended: 3.3, Last appended by leader: 3, Current term: 3, Majority size: -1, State: 0, Mode: NON_LEADER, active raft config: opid_index: -1 OBSOLETE_local: false peers { permanent_uuid: "8ef6b7aabbe84a2d88855cd34d71f555" member_type: VOTER last_known_addr { host: "127.22.173.1" port: 44919 } } peers { permanent_uuid: "31cdf7203c094004ba7d90e5fa8b191a" member_type: VOTER last_known_addr { host: "127.22.173.2" port: 41427 } } peers { permanent_uuid: "23c8bdb9c9c84f238d23408d1f443f5c" member_type: VOTER last_known_addr { host: "127.22.173.3" port: 32911 } }
I20260709 13:06:12.285722 23828 raft_consensus.cc:3060] T 6e8e347a3a214c66ba00c598d5a8dfe8 P 8ef6b7aabbe84a2d88855cd34d71f555 [term 3 FOLLOWER]: Advancing to term 4
I20260709 13:06:12.288499 23903 raft_consensus.cc:2468] T 6e8e347a3a214c66ba00c598d5a8dfe8 P 31cdf7203c094004ba7d90e5fa8b191a [term 4 FOLLOWER]: Leader election vote request: Granting yes vote for candidate 23c8bdb9c9c84f238d23408d1f443f5c in term 4.
I20260709 13:06:12.289419 23944 leader_election.cc:304] T 6e8e347a3a214c66ba00c598d5a8dfe8 P 23c8bdb9c9c84f238d23408d1f443f5c [CANDIDATE]: Term 4 election: Election decided. Result: candidate won. Election summary: received 2 responses out of 3 voters: 2 yes votes; 0 no votes. yes voters: 23c8bdb9c9c84f238d23408d1f443f5c, 31cdf7203c094004ba7d90e5fa8b191a; no voters: 
I20260709 13:06:12.290109 24116 raft_consensus.cc:2804] T 6e8e347a3a214c66ba00c598d5a8dfe8 P 23c8bdb9c9c84f238d23408d1f443f5c [term 4 FOLLOWER]: Leader election won for term 4
I20260709 13:06:12.290053 23828 raft_consensus.cc:2468] T 6e8e347a3a214c66ba00c598d5a8dfe8 P 8ef6b7aabbe84a2d88855cd34d71f555 [term 4 FOLLOWER]: Leader election vote request: Granting yes vote for candidate 23c8bdb9c9c84f238d23408d1f443f5c in term 4.
I20260709 13:06:12.290675 24116 raft_consensus.cc:697] T 6e8e347a3a214c66ba00c598d5a8dfe8 P 23c8bdb9c9c84f238d23408d1f443f5c [term 4 LEADER]: Becoming Leader. State: Replica: 23c8bdb9c9c84f238d23408d1f443f5c, State: Running, Role: LEADER
I20260709 13:06:12.291438 24116 consensus_queue.cc:237] T 6e8e347a3a214c66ba00c598d5a8dfe8 P 23c8bdb9c9c84f238d23408d1f443f5c [LEADER]: Queue going to LEADER mode. State: All replicated index: 0, Majority replicated index: 3, Committed index: 3, Last appended: 3.3, Last appended by leader: 3, Current term: 4, Majority size: 2, State: 0, Mode: LEADER, active raft config: opid_index: -1 OBSOLETE_local: false peers { permanent_uuid: "8ef6b7aabbe84a2d88855cd34d71f555" member_type: VOTER last_known_addr { host: "127.22.173.1" port: 44919 } } peers { permanent_uuid: "31cdf7203c094004ba7d90e5fa8b191a" member_type: VOTER last_known_addr { host: "127.22.173.2" port: 41427 } } peers { permanent_uuid: "23c8bdb9c9c84f238d23408d1f443f5c" member_type: VOTER last_known_addr { host: "127.22.173.3" port: 32911 } }
I20260709 13:06:12.298332 23728 catalog_manager.cc:5697] T 6e8e347a3a214c66ba00c598d5a8dfe8 P 23c8bdb9c9c84f238d23408d1f443f5c reported cstate change: term changed from 3 to 4, leader changed from 8ef6b7aabbe84a2d88855cd34d71f555 (127.22.173.1) to 23c8bdb9c9c84f238d23408d1f443f5c (127.22.173.3). New cstate: current_term: 4 leader_uuid: "23c8bdb9c9c84f238d23408d1f443f5c" committed_config { opid_index: -1 OBSOLETE_local: false peers { permanent_uuid: "8ef6b7aabbe84a2d88855cd34d71f555" member_type: VOTER last_known_addr { host: "127.22.173.1" port: 44919 } health_report { overall_health: UNKNOWN } } peers { permanent_uuid: "31cdf7203c094004ba7d90e5fa8b191a" member_type: VOTER last_known_addr { host: "127.22.173.2" port: 41427 } health_report { overall_health: UNKNOWN } } peers { permanent_uuid: "23c8bdb9c9c84f238d23408d1f443f5c" member_type: VOTER last_known_addr { host: "127.22.173.3" port: 32911 } health_report { overall_health: HEALTHY } } }
I20260709 13:06:12.317821 24155 raft_consensus.cc:993] T 4d8dcc8c10bd41dea0a779b53708a82b P 8ef6b7aabbe84a2d88855cd34d71f555: : Instructing follower 31cdf7203c094004ba7d90e5fa8b191a to start an election
I20260709 13:06:12.318215 24154 raft_consensus.cc:1081] T 4d8dcc8c10bd41dea0a779b53708a82b P 8ef6b7aabbe84a2d88855cd34d71f555 [term 2 LEADER]: Signalling peer 31cdf7203c094004ba7d90e5fa8b191a to start an election
I20260709 13:06:12.319517 23903 tablet_service.cc:2044] Received Run Leader Election RPC: tablet_id: "4d8dcc8c10bd41dea0a779b53708a82b"
dest_uuid: "31cdf7203c094004ba7d90e5fa8b191a"
 from {username='slave'} at 127.0.0.1:52724
I20260709 13:06:12.319941 23903 raft_consensus.cc:493] T 4d8dcc8c10bd41dea0a779b53708a82b P 31cdf7203c094004ba7d90e5fa8b191a [term 2 FOLLOWER]: Starting forced leader election (received explicit request)
I20260709 13:06:12.320195 23903 raft_consensus.cc:3060] T 4d8dcc8c10bd41dea0a779b53708a82b P 31cdf7203c094004ba7d90e5fa8b191a [term 2 FOLLOWER]: Advancing to term 3
I20260709 13:06:12.324657 23903 raft_consensus.cc:515] T 4d8dcc8c10bd41dea0a779b53708a82b P 31cdf7203c094004ba7d90e5fa8b191a [term 3 FOLLOWER]: Starting forced leader election with config: opid_index: -1 OBSOLETE_local: false peers { permanent_uuid: "8ef6b7aabbe84a2d88855cd34d71f555" member_type: VOTER last_known_addr { host: "127.22.173.1" port: 44919 } } peers { permanent_uuid: "31cdf7203c094004ba7d90e5fa8b191a" member_type: VOTER last_known_addr { host: "127.22.173.2" port: 41427 } } peers { permanent_uuid: "23c8bdb9c9c84f238d23408d1f443f5c" member_type: VOTER last_known_addr { host: "127.22.173.3" port: 32911 } }
I20260709 13:06:12.325906 23903 leader_election.cc:290] T 4d8dcc8c10bd41dea0a779b53708a82b P 31cdf7203c094004ba7d90e5fa8b191a [CANDIDATE]: Term 3 election: Requested vote from peers 8ef6b7aabbe84a2d88855cd34d71f555 (127.22.173.1:44919), 23c8bdb9c9c84f238d23408d1f443f5c (127.22.173.3:32911)
I20260709 13:06:12.326637 23828 tablet_service.cc:1917] Received RequestConsensusVote() RPC: tablet_id: "4d8dcc8c10bd41dea0a779b53708a82b" candidate_uuid: "31cdf7203c094004ba7d90e5fa8b191a" candidate_term: 3 candidate_status { last_received { term: 2 index: 2 } } ignore_live_leader: true dest_uuid: "8ef6b7aabbe84a2d88855cd34d71f555"
I20260709 13:06:12.326856 23979 tablet_service.cc:1917] Received RequestConsensusVote() RPC: tablet_id: "4d8dcc8c10bd41dea0a779b53708a82b" candidate_uuid: "31cdf7203c094004ba7d90e5fa8b191a" candidate_term: 3 candidate_status { last_received { term: 2 index: 2 } } ignore_live_leader: true dest_uuid: "23c8bdb9c9c84f238d23408d1f443f5c"
I20260709 13:06:12.327104 23828 raft_consensus.cc:3055] T 4d8dcc8c10bd41dea0a779b53708a82b P 8ef6b7aabbe84a2d88855cd34d71f555 [term 2 LEADER]: Stepping down as leader of term 2
I20260709 13:06:12.327375 23979 raft_consensus.cc:3060] T 4d8dcc8c10bd41dea0a779b53708a82b P 23c8bdb9c9c84f238d23408d1f443f5c [term 2 FOLLOWER]: Advancing to term 3
I20260709 13:06:12.327461 23828 raft_consensus.cc:740] T 4d8dcc8c10bd41dea0a779b53708a82b P 8ef6b7aabbe84a2d88855cd34d71f555 [term 2 LEADER]: Becoming Follower/Learner. State: Replica: 8ef6b7aabbe84a2d88855cd34d71f555, State: Running, Role: LEADER
I20260709 13:06:12.328173 23828 consensus_queue.cc:260] T 4d8dcc8c10bd41dea0a779b53708a82b P 8ef6b7aabbe84a2d88855cd34d71f555 [NON_LEADER]: Queue going to NON_LEADER mode. State: All replicated index: 0, Majority replicated index: 2, Committed index: 2, Last appended: 2.2, Last appended by leader: 2, Current term: 2, Majority size: -1, State: 0, Mode: NON_LEADER, active raft config: opid_index: -1 OBSOLETE_local: false peers { permanent_uuid: "8ef6b7aabbe84a2d88855cd34d71f555" member_type: VOTER last_known_addr { host: "127.22.173.1" port: 44919 } } peers { permanent_uuid: "31cdf7203c094004ba7d90e5fa8b191a" member_type: VOTER last_known_addr { host: "127.22.173.2" port: 41427 } } peers { permanent_uuid: "23c8bdb9c9c84f238d23408d1f443f5c" member_type: VOTER last_known_addr { host: "127.22.173.3" port: 32911 } }
I20260709 13:06:12.328953 23828 raft_consensus.cc:3060] T 4d8dcc8c10bd41dea0a779b53708a82b P 8ef6b7aabbe84a2d88855cd34d71f555 [term 2 FOLLOWER]: Advancing to term 3
I20260709 13:06:12.331507 23979 raft_consensus.cc:2468] T 4d8dcc8c10bd41dea0a779b53708a82b P 23c8bdb9c9c84f238d23408d1f443f5c [term 3 FOLLOWER]: Leader election vote request: Granting yes vote for candidate 31cdf7203c094004ba7d90e5fa8b191a in term 3.
I20260709 13:06:12.332316 23870 leader_election.cc:304] T 4d8dcc8c10bd41dea0a779b53708a82b P 31cdf7203c094004ba7d90e5fa8b191a [CANDIDATE]: Term 3 election: Election decided. Result: candidate won. Election summary: received 2 responses out of 3 voters: 2 yes votes; 0 no votes. yes voters: 23c8bdb9c9c84f238d23408d1f443f5c, 31cdf7203c094004ba7d90e5fa8b191a; no voters: 
I20260709 13:06:12.332944 24150 raft_consensus.cc:2804] T 4d8dcc8c10bd41dea0a779b53708a82b P 31cdf7203c094004ba7d90e5fa8b191a [term 3 FOLLOWER]: Leader election won for term 3
I20260709 13:06:12.333240 23828 raft_consensus.cc:2468] T 4d8dcc8c10bd41dea0a779b53708a82b P 8ef6b7aabbe84a2d88855cd34d71f555 [term 3 FOLLOWER]: Leader election vote request: Granting yes vote for candidate 31cdf7203c094004ba7d90e5fa8b191a in term 3.
I20260709 13:06:12.333348 24150 raft_consensus.cc:697] T 4d8dcc8c10bd41dea0a779b53708a82b P 31cdf7203c094004ba7d90e5fa8b191a [term 3 LEADER]: Becoming Leader. State: Replica: 31cdf7203c094004ba7d90e5fa8b191a, State: Running, Role: LEADER
I20260709 13:06:12.334259 24150 consensus_queue.cc:237] T 4d8dcc8c10bd41dea0a779b53708a82b P 31cdf7203c094004ba7d90e5fa8b191a [LEADER]: Queue going to LEADER mode. State: All replicated index: 0, Majority replicated index: 2, Committed index: 2, Last appended: 2.2, Last appended by leader: 2, Current term: 3, Majority size: 2, State: 0, Mode: LEADER, active raft config: opid_index: -1 OBSOLETE_local: false peers { permanent_uuid: "8ef6b7aabbe84a2d88855cd34d71f555" member_type: VOTER last_known_addr { host: "127.22.173.1" port: 44919 } } peers { permanent_uuid: "31cdf7203c094004ba7d90e5fa8b191a" member_type: VOTER last_known_addr { host: "127.22.173.2" port: 41427 } } peers { permanent_uuid: "23c8bdb9c9c84f238d23408d1f443f5c" member_type: VOTER last_known_addr { host: "127.22.173.3" port: 32911 } }
I20260709 13:06:12.340471 23728 catalog_manager.cc:5697] T 4d8dcc8c10bd41dea0a779b53708a82b P 31cdf7203c094004ba7d90e5fa8b191a reported cstate change: term changed from 2 to 3, leader changed from 8ef6b7aabbe84a2d88855cd34d71f555 (127.22.173.1) to 31cdf7203c094004ba7d90e5fa8b191a (127.22.173.2). New cstate: current_term: 3 leader_uuid: "31cdf7203c094004ba7d90e5fa8b191a" committed_config { opid_index: -1 OBSOLETE_local: false peers { permanent_uuid: "8ef6b7aabbe84a2d88855cd34d71f555" member_type: VOTER last_known_addr { host: "127.22.173.1" port: 44919 } health_report { overall_health: UNKNOWN } } peers { permanent_uuid: "31cdf7203c094004ba7d90e5fa8b191a" member_type: VOTER last_known_addr { host: "127.22.173.2" port: 41427 } health_report { overall_health: HEALTHY } } peers { permanent_uuid: "23c8bdb9c9c84f238d23408d1f443f5c" member_type: VOTER last_known_addr { host: "127.22.173.3" port: 32911 } health_report { overall_health: UNKNOWN } } }
I20260709 13:06:12.672503 23979 raft_consensus.cc:1275] T 5e278153181d4f2489c2d3d8bdc14cc9 P 23c8bdb9c9c84f238d23408d1f443f5c [term 3 FOLLOWER]: Refusing update from remote peer 31cdf7203c094004ba7d90e5fa8b191a: Log matching property violated. Preceding OpId in replica: term: 2 index: 2. Preceding OpId from leader: term: 3 index: 3. (index mismatch)
I20260709 13:06:12.673650 24150 consensus_queue.cc:1048] T 5e278153181d4f2489c2d3d8bdc14cc9 P 31cdf7203c094004ba7d90e5fa8b191a [LEADER]: Connected to new peer: Peer: permanent_uuid: "23c8bdb9c9c84f238d23408d1f443f5c" member_type: VOTER last_known_addr { host: "127.22.173.3" port: 32911 }, Status: LMP_MISMATCH, Last received: 0.0, Next index: 3, Last known committed idx: 2, Time since last communication: 0.000s
I20260709 13:06:12.686662 23828 raft_consensus.cc:1275] T 5e278153181d4f2489c2d3d8bdc14cc9 P 8ef6b7aabbe84a2d88855cd34d71f555 [term 3 FOLLOWER]: Refusing update from remote peer 31cdf7203c094004ba7d90e5fa8b191a: Log matching property violated. Preceding OpId in replica: term: 2 index: 2. Preceding OpId from leader: term: 3 index: 3. (index mismatch)
I20260709 13:06:12.689486 24150 consensus_queue.cc:1048] T 5e278153181d4f2489c2d3d8bdc14cc9 P 31cdf7203c094004ba7d90e5fa8b191a [LEADER]: Connected to new peer: Peer: permanent_uuid: "8ef6b7aabbe84a2d88855cd34d71f555" member_type: VOTER last_known_addr { host: "127.22.173.1" port: 44919 }, Status: LMP_MISMATCH, Last received: 0.0, Next index: 3, Last known committed idx: 2, Time since last communication: 0.000s
I20260709 13:06:12.749856 23979 raft_consensus.cc:1275] T 4d8dcc8c10bd41dea0a779b53708a82b P 23c8bdb9c9c84f238d23408d1f443f5c [term 3 FOLLOWER]: Refusing update from remote peer 31cdf7203c094004ba7d90e5fa8b191a: Log matching property violated. Preceding OpId in replica: term: 2 index: 2. Preceding OpId from leader: term: 3 index: 3. (index mismatch)
I20260709 13:06:12.750906 24150 consensus_queue.cc:1048] T 4d8dcc8c10bd41dea0a779b53708a82b P 31cdf7203c094004ba7d90e5fa8b191a [LEADER]: Connected to new peer: Peer: permanent_uuid: "23c8bdb9c9c84f238d23408d1f443f5c" member_type: VOTER last_known_addr { host: "127.22.173.3" port: 32911 }, Status: LMP_MISMATCH, Last received: 0.0, Next index: 3, Last known committed idx: 2, Time since last communication: 0.000s
I20260709 13:06:12.759246 23828 raft_consensus.cc:1275] T 4d8dcc8c10bd41dea0a779b53708a82b P 8ef6b7aabbe84a2d88855cd34d71f555 [term 3 FOLLOWER]: Refusing update from remote peer 31cdf7203c094004ba7d90e5fa8b191a: Log matching property violated. Preceding OpId in replica: term: 2 index: 2. Preceding OpId from leader: term: 3 index: 3. (index mismatch)
I20260709 13:06:12.760969 24150 consensus_queue.cc:1048] T 4d8dcc8c10bd41dea0a779b53708a82b P 31cdf7203c094004ba7d90e5fa8b191a [LEADER]: Connected to new peer: Peer: permanent_uuid: "8ef6b7aabbe84a2d88855cd34d71f555" member_type: VOTER last_known_addr { host: "127.22.173.1" port: 44919 }, Status: LMP_MISMATCH, Last received: 0.0, Next index: 3, Last known committed idx: 2, Time since last communication: 0.000s
I20260709 13:06:12.761268 23903 raft_consensus.cc:1275] T 17f252a20bf6445180e8a7a8bb447ecd P 31cdf7203c094004ba7d90e5fa8b191a [term 4 FOLLOWER]: Refusing update from remote peer 23c8bdb9c9c84f238d23408d1f443f5c: Log matching property violated. Preceding OpId in replica: term: 3 index: 3. Preceding OpId from leader: term: 4 index: 4. (index mismatch)
I20260709 13:06:12.762857 24156 consensus_queue.cc:1048] T 17f252a20bf6445180e8a7a8bb447ecd P 23c8bdb9c9c84f238d23408d1f443f5c [LEADER]: Connected to new peer: Peer: permanent_uuid: "31cdf7203c094004ba7d90e5fa8b191a" member_type: VOTER last_known_addr { host: "127.22.173.2" port: 41427 }, Status: LMP_MISMATCH, Last received: 0.0, Next index: 4, Last known committed idx: 3, Time since last communication: 0.000s
I20260709 13:06:12.773550 23828 raft_consensus.cc:1275] T 17f252a20bf6445180e8a7a8bb447ecd P 8ef6b7aabbe84a2d88855cd34d71f555 [term 4 FOLLOWER]: Refusing update from remote peer 23c8bdb9c9c84f238d23408d1f443f5c: Log matching property violated. Preceding OpId in replica: term: 3 index: 3. Preceding OpId from leader: term: 4 index: 4. (index mismatch)
I20260709 13:06:12.775482 24175 consensus_queue.cc:1048] T 17f252a20bf6445180e8a7a8bb447ecd P 23c8bdb9c9c84f238d23408d1f443f5c [LEADER]: Connected to new peer: Peer: permanent_uuid: "8ef6b7aabbe84a2d88855cd34d71f555" member_type: VOTER last_known_addr { host: "127.22.173.1" port: 44919 }, Status: LMP_MISMATCH, Last received: 0.0, Next index: 4, Last known committed idx: 3, Time since last communication: 0.001s
I20260709 13:06:12.801262 23828 raft_consensus.cc:1275] T 6e8e347a3a214c66ba00c598d5a8dfe8 P 8ef6b7aabbe84a2d88855cd34d71f555 [term 4 FOLLOWER]: Refusing update from remote peer 23c8bdb9c9c84f238d23408d1f443f5c: Log matching property violated. Preceding OpId in replica: term: 3 index: 3. Preceding OpId from leader: term: 4 index: 4. (index mismatch)
I20260709 13:06:12.802285 24175 consensus_queue.cc:1048] T 6e8e347a3a214c66ba00c598d5a8dfe8 P 23c8bdb9c9c84f238d23408d1f443f5c [LEADER]: Connected to new peer: Peer: permanent_uuid: "8ef6b7aabbe84a2d88855cd34d71f555" member_type: VOTER last_known_addr { host: "127.22.173.1" port: 44919 }, Status: LMP_MISMATCH, Last received: 0.0, Next index: 4, Last known committed idx: 3, Time since last communication: 0.000s
I20260709 13:06:12.810839 23903 raft_consensus.cc:1275] T 6e8e347a3a214c66ba00c598d5a8dfe8 P 31cdf7203c094004ba7d90e5fa8b191a [term 4 FOLLOWER]: Refusing update from remote peer 23c8bdb9c9c84f238d23408d1f443f5c: Log matching property violated. Preceding OpId in replica: term: 3 index: 3. Preceding OpId from leader: term: 4 index: 4. (index mismatch)
