I20260709 12:57:25.953545  1825 raft_consensus.cc:515] T d3d5ced7be8a413c868424c93e378589 P f2ad9f3de9e64fae94daff219128d333 [term 1 FOLLOWER]: Starting leader election with config: opid_index: -1 OBSOLETE_local: false peers { permanent_uuid: "62e086943da64e098102303357601d9c" member_type: VOTER last_known_addr { host: "127.0.107.193" port: 39573 } } peers { permanent_uuid: "f2ad9f3de9e64fae94daff219128d333" member_type: VOTER last_known_addr { host: "127.0.107.194" port: 42109 } } peers { permanent_uuid: "6b6dcba564d2491886072b367767fc7d" member_type: VOTER last_known_addr { host: "127.0.107.195" port: 41155 } }
I20260709 12:57:25.956174  1733 tablet_bootstrap.cc:492] T 6145b6858379440991544e1b32be675b P 62e086943da64e098102303357601d9c: No bootstrap required, opened a new log
I20260709 12:57:25.956640  1733 ts_tablet_manager.cc:1403] T 6145b6858379440991544e1b32be675b P 62e086943da64e098102303357601d9c: Time spent bootstrapping tablet: real 0.084s	user 0.007s	sys 0.003s
I20260709 12:57:25.954186  1787 raft_consensus.cc:493] T 88348adb1b2247e88f64e6a387feb0fb P 6b6dcba564d2491886072b367767fc7d [term 1 FOLLOWER]: Starting pre-election (no leader contacted us within the election timeout)
I20260709 12:57:25.957618  1787 raft_consensus.cc:515] T 88348adb1b2247e88f64e6a387feb0fb P 6b6dcba564d2491886072b367767fc7d [term 1 FOLLOWER]: Starting pre-election with config: opid_index: -1 OBSOLETE_local: false peers { permanent_uuid: "62e086943da64e098102303357601d9c" member_type: VOTER last_known_addr { host: "127.0.107.193" port: 39573 } } peers { permanent_uuid: "f2ad9f3de9e64fae94daff219128d333" member_type: VOTER last_known_addr { host: "127.0.107.194" port: 42109 } } peers { permanent_uuid: "6b6dcba564d2491886072b367767fc7d" member_type: VOTER last_known_addr { host: "127.0.107.195" port: 41155 } }
I20260709 12:57:25.960659  1825 leader_election.cc:290] T d3d5ced7be8a413c868424c93e378589 P f2ad9f3de9e64fae94daff219128d333 [CANDIDATE]: Term 1 election: Requested vote from peers 62e086943da64e098102303357601d9c (127.0.107.193:39573), 6b6dcba564d2491886072b367767fc7d (127.0.107.195:41155)
I20260709 12:57:25.961095  1806 consensus_queue.cc:1048] T 51d0dcb8a28041c9b9b567341809a05f P 62e086943da64e098102303357601d9c [LEADER]: Connected to new peer: Peer: permanent_uuid: "6b6dcba564d2491886072b367767fc7d" member_type: VOTER last_known_addr { host: "127.0.107.195" port: 41155 }, Status: LMP_MISMATCH, Last received: 0.0, Next index: 1, Last known committed idx: 0, Time since last communication: 0.000s
I20260709 12:57:25.955338  1739 consensus_queue.cc:1048] T 88348adb1b2247e88f64e6a387feb0fb P 62e086943da64e098102303357601d9c [LEADER]: Connected to new peer: Peer: permanent_uuid: "6b6dcba564d2491886072b367767fc7d" member_type: VOTER last_known_addr { host: "127.0.107.195" port: 41155 }, Status: LMP_MISMATCH, Last received: 0.0, Next index: 1, Last known committed idx: 0, Time since last communication: 0.006s
I20260709 12:57:25.962611  1733 raft_consensus.cc:359] T 6145b6858379440991544e1b32be675b P 62e086943da64e098102303357601d9c [term 0 FOLLOWER]: Replica starting. Triggering 0 pending ops. Active config: opid_index: -1 OBSOLETE_local: false peers { permanent_uuid: "62e086943da64e098102303357601d9c" member_type: VOTER last_known_addr { host: "127.0.107.193" port: 39573 } } peers { permanent_uuid: "f2ad9f3de9e64fae94daff219128d333" member_type: VOTER last_known_addr { host: "127.0.107.194" port: 42109 } } peers { permanent_uuid: "6b6dcba564d2491886072b367767fc7d" member_type: VOTER last_known_addr { host: "127.0.107.195" port: 41155 } }
I20260709 12:57:25.962930  1787 leader_election.cc:290] T 88348adb1b2247e88f64e6a387feb0fb P 6b6dcba564d2491886072b367767fc7d [CANDIDATE]: Term 2 pre-election: Requested pre-vote from peers 62e086943da64e098102303357601d9c (127.0.107.193:39573), f2ad9f3de9e64fae94daff219128d333 (127.0.107.194:42109)
I20260709 12:57:25.963160  1733 raft_consensus.cc:385] T 6145b6858379440991544e1b32be675b P 62e086943da64e098102303357601d9c [term 0 FOLLOWER]: Consensus starting up: Expiring failure detector timer to make a prompt election more likely
I20260709 12:57:25.963645  1739 consensus_queue.cc:1048] T 51d0dcb8a28041c9b9b567341809a05f P 62e086943da64e098102303357601d9c [LEADER]: Connected to new peer: Peer: permanent_uuid: "f2ad9f3de9e64fae94daff219128d333" member_type: VOTER last_known_addr { host: "127.0.107.194" port: 42109 }, Status: LMP_MISMATCH, Last received: 0.0, Next index: 1, Last known committed idx: 0, Time since last communication: 0.000s
I20260709 12:57:25.964004  1613 tablet_service.cc:1917] Received RequestConsensusVote() RPC: tablet_id: "88348adb1b2247e88f64e6a387feb0fb" candidate_uuid: "6b6dcba564d2491886072b367767fc7d" candidate_term: 2 candidate_status { last_received { term: 0 index: 0 } } ignore_live_leader: false dest_uuid: "f2ad9f3de9e64fae94daff219128d333" is_pre_election: true
I20260709 12:57:25.964506  1686 tablet_service.cc:1917] Received RequestConsensusVote() RPC: tablet_id: "d3d5ced7be8a413c868424c93e378589" candidate_uuid: "f2ad9f3de9e64fae94daff219128d333" candidate_term: 1 candidate_status { last_received { term: 0 index: 0 } } ignore_live_leader: false dest_uuid: "6b6dcba564d2491886072b367767fc7d"
I20260709 12:57:25.964936  1539 tablet_service.cc:1917] Received RequestConsensusVote() RPC: tablet_id: "88348adb1b2247e88f64e6a387feb0fb" candidate_uuid: "6b6dcba564d2491886072b367767fc7d" candidate_term: 2 candidate_status { last_received { term: 0 index: 0 } } ignore_live_leader: false dest_uuid: "62e086943da64e098102303357601d9c" is_pre_election: true
I20260709 12:57:25.965643  1686 raft_consensus.cc:3060] T d3d5ced7be8a413c868424c93e378589 P 6b6dcba564d2491886072b367767fc7d [term 0 FOLLOWER]: Advancing to term 1
I20260709 12:57:25.963472  1733 raft_consensus.cc:740] T 6145b6858379440991544e1b32be675b P 62e086943da64e098102303357601d9c [term 0 FOLLOWER]: Becoming Follower/Learner. State: Replica: 62e086943da64e098102303357601d9c, State: Initialized, Role: FOLLOWER
I20260709 12:57:25.967972  1539 tablet_service.cc:1917] Received RequestConsensusVote() RPC: tablet_id: "d3d5ced7be8a413c868424c93e378589" candidate_uuid: "f2ad9f3de9e64fae94daff219128d333" candidate_term: 1 candidate_status { last_received { term: 0 index: 0 } } ignore_live_leader: false dest_uuid: "62e086943da64e098102303357601d9c"
I20260709 12:57:25.968552  1539 raft_consensus.cc:3060] T d3d5ced7be8a413c868424c93e378589 P 62e086943da64e098102303357601d9c [term 0 FOLLOWER]: Advancing to term 1
I20260709 12:57:25.969592  1652 leader_election.cc:304] T 88348adb1b2247e88f64e6a387feb0fb P 6b6dcba564d2491886072b367767fc7d [CANDIDATE]: Term 2 pre-election: Election decided. Result: candidate lost. Election summary: received 3 responses out of 3 voters: 1 yes votes; 2 no votes. yes voters: 6b6dcba564d2491886072b367767fc7d; no voters: 62e086943da64e098102303357601d9c, f2ad9f3de9e64fae94daff219128d333
I20260709 12:57:25.974956  1733 consensus_queue.cc:260] T 6145b6858379440991544e1b32be675b P 62e086943da64e098102303357601d9c [NON_LEADER]: Queue going to NON_LEADER mode. State: All replicated index: 0, Majority replicated index: 0, Committed index: 0, Last appended: 0.0, Last appended by leader: 0, Current term: 0, Majority size: -1, State: 0, Mode: NON_LEADER, active raft config: opid_index: -1 OBSOLETE_local: false peers { permanent_uuid: "62e086943da64e098102303357601d9c" member_type: VOTER last_known_addr { host: "127.0.107.193" port: 39573 } } peers { permanent_uuid: "f2ad9f3de9e64fae94daff219128d333" member_type: VOTER last_known_addr { host: "127.0.107.194" port: 42109 } } peers { permanent_uuid: "6b6dcba564d2491886072b367767fc7d" member_type: VOTER last_known_addr { host: "127.0.107.195" port: 41155 } }
I20260709 12:57:25.976181  1728 tablet_bootstrap.cc:492] T bd9f1b076ac14b8ca4a1a15234f4a3c8 P f2ad9f3de9e64fae94daff219128d333: No bootstrap required, opened a new log
I20260709 12:57:25.976604  1728 ts_tablet_manager.cc:1403] T bd9f1b076ac14b8ca4a1a15234f4a3c8 P f2ad9f3de9e64fae94daff219128d333: Time spent bootstrapping tablet: real 0.053s	user 0.018s	sys 0.003s
I20260709 12:57:25.979547  1728 raft_consensus.cc:359] T bd9f1b076ac14b8ca4a1a15234f4a3c8 P f2ad9f3de9e64fae94daff219128d333 [term 0 FOLLOWER]: Replica starting. Triggering 0 pending ops. Active config: opid_index: -1 OBSOLETE_local: false peers { permanent_uuid: "62e086943da64e098102303357601d9c" member_type: VOTER last_known_addr { host: "127.0.107.193" port: 39573 } } peers { permanent_uuid: "f2ad9f3de9e64fae94daff219128d333" member_type: VOTER last_known_addr { host: "127.0.107.194" port: 42109 } } peers { permanent_uuid: "6b6dcba564d2491886072b367767fc7d" member_type: VOTER last_known_addr { host: "127.0.107.195" port: 41155 } }
I20260709 12:57:25.980051  1733 ts_tablet_manager.cc:1434] T 6145b6858379440991544e1b32be675b P 62e086943da64e098102303357601d9c: Time spent starting tablet: real 0.023s	user 0.000s	sys 0.012s
I20260709 12:57:25.980177  1728 raft_consensus.cc:385] T bd9f1b076ac14b8ca4a1a15234f4a3c8 P f2ad9f3de9e64fae94daff219128d333 [term 0 FOLLOWER]: Consensus starting up: Expiring failure detector timer to make a prompt election more likely
I20260709 12:57:25.980448  1728 raft_consensus.cc:740] T bd9f1b076ac14b8ca4a1a15234f4a3c8 P f2ad9f3de9e64fae94daff219128d333 [term 0 FOLLOWER]: Becoming Follower/Learner. State: Replica: f2ad9f3de9e64fae94daff219128d333, State: Initialized, Role: FOLLOWER
I20260709 12:57:25.980914  1733 tablet_bootstrap.cc:492] T fa24c61b54254c4db993dfa83af6b844 P 62e086943da64e098102303357601d9c: Bootstrap starting.
I20260709 12:57:25.981130  1728 consensus_queue.cc:260] T bd9f1b076ac14b8ca4a1a15234f4a3c8 P f2ad9f3de9e64fae94daff219128d333 [NON_LEADER]: Queue going to NON_LEADER mode. State: All replicated index: 0, Majority replicated index: 0, Committed index: 0, Last appended: 0.0, Last appended by leader: 0, Current term: 0, Majority size: -1, State: 0, Mode: NON_LEADER, active raft config: opid_index: -1 OBSOLETE_local: false peers { permanent_uuid: "62e086943da64e098102303357601d9c" member_type: VOTER last_known_addr { host: "127.0.107.193" port: 39573 } } peers { permanent_uuid: "f2ad9f3de9e64fae94daff219128d333" member_type: VOTER last_known_addr { host: "127.0.107.194" port: 42109 } } peers { permanent_uuid: "6b6dcba564d2491886072b367767fc7d" member_type: VOTER last_known_addr { host: "127.0.107.195" port: 41155 } }
I20260709 12:57:25.983083  1728 ts_tablet_manager.cc:1434] T bd9f1b076ac14b8ca4a1a15234f4a3c8 P f2ad9f3de9e64fae94daff219128d333: Time spent starting tablet: real 0.006s	user 0.003s	sys 0.003s
I20260709 12:57:25.981081  1730 tablet_bootstrap.cc:492] T 64c57631f17f44e996366d63cdaa1896 P 6b6dcba564d2491886072b367767fc7d: No bootstrap required, opened a new log
I20260709 12:57:25.983775  1730 ts_tablet_manager.cc:1403] T 64c57631f17f44e996366d63cdaa1896 P 6b6dcba564d2491886072b367767fc7d: Time spent bootstrapping tablet: real 0.117s	user 0.006s	sys 0.010s
I20260709 12:57:25.983948  1728 tablet_bootstrap.cc:492] T fa24c61b54254c4db993dfa83af6b844 P f2ad9f3de9e64fae94daff219128d333: Bootstrap starting.
I20260709 12:57:25.985738  1737 raft_consensus.cc:2749] T 88348adb1b2247e88f64e6a387feb0fb P 6b6dcba564d2491886072b367767fc7d [term 1 FOLLOWER]: Leader pre-election lost for term 2. Reason: could not achieve majority
I20260709 12:57:25.989732  1730 raft_consensus.cc:359] T 64c57631f17f44e996366d63cdaa1896 P 6b6dcba564d2491886072b367767fc7d [term 0 FOLLOWER]: Replica starting. Triggering 0 pending ops. Active config: opid_index: -1 OBSOLETE_local: false peers { permanent_uuid: "62e086943da64e098102303357601d9c" member_type: VOTER last_known_addr { host: "127.0.107.193" port: 39573 } } peers { permanent_uuid: "f2ad9f3de9e64fae94daff219128d333" member_type: VOTER last_known_addr { host: "127.0.107.194" port: 42109 } } peers { permanent_uuid: "6b6dcba564d2491886072b367767fc7d" member_type: VOTER last_known_addr { host: "127.0.107.195" port: 41155 } }
I20260709 12:57:25.990331  1730 raft_consensus.cc:385] T 64c57631f17f44e996366d63cdaa1896 P 6b6dcba564d2491886072b367767fc7d [term 0 FOLLOWER]: Consensus starting up: Expiring failure detector timer to make a prompt election more likely
I20260709 12:57:25.990589  1730 raft_consensus.cc:740] T 64c57631f17f44e996366d63cdaa1896 P 6b6dcba564d2491886072b367767fc7d [term 0 FOLLOWER]: Becoming Follower/Learner. State: Replica: 6b6dcba564d2491886072b367767fc7d, State: Initialized, Role: FOLLOWER
I20260709 12:57:25.991150  1730 consensus_queue.cc:260] T 64c57631f17f44e996366d63cdaa1896 P 6b6dcba564d2491886072b367767fc7d [NON_LEADER]: Queue going to NON_LEADER mode. State: All replicated index: 0, Majority replicated index: 0, Committed index: 0, Last appended: 0.0, Last appended by leader: 0, Current term: 0, Majority size: -1, State: 0, Mode: NON_LEADER, active raft config: opid_index: -1 OBSOLETE_local: false peers { permanent_uuid: "62e086943da64e098102303357601d9c" member_type: VOTER last_known_addr { host: "127.0.107.193" port: 39573 } } peers { permanent_uuid: "f2ad9f3de9e64fae94daff219128d333" member_type: VOTER last_known_addr { host: "127.0.107.194" port: 42109 } } peers { permanent_uuid: "6b6dcba564d2491886072b367767fc7d" member_type: VOTER last_known_addr { host: "127.0.107.195" port: 41155 } }
I20260709 12:57:25.991842  1739 raft_consensus.cc:493] T 6ef97c0bc8b04b48b9b1064b09d1b52b P 62e086943da64e098102303357601d9c [term 0 FOLLOWER]: Starting pre-election (no leader contacted us within the election timeout)
I20260709 12:57:25.992311  1739 raft_consensus.cc:515] T 6ef97c0bc8b04b48b9b1064b09d1b52b P 62e086943da64e098102303357601d9c [term 0 FOLLOWER]: Starting pre-election with config: opid_index: -1 OBSOLETE_local: false peers { permanent_uuid: "62e086943da64e098102303357601d9c" member_type: VOTER last_known_addr { host: "127.0.107.193" port: 39573 } } peers { permanent_uuid: "f2ad9f3de9e64fae94daff219128d333" member_type: VOTER last_known_addr { host: "127.0.107.194" port: 42109 } } peers { permanent_uuid: "6b6dcba564d2491886072b367767fc7d" member_type: VOTER last_known_addr { host: "127.0.107.195" port: 41155 } }
I20260709 12:57:25.994712  1739 leader_election.cc:290] T 6ef97c0bc8b04b48b9b1064b09d1b52b P 62e086943da64e098102303357601d9c [CANDIDATE]: Term 1 pre-election: Requested pre-vote from peers f2ad9f3de9e64fae94daff219128d333 (127.0.107.194:42109), 6b6dcba564d2491886072b367767fc7d (127.0.107.195:41155)
I20260709 12:57:25.996260  1685 tablet_service.cc:1917] Received RequestConsensusVote() RPC: tablet_id: "6ef97c0bc8b04b48b9b1064b09d1b52b" candidate_uuid: "62e086943da64e098102303357601d9c" candidate_term: 1 candidate_status { last_received { term: 0 index: 0 } } ignore_live_leader: false dest_uuid: "6b6dcba564d2491886072b367767fc7d" is_pre_election: true
I20260709 12:57:25.996702  1728 tablet_bootstrap.cc:654] T fa24c61b54254c4db993dfa83af6b844 P f2ad9f3de9e64fae94daff219128d333: Neither blocks nor log segments found. Creating new log.
I20260709 12:57:25.996856  1685 raft_consensus.cc:2468] T 6ef97c0bc8b04b48b9b1064b09d1b52b P 6b6dcba564d2491886072b367767fc7d [term 0 FOLLOWER]: Leader pre-election vote request: Granting yes vote for candidate 62e086943da64e098102303357601d9c in term 0.
I20260709 12:57:25.997676  1733 tablet_bootstrap.cc:654] T fa24c61b54254c4db993dfa83af6b844 P 62e086943da64e098102303357601d9c: Neither blocks nor log segments found. Creating new log.
I20260709 12:57:25.998004  1505 leader_election.cc:304] T 6ef97c0bc8b04b48b9b1064b09d1b52b P 62e086943da64e098102303357601d9c [CANDIDATE]: Term 1 pre-election: Election decided. Result: candidate won. Election summary: received 2 responses out of 3 voters: 2 yes votes; 0 no votes. yes voters: 62e086943da64e098102303357601d9c, 6b6dcba564d2491886072b367767fc7d; no voters: 
I20260709 12:57:26.000252  1786 raft_consensus.cc:2804] T 6ef97c0bc8b04b48b9b1064b09d1b52b P 62e086943da64e098102303357601d9c [term 0 FOLLOWER]: Leader pre-election won for term 1
I20260709 12:57:26.000610  1786 raft_consensus.cc:493] T 6ef97c0bc8b04b48b9b1064b09d1b52b P 62e086943da64e098102303357601d9c [term 0 FOLLOWER]: Starting leader election (no leader contacted us within the election timeout)
I20260709 12:57:26.000957  1786 raft_consensus.cc:3060] T 6ef97c0bc8b04b48b9b1064b09d1b52b P 62e086943da64e098102303357601d9c [term 0 FOLLOWER]: Advancing to term 1
I20260709 12:57:26.000828  1730 ts_tablet_manager.cc:1434] T 64c57631f17f44e996366d63cdaa1896 P 6b6dcba564d2491886072b367767fc7d: Time spent starting tablet: real 0.017s	user 0.005s	sys 0.000s
I20260709 12:57:25.996260  1613 tablet_service.cc:1917] Received RequestConsensusVote() RPC: tablet_id: "6ef97c0bc8b04b48b9b1064b09d1b52b" candidate_uuid: "62e086943da64e098102303357601d9c" candidate_term: 1 candidate_status { last_received { term: 0 index: 0 } } ignore_live_leader: false dest_uuid: "f2ad9f3de9e64fae94daff219128d333" is_pre_election: true
I20260709 12:57:26.004184  1730 tablet_bootstrap.cc:492] T 3c35bcfc82a749beb1565642eb53afee P 6b6dcba564d2491886072b367767fc7d: Bootstrap starting.
I20260709 12:57:26.012876  1730 tablet_bootstrap.cc:654] T 3c35bcfc82a749beb1565642eb53afee P 6b6dcba564d2491886072b367767fc7d: Neither blocks nor log segments found. Creating new log.
W20260709 12:57:26.013669  1503 leader_election.cc:343] T 6ef97c0bc8b04b48b9b1064b09d1b52b P 62e086943da64e098102303357601d9c [CANDIDATE]: Term 1 pre-election: Tablet error from VoteRequest() call to peer f2ad9f3de9e64fae94daff219128d333 (127.0.107.194:42109): Illegal state: must be running to vote when last-logged opid is not known
I20260709 12:57:26.013648  1435 catalog_manager.cc:5697] T 8151e5d6cd9f42a184f896743a6bc82f P f2ad9f3de9e64fae94daff219128d333 reported cstate change: term changed from 0 to 1, leader changed from <none> to f2ad9f3de9e64fae94daff219128d333 (127.0.107.194). New cstate: current_term: 1 leader_uuid: "f2ad9f3de9e64fae94daff219128d333" committed_config { opid_index: -1 OBSOLETE_local: false peers { permanent_uuid: "62e086943da64e098102303357601d9c" member_type: VOTER last_known_addr { host: "127.0.107.193" port: 39573 } health_report { overall_health: UNKNOWN } } peers { permanent_uuid: "f2ad9f3de9e64fae94daff219128d333" member_type: VOTER last_known_addr { host: "127.0.107.194" port: 42109 } health_report { overall_health: HEALTHY } } peers { permanent_uuid: "6b6dcba564d2491886072b367767fc7d" member_type: VOTER last_known_addr { host: "127.0.107.195" port: 41155 } health_report { overall_health: UNKNOWN } } }
I20260709 12:57:26.039961  1733 tablet_bootstrap.cc:492] T fa24c61b54254c4db993dfa83af6b844 P 62e086943da64e098102303357601d9c: No bootstrap required, opened a new log
I20260709 12:57:26.040439  1733 ts_tablet_manager.cc:1403] T fa24c61b54254c4db993dfa83af6b844 P 62e086943da64e098102303357601d9c: Time spent bootstrapping tablet: real 0.060s	user 0.003s	sys 0.007s
I20260709 12:57:26.044075  1807 raft_consensus.cc:2749] T e735cf8c7d374bbd8ce5c0322a8e1f22 P 62e086943da64e098102303357601d9c [term 1 FOLLOWER]: Leader pre-election lost for term 1. Reason: could not achieve majority
I20260709 12:57:26.044317  1686 raft_consensus.cc:2468] T d3d5ced7be8a413c868424c93e378589 P 6b6dcba564d2491886072b367767fc7d [term 1 FOLLOWER]: Leader election vote request: Granting yes vote for candidate f2ad9f3de9e64fae94daff219128d333 in term 1.
I20260709 12:57:26.044070  1733 raft_consensus.cc:359] T fa24c61b54254c4db993dfa83af6b844 P 62e086943da64e098102303357601d9c [term 0 FOLLOWER]: Replica starting. Triggering 0 pending ops. Active config: opid_index: -1 OBSOLETE_local: false peers { permanent_uuid: "62e086943da64e098102303357601d9c" member_type: VOTER last_known_addr { host: "127.0.107.193" port: 39573 } } peers { permanent_uuid: "f2ad9f3de9e64fae94daff219128d333" member_type: VOTER last_known_addr { host: "127.0.107.194" port: 42109 } } peers { permanent_uuid: "6b6dcba564d2491886072b367767fc7d" member_type: VOTER last_known_addr { host: "127.0.107.195" port: 41155 } }
I20260709 12:57:26.044806  1733 raft_consensus.cc:385] T fa24c61b54254c4db993dfa83af6b844 P 62e086943da64e098102303357601d9c [term 0 FOLLOWER]: Consensus starting up: Expiring failure detector timer to make a prompt election more likely
I20260709 12:57:26.045054  1733 raft_consensus.cc:740] T fa24c61b54254c4db993dfa83af6b844 P 62e086943da64e098102303357601d9c [term 0 FOLLOWER]: Becoming Follower/Learner. State: Replica: 62e086943da64e098102303357601d9c, State: Initialized, Role: FOLLOWER
I20260709 12:57:26.050232  1728 tablet_bootstrap.cc:492] T fa24c61b54254c4db993dfa83af6b844 P f2ad9f3de9e64fae94daff219128d333: No bootstrap required, opened a new log
I20260709 12:57:26.045478  1580 leader_election.cc:304] T d3d5ced7be8a413c868424c93e378589 P f2ad9f3de9e64fae94daff219128d333 [CANDIDATE]: Term 1 election: Election decided. Result: candidate won. Election summary: received 2 responses out of 3 voters: 2 yes votes; 0 no votes. yes voters: 6b6dcba564d2491886072b367767fc7d, f2ad9f3de9e64fae94daff219128d333; no voters: 
I20260709 12:57:26.050997  1825 consensus_queue.cc:1048] T e735cf8c7d374bbd8ce5c0322a8e1f22 P f2ad9f3de9e64fae94daff219128d333 [LEADER]: Connected to new peer: Peer: permanent_uuid: "62e086943da64e098102303357601d9c" member_type: VOTER last_known_addr { host: "127.0.107.193" port: 39573 }, Status: LMP_MISMATCH, Last received: 0.0, Next index: 1, Last known committed idx: 0, Time since last communication: 0.001s
I20260709 12:57:26.051647  1728 ts_tablet_manager.cc:1403] T fa24c61b54254c4db993dfa83af6b844 P f2ad9f3de9e64fae94daff219128d333: Time spent bootstrapping tablet: real 0.068s	user 0.011s	sys 0.006s
I20260709 12:57:26.051680  1733 consensus_queue.cc:260] T fa24c61b54254c4db993dfa83af6b844 P 62e086943da64e098102303357601d9c [NON_LEADER]: Queue going to NON_LEADER mode. State: All replicated index: 0, Majority replicated index: 0, Committed index: 0, Last appended: 0.0, Last appended by leader: 0, Current term: 0, Majority size: -1, State: 0, Mode: NON_LEADER, active raft config: opid_index: -1 OBSOLETE_local: false peers { permanent_uuid: "62e086943da64e098102303357601d9c" member_type: VOTER last_known_addr { host: "127.0.107.193" port: 39573 } } peers { permanent_uuid: "f2ad9f3de9e64fae94daff219128d333" member_type: VOTER last_known_addr { host: "127.0.107.194" port: 42109 } } peers { permanent_uuid: "6b6dcba564d2491886072b367767fc7d" member_type: VOTER last_known_addr { host: "127.0.107.195" port: 41155 } }
I20260709 12:57:26.052045  1823 raft_consensus.cc:2804] T d3d5ced7be8a413c868424c93e378589 P f2ad9f3de9e64fae94daff219128d333 [term 1 FOLLOWER]: Leader election won for term 1
I20260709 12:57:26.049578  1730 tablet_bootstrap.cc:492] T 3c35bcfc82a749beb1565642eb53afee P 6b6dcba564d2491886072b367767fc7d: No bootstrap required, opened a new log
I20260709 12:57:26.052596  1823 raft_consensus.cc:697] T d3d5ced7be8a413c868424c93e378589 P f2ad9f3de9e64fae94daff219128d333 [term 1 LEADER]: Becoming Leader. State: Replica: f2ad9f3de9e64fae94daff219128d333, State: Running, Role: LEADER
I20260709 12:57:26.052901  1730 ts_tablet_manager.cc:1403] T 3c35bcfc82a749beb1565642eb53afee P 6b6dcba564d2491886072b367767fc7d: Time spent bootstrapping tablet: real 0.049s	user 0.008s	sys 0.003s
I20260709 12:57:26.054243  1823 consensus_queue.cc:237] T d3d5ced7be8a413c868424c93e378589 P f2ad9f3de9e64fae94daff219128d333 [LEADER]: Queue going to LEADER mode. State: All replicated index: 0, Majority replicated index: 0, Committed index: 0, Last appended: 0.0, Last appended by leader: 0, Current term: 1, Majority size: 2, State: 0, Mode: LEADER, active raft config: opid_index: -1 OBSOLETE_local: false peers { permanent_uuid: "62e086943da64e098102303357601d9c" member_type: VOTER last_known_addr { host: "127.0.107.193" port: 39573 } } peers { permanent_uuid: "f2ad9f3de9e64fae94daff219128d333" member_type: VOTER last_known_addr { host: "127.0.107.194" port: 42109 } } peers { permanent_uuid: "6b6dcba564d2491886072b367767fc7d" member_type: VOTER last_known_addr { host: "127.0.107.195" port: 41155 } }
I20260709 12:57:26.055773  1730 raft_consensus.cc:359] T 3c35bcfc82a749beb1565642eb53afee P 6b6dcba564d2491886072b367767fc7d [term 0 FOLLOWER]: Replica starting. Triggering 0 pending ops. Active config: opid_index: -1 OBSOLETE_local: false peers { permanent_uuid: "62e086943da64e098102303357601d9c" member_type: VOTER last_known_addr { host: "127.0.107.193" port: 39573 } } peers { permanent_uuid: "f2ad9f3de9e64fae94daff219128d333" member_type: VOTER last_known_addr { host: "127.0.107.194" port: 42109 } } peers { permanent_uuid: "6b6dcba564d2491886072b367767fc7d" member_type: VOTER last_known_addr { host: "127.0.107.195" port: 41155 } }
I20260709 12:57:26.056356  1730 raft_consensus.cc:385] T 3c35bcfc82a749beb1565642eb53afee P 6b6dcba564d2491886072b367767fc7d [term 0 FOLLOWER]: Consensus starting up: Expiring failure detector timer to make a prompt election more likely
I20260709 12:57:26.056630  1730 raft_consensus.cc:740] T 3c35bcfc82a749beb1565642eb53afee P 6b6dcba564d2491886072b367767fc7d [term 0 FOLLOWER]: Becoming Follower/Learner. State: Replica: 6b6dcba564d2491886072b367767fc7d, State: Initialized, Role: FOLLOWER
I20260709 12:57:26.057359  1730 consensus_queue.cc:260] T 3c35bcfc82a749beb1565642eb53afee P 6b6dcba564d2491886072b367767fc7d [NON_LEADER]: Queue going to NON_LEADER mode. State: All replicated index: 0, Majority replicated index: 0, Committed index: 0, Last appended: 0.0, Last appended by leader: 0, Current term: 0, Majority size: -1, State: 0, Mode: NON_LEADER, active raft config: opid_index: -1 OBSOLETE_local: false peers { permanent_uuid: "62e086943da64e098102303357601d9c" member_type: VOTER last_known_addr { host: "127.0.107.193" port: 39573 } } peers { permanent_uuid: "f2ad9f3de9e64fae94daff219128d333" member_type: VOTER last_known_addr { host: "127.0.107.194" port: 42109 } } peers { permanent_uuid: "6b6dcba564d2491886072b367767fc7d" member_type: VOTER last_known_addr { host: "127.0.107.195" port: 41155 } }
I20260709 12:57:26.054234  1728 raft_consensus.cc:359] T fa24c61b54254c4db993dfa83af6b844 P f2ad9f3de9e64fae94daff219128d333 [term 0 FOLLOWER]: Replica starting. Triggering 0 pending ops. Active config: opid_index: -1 OBSOLETE_local: false peers { permanent_uuid: "62e086943da64e098102303357601d9c" member_type: VOTER last_known_addr { host: "127.0.107.193" port: 39573 } } peers { permanent_uuid: "f2ad9f3de9e64fae94daff219128d333" member_type: VOTER last_known_addr { host: "127.0.107.194" port: 42109 } } peers { permanent_uuid: "6b6dcba564d2491886072b367767fc7d" member_type: VOTER last_known_addr { host: "127.0.107.195" port: 41155 } }
I20260709 12:57:26.060235  1728 raft_consensus.cc:385] T fa24c61b54254c4db993dfa83af6b844 P f2ad9f3de9e64fae94daff219128d333 [term 0 FOLLOWER]: Consensus starting up: Expiring failure detector timer to make a prompt election more likely
I20260709 12:57:26.060508  1728 raft_consensus.cc:740] T fa24c61b54254c4db993dfa83af6b844 P f2ad9f3de9e64fae94daff219128d333 [term 0 FOLLOWER]: Becoming Follower/Learner. State: Replica: f2ad9f3de9e64fae94daff219128d333, State: Initialized, Role: FOLLOWER
I20260709 12:57:26.063010  1730 ts_tablet_manager.cc:1434] T 3c35bcfc82a749beb1565642eb53afee P 6b6dcba564d2491886072b367767fc7d: Time spent starting tablet: real 0.010s	user 0.003s	sys 0.002s
I20260709 12:57:26.063712  1730 tablet_bootstrap.cc:492] T 03942615a6824b11b0d2ed8eacc7ddc6 P 6b6dcba564d2491886072b367767fc7d: Bootstrap starting.
I20260709 12:57:26.063694  1733 ts_tablet_manager.cc:1434] T fa24c61b54254c4db993dfa83af6b844 P 62e086943da64e098102303357601d9c: Time spent starting tablet: real 0.023s	user 0.006s	sys 0.002s
I20260709 12:57:26.061062  1728 consensus_queue.cc:260] T fa24c61b54254c4db993dfa83af6b844 P f2ad9f3de9e64fae94daff219128d333 [NON_LEADER]: Queue going to NON_LEADER mode. State: All replicated index: 0, Majority replicated index: 0, Committed index: 0, Last appended: 0.0, Last appended by leader: 0, Current term: 0, Majority size: -1, State: 0, Mode: NON_LEADER, active raft config: opid_index: -1 OBSOLETE_local: false peers { permanent_uuid: "62e086943da64e098102303357601d9c" member_type: VOTER last_known_addr { host: "127.0.107.193" port: 39573 } } peers { permanent_uuid: "f2ad9f3de9e64fae94daff219128d333" member_type: VOTER last_known_addr { host: "127.0.107.194" port: 42109 } } peers { permanent_uuid: "6b6dcba564d2491886072b367767fc7d" member_type: VOTER last_known_addr { host: "127.0.107.195" port: 41155 } }
I20260709 12:57:26.067822  1733 tablet_bootstrap.cc:492] T 446112ec4a6c41a7afd0f74cd1c0bb30 P 62e086943da64e098102303357601d9c: Bootstrap starting.
I20260709 12:57:26.068297  1728 ts_tablet_manager.cc:1434] T fa24c61b54254c4db993dfa83af6b844 P f2ad9f3de9e64fae94daff219128d333: Time spent starting tablet: real 0.016s	user 0.005s	sys 0.000s
I20260709 12:57:26.069339  1728 tablet_bootstrap.cc:492] T 54d4edb3354d480bac3bed1c0488d791 P f2ad9f3de9e64fae94daff219128d333: Bootstrap starting.
I20260709 12:57:26.072321  1435 catalog_manager.cc:5697] T d3d5ced7be8a413c868424c93e378589 P f2ad9f3de9e64fae94daff219128d333 reported cstate change: term changed from 0 to 1, leader changed from <none> to f2ad9f3de9e64fae94daff219128d333 (127.0.107.194). New cstate: current_term: 1 leader_uuid: "f2ad9f3de9e64fae94daff219128d333" committed_config { opid_index: -1 OBSOLETE_local: false peers { permanent_uuid: "62e086943da64e098102303357601d9c" member_type: VOTER last_known_addr { host: "127.0.107.193" port: 39573 } health_report { overall_health: UNKNOWN } } peers { permanent_uuid: "f2ad9f3de9e64fae94daff219128d333" member_type: VOTER last_known_addr { host: "127.0.107.194" port: 42109 } health_report { overall_health: HEALTHY } } peers { permanent_uuid: "6b6dcba564d2491886072b367767fc7d" member_type: VOTER last_known_addr { host: "127.0.107.195" port: 41155 } health_report { overall_health: UNKNOWN } } }
I20260709 12:57:26.074589  1733 tablet_bootstrap.cc:654] T 446112ec4a6c41a7afd0f74cd1c0bb30 P 62e086943da64e098102303357601d9c: Neither blocks nor log segments found. Creating new log.
I20260709 12:57:26.079000  1807 consensus_queue.cc:1048] T 582876300530439f818ee024945dfd05 P 62e086943da64e098102303357601d9c [LEADER]: Connected to new peer: Peer: permanent_uuid: "6b6dcba564d2491886072b367767fc7d" member_type: VOTER last_known_addr { host: "127.0.107.195" port: 41155 }, Status: LMP_MISMATCH, Last received: 0.0, Next index: 1, Last known committed idx: 0, Time since last communication: 0.000s
I20260709 12:57:26.080706  1730 tablet_bootstrap.cc:654] T 03942615a6824b11b0d2ed8eacc7ddc6 P 6b6dcba564d2491886072b367767fc7d: Neither blocks nor log segments found. Creating new log.
I20260709 12:57:26.082706  1733 tablet_bootstrap.cc:492] T 446112ec4a6c41a7afd0f74cd1c0bb30 P 62e086943da64e098102303357601d9c: No bootstrap required, opened a new log
I20260709 12:57:26.083091  1733 ts_tablet_manager.cc:1403] T 446112ec4a6c41a7afd0f74cd1c0bb30 P 62e086943da64e098102303357601d9c: Time spent bootstrapping tablet: real 0.015s	user 0.009s	sys 0.000s
I20260709 12:57:26.088037  1733 raft_consensus.cc:359] T 446112ec4a6c41a7afd0f74cd1c0bb30 P 62e086943da64e098102303357601d9c [term 0 FOLLOWER]: Replica starting. Triggering 0 pending ops. Active config: opid_index: -1 OBSOLETE_local: false peers { permanent_uuid: "62e086943da64e098102303357601d9c" member_type: VOTER last_known_addr { host: "127.0.107.193" port: 39573 } } peers { permanent_uuid: "f2ad9f3de9e64fae94daff219128d333" member_type: VOTER last_known_addr { host: "127.0.107.194" port: 42109 } } peers { permanent_uuid: "6b6dcba564d2491886072b367767fc7d" member_type: VOTER last_known_addr { host: "127.0.107.195" port: 41155 } }
I20260709 12:57:26.088529  1728 tablet_bootstrap.cc:654] T 54d4edb3354d480bac3bed1c0488d791 P f2ad9f3de9e64fae94daff219128d333: Neither blocks nor log segments found. Creating new log.
I20260709 12:57:26.092969  1733 raft_consensus.cc:385] T 446112ec4a6c41a7afd0f74cd1c0bb30 P 62e086943da64e098102303357601d9c [term 0 FOLLOWER]: Consensus starting up: Expiring failure detector timer to make a prompt election more likely
I20260709 12:57:26.093276  1733 raft_consensus.cc:740] T 446112ec4a6c41a7afd0f74cd1c0bb30 P 62e086943da64e098102303357601d9c [term 0 FOLLOWER]: Becoming Follower/Learner. State: Replica: 62e086943da64e098102303357601d9c, State: Initialized, Role: FOLLOWER
I20260709 12:57:26.093915  1733 consensus_queue.cc:260] T 446112ec4a6c41a7afd0f74cd1c0bb30 P 62e086943da64e098102303357601d9c [NON_LEADER]: Queue going to NON_LEADER mode. State: All replicated index: 0, Majority replicated index: 0, Committed index: 0, Last appended: 0.0, Last appended by leader: 0, Current term: 0, Majority size: -1, State: 0, Mode: NON_LEADER, active raft config: opid_index: -1 OBSOLETE_local: false peers { permanent_uuid: "62e086943da64e098102303357601d9c" member_type: VOTER last_known_addr { host: "127.0.107.193" port: 39573 } } peers { permanent_uuid: "f2ad9f3de9e64fae94daff219128d333" member_type: VOTER last_known_addr { host: "127.0.107.194" port: 42109 } } peers { permanent_uuid: "6b6dcba564d2491886072b367767fc7d" member_type: VOTER last_known_addr { host: "127.0.107.195" port: 41155 } }
I20260709 12:57:26.096119  1728 tablet_bootstrap.cc:492] T 54d4edb3354d480bac3bed1c0488d791 P f2ad9f3de9e64fae94daff219128d333: No bootstrap required, opened a new log
I20260709 12:57:26.096926  1733 ts_tablet_manager.cc:1434] T 446112ec4a6c41a7afd0f74cd1c0bb30 P 62e086943da64e098102303357601d9c: Time spent starting tablet: real 0.014s	user 0.007s	sys 0.000s
I20260709 12:57:26.097033  1728 ts_tablet_manager.cc:1403] T 54d4edb3354d480bac3bed1c0488d791 P f2ad9f3de9e64fae94daff219128d333: Time spent bootstrapping tablet: real 0.028s	user 0.007s	sys 0.005s
I20260709 12:57:26.098254  1807 raft_consensus.cc:493] T 56b72b5933d8498ab503fed9105b6cc6 P 62e086943da64e098102303357601d9c [term 0 FOLLOWER]: Starting pre-election (no leader contacted us within the election timeout)
I20260709 12:57:26.098701  1807 raft_consensus.cc:515] T 56b72b5933d8498ab503fed9105b6cc6 P 62e086943da64e098102303357601d9c [term 0 FOLLOWER]: Starting pre-election with config: opid_index: -1 OBSOLETE_local: false peers { permanent_uuid: "62e086943da64e098102303357601d9c" member_type: VOTER last_known_addr { host: "127.0.107.193" port: 39573 } } peers { permanent_uuid: "f2ad9f3de9e64fae94daff219128d333" member_type: VOTER last_known_addr { host: "127.0.107.194" port: 42109 } } peers { permanent_uuid: "6b6dcba564d2491886072b367767fc7d" member_type: VOTER last_known_addr { host: "127.0.107.195" port: 41155 } }
I20260709 12:57:26.099524  1728 raft_consensus.cc:359] T 54d4edb3354d480bac3bed1c0488d791 P f2ad9f3de9e64fae94daff219128d333 [term 0 FOLLOWER]: Replica starting. Triggering 0 pending ops. Active config: opid_index: -1 OBSOLETE_local: false peers { permanent_uuid: "62e086943da64e098102303357601d9c" member_type: VOTER last_known_addr { host: "127.0.107.193" port: 39573 } } peers { permanent_uuid: "f2ad9f3de9e64fae94daff219128d333" member_type: VOTER last_known_addr { host: "127.0.107.194" port: 42109 } } peers { permanent_uuid: "6b6dcba564d2491886072b367767fc7d" member_type: VOTER last_known_addr { host: "127.0.107.195" port: 41155 } }
I20260709 12:57:26.100167  1728 raft_consensus.cc:385] T 54d4edb3354d480bac3bed1c0488d791 P f2ad9f3de9e64fae94daff219128d333 [term 0 FOLLOWER]: Consensus starting up: Expiring failure detector timer to make a prompt election more likely
I20260709 12:57:26.100458  1728 raft_consensus.cc:740] T 54d4edb3354d480bac3bed1c0488d791 P f2ad9f3de9e64fae94daff219128d333 [term 0 FOLLOWER]: Becoming Follower/Learner. State: Replica: f2ad9f3de9e64fae94daff219128d333, State: Initialized, Role: FOLLOWER
I20260709 12:57:26.100979  1807 leader_election.cc:290] T 56b72b5933d8498ab503fed9105b6cc6 P 62e086943da64e098102303357601d9c [CANDIDATE]: Term 1 pre-election: Requested pre-vote from peers f2ad9f3de9e64fae94daff219128d333 (127.0.107.194:42109), 6b6dcba564d2491886072b367767fc7d (127.0.107.195:41155)
I20260709 12:57:26.102455  1686 tablet_service.cc:1917] Received RequestConsensusVote() RPC: tablet_id: "56b72b5933d8498ab503fed9105b6cc6" candidate_uuid: "62e086943da64e098102303357601d9c" candidate_term: 1 candidate_status { last_received { term: 0 index: 0 } } ignore_live_leader: false dest_uuid: "6b6dcba564d2491886072b367767fc7d" is_pre_election: true
I20260709 12:57:26.101076  1728 consensus_queue.cc:260] T 54d4edb3354d480bac3bed1c0488d791 P f2ad9f3de9e64fae94daff219128d333 [NON_LEADER]: Queue going to NON_LEADER mode. State: All replicated index: 0, Majority replicated index: 0, Committed index: 0, Last appended: 0.0, Last appended by leader: 0, Current term: 0, Majority size: -1, State: 0, Mode: NON_LEADER, active raft config: opid_index: -1 OBSOLETE_local: false peers { permanent_uuid: "62e086943da64e098102303357601d9c" member_type: VOTER last_known_addr { host: "127.0.107.193" port: 39573 } } peers { permanent_uuid: "f2ad9f3de9e64fae94daff219128d333" member_type: VOTER last_known_addr { host: "127.0.107.194" port: 42109 } } peers { permanent_uuid: "6b6dcba564d2491886072b367767fc7d" member_type: VOTER last_known_addr { host: "127.0.107.195" port: 41155 } }
W20260709 12:57:26.103797  1505 leader_election.cc:343] T 56b72b5933d8498ab503fed9105b6cc6 P 62e086943da64e098102303357601d9c [CANDIDATE]: Term 1 pre-election: Tablet error from VoteRequest() call to peer 6b6dcba564d2491886072b367767fc7d (127.0.107.195:41155): Illegal state: must be running to vote when last-logged opid is not known
I20260709 12:57:26.104727  1730 tablet_bootstrap.cc:492] T 03942615a6824b11b0d2ed8eacc7ddc6 P 6b6dcba564d2491886072b367767fc7d: No bootstrap required, opened a new log
I20260709 12:57:26.102475  1733 tablet_bootstrap.cc:492] T 06d332065fff470982dffc90382468c4 P 62e086943da64e098102303357601d9c: Bootstrap starting.
I20260709 12:57:26.105134  1730 ts_tablet_manager.cc:1403] T 03942615a6824b11b0d2ed8eacc7ddc6 P 6b6dcba564d2491886072b367767fc7d: Time spent bootstrapping tablet: real 0.042s	user 0.010s	sys 0.001s
I20260709 12:57:26.105063  1807 consensus_queue.cc:1048] T 582876300530439f818ee024945dfd05 P 62e086943da64e098102303357601d9c [LEADER]: Connected to new peer: Peer: permanent_uuid: "f2ad9f3de9e64fae94daff219128d333" member_type: VOTER last_known_addr { host: "127.0.107.194" port: 42109 }, Status: LMP_MISMATCH, Last received: 0.0, Next index: 1, Last known committed idx: 0, Time since last communication: 0.001s
I20260709 12:57:26.107690  1730 raft_consensus.cc:359] T 03942615a6824b11b0d2ed8eacc7ddc6 P 6b6dcba564d2491886072b367767fc7d [term 0 FOLLOWER]: Replica starting. Triggering 0 pending ops. Active config: opid_index: -1 OBSOLETE_local: false peers { permanent_uuid: "62e086943da64e098102303357601d9c" member_type: VOTER last_known_addr { host: "127.0.107.193" port: 39573 } } peers { permanent_uuid: "f2ad9f3de9e64fae94daff219128d333" member_type: VOTER last_known_addr { host: "127.0.107.194" port: 42109 } } peers { permanent_uuid: "6b6dcba564d2491886072b367767fc7d" member_type: VOTER last_known_addr { host: "127.0.107.195" port: 41155 } }
I20260709 12:57:26.108269  1730 raft_consensus.cc:385] T 03942615a6824b11b0d2ed8eacc7ddc6 P 6b6dcba564d2491886072b367767fc7d [term 0 FOLLOWER]: Consensus starting up: Expiring failure detector timer to make a prompt election more likely
I20260709 12:57:26.108518  1730 raft_consensus.cc:740] T 03942615a6824b11b0d2ed8eacc7ddc6 P 6b6dcba564d2491886072b367767fc7d [term 0 FOLLOWER]: Becoming Follower/Learner. State: Replica: 6b6dcba564d2491886072b367767fc7d, State: Initialized, Role: FOLLOWER
I20260709 12:57:26.109066  1730 consensus_queue.cc:260] T 03942615a6824b11b0d2ed8eacc7ddc6 P 6b6dcba564d2491886072b367767fc7d [NON_LEADER]: Queue going to NON_LEADER mode. State: All replicated index: 0, Majority replicated index: 0, Committed index: 0, Last appended: 0.0, Last appended by leader: 0, Current term: 0, Majority size: -1, State: 0, Mode: NON_LEADER, active raft config: opid_index: -1 OBSOLETE_local: false peers { permanent_uuid: "62e086943da64e098102303357601d9c" member_type: VOTER last_known_addr { host: "127.0.107.193" port: 39573 } } peers { permanent_uuid: "f2ad9f3de9e64fae94daff219128d333" member_type: VOTER last_known_addr { host: "127.0.107.194" port: 42109 } } peers { permanent_uuid: "6b6dcba564d2491886072b367767fc7d" member_type: VOTER last_known_addr { host: "127.0.107.195" port: 41155 } }
I20260709 12:57:26.110535  1613 tablet_service.cc:1917] Received RequestConsensusVote() RPC: tablet_id: "56b72b5933d8498ab503fed9105b6cc6" candidate_uuid: "62e086943da64e098102303357601d9c" candidate_term: 1 candidate_status { last_received { term: 0 index: 0 } } ignore_live_leader: false dest_uuid: "f2ad9f3de9e64fae94daff219128d333" is_pre_election: true
I20260709 12:57:26.111150  1730 ts_tablet_manager.cc:1434] T 03942615a6824b11b0d2ed8eacc7ddc6 P 6b6dcba564d2491886072b367767fc7d: Time spent starting tablet: real 0.006s	user 0.004s	sys 0.000s
I20260709 12:57:26.111102  1613 raft_consensus.cc:2468] T 56b72b5933d8498ab503fed9105b6cc6 P f2ad9f3de9e64fae94daff219128d333 [term 0 FOLLOWER]: Leader pre-election vote request: Granting yes vote for candidate 62e086943da64e098102303357601d9c in term 0.
I20260709 12:57:26.111589  1733 tablet_bootstrap.cc:654] T 06d332065fff470982dffc90382468c4 P 62e086943da64e098102303357601d9c: Neither blocks nor log segments found. Creating new log.
I20260709 12:57:26.112012  1730 tablet_bootstrap.cc:492] T 5736fd413e0f4e15aa4b2783800138ab P 6b6dcba564d2491886072b367767fc7d: Bootstrap starting.
I20260709 12:57:26.112339  1503 leader_election.cc:304] T 56b72b5933d8498ab503fed9105b6cc6 P 62e086943da64e098102303357601d9c [CANDIDATE]: Term 1 pre-election: Election decided. Result: candidate won. Election summary: received 3 responses out of 3 voters: 2 yes votes; 1 no votes. yes voters: 62e086943da64e098102303357601d9c, f2ad9f3de9e64fae94daff219128d333; no voters: 6b6dcba564d2491886072b367767fc7d
I20260709 12:57:26.113380  1807 raft_consensus.cc:2804] T 56b72b5933d8498ab503fed9105b6cc6 P 62e086943da64e098102303357601d9c [term 0 FOLLOWER]: Leader pre-election won for term 1
I20260709 12:57:26.113808  1807 raft_consensus.cc:493] T 56b72b5933d8498ab503fed9105b6cc6 P 62e086943da64e098102303357601d9c [term 0 FOLLOWER]: Starting leader election (no leader contacted us within the election timeout)
I20260709 12:57:26.114550  1807 raft_consensus.cc:3060] T 56b72b5933d8498ab503fed9105b6cc6 P 62e086943da64e098102303357601d9c [term 0 FOLLOWER]: Advancing to term 1
I20260709 12:57:26.119266  1730 tablet_bootstrap.cc:654] T 5736fd413e0f4e15aa4b2783800138ab P 6b6dcba564d2491886072b367767fc7d: Neither blocks nor log segments found. Creating new log.
I20260709 12:57:26.114687  1728 ts_tablet_manager.cc:1434] T 54d4edb3354d480bac3bed1c0488d791 P f2ad9f3de9e64fae94daff219128d333: Time spent starting tablet: real 0.017s	user 0.005s	sys 0.000s
I20260709 12:57:26.122205  1728 tablet_bootstrap.cc:492] T 6ef97c0bc8b04b48b9b1064b09d1b52b P f2ad9f3de9e64fae94daff219128d333: Bootstrap starting.
I20260709 12:57:26.124238  1806 raft_consensus.cc:493] T 6145b6858379440991544e1b32be675b P 62e086943da64e098102303357601d9c [term 0 FOLLOWER]: Starting pre-election (no leader contacted us within the election timeout)
I20260709 12:57:26.124719  1806 raft_consensus.cc:515] T 6145b6858379440991544e1b32be675b P 62e086943da64e098102303357601d9c [term 0 FOLLOWER]: Starting pre-election with config: opid_index: -1 OBSOLETE_local: false peers { permanent_uuid: "62e086943da64e098102303357601d9c" member_type: VOTER last_known_addr { host: "127.0.107.193" port: 39573 } } peers { permanent_uuid: "f2ad9f3de9e64fae94daff219128d333" member_type: VOTER last_known_addr { host: "127.0.107.194" port: 42109 } } peers { permanent_uuid: "6b6dcba564d2491886072b367767fc7d" member_type: VOTER last_known_addr { host: "127.0.107.195" port: 41155 } }
I20260709 12:57:26.128556  1686 tablet_service.cc:1917] Received RequestConsensusVote() RPC: tablet_id: "6145b6858379440991544e1b32be675b" candidate_uuid: "62e086943da64e098102303357601d9c" candidate_term: 1 candidate_status { last_received { term: 0 index: 0 } } ignore_live_leader: false dest_uuid: "6b6dcba564d2491886072b367767fc7d" is_pre_election: true
I20260709 12:57:26.129237  1686 raft_consensus.cc:2468] T 6145b6858379440991544e1b32be675b P 6b6dcba564d2491886072b367767fc7d [term 0 FOLLOWER]: Leader pre-election vote request: Granting yes vote for candidate 62e086943da64e098102303357601d9c in term 0.
I20260709 12:57:26.130606  1806 leader_election.cc:290] T 6145b6858379440991544e1b32be675b P 62e086943da64e098102303357601d9c [CANDIDATE]: Term 1 pre-election: Requested pre-vote from peers f2ad9f3de9e64fae94daff219128d333 (127.0.107.194:42109), 6b6dcba564d2491886072b367767fc7d (127.0.107.195:41155)
I20260709 12:57:26.131465  1505 leader_election.cc:304] T 6145b6858379440991544e1b32be675b P 62e086943da64e098102303357601d9c [CANDIDATE]: Term 1 pre-election: Election decided. Result: candidate won. Election summary: received 2 responses out of 3 voters: 2 yes votes; 0 no votes. yes voters: 62e086943da64e098102303357601d9c, 6b6dcba564d2491886072b367767fc7d; no voters: 
I20260709 12:57:26.133160  1728 tablet_bootstrap.cc:654] T 6ef97c0bc8b04b48b9b1064b09d1b52b P f2ad9f3de9e64fae94daff219128d333: Neither blocks nor log segments found. Creating new log.
I20260709 12:57:26.135659  1806 raft_consensus.cc:2804] T 6145b6858379440991544e1b32be675b P 62e086943da64e098102303357601d9c [term 0 FOLLOWER]: Leader pre-election won for term 1
I20260709 12:57:26.136019  1806 raft_consensus.cc:493] T 6145b6858379440991544e1b32be675b P 62e086943da64e098102303357601d9c [term 0 FOLLOWER]: Starting leader election (no leader contacted us within the election timeout)
I20260709 12:57:26.136323  1806 raft_consensus.cc:3060] T 6145b6858379440991544e1b32be675b P 62e086943da64e098102303357601d9c [term 0 FOLLOWER]: Advancing to term 1
I20260709 12:57:26.136638  1612 tablet_service.cc:1917] Received RequestConsensusVote() RPC: tablet_id: "6145b6858379440991544e1b32be675b" candidate_uuid: "62e086943da64e098102303357601d9c" candidate_term: 1 candidate_status { last_received { term: 0 index: 0 } } ignore_live_leader: false dest_uuid: "f2ad9f3de9e64fae94daff219128d333" is_pre_election: true
I20260709 12:57:26.137663  1730 tablet_bootstrap.cc:492] T 5736fd413e0f4e15aa4b2783800138ab P 6b6dcba564d2491886072b367767fc7d: No bootstrap required, opened a new log
I20260709 12:57:26.138065  1730 ts_tablet_manager.cc:1403] T 5736fd413e0f4e15aa4b2783800138ab P 6b6dcba564d2491886072b367767fc7d: Time spent bootstrapping tablet: real 0.026s	user 0.004s	sys 0.006s
I20260709 12:57:26.138036  1823 raft_consensus.cc:493] T bd9f1b076ac14b8ca4a1a15234f4a3c8 P f2ad9f3de9e64fae94daff219128d333 [term 0 FOLLOWER]: Starting pre-election (no leader contacted us within the election timeout)
I20260709 12:57:26.138700  1823 raft_consensus.cc:515] T bd9f1b076ac14b8ca4a1a15234f4a3c8 P f2ad9f3de9e64fae94daff219128d333 [term 0 FOLLOWER]: Starting pre-election with config: opid_index: -1 OBSOLETE_local: false peers { permanent_uuid: "62e086943da64e098102303357601d9c" member_type: VOTER last_known_addr { host: "127.0.107.193" port: 39573 } } peers { permanent_uuid: "f2ad9f3de9e64fae94daff219128d333" member_type: VOTER last_known_addr { host: "127.0.107.194" port: 42109 } } peers { permanent_uuid: "6b6dcba564d2491886072b367767fc7d" member_type: VOTER last_known_addr { host: "127.0.107.195" port: 41155 } }
I20260709 12:57:26.139704  1728 tablet_bootstrap.cc:492] T 6ef97c0bc8b04b48b9b1064b09d1b52b P f2ad9f3de9e64fae94daff219128d333: No bootstrap required, opened a new log
I20260709 12:57:26.140082  1728 ts_tablet_manager.cc:1403] T 6ef97c0bc8b04b48b9b1064b09d1b52b P f2ad9f3de9e64fae94daff219128d333: Time spent bootstrapping tablet: real 0.018s	user 0.006s	sys 0.003s
I20260709 12:57:26.140832  1823 leader_election.cc:290] T bd9f1b076ac14b8ca4a1a15234f4a3c8 P f2ad9f3de9e64fae94daff219128d333 [CANDIDATE]: Term 1 pre-election: Requested pre-vote from peers 62e086943da64e098102303357601d9c (127.0.107.193:39573), 6b6dcba564d2491886072b367767fc7d (127.0.107.195:41155)
I20260709 12:57:26.141227  1730 raft_consensus.cc:359] T 5736fd413e0f4e15aa4b2783800138ab P 6b6dcba564d2491886072b367767fc7d [term 0 FOLLOWER]: Replica starting. Triggering 0 pending ops. Active config: opid_index: -1 OBSOLETE_local: false peers { permanent_uuid: "62e086943da64e098102303357601d9c" member_type: VOTER last_known_addr { host: "127.0.107.193" port: 39573 } } peers { permanent_uuid: "f2ad9f3de9e64fae94daff219128d333" member_type: VOTER last_known_addr { host: "127.0.107.194" port: 42109 } } peers { permanent_uuid: "6b6dcba564d2491886072b367767fc7d" member_type: VOTER last_known_addr { host: "127.0.107.195" port: 41155 } }
I20260709 12:57:26.141857  1730 raft_consensus.cc:385] T 5736fd413e0f4e15aa4b2783800138ab P 6b6dcba564d2491886072b367767fc7d [term 0 FOLLOWER]: Consensus starting up: Expiring failure detector timer to make a prompt election more likely
I20260709 12:57:26.142118  1730 raft_consensus.cc:740] T 5736fd413e0f4e15aa4b2783800138ab P 6b6dcba564d2491886072b367767fc7d [term 0 FOLLOWER]: Becoming Follower/Learner. State: Replica: 6b6dcba564d2491886072b367767fc7d, State: Initialized, Role: FOLLOWER
