I20260709 13:05:51.373251 16158 tablet_service.cc:1917] Received RequestConsensusVote() RPC: tablet_id: "bddb18534b4c411e9e11c7f6c369ea9e" candidate_uuid: "950d8e29e5164c1bacc44ac5c378638e" candidate_term: 1 candidate_status { last_received { term: 0 index: 0 } } ignore_live_leader: false dest_uuid: "5d8e6c6722f047e49dd2353eb5a8d544" is_pre_election: true
I20260709 13:05:51.373435 16156 tablet_service.cc:1917] Received RequestConsensusVote() RPC: tablet_id: "bddb18534b4c411e9e11c7f6c369ea9e" candidate_uuid: "950d8e29e5164c1bacc44ac5c378638e" candidate_term: 1 candidate_status { last_received { term: 0 index: 0 } } ignore_live_leader: false dest_uuid: "5d8e6c6722f047e49dd2353eb5a8d544"
I20260709 13:05:51.374392 16157 tablet_service.cc:1917] Received RequestConsensusVote() RPC: tablet_id: "d17686ae0ed14dc5abea4e05b80f84cf" candidate_uuid: "950d8e29e5164c1bacc44ac5c378638e" candidate_term: 1 candidate_status { last_received { term: 0 index: 0 } } ignore_live_leader: false dest_uuid: "5d8e6c6722f047e49dd2353eb5a8d544" is_pre_election: true
I20260709 13:05:51.375034 16157 raft_consensus.cc:2468] T d17686ae0ed14dc5abea4e05b80f84cf P 5d8e6c6722f047e49dd2353eb5a8d544 [term 0 FOLLOWER]: Leader pre-election vote request: Granting yes vote for candidate 950d8e29e5164c1bacc44ac5c378638e in term 0.
W20260709 13:05:51.377460 16048 leader_election.cc:343] T bddb18534b4c411e9e11c7f6c369ea9e P 950d8e29e5164c1bacc44ac5c378638e [CANDIDATE]: Term 1 pre-election: Tablet error from VoteRequest() call to peer 5d8e6c6722f047e49dd2353eb5a8d544 (127.15.6.3:33403): Illegal state: must be running to vote when last-logged opid is not known
W20260709 13:05:51.378383 16048 leader_election.cc:343] T bddb18534b4c411e9e11c7f6c369ea9e P 950d8e29e5164c1bacc44ac5c378638e [CANDIDATE]: Term 1 election: Tablet error from VoteRequest() call to peer 5d8e6c6722f047e49dd2353eb5a8d544 (127.15.6.3:33403): Illegal state: must be running to vote when last-logged opid is not known
I20260709 13:05:51.379055 16048 leader_election.cc:304] T d17686ae0ed14dc5abea4e05b80f84cf P 950d8e29e5164c1bacc44ac5c378638e [CANDIDATE]: Term 1 pre-election: Election decided. Result: candidate won. Election summary: received 3 responses out of 3 voters: 2 yes votes; 1 no votes. yes voters: 5d8e6c6722f047e49dd2353eb5a8d544, 950d8e29e5164c1bacc44ac5c378638e; no voters: 6d89c51a229c43beaa0b32dc74d4104c
I20260709 13:05:51.380522 15907 catalog_manager.cc:5697] T 15f8695c04ae45cc9391988c92faa5a0 P 6d89c51a229c43beaa0b32dc74d4104c reported cstate change: term changed from 0 to 1, leader changed from <none> to 6d89c51a229c43beaa0b32dc74d4104c (127.15.6.1). New cstate: current_term: 1 leader_uuid: "6d89c51a229c43beaa0b32dc74d4104c" committed_config { opid_index: -1 OBSOLETE_local: false peers { permanent_uuid: "6d89c51a229c43beaa0b32dc74d4104c" member_type: VOTER last_known_addr { host: "127.15.6.1" port: 45461 } health_report { overall_health: HEALTHY } } peers { permanent_uuid: "950d8e29e5164c1bacc44ac5c378638e" member_type: VOTER last_known_addr { host: "127.15.6.2" port: 41161 } health_report { overall_health: UNKNOWN } } peers { permanent_uuid: "5d8e6c6722f047e49dd2353eb5a8d544" member_type: VOTER last_known_addr { host: "127.15.6.3" port: 33403 } health_report { overall_health: UNKNOWN } } }
I20260709 13:05:51.381744 16009 tablet_service.cc:1917] Received RequestConsensusVote() RPC: tablet_id: "bddb18534b4c411e9e11c7f6c369ea9e" candidate_uuid: "950d8e29e5164c1bacc44ac5c378638e" candidate_term: 1 candidate_status { last_received { term: 0 index: 0 } } ignore_live_leader: false dest_uuid: "6d89c51a229c43beaa0b32dc74d4104c"
I20260709 13:05:51.382362 16009 raft_consensus.cc:3060] T bddb18534b4c411e9e11c7f6c369ea9e P 6d89c51a229c43beaa0b32dc74d4104c [term 0 FOLLOWER]: Advancing to term 1
I20260709 13:05:51.389675 16009 raft_consensus.cc:2468] T bddb18534b4c411e9e11c7f6c369ea9e P 6d89c51a229c43beaa0b32dc74d4104c [term 1 FOLLOWER]: Leader election vote request: Granting yes vote for candidate 950d8e29e5164c1bacc44ac5c378638e in term 1.
I20260709 13:05:51.390794 16048 leader_election.cc:304] T bddb18534b4c411e9e11c7f6c369ea9e P 950d8e29e5164c1bacc44ac5c378638e [CANDIDATE]: Term 1 election: Election decided. Result: candidate won. Election summary: received 3 responses out of 3 voters: 2 yes votes; 1 no votes. yes voters: 6d89c51a229c43beaa0b32dc74d4104c, 950d8e29e5164c1bacc44ac5c378638e; no voters: 5d8e6c6722f047e49dd2353eb5a8d544
I20260709 13:05:51.393877 16204 leader_election.cc:290] T bddb18534b4c411e9e11c7f6c369ea9e P 950d8e29e5164c1bacc44ac5c378638e [CANDIDATE]: Term 1 election: Requested vote from peers 5d8e6c6722f047e49dd2353eb5a8d544 (127.15.6.3:33403), 6d89c51a229c43beaa0b32dc74d4104c (127.15.6.1:45461)
I20260709 13:05:51.394441 16204 raft_consensus.cc:2804] T d17686ae0ed14dc5abea4e05b80f84cf P 950d8e29e5164c1bacc44ac5c378638e [term 0 FOLLOWER]: Leader pre-election won for term 1
I20260709 13:05:51.394762 16204 raft_consensus.cc:493] T d17686ae0ed14dc5abea4e05b80f84cf P 950d8e29e5164c1bacc44ac5c378638e [term 0 FOLLOWER]: Starting leader election (no leader contacted us within the election timeout)
I20260709 13:05:51.395087 16204 raft_consensus.cc:3060] T d17686ae0ed14dc5abea4e05b80f84cf P 950d8e29e5164c1bacc44ac5c378638e [term 0 FOLLOWER]: Advancing to term 1
I20260709 13:05:51.399274 16223 raft_consensus.cc:493] T bb1b3f46b3e54797b1af255e9048a7cb P 6d89c51a229c43beaa0b32dc74d4104c [term 0 FOLLOWER]: Starting pre-election (no leader contacted us within the election timeout)
I20260709 13:05:51.399744 16223 raft_consensus.cc:515] T bb1b3f46b3e54797b1af255e9048a7cb P 6d89c51a229c43beaa0b32dc74d4104c [term 0 FOLLOWER]: Starting pre-election with config: opid_index: -1 OBSOLETE_local: false peers { permanent_uuid: "6d89c51a229c43beaa0b32dc74d4104c" member_type: VOTER last_known_addr { host: "127.15.6.1" port: 45461 } } peers { permanent_uuid: "950d8e29e5164c1bacc44ac5c378638e" member_type: VOTER last_known_addr { host: "127.15.6.2" port: 41161 } } peers { permanent_uuid: "5d8e6c6722f047e49dd2353eb5a8d544" member_type: VOTER last_known_addr { host: "127.15.6.3" port: 33403 } }
I20260709 13:05:51.402434 16083 tablet_service.cc:1917] Received RequestConsensusVote() RPC: tablet_id: "bb1b3f46b3e54797b1af255e9048a7cb" candidate_uuid: "6d89c51a229c43beaa0b32dc74d4104c" candidate_term: 1 candidate_status { last_received { term: 0 index: 0 } } ignore_live_leader: false dest_uuid: "950d8e29e5164c1bacc44ac5c378638e" is_pre_election: true
I20260709 13:05:51.403040 16083 raft_consensus.cc:2468] T bb1b3f46b3e54797b1af255e9048a7cb P 950d8e29e5164c1bacc44ac5c378638e [term 0 FOLLOWER]: Leader pre-election vote request: Granting yes vote for candidate 6d89c51a229c43beaa0b32dc74d4104c in term 0.
I20260709 13:05:51.404326 15972 leader_election.cc:304] T bb1b3f46b3e54797b1af255e9048a7cb P 6d89c51a229c43beaa0b32dc74d4104c [CANDIDATE]: Term 1 pre-election: Election decided. Result: candidate won. Election summary: received 2 responses out of 3 voters: 2 yes votes; 0 no votes. yes voters: 6d89c51a229c43beaa0b32dc74d4104c, 950d8e29e5164c1bacc44ac5c378638e; no voters: 
I20260709 13:05:51.405159 16208 raft_consensus.cc:2804] T bb1b3f46b3e54797b1af255e9048a7cb P 6d89c51a229c43beaa0b32dc74d4104c [term 0 FOLLOWER]: Leader pre-election won for term 1
I20260709 13:05:51.405521 16208 raft_consensus.cc:493] T bb1b3f46b3e54797b1af255e9048a7cb P 6d89c51a229c43beaa0b32dc74d4104c [term 0 FOLLOWER]: Starting leader election (no leader contacted us within the election timeout)
I20260709 13:05:51.405838 16208 raft_consensus.cc:3060] T bb1b3f46b3e54797b1af255e9048a7cb P 6d89c51a229c43beaa0b32dc74d4104c [term 0 FOLLOWER]: Advancing to term 1
I20260709 13:05:51.413425 16157 tablet_service.cc:1917] Received RequestConsensusVote() RPC: tablet_id: "bb1b3f46b3e54797b1af255e9048a7cb" candidate_uuid: "6d89c51a229c43beaa0b32dc74d4104c" candidate_term: 1 candidate_status { last_received { term: 0 index: 0 } } ignore_live_leader: false dest_uuid: "5d8e6c6722f047e49dd2353eb5a8d544" is_pre_election: true
I20260709 13:05:51.414045 16157 raft_consensus.cc:2468] T bb1b3f46b3e54797b1af255e9048a7cb P 5d8e6c6722f047e49dd2353eb5a8d544 [term 0 FOLLOWER]: Leader pre-election vote request: Granting yes vote for candidate 6d89c51a229c43beaa0b32dc74d4104c in term 0.
I20260709 13:05:51.415347 16223 leader_election.cc:290] T bb1b3f46b3e54797b1af255e9048a7cb P 6d89c51a229c43beaa0b32dc74d4104c [CANDIDATE]: Term 1 pre-election: Requested pre-vote from peers 950d8e29e5164c1bacc44ac5c378638e (127.15.6.2:41161), 5d8e6c6722f047e49dd2353eb5a8d544 (127.15.6.3:33403)
I20260709 13:05:51.416661 16208 raft_consensus.cc:515] T bb1b3f46b3e54797b1af255e9048a7cb P 6d89c51a229c43beaa0b32dc74d4104c [term 1 FOLLOWER]: Starting leader election with config: opid_index: -1 OBSOLETE_local: false peers { permanent_uuid: "6d89c51a229c43beaa0b32dc74d4104c" member_type: VOTER last_known_addr { host: "127.15.6.1" port: 45461 } } peers { permanent_uuid: "950d8e29e5164c1bacc44ac5c378638e" member_type: VOTER last_known_addr { host: "127.15.6.2" port: 41161 } } peers { permanent_uuid: "5d8e6c6722f047e49dd2353eb5a8d544" member_type: VOTER last_known_addr { host: "127.15.6.3" port: 33403 } }
I20260709 13:05:51.419278 16083 tablet_service.cc:1917] Received RequestConsensusVote() RPC: tablet_id: "bb1b3f46b3e54797b1af255e9048a7cb" candidate_uuid: "6d89c51a229c43beaa0b32dc74d4104c" candidate_term: 1 candidate_status { last_received { term: 0 index: 0 } } ignore_live_leader: false dest_uuid: "950d8e29e5164c1bacc44ac5c378638e"
I20260709 13:05:51.419785 16083 raft_consensus.cc:3060] T bb1b3f46b3e54797b1af255e9048a7cb P 950d8e29e5164c1bacc44ac5c378638e [term 0 FOLLOWER]: Advancing to term 1
I20260709 13:05:51.425338 16157 tablet_service.cc:1917] Received RequestConsensusVote() RPC: tablet_id: "bb1b3f46b3e54797b1af255e9048a7cb" candidate_uuid: "6d89c51a229c43beaa0b32dc74d4104c" candidate_term: 1 candidate_status { last_received { term: 0 index: 0 } } ignore_live_leader: false dest_uuid: "5d8e6c6722f047e49dd2353eb5a8d544"
I20260709 13:05:51.425882 16157 raft_consensus.cc:3060] T bb1b3f46b3e54797b1af255e9048a7cb P 5d8e6c6722f047e49dd2353eb5a8d544 [term 0 FOLLOWER]: Advancing to term 1
I20260709 13:05:51.434422 16083 raft_consensus.cc:2468] T bb1b3f46b3e54797b1af255e9048a7cb P 950d8e29e5164c1bacc44ac5c378638e [term 1 FOLLOWER]: Leader election vote request: Granting yes vote for candidate 6d89c51a229c43beaa0b32dc74d4104c in term 1.
I20260709 13:05:51.435587 15972 leader_election.cc:304] T bb1b3f46b3e54797b1af255e9048a7cb P 6d89c51a229c43beaa0b32dc74d4104c [CANDIDATE]: Term 1 election: Election decided. Result: candidate won. Election summary: received 2 responses out of 3 voters: 2 yes votes; 0 no votes. yes voters: 6d89c51a229c43beaa0b32dc74d4104c, 950d8e29e5164c1bacc44ac5c378638e; no voters: 
I20260709 13:05:51.436383 16222 raft_consensus.cc:2804] T bb1b3f46b3e54797b1af255e9048a7cb P 6d89c51a229c43beaa0b32dc74d4104c [term 1 FOLLOWER]: Leader election won for term 1
I20260709 13:05:51.436833 16222 raft_consensus.cc:697] T bb1b3f46b3e54797b1af255e9048a7cb P 6d89c51a229c43beaa0b32dc74d4104c [term 1 LEADER]: Becoming Leader. State: Replica: 6d89c51a229c43beaa0b32dc74d4104c, State: Running, Role: LEADER
I20260709 13:05:51.437644 16222 consensus_queue.cc:237] T bb1b3f46b3e54797b1af255e9048a7cb P 6d89c51a229c43beaa0b32dc74d4104c [LEADER]: Queue going to LEADER mode. State: All replicated index: 0, Majority replicated index: 0, Committed index: 0, Last appended: 0.0, Last appended by leader: 0, Current term: 1, Majority size: 2, State: 0, Mode: LEADER, active raft config: opid_index: -1 OBSOLETE_local: false peers { permanent_uuid: "6d89c51a229c43beaa0b32dc74d4104c" member_type: VOTER last_known_addr { host: "127.15.6.1" port: 45461 } } peers { permanent_uuid: "950d8e29e5164c1bacc44ac5c378638e" member_type: VOTER last_known_addr { host: "127.15.6.2" port: 41161 } } peers { permanent_uuid: "5d8e6c6722f047e49dd2353eb5a8d544" member_type: VOTER last_known_addr { host: "127.15.6.3" port: 33403 } }
I20260709 13:05:51.442030 16208 leader_election.cc:290] T bb1b3f46b3e54797b1af255e9048a7cb P 6d89c51a229c43beaa0b32dc74d4104c [CANDIDATE]: Term 1 election: Requested vote from peers 950d8e29e5164c1bacc44ac5c378638e (127.15.6.2:41161), 5d8e6c6722f047e49dd2353eb5a8d544 (127.15.6.3:33403)
I20260709 13:05:51.449205 16157 raft_consensus.cc:2468] T bb1b3f46b3e54797b1af255e9048a7cb P 5d8e6c6722f047e49dd2353eb5a8d544 [term 1 FOLLOWER]: Leader election vote request: Granting yes vote for candidate 6d89c51a229c43beaa0b32dc74d4104c in term 1.
I20260709 13:05:51.450525 16200 tablet_bootstrap.cc:492] T 99402b2c62e0458e8ae777dcaeb05eac P 6d89c51a229c43beaa0b32dc74d4104c: No bootstrap required, opened a new log
I20260709 13:05:51.450955 16200 ts_tablet_manager.cc:1403] T 99402b2c62e0458e8ae777dcaeb05eac P 6d89c51a229c43beaa0b32dc74d4104c: Time spent bootstrapping tablet: real 0.153s	user 0.048s	sys 0.089s
I20260709 13:05:51.453353 16199 tablet_bootstrap.cc:492] T b80ebf0e6e2b46508d208c0b01bffa6b P 5d8e6c6722f047e49dd2353eb5a8d544: No bootstrap required, opened a new log
W20260709 13:05:51.454761 16048 outbound_call.cc:321] RPC callback for RPC call kudu.consensus.ConsensusService.RequestConsensusVote -> {remote=127.15.6.1:45461, user_credentials={real_user=slave}} blocked reactor thread for 64068.2us
I20260709 13:05:51.454041 16239 raft_consensus.cc:2804] T bddb18534b4c411e9e11c7f6c369ea9e P 950d8e29e5164c1bacc44ac5c378638e [term 1 FOLLOWER]: Leader election won for term 1
I20260709 13:05:51.454732 16200 raft_consensus.cc:359] T 99402b2c62e0458e8ae777dcaeb05eac P 6d89c51a229c43beaa0b32dc74d4104c [term 0 FOLLOWER]: Replica starting. Triggering 0 pending ops. Active config: opid_index: -1 OBSOLETE_local: false peers { permanent_uuid: "6d89c51a229c43beaa0b32dc74d4104c" member_type: VOTER last_known_addr { host: "127.15.6.1" port: 45461 } } peers { permanent_uuid: "950d8e29e5164c1bacc44ac5c378638e" member_type: VOTER last_known_addr { host: "127.15.6.2" port: 41161 } } peers { permanent_uuid: "5d8e6c6722f047e49dd2353eb5a8d544" member_type: VOTER last_known_addr { host: "127.15.6.3" port: 33403 } }
I20260709 13:05:51.455497 16200 raft_consensus.cc:385] T 99402b2c62e0458e8ae777dcaeb05eac P 6d89c51a229c43beaa0b32dc74d4104c [term 0 FOLLOWER]: Consensus starting up: Expiring failure detector timer to make a prompt election more likely
I20260709 13:05:51.455561 16239 raft_consensus.cc:697] T bddb18534b4c411e9e11c7f6c369ea9e P 950d8e29e5164c1bacc44ac5c378638e [term 1 LEADER]: Becoming Leader. State: Replica: 950d8e29e5164c1bacc44ac5c378638e, State: Running, Role: LEADER
I20260709 13:05:51.455814 16200 raft_consensus.cc:740] T 99402b2c62e0458e8ae777dcaeb05eac P 6d89c51a229c43beaa0b32dc74d4104c [term 0 FOLLOWER]: Becoming Follower/Learner. State: Replica: 6d89c51a229c43beaa0b32dc74d4104c, State: Initialized, Role: FOLLOWER
I20260709 13:05:51.455003 16199 ts_tablet_manager.cc:1403] T b80ebf0e6e2b46508d208c0b01bffa6b P 5d8e6c6722f047e49dd2353eb5a8d544: Time spent bootstrapping tablet: real 0.164s	user 0.056s	sys 0.090s
I20260709 13:05:51.456489 16200 consensus_queue.cc:260] T 99402b2c62e0458e8ae777dcaeb05eac P 6d89c51a229c43beaa0b32dc74d4104c [NON_LEADER]: Queue going to NON_LEADER mode. State: All replicated index: 0, Majority replicated index: 0, Committed index: 0, Last appended: 0.0, Last appended by leader: 0, Current term: 0, Majority size: -1, State: 0, Mode: NON_LEADER, active raft config: opid_index: -1 OBSOLETE_local: false peers { permanent_uuid: "6d89c51a229c43beaa0b32dc74d4104c" member_type: VOTER last_known_addr { host: "127.15.6.1" port: 45461 } } peers { permanent_uuid: "950d8e29e5164c1bacc44ac5c378638e" member_type: VOTER last_known_addr { host: "127.15.6.2" port: 41161 } } peers { permanent_uuid: "5d8e6c6722f047e49dd2353eb5a8d544" member_type: VOTER last_known_addr { host: "127.15.6.3" port: 33403 } }
I20260709 13:05:51.458006 16200 ts_tablet_manager.cc:1434] T 99402b2c62e0458e8ae777dcaeb05eac P 6d89c51a229c43beaa0b32dc74d4104c: Time spent starting tablet: real 0.007s	user 0.008s	sys 0.000s
I20260709 13:05:51.458639 16200 tablet_bootstrap.cc:492] T 4ab2c8d23eb2404794f71a969e073d65 P 6d89c51a229c43beaa0b32dc74d4104c: Bootstrap starting.
I20260709 13:05:51.459178 16199 raft_consensus.cc:359] T b80ebf0e6e2b46508d208c0b01bffa6b P 5d8e6c6722f047e49dd2353eb5a8d544 [term 0 FOLLOWER]: Replica starting. Triggering 0 pending ops. Active config: opid_index: -1 OBSOLETE_local: false peers { permanent_uuid: "6d89c51a229c43beaa0b32dc74d4104c" member_type: VOTER last_known_addr { host: "127.15.6.1" port: 45461 } } peers { permanent_uuid: "950d8e29e5164c1bacc44ac5c378638e" member_type: VOTER last_known_addr { host: "127.15.6.2" port: 41161 } } peers { permanent_uuid: "5d8e6c6722f047e49dd2353eb5a8d544" member_type: VOTER last_known_addr { host: "127.15.6.3" port: 33403 } }
I20260709 13:05:51.459874 16199 raft_consensus.cc:385] T b80ebf0e6e2b46508d208c0b01bffa6b P 5d8e6c6722f047e49dd2353eb5a8d544 [term 0 FOLLOWER]: Consensus starting up: Expiring failure detector timer to make a prompt election more likely
I20260709 13:05:51.460141 16199 raft_consensus.cc:740] T b80ebf0e6e2b46508d208c0b01bffa6b P 5d8e6c6722f047e49dd2353eb5a8d544 [term 0 FOLLOWER]: Becoming Follower/Learner. State: Replica: 5d8e6c6722f047e49dd2353eb5a8d544, State: Initialized, Role: FOLLOWER
I20260709 13:05:51.460825 16199 consensus_queue.cc:260] T b80ebf0e6e2b46508d208c0b01bffa6b P 5d8e6c6722f047e49dd2353eb5a8d544 [NON_LEADER]: Queue going to NON_LEADER mode. State: All replicated index: 0, Majority replicated index: 0, Committed index: 0, Last appended: 0.0, Last appended by leader: 0, Current term: 0, Majority size: -1, State: 0, Mode: NON_LEADER, active raft config: opid_index: -1 OBSOLETE_local: false peers { permanent_uuid: "6d89c51a229c43beaa0b32dc74d4104c" member_type: VOTER last_known_addr { host: "127.15.6.1" port: 45461 } } peers { permanent_uuid: "950d8e29e5164c1bacc44ac5c378638e" member_type: VOTER last_known_addr { host: "127.15.6.2" port: 41161 } } peers { permanent_uuid: "5d8e6c6722f047e49dd2353eb5a8d544" member_type: VOTER last_known_addr { host: "127.15.6.3" port: 33403 } }
I20260709 13:05:51.462847 16199 ts_tablet_manager.cc:1434] T b80ebf0e6e2b46508d208c0b01bffa6b P 5d8e6c6722f047e49dd2353eb5a8d544: Time spent starting tablet: real 0.006s	user 0.003s	sys 0.000s
I20260709 13:05:51.463305 16200 tablet_bootstrap.cc:654] T 4ab2c8d23eb2404794f71a969e073d65 P 6d89c51a229c43beaa0b32dc74d4104c: Neither blocks nor log segments found. Creating new log.
I20260709 13:05:51.464906 15905 catalog_manager.cc:5697] T bb1b3f46b3e54797b1af255e9048a7cb P 6d89c51a229c43beaa0b32dc74d4104c reported cstate change: term changed from 0 to 1, leader changed from <none> to 6d89c51a229c43beaa0b32dc74d4104c (127.15.6.1). New cstate: current_term: 1 leader_uuid: "6d89c51a229c43beaa0b32dc74d4104c" committed_config { opid_index: -1 OBSOLETE_local: false peers { permanent_uuid: "6d89c51a229c43beaa0b32dc74d4104c" member_type: VOTER last_known_addr { host: "127.15.6.1" port: 45461 } health_report { overall_health: HEALTHY } } peers { permanent_uuid: "950d8e29e5164c1bacc44ac5c378638e" member_type: VOTER last_known_addr { host: "127.15.6.2" port: 41161 } health_report { overall_health: UNKNOWN } } peers { permanent_uuid: "5d8e6c6722f047e49dd2353eb5a8d544" member_type: VOTER last_known_addr { host: "127.15.6.3" port: 33403 } health_report { overall_health: UNKNOWN } } }
I20260709 13:05:51.466288 16204 raft_consensus.cc:515] T d17686ae0ed14dc5abea4e05b80f84cf P 950d8e29e5164c1bacc44ac5c378638e [term 1 FOLLOWER]: Starting leader election with config: opid_index: -1 OBSOLETE_local: false peers { permanent_uuid: "6d89c51a229c43beaa0b32dc74d4104c" member_type: VOTER last_known_addr { host: "127.15.6.1" port: 45461 } } peers { permanent_uuid: "950d8e29e5164c1bacc44ac5c378638e" member_type: VOTER last_known_addr { host: "127.15.6.2" port: 41161 } } peers { permanent_uuid: "5d8e6c6722f047e49dd2353eb5a8d544" member_type: VOTER last_known_addr { host: "127.15.6.3" port: 33403 } }
I20260709 13:05:51.456471 16239 consensus_queue.cc:237] T bddb18534b4c411e9e11c7f6c369ea9e P 950d8e29e5164c1bacc44ac5c378638e [LEADER]: Queue going to LEADER mode. State: All replicated index: 0, Majority replicated index: 0, Committed index: 0, Last appended: 0.0, Last appended by leader: 0, Current term: 1, Majority size: 2, State: 0, Mode: LEADER, active raft config: opid_index: -1 OBSOLETE_local: false peers { permanent_uuid: "950d8e29e5164c1bacc44ac5c378638e" member_type: VOTER last_known_addr { host: "127.15.6.2" port: 41161 } } peers { permanent_uuid: "5d8e6c6722f047e49dd2353eb5a8d544" member_type: VOTER last_known_addr { host: "127.15.6.3" port: 33403 } } peers { permanent_uuid: "6d89c51a229c43beaa0b32dc74d4104c" member_type: VOTER last_known_addr { host: "127.15.6.1" port: 45461 } }
I20260709 13:05:51.468008 16200 tablet_bootstrap.cc:492] T 4ab2c8d23eb2404794f71a969e073d65 P 6d89c51a229c43beaa0b32dc74d4104c: No bootstrap required, opened a new log
I20260709 13:05:51.468405 16200 ts_tablet_manager.cc:1403] T 4ab2c8d23eb2404794f71a969e073d65 P 6d89c51a229c43beaa0b32dc74d4104c: Time spent bootstrapping tablet: real 0.010s	user 0.009s	sys 0.000s
I20260709 13:05:51.463729 16199 tablet_bootstrap.cc:492] T 211f75bcffb945a19722564567feb1b8 P 5d8e6c6722f047e49dd2353eb5a8d544: Bootstrap starting.
I20260709 13:05:51.470813 16200 raft_consensus.cc:359] T 4ab2c8d23eb2404794f71a969e073d65 P 6d89c51a229c43beaa0b32dc74d4104c [term 0 FOLLOWER]: Replica starting. Triggering 0 pending ops. Active config: opid_index: -1 OBSOLETE_local: false peers { permanent_uuid: "6d89c51a229c43beaa0b32dc74d4104c" member_type: VOTER last_known_addr { host: "127.15.6.1" port: 45461 } } peers { permanent_uuid: "950d8e29e5164c1bacc44ac5c378638e" member_type: VOTER last_known_addr { host: "127.15.6.2" port: 41161 } } peers { permanent_uuid: "5d8e6c6722f047e49dd2353eb5a8d544" member_type: VOTER last_known_addr { host: "127.15.6.3" port: 33403 } }
I20260709 13:05:51.471045 16009 tablet_service.cc:1917] Received RequestConsensusVote() RPC: tablet_id: "d17686ae0ed14dc5abea4e05b80f84cf" candidate_uuid: "950d8e29e5164c1bacc44ac5c378638e" candidate_term: 1 candidate_status { last_received { term: 0 index: 0 } } ignore_live_leader: false dest_uuid: "6d89c51a229c43beaa0b32dc74d4104c"
I20260709 13:05:51.471451 16200 raft_consensus.cc:385] T 4ab2c8d23eb2404794f71a969e073d65 P 6d89c51a229c43beaa0b32dc74d4104c [term 0 FOLLOWER]: Consensus starting up: Expiring failure detector timer to make a prompt election more likely
I20260709 13:05:51.472090 16200 raft_consensus.cc:740] T 4ab2c8d23eb2404794f71a969e073d65 P 6d89c51a229c43beaa0b32dc74d4104c [term 0 FOLLOWER]: Becoming Follower/Learner. State: Replica: 6d89c51a229c43beaa0b32dc74d4104c, State: Initialized, Role: FOLLOWER
W20260709 13:05:51.472430 16048 leader_election.cc:343] T d17686ae0ed14dc5abea4e05b80f84cf P 950d8e29e5164c1bacc44ac5c378638e [CANDIDATE]: Term 1 election: Tablet error from VoteRequest() call to peer 6d89c51a229c43beaa0b32dc74d4104c (127.15.6.1:45461): Illegal state: must be running to vote when last-logged opid is not known
I20260709 13:05:51.472762 16200 consensus_queue.cc:260] T 4ab2c8d23eb2404794f71a969e073d65 P 6d89c51a229c43beaa0b32dc74d4104c [NON_LEADER]: Queue going to NON_LEADER mode. State: All replicated index: 0, Majority replicated index: 0, Committed index: 0, Last appended: 0.0, Last appended by leader: 0, Current term: 0, Majority size: -1, State: 0, Mode: NON_LEADER, active raft config: opid_index: -1 OBSOLETE_local: false peers { permanent_uuid: "6d89c51a229c43beaa0b32dc74d4104c" member_type: VOTER last_known_addr { host: "127.15.6.1" port: 45461 } } peers { permanent_uuid: "950d8e29e5164c1bacc44ac5c378638e" member_type: VOTER last_known_addr { host: "127.15.6.2" port: 41161 } } peers { permanent_uuid: "5d8e6c6722f047e49dd2353eb5a8d544" member_type: VOTER last_known_addr { host: "127.15.6.3" port: 33403 } }
I20260709 13:05:51.474184 16157 tablet_service.cc:1917] Received RequestConsensusVote() RPC: tablet_id: "d17686ae0ed14dc5abea4e05b80f84cf" candidate_uuid: "950d8e29e5164c1bacc44ac5c378638e" candidate_term: 1 candidate_status { last_received { term: 0 index: 0 } } ignore_live_leader: false dest_uuid: "5d8e6c6722f047e49dd2353eb5a8d544"
I20260709 13:05:51.474699 16157 raft_consensus.cc:3060] T d17686ae0ed14dc5abea4e05b80f84cf P 5d8e6c6722f047e49dd2353eb5a8d544 [term 0 FOLLOWER]: Advancing to term 1
I20260709 13:05:51.474763 16200 ts_tablet_manager.cc:1434] T 4ab2c8d23eb2404794f71a969e073d65 P 6d89c51a229c43beaa0b32dc74d4104c: Time spent starting tablet: real 0.006s	user 0.005s	sys 0.000s
I20260709 13:05:51.475734 16200 tablet_bootstrap.cc:492] T d17686ae0ed14dc5abea4e05b80f84cf P 6d89c51a229c43beaa0b32dc74d4104c: Bootstrap starting.
I20260709 13:05:51.478924 16199 tablet_bootstrap.cc:654] T 211f75bcffb945a19722564567feb1b8 P 5d8e6c6722f047e49dd2353eb5a8d544: Neither blocks nor log segments found. Creating new log.
I20260709 13:05:51.473644 16204 leader_election.cc:290] T d17686ae0ed14dc5abea4e05b80f84cf P 950d8e29e5164c1bacc44ac5c378638e [CANDIDATE]: Term 1 election: Requested vote from peers 6d89c51a229c43beaa0b32dc74d4104c (127.15.6.1:45461), 5d8e6c6722f047e49dd2353eb5a8d544 (127.15.6.3:33403)
I20260709 13:05:51.481001 16200 tablet_bootstrap.cc:654] T d17686ae0ed14dc5abea4e05b80f84cf P 6d89c51a229c43beaa0b32dc74d4104c: Neither blocks nor log segments found. Creating new log.
I20260709 13:05:51.480922 16157 raft_consensus.cc:2468] T d17686ae0ed14dc5abea4e05b80f84cf P 5d8e6c6722f047e49dd2353eb5a8d544 [term 1 FOLLOWER]: Leader election vote request: Granting yes vote for candidate 950d8e29e5164c1bacc44ac5c378638e in term 1.
I20260709 13:05:51.482872 16048 leader_election.cc:304] T d17686ae0ed14dc5abea4e05b80f84cf P 950d8e29e5164c1bacc44ac5c378638e [CANDIDATE]: Term 1 election: Election decided. Result: candidate won. Election summary: received 3 responses out of 3 voters: 2 yes votes; 1 no votes. yes voters: 5d8e6c6722f047e49dd2353eb5a8d544, 950d8e29e5164c1bacc44ac5c378638e; no voters: 6d89c51a229c43beaa0b32dc74d4104c
I20260709 13:05:51.483850 16204 raft_consensus.cc:2804] T d17686ae0ed14dc5abea4e05b80f84cf P 950d8e29e5164c1bacc44ac5c378638e [term 1 FOLLOWER]: Leader election won for term 1
I20260709 13:05:51.484355 16204 raft_consensus.cc:697] T d17686ae0ed14dc5abea4e05b80f84cf P 950d8e29e5164c1bacc44ac5c378638e [term 1 LEADER]: Becoming Leader. State: Replica: 950d8e29e5164c1bacc44ac5c378638e, State: Running, Role: LEADER
I20260709 13:05:51.485121 16204 consensus_queue.cc:237] T d17686ae0ed14dc5abea4e05b80f84cf P 950d8e29e5164c1bacc44ac5c378638e [LEADER]: Queue going to LEADER mode. State: All replicated index: 0, Majority replicated index: 0, Committed index: 0, Last appended: 0.0, Last appended by leader: 0, Current term: 1, Majority size: 2, State: 0, Mode: LEADER, active raft config: opid_index: -1 OBSOLETE_local: false peers { permanent_uuid: "6d89c51a229c43beaa0b32dc74d4104c" member_type: VOTER last_known_addr { host: "127.15.6.1" port: 45461 } } peers { permanent_uuid: "950d8e29e5164c1bacc44ac5c378638e" member_type: VOTER last_known_addr { host: "127.15.6.2" port: 41161 } } peers { permanent_uuid: "5d8e6c6722f047e49dd2353eb5a8d544" member_type: VOTER last_known_addr { host: "127.15.6.3" port: 33403 } }
I20260709 13:05:51.491185 15906 catalog_manager.cc:5697] T bddb18534b4c411e9e11c7f6c369ea9e P 950d8e29e5164c1bacc44ac5c378638e reported cstate change: term changed from 0 to 1, leader changed from <none> to 950d8e29e5164c1bacc44ac5c378638e (127.15.6.2). New cstate: current_term: 1 leader_uuid: "950d8e29e5164c1bacc44ac5c378638e" committed_config { opid_index: -1 OBSOLETE_local: false peers { permanent_uuid: "950d8e29e5164c1bacc44ac5c378638e" member_type: VOTER last_known_addr { host: "127.15.6.2" port: 41161 } health_report { overall_health: HEALTHY } } peers { permanent_uuid: "5d8e6c6722f047e49dd2353eb5a8d544" member_type: VOTER last_known_addr { host: "127.15.6.3" port: 33403 } health_report { overall_health: UNKNOWN } } peers { permanent_uuid: "6d89c51a229c43beaa0b32dc74d4104c" member_type: VOTER last_known_addr { host: "127.15.6.1" port: 45461 } health_report { overall_health: UNKNOWN } } }
I20260709 13:05:51.495887 16199 tablet_bootstrap.cc:492] T 211f75bcffb945a19722564567feb1b8 P 5d8e6c6722f047e49dd2353eb5a8d544: No bootstrap required, opened a new log
I20260709 13:05:51.496382 16199 ts_tablet_manager.cc:1403] T 211f75bcffb945a19722564567feb1b8 P 5d8e6c6722f047e49dd2353eb5a8d544: Time spent bootstrapping tablet: real 0.033s	user 0.015s	sys 0.002s
I20260709 13:05:51.498939 16199 raft_consensus.cc:359] T 211f75bcffb945a19722564567feb1b8 P 5d8e6c6722f047e49dd2353eb5a8d544 [term 0 FOLLOWER]: Replica starting. Triggering 0 pending ops. Active config: opid_index: -1 OBSOLETE_local: false peers { permanent_uuid: "6d89c51a229c43beaa0b32dc74d4104c" member_type: VOTER last_known_addr { host: "127.15.6.1" port: 45461 } } peers { permanent_uuid: "950d8e29e5164c1bacc44ac5c378638e" member_type: VOTER last_known_addr { host: "127.15.6.2" port: 41161 } } peers { permanent_uuid: "5d8e6c6722f047e49dd2353eb5a8d544" member_type: VOTER last_known_addr { host: "127.15.6.3" port: 33403 } }
I20260709 13:05:51.499696 16199 raft_consensus.cc:385] T 211f75bcffb945a19722564567feb1b8 P 5d8e6c6722f047e49dd2353eb5a8d544 [term 0 FOLLOWER]: Consensus starting up: Expiring failure detector timer to make a prompt election more likely
I20260709 13:05:51.500056 16199 raft_consensus.cc:740] T 211f75bcffb945a19722564567feb1b8 P 5d8e6c6722f047e49dd2353eb5a8d544 [term 0 FOLLOWER]: Becoming Follower/Learner. State: Replica: 5d8e6c6722f047e49dd2353eb5a8d544, State: Initialized, Role: FOLLOWER
I20260709 13:05:51.500849 16199 consensus_queue.cc:260] T 211f75bcffb945a19722564567feb1b8 P 5d8e6c6722f047e49dd2353eb5a8d544 [NON_LEADER]: Queue going to NON_LEADER mode. State: All replicated index: 0, Majority replicated index: 0, Committed index: 0, Last appended: 0.0, Last appended by leader: 0, Current term: 0, Majority size: -1, State: 0, Mode: NON_LEADER, active raft config: opid_index: -1 OBSOLETE_local: false peers { permanent_uuid: "6d89c51a229c43beaa0b32dc74d4104c" member_type: VOTER last_known_addr { host: "127.15.6.1" port: 45461 } } peers { permanent_uuid: "950d8e29e5164c1bacc44ac5c378638e" member_type: VOTER last_known_addr { host: "127.15.6.2" port: 41161 } } peers { permanent_uuid: "5d8e6c6722f047e49dd2353eb5a8d544" member_type: VOTER last_known_addr { host: "127.15.6.3" port: 33403 } }
I20260709 13:05:51.504817 16198 ts_tablet_manager.cc:1434] T ffc42fc7362a4e9e9597859f15d2bb18 P 950d8e29e5164c1bacc44ac5c378638e: Time spent starting tablet: real 0.176s	user 0.030s	sys 0.055s
I20260709 13:05:51.505755 16198 tablet_bootstrap.cc:492] T 211f75bcffb945a19722564567feb1b8 P 950d8e29e5164c1bacc44ac5c378638e: Bootstrap starting.
I20260709 13:05:51.508181 16199 ts_tablet_manager.cc:1434] T 211f75bcffb945a19722564567feb1b8 P 5d8e6c6722f047e49dd2353eb5a8d544: Time spent starting tablet: real 0.011s	user 0.006s	sys 0.000s
I20260709 13:05:51.509131 16199 tablet_bootstrap.cc:492] T bddb18534b4c411e9e11c7f6c369ea9e P 5d8e6c6722f047e49dd2353eb5a8d544: Bootstrap starting.
I20260709 13:05:51.517469 15907 catalog_manager.cc:5697] T d17686ae0ed14dc5abea4e05b80f84cf P 950d8e29e5164c1bacc44ac5c378638e reported cstate change: term changed from 0 to 1, leader changed from <none> to 950d8e29e5164c1bacc44ac5c378638e (127.15.6.2). New cstate: current_term: 1 leader_uuid: "950d8e29e5164c1bacc44ac5c378638e" committed_config { opid_index: -1 OBSOLETE_local: false peers { permanent_uuid: "6d89c51a229c43beaa0b32dc74d4104c" member_type: VOTER last_known_addr { host: "127.15.6.1" port: 45461 } health_report { overall_health: UNKNOWN } } peers { permanent_uuid: "950d8e29e5164c1bacc44ac5c378638e" member_type: VOTER last_known_addr { host: "127.15.6.2" port: 41161 } health_report { overall_health: HEALTHY } } peers { permanent_uuid: "5d8e6c6722f047e49dd2353eb5a8d544" member_type: VOTER last_known_addr { host: "127.15.6.3" port: 33403 } health_report { overall_health: UNKNOWN } } }
I20260709 13:05:51.518760 16199 tablet_bootstrap.cc:654] T bddb18534b4c411e9e11c7f6c369ea9e P 5d8e6c6722f047e49dd2353eb5a8d544: Neither blocks nor log segments found. Creating new log.
I20260709 13:05:51.520315 16198 tablet_bootstrap.cc:654] T 211f75bcffb945a19722564567feb1b8 P 950d8e29e5164c1bacc44ac5c378638e: Neither blocks nor log segments found. Creating new log.
I20260709 13:05:51.524940 16200 tablet_bootstrap.cc:492] T d17686ae0ed14dc5abea4e05b80f84cf P 6d89c51a229c43beaa0b32dc74d4104c: No bootstrap required, opened a new log
I20260709 13:05:51.525327 16200 ts_tablet_manager.cc:1403] T d17686ae0ed14dc5abea4e05b80f84cf P 6d89c51a229c43beaa0b32dc74d4104c: Time spent bootstrapping tablet: real 0.050s	user 0.015s	sys 0.032s
I20260709 13:05:51.526010 16199 tablet_bootstrap.cc:492] T bddb18534b4c411e9e11c7f6c369ea9e P 5d8e6c6722f047e49dd2353eb5a8d544: No bootstrap required, opened a new log
I20260709 13:05:51.526392 16199 ts_tablet_manager.cc:1403] T bddb18534b4c411e9e11c7f6c369ea9e P 5d8e6c6722f047e49dd2353eb5a8d544: Time spent bootstrapping tablet: real 0.017s	user 0.010s	sys 0.001s
I20260709 13:05:51.526839 16198 tablet_bootstrap.cc:492] T 211f75bcffb945a19722564567feb1b8 P 950d8e29e5164c1bacc44ac5c378638e: No bootstrap required, opened a new log
I20260709 13:05:51.527315 16198 ts_tablet_manager.cc:1403] T 211f75bcffb945a19722564567feb1b8 P 950d8e29e5164c1bacc44ac5c378638e: Time spent bootstrapping tablet: real 0.022s	user 0.010s	sys 0.000s
I20260709 13:05:51.527673 16200 raft_consensus.cc:359] T d17686ae0ed14dc5abea4e05b80f84cf P 6d89c51a229c43beaa0b32dc74d4104c [term 0 FOLLOWER]: Replica starting. Triggering 0 pending ops. Active config: opid_index: -1 OBSOLETE_local: false peers { permanent_uuid: "6d89c51a229c43beaa0b32dc74d4104c" member_type: VOTER last_known_addr { host: "127.15.6.1" port: 45461 } } peers { permanent_uuid: "950d8e29e5164c1bacc44ac5c378638e" member_type: VOTER last_known_addr { host: "127.15.6.2" port: 41161 } } peers { permanent_uuid: "5d8e6c6722f047e49dd2353eb5a8d544" member_type: VOTER last_known_addr { host: "127.15.6.3" port: 33403 } }
I20260709 13:05:51.528340 16200 raft_consensus.cc:385] T d17686ae0ed14dc5abea4e05b80f84cf P 6d89c51a229c43beaa0b32dc74d4104c [term 0 FOLLOWER]: Consensus starting up: Expiring failure detector timer to make a prompt election more likely
I20260709 13:05:51.528601 16200 raft_consensus.cc:740] T d17686ae0ed14dc5abea4e05b80f84cf P 6d89c51a229c43beaa0b32dc74d4104c [term 0 FOLLOWER]: Becoming Follower/Learner. State: Replica: 6d89c51a229c43beaa0b32dc74d4104c, State: Initialized, Role: FOLLOWER
I20260709 13:05:51.528704 16199 raft_consensus.cc:359] T bddb18534b4c411e9e11c7f6c369ea9e P 5d8e6c6722f047e49dd2353eb5a8d544 [term 0 FOLLOWER]: Replica starting. Triggering 0 pending ops. Active config: opid_index: -1 OBSOLETE_local: false peers { permanent_uuid: "950d8e29e5164c1bacc44ac5c378638e" member_type: VOTER last_known_addr { host: "127.15.6.2" port: 41161 } } peers { permanent_uuid: "5d8e6c6722f047e49dd2353eb5a8d544" member_type: VOTER last_known_addr { host: "127.15.6.3" port: 33403 } } peers { permanent_uuid: "6d89c51a229c43beaa0b32dc74d4104c" member_type: VOTER last_known_addr { host: "127.15.6.1" port: 45461 } }
I20260709 13:05:51.529297 16199 raft_consensus.cc:385] T bddb18534b4c411e9e11c7f6c369ea9e P 5d8e6c6722f047e49dd2353eb5a8d544 [term 0 FOLLOWER]: Consensus starting up: Expiring failure detector timer to make a prompt election more likely
I20260709 13:05:51.529656 16199 raft_consensus.cc:740] T bddb18534b4c411e9e11c7f6c369ea9e P 5d8e6c6722f047e49dd2353eb5a8d544 [term 0 FOLLOWER]: Becoming Follower/Learner. State: Replica: 5d8e6c6722f047e49dd2353eb5a8d544, State: Initialized, Role: FOLLOWER
I20260709 13:05:51.529297 16200 consensus_queue.cc:260] T d17686ae0ed14dc5abea4e05b80f84cf P 6d89c51a229c43beaa0b32dc74d4104c [NON_LEADER]: Queue going to NON_LEADER mode. State: All replicated index: 0, Majority replicated index: 0, Committed index: 0, Last appended: 0.0, Last appended by leader: 0, Current term: 0, Majority size: -1, State: 0, Mode: NON_LEADER, active raft config: opid_index: -1 OBSOLETE_local: false peers { permanent_uuid: "6d89c51a229c43beaa0b32dc74d4104c" member_type: VOTER last_known_addr { host: "127.15.6.1" port: 45461 } } peers { permanent_uuid: "950d8e29e5164c1bacc44ac5c378638e" member_type: VOTER last_known_addr { host: "127.15.6.2" port: 41161 } } peers { permanent_uuid: "5d8e6c6722f047e49dd2353eb5a8d544" member_type: VOTER last_known_addr { host: "127.15.6.3" port: 33403 } }
I20260709 13:05:51.530237 16199 consensus_queue.cc:260] T bddb18534b4c411e9e11c7f6c369ea9e P 5d8e6c6722f047e49dd2353eb5a8d544 [NON_LEADER]: Queue going to NON_LEADER mode. State: All replicated index: 0, Majority replicated index: 0, Committed index: 0, Last appended: 0.0, Last appended by leader: 0, Current term: 0, Majority size: -1, State: 0, Mode: NON_LEADER, active raft config: opid_index: -1 OBSOLETE_local: false peers { permanent_uuid: "950d8e29e5164c1bacc44ac5c378638e" member_type: VOTER last_known_addr { host: "127.15.6.2" port: 41161 } } peers { permanent_uuid: "5d8e6c6722f047e49dd2353eb5a8d544" member_type: VOTER last_known_addr { host: "127.15.6.3" port: 33403 } } peers { permanent_uuid: "6d89c51a229c43beaa0b32dc74d4104c" member_type: VOTER last_known_addr { host: "127.15.6.1" port: 45461 } }
I20260709 13:05:51.530414 16198 raft_consensus.cc:359] T 211f75bcffb945a19722564567feb1b8 P 950d8e29e5164c1bacc44ac5c378638e [term 0 FOLLOWER]: Replica starting. Triggering 0 pending ops. Active config: opid_index: -1 OBSOLETE_local: false peers { permanent_uuid: "6d89c51a229c43beaa0b32dc74d4104c" member_type: VOTER last_known_addr { host: "127.15.6.1" port: 45461 } } peers { permanent_uuid: "950d8e29e5164c1bacc44ac5c378638e" member_type: VOTER last_known_addr { host: "127.15.6.2" port: 41161 } } peers { permanent_uuid: "5d8e6c6722f047e49dd2353eb5a8d544" member_type: VOTER last_known_addr { host: "127.15.6.3" port: 33403 } }
I20260709 13:05:51.531177 16198 raft_consensus.cc:385] T 211f75bcffb945a19722564567feb1b8 P 950d8e29e5164c1bacc44ac5c378638e [term 0 FOLLOWER]: Consensus starting up: Expiring failure detector timer to make a prompt election more likely
I20260709 13:05:51.531507 16200 ts_tablet_manager.cc:1434] T d17686ae0ed14dc5abea4e05b80f84cf P 6d89c51a229c43beaa0b32dc74d4104c: Time spent starting tablet: real 0.006s	user 0.003s	sys 0.003s
I20260709 13:05:51.532232 16199 ts_tablet_manager.cc:1434] T bddb18534b4c411e9e11c7f6c369ea9e P 5d8e6c6722f047e49dd2353eb5a8d544: Time spent starting tablet: real 0.006s	user 0.006s	sys 0.001s
I20260709 13:05:51.533034 16199 tablet_bootstrap.cc:492] T 4ab2c8d23eb2404794f71a969e073d65 P 5d8e6c6722f047e49dd2353eb5a8d544: Bootstrap starting.
I20260709 13:05:51.531514 16198 raft_consensus.cc:740] T 211f75bcffb945a19722564567feb1b8 P 950d8e29e5164c1bacc44ac5c378638e [term 0 FOLLOWER]: Becoming Follower/Learner. State: Replica: 950d8e29e5164c1bacc44ac5c378638e, State: Initialized, Role: FOLLOWER
I20260709 13:05:51.533972 16198 consensus_queue.cc:260] T 211f75bcffb945a19722564567feb1b8 P 950d8e29e5164c1bacc44ac5c378638e [NON_LEADER]: Queue going to NON_LEADER mode. State: All replicated index: 0, Majority replicated index: 0, Committed index: 0, Last appended: 0.0, Last appended by leader: 0, Current term: 0, Majority size: -1, State: 0, Mode: NON_LEADER, active raft config: opid_index: -1 OBSOLETE_local: false peers { permanent_uuid: "6d89c51a229c43beaa0b32dc74d4104c" member_type: VOTER last_known_addr { host: "127.15.6.1" port: 45461 } } peers { permanent_uuid: "950d8e29e5164c1bacc44ac5c378638e" member_type: VOTER last_known_addr { host: "127.15.6.2" port: 41161 } } peers { permanent_uuid: "5d8e6c6722f047e49dd2353eb5a8d544" member_type: VOTER last_known_addr { host: "127.15.6.3" port: 33403 } }
I20260709 13:05:51.538563 16198 ts_tablet_manager.cc:1434] T 211f75bcffb945a19722564567feb1b8 P 950d8e29e5164c1bacc44ac5c378638e: Time spent starting tablet: real 0.011s	user 0.005s	sys 0.001s
I20260709 13:05:51.539428 16198 tablet_bootstrap.cc:492] T 15f8695c04ae45cc9391988c92faa5a0 P 950d8e29e5164c1bacc44ac5c378638e: Bootstrap starting.
I20260709 13:05:51.545182 16198 tablet_bootstrap.cc:654] T 15f8695c04ae45cc9391988c92faa5a0 P 950d8e29e5164c1bacc44ac5c378638e: Neither blocks nor log segments found. Creating new log.
I20260709 13:05:51.545490 16199 tablet_bootstrap.cc:654] T 4ab2c8d23eb2404794f71a969e073d65 P 5d8e6c6722f047e49dd2353eb5a8d544: Neither blocks nor log segments found. Creating new log.
I20260709 13:05:51.549705 16198 tablet_bootstrap.cc:492] T 15f8695c04ae45cc9391988c92faa5a0 P 950d8e29e5164c1bacc44ac5c378638e: No bootstrap required, opened a new log
I20260709 13:05:51.549988 16198 ts_tablet_manager.cc:1403] T 15f8695c04ae45cc9391988c92faa5a0 P 950d8e29e5164c1bacc44ac5c378638e: Time spent bootstrapping tablet: real 0.011s	user 0.008s	sys 0.000s
I20260709 13:05:51.550354 16199 tablet_bootstrap.cc:492] T 4ab2c8d23eb2404794f71a969e073d65 P 5d8e6c6722f047e49dd2353eb5a8d544: No bootstrap required, opened a new log
I20260709 13:05:51.550669 16199 ts_tablet_manager.cc:1403] T 4ab2c8d23eb2404794f71a969e073d65 P 5d8e6c6722f047e49dd2353eb5a8d544: Time spent bootstrapping tablet: real 0.018s	user 0.006s	sys 0.003s
I20260709 13:05:51.551520 16198 raft_consensus.cc:359] T 15f8695c04ae45cc9391988c92faa5a0 P 950d8e29e5164c1bacc44ac5c378638e [term 0 FOLLOWER]: Replica starting. Triggering 0 pending ops. Active config: opid_index: -1 OBSOLETE_local: false peers { permanent_uuid: "6d89c51a229c43beaa0b32dc74d4104c" member_type: VOTER last_known_addr { host: "127.15.6.1" port: 45461 } } peers { permanent_uuid: "950d8e29e5164c1bacc44ac5c378638e" member_type: VOTER last_known_addr { host: "127.15.6.2" port: 41161 } } peers { permanent_uuid: "5d8e6c6722f047e49dd2353eb5a8d544" member_type: VOTER last_known_addr { host: "127.15.6.3" port: 33403 } }
I20260709 13:05:51.551983 16198 raft_consensus.cc:385] T 15f8695c04ae45cc9391988c92faa5a0 P 950d8e29e5164c1bacc44ac5c378638e [term 0 FOLLOWER]: Consensus starting up: Expiring failure detector timer to make a prompt election more likely
I20260709 13:05:51.552171 16198 raft_consensus.cc:740] T 15f8695c04ae45cc9391988c92faa5a0 P 950d8e29e5164c1bacc44ac5c378638e [term 0 FOLLOWER]: Becoming Follower/Learner. State: Replica: 950d8e29e5164c1bacc44ac5c378638e, State: Initialized, Role: FOLLOWER
I20260709 13:05:51.552343 16199 raft_consensus.cc:359] T 4ab2c8d23eb2404794f71a969e073d65 P 5d8e6c6722f047e49dd2353eb5a8d544 [term 0 FOLLOWER]: Replica starting. Triggering 0 pending ops. Active config: opid_index: -1 OBSOLETE_local: false peers { permanent_uuid: "6d89c51a229c43beaa0b32dc74d4104c" member_type: VOTER last_known_addr { host: "127.15.6.1" port: 45461 } } peers { permanent_uuid: "950d8e29e5164c1bacc44ac5c378638e" member_type: VOTER last_known_addr { host: "127.15.6.2" port: 41161 } } peers { permanent_uuid: "5d8e6c6722f047e49dd2353eb5a8d544" member_type: VOTER last_known_addr { host: "127.15.6.3" port: 33403 } }
I20260709 13:05:51.552872 16199 raft_consensus.cc:385] T 4ab2c8d23eb2404794f71a969e073d65 P 5d8e6c6722f047e49dd2353eb5a8d544 [term 0 FOLLOWER]: Consensus starting up: Expiring failure detector timer to make a prompt election more likely
I20260709 13:05:51.552652 16198 consensus_queue.cc:260] T 15f8695c04ae45cc9391988c92faa5a0 P 950d8e29e5164c1bacc44ac5c378638e [NON_LEADER]: Queue going to NON_LEADER mode. State: All replicated index: 0, Majority replicated index: 0, Committed index: 0, Last appended: 0.0, Last appended by leader: 0, Current term: 0, Majority size: -1, State: 0, Mode: NON_LEADER, active raft config: opid_index: -1 OBSOLETE_local: false peers { permanent_uuid: "6d89c51a229c43beaa0b32dc74d4104c" member_type: VOTER last_known_addr { host: "127.15.6.1" port: 45461 } } peers { permanent_uuid: "950d8e29e5164c1bacc44ac5c378638e" member_type: VOTER last_known_addr { host: "127.15.6.2" port: 41161 } } peers { permanent_uuid: "5d8e6c6722f047e49dd2353eb5a8d544" member_type: VOTER last_known_addr { host: "127.15.6.3" port: 33403 } }
I20260709 13:05:51.553069 16199 raft_consensus.cc:740] T 4ab2c8d23eb2404794f71a969e073d65 P 5d8e6c6722f047e49dd2353eb5a8d544 [term 0 FOLLOWER]: Becoming Follower/Learner. State: Replica: 5d8e6c6722f047e49dd2353eb5a8d544, State: Initialized, Role: FOLLOWER
I20260709 13:05:51.554059 16198 ts_tablet_manager.cc:1434] T 15f8695c04ae45cc9391988c92faa5a0 P 950d8e29e5164c1bacc44ac5c378638e: Time spent starting tablet: real 0.004s	user 0.002s	sys 0.002s
I20260709 13:05:51.553742 16199 consensus_queue.cc:260] T 4ab2c8d23eb2404794f71a969e073d65 P 5d8e6c6722f047e49dd2353eb5a8d544 [NON_LEADER]: Queue going to NON_LEADER mode. State: All replicated index: 0, Majority replicated index: 0, Committed index: 0, Last appended: 0.0, Last appended by leader: 0, Current term: 0, Majority size: -1, State: 0, Mode: NON_LEADER, active raft config: opid_index: -1 OBSOLETE_local: false peers { permanent_uuid: "6d89c51a229c43beaa0b32dc74d4104c" member_type: VOTER last_known_addr { host: "127.15.6.1" port: 45461 } } peers { permanent_uuid: "950d8e29e5164c1bacc44ac5c378638e" member_type: VOTER last_known_addr { host: "127.15.6.2" port: 41161 } } peers { permanent_uuid: "5d8e6c6722f047e49dd2353eb5a8d544" member_type: VOTER last_known_addr { host: "127.15.6.3" port: 33403 } }
I20260709 13:05:51.554998 16198 tablet_bootstrap.cc:492] T b80ebf0e6e2b46508d208c0b01bffa6b P 950d8e29e5164c1bacc44ac5c378638e: Bootstrap starting.
I20260709 13:05:51.555562 16199 ts_tablet_manager.cc:1434] T 4ab2c8d23eb2404794f71a969e073d65 P 5d8e6c6722f047e49dd2353eb5a8d544: Time spent starting tablet: real 0.005s	user 0.004s	sys 0.000s
I20260709 13:05:51.560385 16198 tablet_bootstrap.cc:654] T b80ebf0e6e2b46508d208c0b01bffa6b P 950d8e29e5164c1bacc44ac5c378638e: Neither blocks nor log segments found. Creating new log.
I20260709 13:05:51.564556 16198 tablet_bootstrap.cc:492] T b80ebf0e6e2b46508d208c0b01bffa6b P 950d8e29e5164c1bacc44ac5c378638e: No bootstrap required, opened a new log
I20260709 13:05:51.564908 16198 ts_tablet_manager.cc:1403] T b80ebf0e6e2b46508d208c0b01bffa6b P 950d8e29e5164c1bacc44ac5c378638e: Time spent bootstrapping tablet: real 0.010s	user 0.008s	sys 0.000s
I20260709 13:05:51.566643 16198 raft_consensus.cc:359] T b80ebf0e6e2b46508d208c0b01bffa6b P 950d8e29e5164c1bacc44ac5c378638e [term 0 FOLLOWER]: Replica starting. Triggering 0 pending ops. Active config: opid_index: -1 OBSOLETE_local: false peers { permanent_uuid: "6d89c51a229c43beaa0b32dc74d4104c" member_type: VOTER last_known_addr { host: "127.15.6.1" port: 45461 } } peers { permanent_uuid: "950d8e29e5164c1bacc44ac5c378638e" member_type: VOTER last_known_addr { host: "127.15.6.2" port: 41161 } } peers { permanent_uuid: "5d8e6c6722f047e49dd2353eb5a8d544" member_type: VOTER last_known_addr { host: "127.15.6.3" port: 33403 } }
I20260709 13:05:51.567035 16198 raft_consensus.cc:385] T b80ebf0e6e2b46508d208c0b01bffa6b P 950d8e29e5164c1bacc44ac5c378638e [term 0 FOLLOWER]: Consensus starting up: Expiring failure detector timer to make a prompt election more likely
I20260709 13:05:51.567229 16198 raft_consensus.cc:740] T b80ebf0e6e2b46508d208c0b01bffa6b P 950d8e29e5164c1bacc44ac5c378638e [term 0 FOLLOWER]: Becoming Follower/Learner. State: Replica: 950d8e29e5164c1bacc44ac5c378638e, State: Initialized, Role: FOLLOWER
I20260709 13:05:51.567693 16198 consensus_queue.cc:260] T b80ebf0e6e2b46508d208c0b01bffa6b P 950d8e29e5164c1bacc44ac5c378638e [NON_LEADER]: Queue going to NON_LEADER mode. State: All replicated index: 0, Majority replicated index: 0, Committed index: 0, Last appended: 0.0, Last appended by leader: 0, Current term: 0, Majority size: -1, State: 0, Mode: NON_LEADER, active raft config: opid_index: -1 OBSOLETE_local: false peers { permanent_uuid: "6d89c51a229c43beaa0b32dc74d4104c" member_type: VOTER last_known_addr { host: "127.15.6.1" port: 45461 } } peers { permanent_uuid: "950d8e29e5164c1bacc44ac5c378638e" member_type: VOTER last_known_addr { host: "127.15.6.2" port: 41161 } } peers { permanent_uuid: "5d8e6c6722f047e49dd2353eb5a8d544" member_type: VOTER last_known_addr { host: "127.15.6.3" port: 33403 } }
I20260709 13:05:51.569072 16198 ts_tablet_manager.cc:1434] T b80ebf0e6e2b46508d208c0b01bffa6b P 950d8e29e5164c1bacc44ac5c378638e: Time spent starting tablet: real 0.004s	user 0.004s	sys 0.000s
I20260709 13:05:51.569670 16198 tablet_bootstrap.cc:492] T 4ab2c8d23eb2404794f71a969e073d65 P 950d8e29e5164c1bacc44ac5c378638e: Bootstrap starting.
I20260709 13:05:51.573361 16198 tablet_bootstrap.cc:654] T 4ab2c8d23eb2404794f71a969e073d65 P 950d8e29e5164c1bacc44ac5c378638e: Neither blocks nor log segments found. Creating new log.
I20260709 13:05:51.576831 16198 tablet_bootstrap.cc:492] T 4ab2c8d23eb2404794f71a969e073d65 P 950d8e29e5164c1bacc44ac5c378638e: No bootstrap required, opened a new log
I20260709 13:05:51.577106 16198 ts_tablet_manager.cc:1403] T 4ab2c8d23eb2404794f71a969e073d65 P 950d8e29e5164c1bacc44ac5c378638e: Time spent bootstrapping tablet: real 0.008s	user 0.002s	sys 0.004s
I20260709 13:05:51.578992 16198 raft_consensus.cc:359] T 4ab2c8d23eb2404794f71a969e073d65 P 950d8e29e5164c1bacc44ac5c378638e [term 0 FOLLOWER]: Replica starting. Triggering 0 pending ops. Active config: opid_index: -1 OBSOLETE_local: false peers { permanent_uuid: "6d89c51a229c43beaa0b32dc74d4104c" member_type: VOTER last_known_addr { host: "127.15.6.1" port: 45461 } } peers { permanent_uuid: "950d8e29e5164c1bacc44ac5c378638e" member_type: VOTER last_known_addr { host: "127.15.6.2" port: 41161 } } peers { permanent_uuid: "5d8e6c6722f047e49dd2353eb5a8d544" member_type: VOTER last_known_addr { host: "127.15.6.3" port: 33403 } }
