[==========] Running 8 tests from 2 test suites.
[----------] Global test environment set-up.
[----------] 6 tests from LeaderRebalancerTest
[ RUN      ] LeaderRebalancerTest.FunctionalTestForDivided
WARNING: Logging before InitGoogleLogging() is written to STDERR
I20260709 13:05:37.389405 21069 internal_mini_cluster.cc:156] Creating distributed mini masters. Addrs: 127.20.147.126:40209
I20260709 13:05:37.391029 21069 env_posix.cc:2285] Not raising this process' open files per process limit of 1048576; it is already as high as it can go
I20260709 13:05:37.392105 21069 file_cache.cc:504] Constructed file cache file cache with capacity 419430
W20260709 13:05:37.408788 21075 instance_detector.cc:116] could not retrieve AWS instance metadata: Network error: curl error: HTTP response code said error: The requested URL returned error: 404
W20260709 13:05:37.408810 21078 instance_detector.cc:116] could not retrieve OpenStack instance metadata: Network error: curl error: HTTP response code said error: The requested URL returned error: 404
W20260709 13:05:37.409008 21076 instance_detector.cc:116] could not retrieve Azure instance metadata: Network error: curl error: HTTP response code said error: The requested URL returned error: 404
I20260709 13:05:37.410045 21069 server_base.cc:1061] running on GCE node
I20260709 13:05:38.515460 21069 hybrid_clock.cc:584] initializing the hybrid clock with 'system_unsync' time source
W20260709 13:05:38.515728 21069 system_unsync_time.cc:38] NTP support is disabled. Clock error bounds will not be accurate. This configuration is not suitable for distributed clusters.
I20260709 13:05:38.515887 21069 hybrid_clock.cc:648] HybridClock initialized: now 1783602338515870 us; error 0 us; skew 500 ppm
I20260709 13:05:38.516719 21069 server_base.cc:861] Flag tcmalloc_max_total_thread_cache_bytes is not working since tcmalloc is not enabled.
I20260709 13:05:38.522116 21069 webserver.cc:533] Webserver started at http://127.20.147.126:44221/ using document root <none> and password file <none>
I20260709 13:05:38.523046 21069 fs_manager.cc:362] Metadata directory not provided
I20260709 13:05:38.523258 21069 fs_manager.cc:368] Using write-ahead log directory (fs_wal_dir) as metadata directory
I20260709 13:05:38.523672 21069 server_base.cc:909] This appears to be a new deployment of Kudu; creating new FS layout
I20260709 13:05:38.529493 21069 fs_manager.cc:1068] Generated new instance metadata in path /tmp/dist-test-taskFRmE5y/test-tmp/auto_leader_rebalancer-test.0.LeaderRebalancerTest.FunctionalTestForDivided.1783602337223101-21069-0/minicluster-data/master-0-root/instance:
uuid: "27265c1e807547828be4ea22b4199e6b"
format_stamp: "Formatted at 2026-07-09 13:05:38 on dist-test-slave-gg5t"
I20260709 13:05:38.537765 21069 fs_manager.cc:696] Time spent creating directory manager: real 0.007s	user 0.009s	sys 0.000s
I20260709 13:05:38.543308 21084 log_block_manager.cc:4127] Time spent loading block containers with low live blocks: real 0.000s	user 0.000s	sys 0.000s
I20260709 13:05:38.544598 21069 fs_manager.cc:730] Time spent opening block manager: real 0.004s	user 0.003s	sys 0.000s
I20260709 13:05:38.544961 21069 fs_manager.cc:647] Opened local filesystem: /tmp/dist-test-taskFRmE5y/test-tmp/auto_leader_rebalancer-test.0.LeaderRebalancerTest.FunctionalTestForDivided.1783602337223101-21069-0/minicluster-data/master-0-root
uuid: "27265c1e807547828be4ea22b4199e6b"
format_stamp: "Formatted at 2026-07-09 13:05:38 on dist-test-slave-gg5t"
I20260709 13:05:38.545288 21069 fs_report.cc:389] FS layout report
--------------------
wal directory: /tmp/dist-test-taskFRmE5y/test-tmp/auto_leader_rebalancer-test.0.LeaderRebalancerTest.FunctionalTestForDivided.1783602337223101-21069-0/minicluster-data/master-0-root
metadata directory: /tmp/dist-test-taskFRmE5y/test-tmp/auto_leader_rebalancer-test.0.LeaderRebalancerTest.FunctionalTestForDivided.1783602337223101-21069-0/minicluster-data/master-0-root
1 data directories: /tmp/dist-test-taskFRmE5y/test-tmp/auto_leader_rebalancer-test.0.LeaderRebalancerTest.FunctionalTestForDivided.1783602337223101-21069-0/minicluster-data/master-0-root/data
Total live blocks: 0
Total live bytes: 0
Total live bytes (after alignment): 0
Total number of LBM containers: 0 (0 full)
Did not check for missing blocks
Did not check for orphaned blocks
Total full LBM containers with extra space: 0 (0 repaired)
Total full LBM container extra space in bytes: 0 (0 repaired)
Total incomplete LBM containers: 0 (0 repaired)
Total LBM partial records: 0 (0 repaired)
Total corrupted LBM metadata records in RocksDB: 0 (0 repaired)
I20260709 13:05:38.595984 21069 rpc_server.cc:225] running with OpenSSL 1.1.1  11 Sep 2018
I20260709 13:05:38.597504 21069 env_posix.cc:2285] Not raising this process' running threads per effective uid limit of 18446744073709551615; it is already as high as it can go
I20260709 13:05:38.598058 21069 kserver.cc:163] Server-wide thread pool size limit: 3276
I20260709 13:05:38.668988 21069 rpc_server.cc:307] RPC server started. Bound to: 127.20.147.126:40209
I20260709 13:05:38.669078 21135 acceptor_pool.cc:272] collecting diagnostics on the listening RPC socket 127.20.147.126:40209 every 8 connection(s)
I20260709 13:05:38.677325 21136 data_dirs.cc:400] Could only allocate 1 dirs of requested 3 for tablet 00000000000000000000000000000000. 1 dirs total, 0 dirs full, 0 dirs failed
I20260709 13:05:38.699280 21136 tablet_bootstrap.cc:492] T 00000000000000000000000000000000 P 27265c1e807547828be4ea22b4199e6b: Bootstrap starting.
I20260709 13:05:38.705145 21136 tablet_bootstrap.cc:654] T 00000000000000000000000000000000 P 27265c1e807547828be4ea22b4199e6b: Neither blocks nor log segments found. Creating new log.
I20260709 13:05:38.706988 21136 log.cc:826] T 00000000000000000000000000000000 P 27265c1e807547828be4ea22b4199e6b: Log is configured to *not* fsync() on all Append() calls
I20260709 13:05:38.711596 21136 tablet_bootstrap.cc:492] T 00000000000000000000000000000000 P 27265c1e807547828be4ea22b4199e6b: No bootstrap required, opened a new log
I20260709 13:05:38.731858 21136 raft_consensus.cc:359] T 00000000000000000000000000000000 P 27265c1e807547828be4ea22b4199e6b [term 0 FOLLOWER]: Replica starting. Triggering 0 pending ops. Active config: opid_index: -1 OBSOLETE_local: true peers { permanent_uuid: "27265c1e807547828be4ea22b4199e6b" member_type: VOTER }
I20260709 13:05:38.732414 21136 raft_consensus.cc:385] T 00000000000000000000000000000000 P 27265c1e807547828be4ea22b4199e6b [term 0 FOLLOWER]: Consensus starting up: Expiring failure detector timer to make a prompt election more likely
I20260709 13:05:38.732614 21136 raft_consensus.cc:740] T 00000000000000000000000000000000 P 27265c1e807547828be4ea22b4199e6b [term 0 FOLLOWER]: Becoming Follower/Learner. State: Replica: 27265c1e807547828be4ea22b4199e6b, State: Initialized, Role: FOLLOWER
I20260709 13:05:38.733469 21136 consensus_queue.cc:260] T 00000000000000000000000000000000 P 27265c1e807547828be4ea22b4199e6b [NON_LEADER]: Queue going to NON_LEADER mode. State: All replicated index: 0, Majority replicated index: 0, Committed index: 0, Last appended: 0.0, Last appended by leader: 0, Current term: 0, Majority size: -1, State: 0, Mode: NON_LEADER, active raft config: opid_index: -1 OBSOLETE_local: true peers { permanent_uuid: "27265c1e807547828be4ea22b4199e6b" member_type: VOTER }
I20260709 13:05:38.733971 21136 raft_consensus.cc:399] T 00000000000000000000000000000000 P 27265c1e807547828be4ea22b4199e6b [term 0 FOLLOWER]: Only one voter in the Raft config. Triggering election immediately
I20260709 13:05:38.734215 21136 raft_consensus.cc:493] T 00000000000000000000000000000000 P 27265c1e807547828be4ea22b4199e6b [term 0 FOLLOWER]: Starting leader election (initial election of a single-replica configuration)
I20260709 13:05:38.734509 21136 raft_consensus.cc:3060] T 00000000000000000000000000000000 P 27265c1e807547828be4ea22b4199e6b [term 0 FOLLOWER]: Advancing to term 1
I20260709 13:05:38.738834 21136 raft_consensus.cc:515] T 00000000000000000000000000000000 P 27265c1e807547828be4ea22b4199e6b [term 1 FOLLOWER]: Starting leader election with config: opid_index: -1 OBSOLETE_local: true peers { permanent_uuid: "27265c1e807547828be4ea22b4199e6b" member_type: VOTER }
I20260709 13:05:38.739653 21136 leader_election.cc:304] T 00000000000000000000000000000000 P 27265c1e807547828be4ea22b4199e6b [CANDIDATE]: Term 1 election: Election decided. Result: candidate won. Election summary: received 1 responses out of 1 voters: 1 yes votes; 0 no votes. yes voters: 27265c1e807547828be4ea22b4199e6b; no voters: 
I20260709 13:05:38.741351 21136 leader_election.cc:290] T 00000000000000000000000000000000 P 27265c1e807547828be4ea22b4199e6b [CANDIDATE]: Term 1 election: Requested vote from peers 
I20260709 13:05:38.741688 21139 raft_consensus.cc:2804] T 00000000000000000000000000000000 P 27265c1e807547828be4ea22b4199e6b [term 1 FOLLOWER]: Leader election won for term 1
I20260709 13:05:38.743789 21139 raft_consensus.cc:697] T 00000000000000000000000000000000 P 27265c1e807547828be4ea22b4199e6b [term 1 LEADER]: Becoming Leader. State: Replica: 27265c1e807547828be4ea22b4199e6b, State: Running, Role: LEADER
I20260709 13:05:38.744724 21139 consensus_queue.cc:237] T 00000000000000000000000000000000 P 27265c1e807547828be4ea22b4199e6b [LEADER]: Queue going to LEADER mode. State: All replicated index: 0, Majority replicated index: 0, Committed index: 0, Last appended: 0.0, Last appended by leader: 0, Current term: 1, Majority size: 1, State: 0, Mode: LEADER, active raft config: opid_index: -1 OBSOLETE_local: true peers { permanent_uuid: "27265c1e807547828be4ea22b4199e6b" member_type: VOTER }
I20260709 13:05:38.745764 21136 sys_catalog.cc:565] T 00000000000000000000000000000000 P 27265c1e807547828be4ea22b4199e6b [sys.catalog]: configured and running, proceeding with master startup.
I20260709 13:05:38.755607 21140 sys_catalog.cc:455] T 00000000000000000000000000000000 P 27265c1e807547828be4ea22b4199e6b [sys.catalog]: SysCatalogTable state changed. Reason: RaftConsensus started. Latest consensus state: current_term: 1 leader_uuid: "27265c1e807547828be4ea22b4199e6b" committed_config { opid_index: -1 OBSOLETE_local: true peers { permanent_uuid: "27265c1e807547828be4ea22b4199e6b" member_type: VOTER } }
I20260709 13:05:38.755668 21141 sys_catalog.cc:455] T 00000000000000000000000000000000 P 27265c1e807547828be4ea22b4199e6b [sys.catalog]: SysCatalogTable state changed. Reason: New leader 27265c1e807547828be4ea22b4199e6b. Latest consensus state: current_term: 1 leader_uuid: "27265c1e807547828be4ea22b4199e6b" committed_config { opid_index: -1 OBSOLETE_local: true peers { permanent_uuid: "27265c1e807547828be4ea22b4199e6b" member_type: VOTER } }
I20260709 13:05:38.756282 21140 sys_catalog.cc:458] T 00000000000000000000000000000000 P 27265c1e807547828be4ea22b4199e6b [sys.catalog]: This master's current role is: LEADER
I20260709 13:05:38.756379 21141 sys_catalog.cc:458] T 00000000000000000000000000000000 P 27265c1e807547828be4ea22b4199e6b [sys.catalog]: This master's current role is: LEADER
I20260709 13:05:38.759164 21147 catalog_manager.cc:1511] Loading table and tablet metadata into memory...
I20260709 13:05:38.771375 21147 catalog_manager.cc:1520] Initializing Kudu cluster ID...
I20260709 13:05:38.773641 21069 internal_mini_cluster.cc:184] Waiting to initialize catalog manager on master 0
I20260709 13:05:38.789893 21147 catalog_manager.cc:1383] Generated new cluster ID: 0240504de95b44f391e74edc16c3cf18
I20260709 13:05:38.790221 21147 catalog_manager.cc:1531] Initializing Kudu internal certificate authority...
I20260709 13:05:38.820130 21147 catalog_manager.cc:1406] Generated new certificate authority record
I20260709 13:05:38.821763 21147 catalog_manager.cc:1540] Loading token signing keys...
I20260709 13:05:38.837814 21147 catalog_manager.cc:6070] T 00000000000000000000000000000000 P 27265c1e807547828be4ea22b4199e6b: Generated new TSK 0
I20260709 13:05:38.839445 21147 catalog_manager.cc:1550] Initializing in-progress tserver states...
I20260709 13:05:38.904726 21069 file_cache.cc:504] Constructed file cache file cache with capacity 419430
W20260709 13:05:38.913383 21158 instance_detector.cc:116] could not retrieve AWS instance metadata: Network error: curl error: HTTP response code said error: The requested URL returned error: 404
W20260709 13:05:38.915316 21159 instance_detector.cc:116] could not retrieve Azure instance metadata: Network error: curl error: HTTP response code said error: The requested URL returned error: 404
W20260709 13:05:38.918437 21161 instance_detector.cc:116] could not retrieve OpenStack instance metadata: Network error: curl error: HTTP response code said error: The requested URL returned error: 404
I20260709 13:05:38.919387 21069 server_base.cc:1061] running on GCE node
I20260709 13:05:38.920161 21069 hybrid_clock.cc:584] initializing the hybrid clock with 'system_unsync' time source
W20260709 13:05:38.920352 21069 system_unsync_time.cc:38] NTP support is disabled. Clock error bounds will not be accurate. This configuration is not suitable for distributed clusters.
I20260709 13:05:38.920557 21069 hybrid_clock.cc:648] HybridClock initialized: now 1783602338920512 us; error 0 us; skew 500 ppm
I20260709 13:05:38.921139 21069 server_base.cc:861] Flag tcmalloc_max_total_thread_cache_bytes is not working since tcmalloc is not enabled.
I20260709 13:05:38.925274 21069 webserver.cc:533] Webserver started at http://127.20.147.65:39199/ using document root <none> and password file <none>
I20260709 13:05:38.925818 21069 fs_manager.cc:362] Metadata directory not provided
I20260709 13:05:38.925997 21069 fs_manager.cc:368] Using write-ahead log directory (fs_wal_dir) as metadata directory
I20260709 13:05:38.926265 21069 server_base.cc:909] This appears to be a new deployment of Kudu; creating new FS layout
I20260709 13:05:38.927380 21069 fs_manager.cc:1068] Generated new instance metadata in path /tmp/dist-test-taskFRmE5y/test-tmp/auto_leader_rebalancer-test.0.LeaderRebalancerTest.FunctionalTestForDivided.1783602337223101-21069-0/minicluster-data/ts-0-root/instance:
uuid: "29089fae00c9430c8b61a6b894637190"
format_stamp: "Formatted at 2026-07-09 13:05:38 on dist-test-slave-gg5t"
I20260709 13:05:38.932998 21069 fs_manager.cc:696] Time spent creating directory manager: real 0.005s	user 0.001s	sys 0.004s
I20260709 13:05:38.937305 21166 log_block_manager.cc:4127] Time spent loading block containers with low live blocks: real 0.000s	user 0.000s	sys 0.000s
I20260709 13:05:38.938180 21069 fs_manager.cc:730] Time spent opening block manager: real 0.003s	user 0.002s	sys 0.000s
I20260709 13:05:38.938573 21069 fs_manager.cc:647] Opened local filesystem: /tmp/dist-test-taskFRmE5y/test-tmp/auto_leader_rebalancer-test.0.LeaderRebalancerTest.FunctionalTestForDivided.1783602337223101-21069-0/minicluster-data/ts-0-root
uuid: "29089fae00c9430c8b61a6b894637190"
format_stamp: "Formatted at 2026-07-09 13:05:38 on dist-test-slave-gg5t"
I20260709 13:05:38.939018 21069 fs_report.cc:389] FS layout report
--------------------
wal directory: /tmp/dist-test-taskFRmE5y/test-tmp/auto_leader_rebalancer-test.0.LeaderRebalancerTest.FunctionalTestForDivided.1783602337223101-21069-0/minicluster-data/ts-0-root
metadata directory: /tmp/dist-test-taskFRmE5y/test-tmp/auto_leader_rebalancer-test.0.LeaderRebalancerTest.FunctionalTestForDivided.1783602337223101-21069-0/minicluster-data/ts-0-root
1 data directories: /tmp/dist-test-taskFRmE5y/test-tmp/auto_leader_rebalancer-test.0.LeaderRebalancerTest.FunctionalTestForDivided.1783602337223101-21069-0/minicluster-data/ts-0-root/data
Total live blocks: 0
Total live bytes: 0
Total live bytes (after alignment): 0
Total number of LBM containers: 0 (0 full)
Did not check for missing blocks
Did not check for orphaned blocks
Total full LBM containers with extra space: 0 (0 repaired)
Total full LBM container extra space in bytes: 0 (0 repaired)
Total incomplete LBM containers: 0 (0 repaired)
Total LBM partial records: 0 (0 repaired)
Total corrupted LBM metadata records in RocksDB: 0 (0 repaired)
I20260709 13:05:38.983820 21069 rpc_server.cc:225] running with OpenSSL 1.1.1  11 Sep 2018
I20260709 13:05:38.985172 21069 kserver.cc:163] Server-wide thread pool size limit: 3276
I20260709 13:05:38.987484 21069 txn_system_client.cc:432] TxnSystemClient initialization is disabled...
I20260709 13:05:38.991911 21069 ts_tablet_manager.cc:585] Loaded tablet metadata (0 total tablets, 0 live tablets)
I20260709 13:05:38.992152 21069 ts_tablet_manager.cc:531] Time spent load tablet metadata: real 0.000s	user 0.000s	sys 0.000s
I20260709 13:05:38.992396 21069 ts_tablet_manager.cc:616] Registered 0 tablets
I20260709 13:05:38.992558 21069 ts_tablet_manager.cc:595] Time spent register tablets: real 0.000s	user 0.000s	sys 0.000s
I20260709 13:05:39.089386 21069 rpc_server.cc:307] RPC server started. Bound to: 127.20.147.65:42975
I20260709 13:05:39.089480 21228 acceptor_pool.cc:272] collecting diagnostics on the listening RPC socket 127.20.147.65:42975 every 8 connection(s)
I20260709 13:05:39.096577 21069 file_cache.cc:504] Constructed file cache file cache with capacity 419430
W20260709 13:05:39.108566 21233 instance_detector.cc:116] could not retrieve AWS instance metadata: Network error: curl error: HTTP response code said error: The requested URL returned error: 404
W20260709 13:05:39.111732 21234 instance_detector.cc:116] could not retrieve Azure instance metadata: Network error: curl error: HTTP response code said error: The requested URL returned error: 404
I20260709 13:05:39.118076 21069 server_base.cc:1061] running on GCE node
W20260709 13:05:39.119498 21236 instance_detector.cc:116] could not retrieve OpenStack instance metadata: Network error: curl error: HTTP response code said error: The requested URL returned error: 404
I20260709 13:05:39.120569 21069 hybrid_clock.cc:584] initializing the hybrid clock with 'system_unsync' time source
W20260709 13:05:39.120786 21069 system_unsync_time.cc:38] NTP support is disabled. Clock error bounds will not be accurate. This configuration is not suitable for distributed clusters.
I20260709 13:05:39.120985 21069 hybrid_clock.cc:648] HybridClock initialized: now 1783602339120953 us; error 0 us; skew 500 ppm
I20260709 13:05:39.121574 21069 server_base.cc:861] Flag tcmalloc_max_total_thread_cache_bytes is not working since tcmalloc is not enabled.
I20260709 13:05:39.124843 21069 webserver.cc:533] Webserver started at http://127.20.147.66:41305/ using document root <none> and password file <none>
I20260709 13:05:39.125546 21069 fs_manager.cc:362] Metadata directory not provided
I20260709 13:05:39.125810 21069 fs_manager.cc:368] Using write-ahead log directory (fs_wal_dir) as metadata directory
I20260709 13:05:39.126129 21069 server_base.cc:909] This appears to be a new deployment of Kudu; creating new FS layout
I20260709 13:05:39.127632 21069 fs_manager.cc:1068] Generated new instance metadata in path /tmp/dist-test-taskFRmE5y/test-tmp/auto_leader_rebalancer-test.0.LeaderRebalancerTest.FunctionalTestForDivided.1783602337223101-21069-0/minicluster-data/ts-1-root/instance:
uuid: "95e5b327d0234369b9827a9188e0507a"
format_stamp: "Formatted at 2026-07-09 13:05:39 on dist-test-slave-gg5t"
I20260709 13:05:39.130056 21229 heartbeater.cc:344] Connected to a master server at 127.20.147.126:40209
I20260709 13:05:39.130578 21229 heartbeater.cc:461] Registering TS with master...
I20260709 13:05:39.131847 21229 heartbeater.cc:507] Master 127.20.147.126:40209 requested a full tablet report, sending...
I20260709 13:05:39.134339 21069 fs_manager.cc:696] Time spent creating directory manager: real 0.006s	user 0.006s	sys 0.000s
I20260709 13:05:39.135654 21101 ts_manager.cc:194] Registered new tserver with Master: 29089fae00c9430c8b61a6b894637190 (127.20.147.65:42975)
I20260709 13:05:39.138734 21101 master_service.cc:502] Signed X509 certificate for tserver {username='slave'} at 127.0.0.1:57964
I20260709 13:05:39.140156 21241 log_block_manager.cc:4127] Time spent loading block containers with low live blocks: real 0.000s	user 0.000s	sys 0.000s
I20260709 13:05:39.141378 21069 fs_manager.cc:730] Time spent opening block manager: real 0.005s	user 0.002s	sys 0.002s
I20260709 13:05:39.141739 21069 fs_manager.cc:647] Opened local filesystem: /tmp/dist-test-taskFRmE5y/test-tmp/auto_leader_rebalancer-test.0.LeaderRebalancerTest.FunctionalTestForDivided.1783602337223101-21069-0/minicluster-data/ts-1-root
uuid: "95e5b327d0234369b9827a9188e0507a"
format_stamp: "Formatted at 2026-07-09 13:05:39 on dist-test-slave-gg5t"
I20260709 13:05:39.142104 21069 fs_report.cc:389] FS layout report
--------------------
wal directory: /tmp/dist-test-taskFRmE5y/test-tmp/auto_leader_rebalancer-test.0.LeaderRebalancerTest.FunctionalTestForDivided.1783602337223101-21069-0/minicluster-data/ts-1-root
metadata directory: /tmp/dist-test-taskFRmE5y/test-tmp/auto_leader_rebalancer-test.0.LeaderRebalancerTest.FunctionalTestForDivided.1783602337223101-21069-0/minicluster-data/ts-1-root
1 data directories: /tmp/dist-test-taskFRmE5y/test-tmp/auto_leader_rebalancer-test.0.LeaderRebalancerTest.FunctionalTestForDivided.1783602337223101-21069-0/minicluster-data/ts-1-root/data
Total live blocks: 0
Total live bytes: 0
Total live bytes (after alignment): 0
Total number of LBM containers: 0 (0 full)
Did not check for missing blocks
Did not check for orphaned blocks
Total full LBM containers with extra space: 0 (0 repaired)
Total full LBM container extra space in bytes: 0 (0 repaired)
Total incomplete LBM containers: 0 (0 repaired)
Total LBM partial records: 0 (0 repaired)
Total corrupted LBM metadata records in RocksDB: 0 (0 repaired)
I20260709 13:05:39.166456 21069 rpc_server.cc:225] running with OpenSSL 1.1.1  11 Sep 2018
I20260709 13:05:39.167824 21069 kserver.cc:163] Server-wide thread pool size limit: 3276
I20260709 13:05:39.169924 21069 txn_system_client.cc:432] TxnSystemClient initialization is disabled...
I20260709 13:05:39.173153 21069 ts_tablet_manager.cc:585] Loaded tablet metadata (0 total tablets, 0 live tablets)
I20260709 13:05:39.173365 21069 ts_tablet_manager.cc:531] Time spent load tablet metadata: real 0.000s	user 0.000s	sys 0.000s
I20260709 13:05:39.173594 21069 ts_tablet_manager.cc:616] Registered 0 tablets
I20260709 13:05:39.173756 21069 ts_tablet_manager.cc:595] Time spent register tablets: real 0.000s	user 0.000s	sys 0.000s
I20260709 13:05:39.263299 21069 rpc_server.cc:307] RPC server started. Bound to: 127.20.147.66:34557
I20260709 13:05:39.263422 21303 acceptor_pool.cc:272] collecting diagnostics on the listening RPC socket 127.20.147.66:34557 every 8 connection(s)
I20260709 13:05:39.273192 21069 file_cache.cc:504] Constructed file cache file cache with capacity 419430
W20260709 13:05:39.282303 21307 instance_detector.cc:116] could not retrieve AWS instance metadata: Network error: curl error: HTTP response code said error: The requested URL returned error: 404
W20260709 13:05:39.284086 21308 instance_detector.cc:116] could not retrieve Azure instance metadata: Network error: curl error: HTTP response code said error: The requested URL returned error: 404
I20260709 13:05:39.286026 21304 heartbeater.cc:344] Connected to a master server at 127.20.147.126:40209
I20260709 13:05:39.286430 21304 heartbeater.cc:461] Registering TS with master...
I20260709 13:05:39.287387 21304 heartbeater.cc:507] Master 127.20.147.126:40209 requested a full tablet report, sending...
I20260709 13:05:39.289878 21101 ts_manager.cc:194] Registered new tserver with Master: 95e5b327d0234369b9827a9188e0507a (127.20.147.66:34557)
I20260709 13:05:39.291625 21101 master_service.cc:502] Signed X509 certificate for tserver {username='slave'} at 127.0.0.1:57972
W20260709 13:05:39.296247 21310 instance_detector.cc:116] could not retrieve OpenStack instance metadata: Network error: curl error: HTTP response code said error: The requested URL returned error: 404
I20260709 13:05:39.296810 21069 server_base.cc:1061] running on GCE node
I20260709 13:05:39.297839 21069 hybrid_clock.cc:584] initializing the hybrid clock with 'system_unsync' time source
W20260709 13:05:39.298094 21069 system_unsync_time.cc:38] NTP support is disabled. Clock error bounds will not be accurate. This configuration is not suitable for distributed clusters.
I20260709 13:05:39.298295 21069 hybrid_clock.cc:648] HybridClock initialized: now 1783602339298278 us; error 0 us; skew 500 ppm
I20260709 13:05:39.299008 21069 server_base.cc:861] Flag tcmalloc_max_total_thread_cache_bytes is not working since tcmalloc is not enabled.
I20260709 13:05:39.301841 21069 webserver.cc:533] Webserver started at http://127.20.147.67:44919/ using document root <none> and password file <none>
I20260709 13:05:39.302435 21069 fs_manager.cc:362] Metadata directory not provided
I20260709 13:05:39.302680 21069 fs_manager.cc:368] Using write-ahead log directory (fs_wal_dir) as metadata directory
I20260709 13:05:39.303030 21069 server_base.cc:909] This appears to be a new deployment of Kudu; creating new FS layout
I20260709 13:05:39.304378 21069 fs_manager.cc:1068] Generated new instance metadata in path /tmp/dist-test-taskFRmE5y/test-tmp/auto_leader_rebalancer-test.0.LeaderRebalancerTest.FunctionalTestForDivided.1783602337223101-21069-0/minicluster-data/ts-2-root/instance:
uuid: "24fc4a93bc6a47cdbb98d08aa3e51293"
format_stamp: "Formatted at 2026-07-09 13:05:39 on dist-test-slave-gg5t"
I20260709 13:05:39.310086 21069 fs_manager.cc:696] Time spent creating directory manager: real 0.005s	user 0.006s	sys 0.000s
I20260709 13:05:39.314169 21315 log_block_manager.cc:4127] Time spent loading block containers with low live blocks: real 0.000s	user 0.000s	sys 0.000s
I20260709 13:05:39.314993 21069 fs_manager.cc:730] Time spent opening block manager: real 0.002s	user 0.003s	sys 0.000s
I20260709 13:05:39.315289 21069 fs_manager.cc:647] Opened local filesystem: /tmp/dist-test-taskFRmE5y/test-tmp/auto_leader_rebalancer-test.0.LeaderRebalancerTest.FunctionalTestForDivided.1783602337223101-21069-0/minicluster-data/ts-2-root
uuid: "24fc4a93bc6a47cdbb98d08aa3e51293"
format_stamp: "Formatted at 2026-07-09 13:05:39 on dist-test-slave-gg5t"
I20260709 13:05:39.315563 21069 fs_report.cc:389] FS layout report
--------------------
wal directory: /tmp/dist-test-taskFRmE5y/test-tmp/auto_leader_rebalancer-test.0.LeaderRebalancerTest.FunctionalTestForDivided.1783602337223101-21069-0/minicluster-data/ts-2-root
metadata directory: /tmp/dist-test-taskFRmE5y/test-tmp/auto_leader_rebalancer-test.0.LeaderRebalancerTest.FunctionalTestForDivided.1783602337223101-21069-0/minicluster-data/ts-2-root
1 data directories: /tmp/dist-test-taskFRmE5y/test-tmp/auto_leader_rebalancer-test.0.LeaderRebalancerTest.FunctionalTestForDivided.1783602337223101-21069-0/minicluster-data/ts-2-root/data
Total live blocks: 0
Total live bytes: 0
Total live bytes (after alignment): 0
Total number of LBM containers: 0 (0 full)
Did not check for missing blocks
Did not check for orphaned blocks
Total full LBM containers with extra space: 0 (0 repaired)
Total full LBM container extra space in bytes: 0 (0 repaired)
Total incomplete LBM containers: 0 (0 repaired)
Total LBM partial records: 0 (0 repaired)
Total corrupted LBM metadata records in RocksDB: 0 (0 repaired)
I20260709 13:05:39.328511 21069 rpc_server.cc:225] running with OpenSSL 1.1.1  11 Sep 2018
I20260709 13:05:39.329722 21069 kserver.cc:163] Server-wide thread pool size limit: 3276
I20260709 13:05:39.331789 21069 txn_system_client.cc:432] TxnSystemClient initialization is disabled...
I20260709 13:05:39.334568 21069 ts_tablet_manager.cc:585] Loaded tablet metadata (0 total tablets, 0 live tablets)
I20260709 13:05:39.334771 21069 ts_tablet_manager.cc:531] Time spent load tablet metadata: real 0.000s	user 0.000s	sys 0.000s
I20260709 13:05:39.335075 21069 ts_tablet_manager.cc:616] Registered 0 tablets
I20260709 13:05:39.335305 21069 ts_tablet_manager.cc:595] Time spent register tablets: real 0.000s	user 0.000s	sys 0.000s
I20260709 13:05:39.421185 21069 rpc_server.cc:307] RPC server started. Bound to: 127.20.147.67:44551
I20260709 13:05:39.421294 21377 acceptor_pool.cc:272] collecting diagnostics on the listening RPC socket 127.20.147.67:44551 every 8 connection(s)
I20260709 13:05:39.438608 21378 heartbeater.cc:344] Connected to a master server at 127.20.147.126:40209
I20260709 13:05:39.439021 21378 heartbeater.cc:461] Registering TS with master...
I20260709 13:05:39.439795 21378 heartbeater.cc:507] Master 127.20.147.126:40209 requested a full tablet report, sending...
I20260709 13:05:39.441826 21101 ts_manager.cc:194] Registered new tserver with Master: 24fc4a93bc6a47cdbb98d08aa3e51293 (127.20.147.67:44551)
I20260709 13:05:39.442476 21069 internal_mini_cluster.cc:371] 3 TS(s) registered with all masters after 0.013368642s
I20260709 13:05:39.443228 21101 master_service.cc:502] Signed X509 certificate for tserver {username='slave'} at 127.0.0.1:57978
I20260709 13:05:39.498476 21101 catalog_manager.cc:2283] Servicing CreateTable request from {username='slave'} at 127.0.0.1:57994:
name: "test-workload"
schema {
  columns {
    name: "key"
    type: INT32
    is_key: true
    is_nullable: false
    encoding: AUTO_ENCODING
    compression: DEFAULT_COMPRESSION
    cfile_block_size: 0
    immutable: false
  }
  columns {
    name: "int_val"
    type: INT32
    is_key: false
    is_nullable: false
    encoding: AUTO_ENCODING
    compression: DEFAULT_COMPRESSION
    cfile_block_size: 0
    immutable: false
  }
  columns {
    name: "string_val"
    type: STRING
    is_key: false
    is_nullable: true
    encoding: AUTO_ENCODING
    compression: DEFAULT_COMPRESSION
    cfile_block_size: 0
    immutable: false
  }
}
num_replicas: 3
split_rows_range_bounds {
  rows: "\004\001\000\216\3438\016\004\001\000\034\307q\034\004\001\000\252\252\252*\004\001\0008\216\3438\004\001\000\306q\034G\004\001\000TUUU\004\001\000\3428\216c\004\001\000p\034\307q""\004\001\000\216\3438\016\004\001\000\034\307q\034\004\001\000\252\252\252*\004\001\0008\216\3438\004\001\000\306q\034G\004\001\000TUUU\004\001\000\3428\216c\004\001\000p\034\307q"
  indirect_data: """"
}
partition_schema {
  range_schema {
    columns {
      name: "key"
    }
  }
}
W20260709 13:05:39.502277 21101 catalog_manager.cc:7077] The number of live tablet servers is not enough to re-replicate a tablet replica of the newly created table test-workload in case of a server failure: 4 tablet servers would be needed, 3 are available. Consider bringing up more tablet servers.
I20260709 13:05:39.609297 21343 tablet_service.cc:1511] Processing CreateTablet for tablet 9e9d60c34723412cb45b9ce58c3268d1 (DEFAULT_TABLE table=test-workload [id=ff309775bbb6401497b0210f896faf02]), partition=RANGE (key) PARTITION VALUES < 238609294
I20260709 13:05:39.611135 21343 data_dirs.cc:400] Could only allocate 1 dirs of requested 3 for tablet 9e9d60c34723412cb45b9ce58c3268d1. 1 dirs total, 0 dirs full, 0 dirs failed
I20260709 13:05:39.611068 21342 tablet_service.cc:1511] Processing CreateTablet for tablet 6ac1c0407b574e69be5434c3eb0cecd3 (DEFAULT_TABLE table=test-workload [id=ff309775bbb6401497b0210f896faf02]), partition=RANGE (key) PARTITION 238609294 <= VALUES < 477218588
I20260709 13:05:39.611405 21340 tablet_service.cc:1511] Processing CreateTablet for tablet d7729781c36149369d1cd14c3a91d6ab (DEFAULT_TABLE table=test-workload [id=ff309775bbb6401497b0210f896faf02]), partition=RANGE (key) PARTITION 715827882 <= VALUES < 954437176
I20260709 13:05:39.612673 21342 data_dirs.cc:400] Could only allocate 1 dirs of requested 3 for tablet 6ac1c0407b574e69be5434c3eb0cecd3. 1 dirs total, 0 dirs full, 0 dirs failed
I20260709 13:05:39.613461 21339 tablet_service.cc:1511] Processing CreateTablet for tablet 2816cddae1ca4a589043e6eb9dfe5c1a (DEFAULT_TABLE table=test-workload [id=ff309775bbb6401497b0210f896faf02]), partition=RANGE (key) PARTITION 954437176 <= VALUES < 1193046470
I20260709 13:05:39.609465 21341 tablet_service.cc:1511] Processing CreateTablet for tablet 4a8f678e8aa84f1ab2090fc34034474e (DEFAULT_TABLE table=test-workload [id=ff309775bbb6401497b0210f896faf02]), partition=RANGE (key) PARTITION 477218588 <= VALUES < 715827882
I20260709 13:05:39.615599 21337 tablet_service.cc:1511] Processing CreateTablet for tablet 949f7a59c3964d3285f21b714760d375 (DEFAULT_TABLE table=test-workload [id=ff309775bbb6401497b0210f896faf02]), partition=RANGE (key) PARTITION 1431655764 <= VALUES < 1670265058
I20260709 13:05:39.622313 21339 data_dirs.cc:400] Could only allocate 1 dirs of requested 3 for tablet 2816cddae1ca4a589043e6eb9dfe5c1a. 1 dirs total, 0 dirs full, 0 dirs failed
I20260709 13:05:39.621351 21338 tablet_service.cc:1511] Processing CreateTablet for tablet c2072732658f4ef4b1c5717c9db5d3a6 (DEFAULT_TABLE table=test-workload [id=ff309775bbb6401497b0210f896faf02]), partition=RANGE (key) PARTITION 1193046470 <= VALUES < 1431655764
I20260709 13:05:39.626858 21341 data_dirs.cc:400] Could only allocate 1 dirs of requested 3 for tablet 4a8f678e8aa84f1ab2090fc34034474e. 1 dirs total, 0 dirs full, 0 dirs failed
I20260709 13:05:39.628429 21337 data_dirs.cc:400] Could only allocate 1 dirs of requested 3 for tablet 949f7a59c3964d3285f21b714760d375. 1 dirs total, 0 dirs full, 0 dirs failed
I20260709 13:05:39.629869 21340 data_dirs.cc:400] Could only allocate 1 dirs of requested 3 for tablet d7729781c36149369d1cd14c3a91d6ab. 1 dirs total, 0 dirs full, 0 dirs failed
I20260709 13:05:39.630772 21338 data_dirs.cc:400] Could only allocate 1 dirs of requested 3 for tablet c2072732658f4ef4b1c5717c9db5d3a6. 1 dirs total, 0 dirs full, 0 dirs failed
I20260709 13:05:39.652212 21336 tablet_service.cc:1511] Processing CreateTablet for tablet d0cf1663f36d4ec69081334152da06a4 (DEFAULT_TABLE table=test-workload [id=ff309775bbb6401497b0210f896faf02]), partition=RANGE (key) PARTITION 1670265058 <= VALUES < 1908874352
I20260709 13:05:39.653640 21336 data_dirs.cc:400] Could only allocate 1 dirs of requested 3 for tablet d0cf1663f36d4ec69081334152da06a4. 1 dirs total, 0 dirs full, 0 dirs failed
I20260709 13:05:39.664578 21335 tablet_service.cc:1511] Processing CreateTablet for tablet b21bdb5e588441b3bfa40d929ef03671 (DEFAULT_TABLE table=test-workload [id=ff309775bbb6401497b0210f896faf02]), partition=RANGE (key) PARTITION 1908874352 <= VALUES
I20260709 13:05:39.670650 21335 data_dirs.cc:400] Could only allocate 1 dirs of requested 3 for tablet b21bdb5e588441b3bfa40d929ef03671. 1 dirs total, 0 dirs full, 0 dirs failed
I20260709 13:05:39.687559 21191 tablet_service.cc:1511] Processing CreateTablet for tablet d7729781c36149369d1cd14c3a91d6ab (DEFAULT_TABLE table=test-workload [id=ff309775bbb6401497b0210f896faf02]), partition=RANGE (key) PARTITION 715827882 <= VALUES < 954437176
I20260709 13:05:39.683058 21192 tablet_service.cc:1511] Processing CreateTablet for tablet 4a8f678e8aa84f1ab2090fc34034474e (DEFAULT_TABLE table=test-workload [id=ff309775bbb6401497b0210f896faf02]), partition=RANGE (key) PARTITION 477218588 <= VALUES < 715827882
I20260709 13:05:39.693075 21192 data_dirs.cc:400] Could only allocate 1 dirs of requested 3 for tablet 4a8f678e8aa84f1ab2090fc34034474e. 1 dirs total, 0 dirs full, 0 dirs failed
I20260709 13:05:39.692840 21190 tablet_service.cc:1511] Processing CreateTablet for tablet 2816cddae1ca4a589043e6eb9dfe5c1a (DEFAULT_TABLE table=test-workload [id=ff309775bbb6401497b0210f896faf02]), partition=RANGE (key) PARTITION 954437176 <= VALUES < 1193046470
I20260709 13:05:39.687661 21189 tablet_service.cc:1511] Processing CreateTablet for tablet c2072732658f4ef4b1c5717c9db5d3a6 (DEFAULT_TABLE table=test-workload [id=ff309775bbb6401497b0210f896faf02]), partition=RANGE (key) PARTITION 1193046470 <= VALUES < 1431655764
I20260709 13:05:39.692188 21188 tablet_service.cc:1511] Processing CreateTablet for tablet 949f7a59c3964d3285f21b714760d375 (DEFAULT_TABLE table=test-workload [id=ff309775bbb6401497b0210f896faf02]), partition=RANGE (key) PARTITION 1431655764 <= VALUES < 1670265058
I20260709 13:05:39.697464 21191 data_dirs.cc:400] Could only allocate 1 dirs of requested 3 for tablet d7729781c36149369d1cd14c3a91d6ab. 1 dirs total, 0 dirs full, 0 dirs failed
I20260709 13:05:39.696660 21194 tablet_service.cc:1511] Processing CreateTablet for tablet 9e9d60c34723412cb45b9ce58c3268d1 (DEFAULT_TABLE table=test-workload [id=ff309775bbb6401497b0210f896faf02]), partition=RANGE (key) PARTITION VALUES < 238609294
I20260709 13:05:39.697499 21193 tablet_service.cc:1511] Processing CreateTablet for tablet 6ac1c0407b574e69be5434c3eb0cecd3 (DEFAULT_TABLE table=test-workload [id=ff309775bbb6401497b0210f896faf02]), partition=RANGE (key) PARTITION 238609294 <= VALUES < 477218588
I20260709 13:05:39.700822 21190 data_dirs.cc:400] Could only allocate 1 dirs of requested 3 for tablet 2816cddae1ca4a589043e6eb9dfe5c1a. 1 dirs total, 0 dirs full, 0 dirs failed
I20260709 13:05:39.707870 21187 tablet_service.cc:1511] Processing CreateTablet for tablet d0cf1663f36d4ec69081334152da06a4 (DEFAULT_TABLE table=test-workload [id=ff309775bbb6401497b0210f896faf02]), partition=RANGE (key) PARTITION 1670265058 <= VALUES < 1908874352
I20260709 13:05:39.711220 21186 tablet_service.cc:1511] Processing CreateTablet for tablet b21bdb5e588441b3bfa40d929ef03671 (DEFAULT_TABLE table=test-workload [id=ff309775bbb6401497b0210f896faf02]), partition=RANGE (key) PARTITION 1908874352 <= VALUES
I20260709 13:05:39.713552 21194 data_dirs.cc:400] Could only allocate 1 dirs of requested 3 for tablet 9e9d60c34723412cb45b9ce58c3268d1. 1 dirs total, 0 dirs full, 0 dirs failed
I20260709 13:05:39.714809 21189 data_dirs.cc:400] Could only allocate 1 dirs of requested 3 for tablet c2072732658f4ef4b1c5717c9db5d3a6. 1 dirs total, 0 dirs full, 0 dirs failed
I20260709 13:05:39.718106 21186 data_dirs.cc:400] Could only allocate 1 dirs of requested 3 for tablet b21bdb5e588441b3bfa40d929ef03671. 1 dirs total, 0 dirs full, 0 dirs failed
I20260709 13:05:39.721344 21193 data_dirs.cc:400] Could only allocate 1 dirs of requested 3 for tablet 6ac1c0407b574e69be5434c3eb0cecd3. 1 dirs total, 0 dirs full, 0 dirs failed
I20260709 13:05:39.726187 21396 tablet_bootstrap.cc:492] T 6ac1c0407b574e69be5434c3eb0cecd3 P 24fc4a93bc6a47cdbb98d08aa3e51293: Bootstrap starting.
I20260709 13:05:39.729133 21188 data_dirs.cc:400] Could only allocate 1 dirs of requested 3 for tablet 949f7a59c3964d3285f21b714760d375. 1 dirs total, 0 dirs full, 0 dirs failed
I20260709 13:05:39.730558 21187 data_dirs.cc:400] Could only allocate 1 dirs of requested 3 for tablet d0cf1663f36d4ec69081334152da06a4. 1 dirs total, 0 dirs full, 0 dirs failed
I20260709 13:05:39.748791 21269 tablet_service.cc:1511] Processing CreateTablet for tablet 9e9d60c34723412cb45b9ce58c3268d1 (DEFAULT_TABLE table=test-workload [id=ff309775bbb6401497b0210f896faf02]), partition=RANGE (key) PARTITION VALUES < 238609294
I20260709 13:05:39.751833 21269 data_dirs.cc:400] Could only allocate 1 dirs of requested 3 for tablet 9e9d60c34723412cb45b9ce58c3268d1. 1 dirs total, 0 dirs full, 0 dirs failed
I20260709 13:05:39.756274 21268 tablet_service.cc:1511] Processing CreateTablet for tablet 6ac1c0407b574e69be5434c3eb0cecd3 (DEFAULT_TABLE table=test-workload [id=ff309775bbb6401497b0210f896faf02]), partition=RANGE (key) PARTITION 238609294 <= VALUES < 477218588
I20260709 13:05:39.759457 21267 tablet_service.cc:1511] Processing CreateTablet for tablet 4a8f678e8aa84f1ab2090fc34034474e (DEFAULT_TABLE table=test-workload [id=ff309775bbb6401497b0210f896faf02]), partition=RANGE (key) PARTITION 477218588 <= VALUES < 715827882
I20260709 13:05:39.765128 21268 data_dirs.cc:400] Could only allocate 1 dirs of requested 3 for tablet 6ac1c0407b574e69be5434c3eb0cecd3. 1 dirs total, 0 dirs full, 0 dirs failed
I20260709 13:05:39.771801 21265 tablet_service.cc:1511] Processing CreateTablet for tablet 2816cddae1ca4a589043e6eb9dfe5c1a (DEFAULT_TABLE table=test-workload [id=ff309775bbb6401497b0210f896faf02]), partition=RANGE (key) PARTITION 954437176 <= VALUES < 1193046470
W20260709 13:05:39.773274 21149 auto_rebalancer.cc:288] Could not retrieve cluster info: Service unavailable: Tablet not running
I20260709 13:05:39.770268 21266 tablet_service.cc:1511] Processing CreateTablet for tablet d7729781c36149369d1cd14c3a91d6ab (DEFAULT_TABLE table=test-workload [id=ff309775bbb6401497b0210f896faf02]), partition=RANGE (key) PARTITION 715827882 <= VALUES < 954437176
I20260709 13:05:39.775260 21264 tablet_service.cc:1511] Processing CreateTablet for tablet c2072732658f4ef4b1c5717c9db5d3a6 (DEFAULT_TABLE table=test-workload [id=ff309775bbb6401497b0210f896faf02]), partition=RANGE (key) PARTITION 1193046470 <= VALUES < 1431655764
I20260709 13:05:39.782225 21263 tablet_service.cc:1511] Processing CreateTablet for tablet 949f7a59c3964d3285f21b714760d375 (DEFAULT_TABLE table=test-workload [id=ff309775bbb6401497b0210f896faf02]), partition=RANGE (key) PARTITION 1431655764 <= VALUES < 1670265058
I20260709 13:05:39.789147 21262 tablet_service.cc:1511] Processing CreateTablet for tablet d0cf1663f36d4ec69081334152da06a4 (DEFAULT_TABLE table=test-workload [id=ff309775bbb6401497b0210f896faf02]), partition=RANGE (key) PARTITION 1670265058 <= VALUES < 1908874352
I20260709 13:05:39.786628 21265 data_dirs.cc:400] Could only allocate 1 dirs of requested 3 for tablet 2816cddae1ca4a589043e6eb9dfe5c1a. 1 dirs total, 0 dirs full, 0 dirs failed
I20260709 13:05:39.795744 21262 data_dirs.cc:400] Could only allocate 1 dirs of requested 3 for tablet d0cf1663f36d4ec69081334152da06a4. 1 dirs total, 0 dirs full, 0 dirs failed
I20260709 13:05:39.796772 21261 tablet_service.cc:1511] Processing CreateTablet for tablet b21bdb5e588441b3bfa40d929ef03671 (DEFAULT_TABLE table=test-workload [id=ff309775bbb6401497b0210f896faf02]), partition=RANGE (key) PARTITION 1908874352 <= VALUES
I20260709 13:05:39.798856 21263 data_dirs.cc:400] Could only allocate 1 dirs of requested 3 for tablet 949f7a59c3964d3285f21b714760d375. 1 dirs total, 0 dirs full, 0 dirs failed
I20260709 13:05:39.801595 21266 data_dirs.cc:400] Could only allocate 1 dirs of requested 3 for tablet d7729781c36149369d1cd14c3a91d6ab. 1 dirs total, 0 dirs full, 0 dirs failed
I20260709 13:05:39.804018 21267 data_dirs.cc:400] Could only allocate 1 dirs of requested 3 for tablet 4a8f678e8aa84f1ab2090fc34034474e. 1 dirs total, 0 dirs full, 0 dirs failed
I20260709 13:05:39.807003 21261 data_dirs.cc:400] Could only allocate 1 dirs of requested 3 for tablet b21bdb5e588441b3bfa40d929ef03671. 1 dirs total, 0 dirs full, 0 dirs failed
I20260709 13:05:39.818758 21264 data_dirs.cc:400] Could only allocate 1 dirs of requested 3 for tablet c2072732658f4ef4b1c5717c9db5d3a6. 1 dirs total, 0 dirs full, 0 dirs failed
I20260709 13:05:39.869884 21396 tablet_bootstrap.cc:654] T 6ac1c0407b574e69be5434c3eb0cecd3 P 24fc4a93bc6a47cdbb98d08aa3e51293: Neither blocks nor log segments found. Creating new log.
I20260709 13:05:39.894169 21398 tablet_bootstrap.cc:492] T d0cf1663f36d4ec69081334152da06a4 P 95e5b327d0234369b9827a9188e0507a: Bootstrap starting.
I20260709 13:05:39.899209 21398 tablet_bootstrap.cc:654] T d0cf1663f36d4ec69081334152da06a4 P 95e5b327d0234369b9827a9188e0507a: Neither blocks nor log segments found. Creating new log.
I20260709 13:05:39.943102 21397 tablet_bootstrap.cc:492] T d0cf1663f36d4ec69081334152da06a4 P 29089fae00c9430c8b61a6b894637190: Bootstrap starting.
I20260709 13:05:39.962589 21396 tablet_bootstrap.cc:492] T 6ac1c0407b574e69be5434c3eb0cecd3 P 24fc4a93bc6a47cdbb98d08aa3e51293: No bootstrap required, opened a new log
I20260709 13:05:39.963476 21396 ts_tablet_manager.cc:1403] T 6ac1c0407b574e69be5434c3eb0cecd3 P 24fc4a93bc6a47cdbb98d08aa3e51293: Time spent bootstrapping tablet: real 0.242s	user 0.012s	sys 0.011s
I20260709 13:05:39.968411 21398 tablet_bootstrap.cc:492] T d0cf1663f36d4ec69081334152da06a4 P 95e5b327d0234369b9827a9188e0507a: No bootstrap required, opened a new log
I20260709 13:05:39.968897 21398 ts_tablet_manager.cc:1403] T d0cf1663f36d4ec69081334152da06a4 P 95e5b327d0234369b9827a9188e0507a: Time spent bootstrapping tablet: real 0.075s	user 0.009s	sys 0.004s
I20260709 13:05:39.969627 21397 tablet_bootstrap.cc:654] T d0cf1663f36d4ec69081334152da06a4 P 29089fae00c9430c8b61a6b894637190: Neither blocks nor log segments found. Creating new log.
I20260709 13:05:39.967303 21396 raft_consensus.cc:359] T 6ac1c0407b574e69be5434c3eb0cecd3 P 24fc4a93bc6a47cdbb98d08aa3e51293 [term 0 FOLLOWER]: Replica starting. Triggering 0 pending ops. Active config: opid_index: -1 OBSOLETE_local: false peers { permanent_uuid: "29089fae00c9430c8b61a6b894637190" member_type: VOTER last_known_addr { host: "127.20.147.65" port: 42975 } } peers { permanent_uuid: "95e5b327d0234369b9827a9188e0507a" member_type: VOTER last_known_addr { host: "127.20.147.66" port: 34557 } } peers { permanent_uuid: "24fc4a93bc6a47cdbb98d08aa3e51293" member_type: VOTER last_known_addr { host: "127.20.147.67" port: 44551 } }
I20260709 13:05:39.970048 21396 raft_consensus.cc:385] T 6ac1c0407b574e69be5434c3eb0cecd3 P 24fc4a93bc6a47cdbb98d08aa3e51293 [term 0 FOLLOWER]: Consensus starting up: Expiring failure detector timer to make a prompt election more likely
I20260709 13:05:39.970374 21396 raft_consensus.cc:740] T 6ac1c0407b574e69be5434c3eb0cecd3 P 24fc4a93bc6a47cdbb98d08aa3e51293 [term 0 FOLLOWER]: Becoming Follower/Learner. State: Replica: 24fc4a93bc6a47cdbb98d08aa3e51293, State: Initialized, Role: FOLLOWER
I20260709 13:05:39.971272 21396 consensus_queue.cc:260] T 6ac1c0407b574e69be5434c3eb0cecd3 P 24fc4a93bc6a47cdbb98d08aa3e51293 [NON_LEADER]: Queue going to NON_LEADER mode. State: All replicated index: 0, Majority replicated index: 0, Committed index: 0, Last appended: 0.0, Last appended by leader: 0, Current term: 0, Majority size: -1, State: 0, Mode: NON_LEADER, active raft config: opid_index: -1 OBSOLETE_local: false peers { permanent_uuid: "29089fae00c9430c8b61a6b894637190" member_type: VOTER last_known_addr { host: "127.20.147.65" port: 42975 } } peers { permanent_uuid: "95e5b327d0234369b9827a9188e0507a" member_type: VOTER last_known_addr { host: "127.20.147.66" port: 34557 } } peers { permanent_uuid: "24fc4a93bc6a47cdbb98d08aa3e51293" member_type: VOTER last_known_addr { host: "127.20.147.67" port: 44551 } }
I20260709 13:05:39.974627 21398 raft_consensus.cc:359] T d0cf1663f36d4ec69081334152da06a4 P 95e5b327d0234369b9827a9188e0507a [term 0 FOLLOWER]: Replica starting. Triggering 0 pending ops. Active config: opid_index: -1 OBSOLETE_local: false peers { permanent_uuid: "29089fae00c9430c8b61a6b894637190" member_type: VOTER last_known_addr { host: "127.20.147.65" port: 42975 } } peers { permanent_uuid: "95e5b327d0234369b9827a9188e0507a" member_type: VOTER last_known_addr { host: "127.20.147.66" port: 34557 } } peers { permanent_uuid: "24fc4a93bc6a47cdbb98d08aa3e51293" member_type: VOTER last_known_addr { host: "127.20.147.67" port: 44551 } }
I20260709 13:05:39.977238 21398 raft_consensus.cc:385] T d0cf1663f36d4ec69081334152da06a4 P 95e5b327d0234369b9827a9188e0507a [term 0 FOLLOWER]: Consensus starting up: Expiring failure detector timer to make a prompt election more likely
I20260709 13:05:39.977707 21398 raft_consensus.cc:740] T d0cf1663f36d4ec69081334152da06a4 P 95e5b327d0234369b9827a9188e0507a [term 0 FOLLOWER]: Becoming Follower/Learner. State: Replica: 95e5b327d0234369b9827a9188e0507a, State: Initialized, Role: FOLLOWER
I20260709 13:05:39.978905 21398 consensus_queue.cc:260] T d0cf1663f36d4ec69081334152da06a4 P 95e5b327d0234369b9827a9188e0507a [NON_LEADER]: Queue going to NON_LEADER mode. State: All replicated index: 0, Majority replicated index: 0, Committed index: 0, Last appended: 0.0, Last appended by leader: 0, Current term: 0, Majority size: -1, State: 0, Mode: NON_LEADER, active raft config: opid_index: -1 OBSOLETE_local: false peers { permanent_uuid: "29089fae00c9430c8b61a6b894637190" member_type: VOTER last_known_addr { host: "127.20.147.65" port: 42975 } } peers { permanent_uuid: "95e5b327d0234369b9827a9188e0507a" member_type: VOTER last_known_addr { host: "127.20.147.66" port: 34557 } } peers { permanent_uuid: "24fc4a93bc6a47cdbb98d08aa3e51293" member_type: VOTER last_known_addr { host: "127.20.147.67" port: 44551 } }
I20260709 13:05:39.988363 21398 ts_tablet_manager.cc:1434] T d0cf1663f36d4ec69081334152da06a4 P 95e5b327d0234369b9827a9188e0507a: Time spent starting tablet: real 0.019s	user 0.013s	sys 0.000s
I20260709 13:05:39.989352 21304 heartbeater.cc:499] Master 127.20.147.126:40209 was elected leader, sending a full tablet report...
I20260709 13:05:39.989370 21396 ts_tablet_manager.cc:1434] T 6ac1c0407b574e69be5434c3eb0cecd3 P 24fc4a93bc6a47cdbb98d08aa3e51293: Time spent starting tablet: real 0.025s	user 0.013s	sys 0.009s
I20260709 13:05:39.989663 21398 tablet_bootstrap.cc:492] T b21bdb5e588441b3bfa40d929ef03671 P 95e5b327d0234369b9827a9188e0507a: Bootstrap starting.
I20260709 13:05:39.990643 21396 tablet_bootstrap.cc:492] T c2072732658f4ef4b1c5717c9db5d3a6 P 24fc4a93bc6a47cdbb98d08aa3e51293: Bootstrap starting.
I20260709 13:05:39.994095 21378 heartbeater.cc:499] Master 127.20.147.126:40209 was elected leader, sending a full tablet report...
I20260709 13:05:39.996795 21398 tablet_bootstrap.cc:654] T b21bdb5e588441b3bfa40d929ef03671 P 95e5b327d0234369b9827a9188e0507a: Neither blocks nor log segments found. Creating new log.
I20260709 13:05:39.997432 21396 tablet_bootstrap.cc:654] T c2072732658f4ef4b1c5717c9db5d3a6 P 24fc4a93bc6a47cdbb98d08aa3e51293: Neither blocks nor log segments found. Creating new log.
I20260709 13:05:40.008895 21398 tablet_bootstrap.cc:492] T b21bdb5e588441b3bfa40d929ef03671 P 95e5b327d0234369b9827a9188e0507a: No bootstrap required, opened a new log
I20260709 13:05:40.009454 21398 ts_tablet_manager.cc:1403] T b21bdb5e588441b3bfa40d929ef03671 P 95e5b327d0234369b9827a9188e0507a: Time spent bootstrapping tablet: real 0.020s	user 0.016s	sys 0.000s
