I20260709 12:57:13.499209  1271 consensus_queue.cc:1048] T 914860b372b54fb996e6f8512bb4ad02 P 7e0d796243494ff0b57b5d647ae55bff [LEADER]: Connected to new peer: Peer: permanent_uuid: "95fae0f9d1aa464f87a9c699f35ce171" member_type: VOTER last_known_addr { host: "127.0.107.195" port: 38201 }, Status: LMP_MISMATCH, Last received: 0.0, Next index: 1, Last known committed idx: 0, Time since last communication: 0.000s
I20260709 12:57:13.501650   952 catalog_manager.cc:5697] T 6a20ad237f854fc8baaff728f1471b6f P 84e1980e1f824b6fac081a3ebbe12d55 reported cstate change: term changed from 0 to 1, leader changed from <none> to 84e1980e1f824b6fac081a3ebbe12d55 (127.0.107.194). New cstate: current_term: 1 leader_uuid: "84e1980e1f824b6fac081a3ebbe12d55" committed_config { opid_index: -1 OBSOLETE_local: false peers { permanent_uuid: "7e0d796243494ff0b57b5d647ae55bff" member_type: VOTER last_known_addr { host: "127.0.107.193" port: 41615 } health_report { overall_health: UNKNOWN } } peers { permanent_uuid: "84e1980e1f824b6fac081a3ebbe12d55" member_type: VOTER last_known_addr { host: "127.0.107.194" port: 34567 } health_report { overall_health: HEALTHY } } peers { permanent_uuid: "95fae0f9d1aa464f87a9c699f35ce171" member_type: VOTER last_known_addr { host: "127.0.107.195" port: 38201 } health_report { overall_health: UNKNOWN } } }
I20260709 12:57:13.516137  1271 consensus_queue.cc:1048] T ec6f17b82bb941e1becce6fbeb786280 P 7e0d796243494ff0b57b5d647ae55bff [LEADER]: Connected to new peer: Peer: permanent_uuid: "95fae0f9d1aa464f87a9c699f35ce171" member_type: VOTER last_known_addr { host: "127.0.107.195" port: 38201 }, Status: LMP_MISMATCH, Last received: 0.0, Next index: 1, Last known committed idx: 0, Time since last communication: 0.000s
I20260709 12:57:13.520577  1271 consensus_queue.cc:1048] T ec6f17b82bb941e1becce6fbeb786280 P 7e0d796243494ff0b57b5d647ae55bff [LEADER]: Connected to new peer: Peer: permanent_uuid: "84e1980e1f824b6fac081a3ebbe12d55" member_type: VOTER last_known_addr { host: "127.0.107.194" port: 34567 }, Status: LMP_MISMATCH, Last received: 0.0, Next index: 1, Last known committed idx: 0, Time since last communication: 0.000s
I20260709 12:57:13.553256  1278 consensus_queue.cc:1048] T ec582f60108a478184ece7e0300ec2ed P 95fae0f9d1aa464f87a9c699f35ce171 [LEADER]: Connected to new peer: Peer: permanent_uuid: "7e0d796243494ff0b57b5d647ae55bff" member_type: VOTER last_known_addr { host: "127.0.107.193" port: 41615 }, Status: LMP_MISMATCH, Last received: 0.0, Next index: 1, Last known committed idx: 0, Time since last communication: 0.000s
I20260709 12:57:13.563241  1252 consensus_queue.cc:1048] T ec582f60108a478184ece7e0300ec2ed P 95fae0f9d1aa464f87a9c699f35ce171 [LEADER]: Connected to new peer: Peer: permanent_uuid: "84e1980e1f824b6fac081a3ebbe12d55" member_type: VOTER last_known_addr { host: "127.0.107.194" port: 34567 }, Status: LMP_MISMATCH, Last received: 0.0, Next index: 1, Last known committed idx: 0, Time since last communication: 0.000s
I20260709 12:57:13.638617  1130 tablet_service.cc:2072] Received LeaderStepDown RPC: tablet_id: "459dd90e096c4fddb7c831f1ac350f52"
dest_uuid: "84e1980e1f824b6fac081a3ebbe12d55"
mode: GRACEFUL
new_leader_uuid: "7e0d796243494ff0b57b5d647ae55bff"
 from {username='slave'} at 127.0.0.1:53724
I20260709 12:57:13.639118  1130 raft_consensus.cc:606] T 459dd90e096c4fddb7c831f1ac350f52 P 84e1980e1f824b6fac081a3ebbe12d55 [term 1 LEADER]: Received request to transfer leadership to TS 7e0d796243494ff0b57b5d647ae55bff
I20260709 12:57:13.658550  1203 tablet_service.cc:2072] Received LeaderStepDown RPC: tablet_id: "ec582f60108a478184ece7e0300ec2ed"
dest_uuid: "95fae0f9d1aa464f87a9c699f35ce171"
mode: GRACEFUL
new_leader_uuid: "84e1980e1f824b6fac081a3ebbe12d55"
 from {username='slave'} at 127.0.0.1:55322
I20260709 12:57:13.658998  1203 raft_consensus.cc:606] T ec582f60108a478184ece7e0300ec2ed P 95fae0f9d1aa464f87a9c699f35ce171 [term 1 LEADER]: Received request to transfer leadership to TS 84e1980e1f824b6fac081a3ebbe12d55
I20260709 12:57:13.666208  1203 tablet_service.cc:2072] Received LeaderStepDown RPC: tablet_id: "8df2d921b96845eab8a46cdb2df07d1e"
dest_uuid: "95fae0f9d1aa464f87a9c699f35ce171"
mode: GRACEFUL
new_leader_uuid: "84e1980e1f824b6fac081a3ebbe12d55"
 from {username='slave'} at 127.0.0.1:55322
I20260709 12:57:13.666662  1203 raft_consensus.cc:606] T 8df2d921b96845eab8a46cdb2df07d1e P 95fae0f9d1aa464f87a9c699f35ce171 [term 1 LEADER]: Received request to transfer leadership to TS 84e1980e1f824b6fac081a3ebbe12d55
I20260709 12:57:13.679139  1054 tablet_service.cc:2072] Received LeaderStepDown RPC: tablet_id: "914860b372b54fb996e6f8512bb4ad02"
dest_uuid: "7e0d796243494ff0b57b5d647ae55bff"
mode: GRACEFUL
new_leader_uuid: "95fae0f9d1aa464f87a9c699f35ce171"
 from {username='slave'} at 127.0.0.1:51096
I20260709 12:57:13.679612  1054 raft_consensus.cc:606] T 914860b372b54fb996e6f8512bb4ad02 P 7e0d796243494ff0b57b5d647ae55bff [term 1 LEADER]: Received request to transfer leadership to TS 95fae0f9d1aa464f87a9c699f35ce171
I20260709 12:57:13.718096  1277 consensus_queue.cc:1048] T 1d73df073a8344b0a789e49b9ce8f719 P 84e1980e1f824b6fac081a3ebbe12d55 [LEADER]: Connected to new peer: Peer: permanent_uuid: "7e0d796243494ff0b57b5d647ae55bff" member_type: VOTER last_known_addr { host: "127.0.107.193" port: 41615 }, Status: LMP_MISMATCH, Last received: 0.0, Next index: 1, Last known committed idx: 0, Time since last communication: 0.000s
I20260709 12:57:13.721179  1271 consensus_queue.cc:1048] T 5b7a6668c20b475e9a2602ebc66eeec6 P 7e0d796243494ff0b57b5d647ae55bff [LEADER]: Connected to new peer: Peer: permanent_uuid: "95fae0f9d1aa464f87a9c699f35ce171" member_type: VOTER last_known_addr { host: "127.0.107.195" port: 38201 }, Status: LMP_MISMATCH, Last received: 0.0, Next index: 1, Last known committed idx: 0, Time since last communication: 0.000s
I20260709 12:57:13.725719  1277 consensus_queue.cc:1048] T 1d73df073a8344b0a789e49b9ce8f719 P 84e1980e1f824b6fac081a3ebbe12d55 [LEADER]: Connected to new peer: Peer: permanent_uuid: "95fae0f9d1aa464f87a9c699f35ce171" member_type: VOTER last_known_addr { host: "127.0.107.195" port: 38201 }, Status: LMP_MISMATCH, Last received: 0.0, Next index: 1, Last known committed idx: 0, Time since last communication: 0.000s
I20260709 12:57:13.728654  1271 consensus_queue.cc:1048] T 5b7a6668c20b475e9a2602ebc66eeec6 P 7e0d796243494ff0b57b5d647ae55bff [LEADER]: Connected to new peer: Peer: permanent_uuid: "84e1980e1f824b6fac081a3ebbe12d55" member_type: VOTER last_known_addr { host: "127.0.107.194" port: 34567 }, Status: LMP_MISMATCH, Last received: 0.0, Next index: 1, Last known committed idx: 0, Time since last communication: 0.000s
I20260709 12:57:13.804214  1277 raft_consensus.cc:993] T 459dd90e096c4fddb7c831f1ac350f52 P 84e1980e1f824b6fac081a3ebbe12d55: : Instructing follower 7e0d796243494ff0b57b5d647ae55bff to start an election
I20260709 12:57:13.804811  1275 raft_consensus.cc:1081] T 459dd90e096c4fddb7c831f1ac350f52 P 84e1980e1f824b6fac081a3ebbe12d55 [term 1 LEADER]: Signalling peer 7e0d796243494ff0b57b5d647ae55bff to start an election
I20260709 12:57:13.806128  1054 tablet_service.cc:2044] Received Run Leader Election RPC: tablet_id: "459dd90e096c4fddb7c831f1ac350f52"
dest_uuid: "7e0d796243494ff0b57b5d647ae55bff"
 from {username='slave'} at 127.0.0.1:51070
I20260709 12:57:13.806545  1054 raft_consensus.cc:493] T 459dd90e096c4fddb7c831f1ac350f52 P 7e0d796243494ff0b57b5d647ae55bff [term 1 FOLLOWER]: Starting forced leader election (received explicit request)
I20260709 12:57:13.806820  1054 raft_consensus.cc:3060] T 459dd90e096c4fddb7c831f1ac350f52 P 7e0d796243494ff0b57b5d647ae55bff [term 1 FOLLOWER]: Advancing to term 2
I20260709 12:57:13.811277  1054 raft_consensus.cc:515] T 459dd90e096c4fddb7c831f1ac350f52 P 7e0d796243494ff0b57b5d647ae55bff [term 2 FOLLOWER]: Starting forced leader election with config: opid_index: -1 OBSOLETE_local: false peers { permanent_uuid: "7e0d796243494ff0b57b5d647ae55bff" member_type: VOTER last_known_addr { host: "127.0.107.193" port: 41615 } } peers { permanent_uuid: "84e1980e1f824b6fac081a3ebbe12d55" member_type: VOTER last_known_addr { host: "127.0.107.194" port: 34567 } } peers { permanent_uuid: "95fae0f9d1aa464f87a9c699f35ce171" member_type: VOTER last_known_addr { host: "127.0.107.195" port: 38201 } }
I20260709 12:57:13.812806  1054 leader_election.cc:290] T 459dd90e096c4fddb7c831f1ac350f52 P 7e0d796243494ff0b57b5d647ae55bff [CANDIDATE]: Term 2 election: Requested vote from peers 84e1980e1f824b6fac081a3ebbe12d55 (127.0.107.194:34567), 95fae0f9d1aa464f87a9c699f35ce171 (127.0.107.195:38201)
I20260709 12:57:13.813625  1130 tablet_service.cc:1917] Received RequestConsensusVote() RPC: tablet_id: "459dd90e096c4fddb7c831f1ac350f52" candidate_uuid: "7e0d796243494ff0b57b5d647ae55bff" candidate_term: 2 candidate_status { last_received { term: 1 index: 1 } } ignore_live_leader: true dest_uuid: "84e1980e1f824b6fac081a3ebbe12d55"
I20260709 12:57:13.813884  1204 tablet_service.cc:1917] Received RequestConsensusVote() RPC: tablet_id: "459dd90e096c4fddb7c831f1ac350f52" candidate_uuid: "7e0d796243494ff0b57b5d647ae55bff" candidate_term: 2 candidate_status { last_received { term: 1 index: 1 } } ignore_live_leader: true dest_uuid: "95fae0f9d1aa464f87a9c699f35ce171"
I20260709 12:57:13.814133  1130 raft_consensus.cc:3055] T 459dd90e096c4fddb7c831f1ac350f52 P 84e1980e1f824b6fac081a3ebbe12d55 [term 1 LEADER]: Stepping down as leader of term 1
I20260709 12:57:13.814389  1204 raft_consensus.cc:3060] T 459dd90e096c4fddb7c831f1ac350f52 P 95fae0f9d1aa464f87a9c699f35ce171 [term 1 FOLLOWER]: Advancing to term 2
I20260709 12:57:13.814440  1130 raft_consensus.cc:740] T 459dd90e096c4fddb7c831f1ac350f52 P 84e1980e1f824b6fac081a3ebbe12d55 [term 1 LEADER]: Becoming Follower/Learner. State: Replica: 84e1980e1f824b6fac081a3ebbe12d55, State: Running, Role: LEADER
I20260709 12:57:13.815146  1130 consensus_queue.cc:260] T 459dd90e096c4fddb7c831f1ac350f52 P 84e1980e1f824b6fac081a3ebbe12d55 [NON_LEADER]: Queue going to NON_LEADER mode. State: All replicated index: 0, Majority replicated index: 1, Committed index: 1, Last appended: 1.1, Last appended by leader: 1, Current term: 1, Majority size: -1, State: 0, Mode: NON_LEADER, active raft config: opid_index: -1 OBSOLETE_local: false peers { permanent_uuid: "7e0d796243494ff0b57b5d647ae55bff" member_type: VOTER last_known_addr { host: "127.0.107.193" port: 41615 } } peers { permanent_uuid: "84e1980e1f824b6fac081a3ebbe12d55" member_type: VOTER last_known_addr { host: "127.0.107.194" port: 34567 } } peers { permanent_uuid: "95fae0f9d1aa464f87a9c699f35ce171" member_type: VOTER last_known_addr { host: "127.0.107.195" port: 38201 } }
I20260709 12:57:13.815994  1130 raft_consensus.cc:3060] T 459dd90e096c4fddb7c831f1ac350f52 P 84e1980e1f824b6fac081a3ebbe12d55 [term 1 FOLLOWER]: Advancing to term 2
I20260709 12:57:13.819093  1204 raft_consensus.cc:2468] T 459dd90e096c4fddb7c831f1ac350f52 P 95fae0f9d1aa464f87a9c699f35ce171 [term 2 FOLLOWER]: Leader election vote request: Granting yes vote for candidate 7e0d796243494ff0b57b5d647ae55bff in term 2.
I20260709 12:57:13.820186  1019 leader_election.cc:304] T 459dd90e096c4fddb7c831f1ac350f52 P 7e0d796243494ff0b57b5d647ae55bff [CANDIDATE]: Term 2 election: Election decided. Result: candidate won. Election summary: received 2 responses out of 3 voters: 2 yes votes; 0 no votes. yes voters: 7e0d796243494ff0b57b5d647ae55bff, 95fae0f9d1aa464f87a9c699f35ce171; no voters: 
I20260709 12:57:13.820399  1130 raft_consensus.cc:2468] T 459dd90e096c4fddb7c831f1ac350f52 P 84e1980e1f824b6fac081a3ebbe12d55 [term 2 FOLLOWER]: Leader election vote request: Granting yes vote for candidate 7e0d796243494ff0b57b5d647ae55bff in term 2.
I20260709 12:57:13.820952  1272 raft_consensus.cc:2804] T 459dd90e096c4fddb7c831f1ac350f52 P 7e0d796243494ff0b57b5d647ae55bff [term 2 FOLLOWER]: Leader election won for term 2
I20260709 12:57:13.821388  1272 raft_consensus.cc:697] T 459dd90e096c4fddb7c831f1ac350f52 P 7e0d796243494ff0b57b5d647ae55bff [term 2 LEADER]: Becoming Leader. State: Replica: 7e0d796243494ff0b57b5d647ae55bff, State: Running, Role: LEADER
I20260709 12:57:13.822043  1272 consensus_queue.cc:237] T 459dd90e096c4fddb7c831f1ac350f52 P 7e0d796243494ff0b57b5d647ae55bff [LEADER]: Queue going to LEADER mode. State: All replicated index: 0, Majority replicated index: 1, Committed index: 1, Last appended: 1.1, Last appended by leader: 1, Current term: 2, Majority size: 2, State: 0, Mode: LEADER, active raft config: opid_index: -1 OBSOLETE_local: false peers { permanent_uuid: "7e0d796243494ff0b57b5d647ae55bff" member_type: VOTER last_known_addr { host: "127.0.107.193" port: 41615 } } peers { permanent_uuid: "84e1980e1f824b6fac081a3ebbe12d55" member_type: VOTER last_known_addr { host: "127.0.107.194" port: 34567 } } peers { permanent_uuid: "95fae0f9d1aa464f87a9c699f35ce171" member_type: VOTER last_known_addr { host: "127.0.107.195" port: 38201 } }
I20260709 12:57:13.827625   952 catalog_manager.cc:5697] T 459dd90e096c4fddb7c831f1ac350f52 P 7e0d796243494ff0b57b5d647ae55bff reported cstate change: term changed from 1 to 2, leader changed from 84e1980e1f824b6fac081a3ebbe12d55 (127.0.107.194) to 7e0d796243494ff0b57b5d647ae55bff (127.0.107.193). New cstate: current_term: 2 leader_uuid: "7e0d796243494ff0b57b5d647ae55bff" committed_config { opid_index: -1 OBSOLETE_local: false peers { permanent_uuid: "7e0d796243494ff0b57b5d647ae55bff" member_type: VOTER last_known_addr { host: "127.0.107.193" port: 41615 } health_report { overall_health: HEALTHY } } peers { permanent_uuid: "84e1980e1f824b6fac081a3ebbe12d55" member_type: VOTER last_known_addr { host: "127.0.107.194" port: 34567 } health_report { overall_health: UNKNOWN } } peers { permanent_uuid: "95fae0f9d1aa464f87a9c699f35ce171" member_type: VOTER last_known_addr { host: "127.0.107.195" port: 38201 } health_report { overall_health: UNKNOWN } } }
I20260709 12:57:13.834717  1311 raft_consensus.cc:993] T 8df2d921b96845eab8a46cdb2df07d1e P 95fae0f9d1aa464f87a9c699f35ce171: : Instructing follower 84e1980e1f824b6fac081a3ebbe12d55 to start an election
I20260709 12:57:13.835177  1311 raft_consensus.cc:1081] T 8df2d921b96845eab8a46cdb2df07d1e P 95fae0f9d1aa464f87a9c699f35ce171 [term 1 LEADER]: Signalling peer 84e1980e1f824b6fac081a3ebbe12d55 to start an election
I20260709 12:57:13.837057  1130 tablet_service.cc:2044] Received Run Leader Election RPC: tablet_id: "8df2d921b96845eab8a46cdb2df07d1e"
dest_uuid: "84e1980e1f824b6fac081a3ebbe12d55"
 from {username='slave'} at 127.0.0.1:53712
I20260709 12:57:13.837606  1130 raft_consensus.cc:493] T 8df2d921b96845eab8a46cdb2df07d1e P 84e1980e1f824b6fac081a3ebbe12d55 [term 1 FOLLOWER]: Starting forced leader election (received explicit request)
I20260709 12:57:13.837961  1130 raft_consensus.cc:3060] T 8df2d921b96845eab8a46cdb2df07d1e P 84e1980e1f824b6fac081a3ebbe12d55 [term 1 FOLLOWER]: Advancing to term 2
I20260709 12:57:13.843640  1130 raft_consensus.cc:515] T 8df2d921b96845eab8a46cdb2df07d1e P 84e1980e1f824b6fac081a3ebbe12d55 [term 2 FOLLOWER]: Starting forced leader election with config: opid_index: -1 OBSOLETE_local: false peers { permanent_uuid: "7e0d796243494ff0b57b5d647ae55bff" member_type: VOTER last_known_addr { host: "127.0.107.193" port: 41615 } } peers { permanent_uuid: "84e1980e1f824b6fac081a3ebbe12d55" member_type: VOTER last_known_addr { host: "127.0.107.194" port: 34567 } } peers { permanent_uuid: "95fae0f9d1aa464f87a9c699f35ce171" member_type: VOTER last_known_addr { host: "127.0.107.195" port: 38201 } }
I20260709 12:57:13.845359  1130 leader_election.cc:290] T 8df2d921b96845eab8a46cdb2df07d1e P 84e1980e1f824b6fac081a3ebbe12d55 [CANDIDATE]: Term 2 election: Requested vote from peers 7e0d796243494ff0b57b5d647ae55bff (127.0.107.193:41615), 95fae0f9d1aa464f87a9c699f35ce171 (127.0.107.195:38201)
I20260709 12:57:13.846060  1054 tablet_service.cc:1917] Received RequestConsensusVote() RPC: tablet_id: "8df2d921b96845eab8a46cdb2df07d1e" candidate_uuid: "84e1980e1f824b6fac081a3ebbe12d55" candidate_term: 2 candidate_status { last_received { term: 1 index: 1 } } ignore_live_leader: true dest_uuid: "7e0d796243494ff0b57b5d647ae55bff"
I20260709 12:57:13.846349  1204 tablet_service.cc:1917] Received RequestConsensusVote() RPC: tablet_id: "8df2d921b96845eab8a46cdb2df07d1e" candidate_uuid: "84e1980e1f824b6fac081a3ebbe12d55" candidate_term: 2 candidate_status { last_received { term: 1 index: 1 } } ignore_live_leader: true dest_uuid: "95fae0f9d1aa464f87a9c699f35ce171"
I20260709 12:57:13.846645  1054 raft_consensus.cc:3060] T 8df2d921b96845eab8a46cdb2df07d1e P 7e0d796243494ff0b57b5d647ae55bff [term 1 FOLLOWER]: Advancing to term 2
I20260709 12:57:13.846905  1204 raft_consensus.cc:3055] T 8df2d921b96845eab8a46cdb2df07d1e P 95fae0f9d1aa464f87a9c699f35ce171 [term 1 LEADER]: Stepping down as leader of term 1
I20260709 12:57:13.847236  1204 raft_consensus.cc:740] T 8df2d921b96845eab8a46cdb2df07d1e P 95fae0f9d1aa464f87a9c699f35ce171 [term 1 LEADER]: Becoming Follower/Learner. State: Replica: 95fae0f9d1aa464f87a9c699f35ce171, State: Running, Role: LEADER
I20260709 12:57:13.848002  1204 consensus_queue.cc:260] T 8df2d921b96845eab8a46cdb2df07d1e P 95fae0f9d1aa464f87a9c699f35ce171 [NON_LEADER]: Queue going to NON_LEADER mode. State: All replicated index: 0, Majority replicated index: 1, Committed index: 1, Last appended: 1.1, Last appended by leader: 1, Current term: 1, Majority size: -1, State: 0, Mode: NON_LEADER, active raft config: opid_index: -1 OBSOLETE_local: false peers { permanent_uuid: "7e0d796243494ff0b57b5d647ae55bff" member_type: VOTER last_known_addr { host: "127.0.107.193" port: 41615 } } peers { permanent_uuid: "84e1980e1f824b6fac081a3ebbe12d55" member_type: VOTER last_known_addr { host: "127.0.107.194" port: 34567 } } peers { permanent_uuid: "95fae0f9d1aa464f87a9c699f35ce171" member_type: VOTER last_known_addr { host: "127.0.107.195" port: 38201 } }
I20260709 12:57:13.849177  1204 raft_consensus.cc:3060] T 8df2d921b96845eab8a46cdb2df07d1e P 95fae0f9d1aa464f87a9c699f35ce171 [term 1 FOLLOWER]: Advancing to term 2
I20260709 12:57:13.851194  1054 raft_consensus.cc:2468] T 8df2d921b96845eab8a46cdb2df07d1e P 7e0d796243494ff0b57b5d647ae55bff [term 2 FOLLOWER]: Leader election vote request: Granting yes vote for candidate 84e1980e1f824b6fac081a3ebbe12d55 in term 2.
I20260709 12:57:13.852186  1093 leader_election.cc:304] T 8df2d921b96845eab8a46cdb2df07d1e P 84e1980e1f824b6fac081a3ebbe12d55 [CANDIDATE]: Term 2 election: Election decided. Result: candidate won. Election summary: received 2 responses out of 3 voters: 2 yes votes; 0 no votes. yes voters: 7e0d796243494ff0b57b5d647ae55bff, 84e1980e1f824b6fac081a3ebbe12d55; no voters: 
I20260709 12:57:13.852799  1275 raft_consensus.cc:2804] T 8df2d921b96845eab8a46cdb2df07d1e P 84e1980e1f824b6fac081a3ebbe12d55 [term 2 FOLLOWER]: Leader election won for term 2
I20260709 12:57:13.853263  1275 raft_consensus.cc:697] T 8df2d921b96845eab8a46cdb2df07d1e P 84e1980e1f824b6fac081a3ebbe12d55 [term 2 LEADER]: Becoming Leader. State: Replica: 84e1980e1f824b6fac081a3ebbe12d55, State: Running, Role: LEADER
I20260709 12:57:13.854135  1204 raft_consensus.cc:2468] T 8df2d921b96845eab8a46cdb2df07d1e P 95fae0f9d1aa464f87a9c699f35ce171 [term 2 FOLLOWER]: Leader election vote request: Granting yes vote for candidate 84e1980e1f824b6fac081a3ebbe12d55 in term 2.
I20260709 12:57:13.854017  1275 consensus_queue.cc:237] T 8df2d921b96845eab8a46cdb2df07d1e P 84e1980e1f824b6fac081a3ebbe12d55 [LEADER]: Queue going to LEADER mode. State: All replicated index: 0, Majority replicated index: 1, Committed index: 1, Last appended: 1.1, Last appended by leader: 1, Current term: 2, Majority size: 2, State: 0, Mode: LEADER, active raft config: opid_index: -1 OBSOLETE_local: false peers { permanent_uuid: "7e0d796243494ff0b57b5d647ae55bff" member_type: VOTER last_known_addr { host: "127.0.107.193" port: 41615 } } peers { permanent_uuid: "84e1980e1f824b6fac081a3ebbe12d55" member_type: VOTER last_known_addr { host: "127.0.107.194" port: 34567 } } peers { permanent_uuid: "95fae0f9d1aa464f87a9c699f35ce171" member_type: VOTER last_known_addr { host: "127.0.107.195" port: 38201 } }
I20260709 12:57:13.860031   953 catalog_manager.cc:5697] T 8df2d921b96845eab8a46cdb2df07d1e P 84e1980e1f824b6fac081a3ebbe12d55 reported cstate change: term changed from 1 to 2, leader changed from 95fae0f9d1aa464f87a9c699f35ce171 (127.0.107.195) to 84e1980e1f824b6fac081a3ebbe12d55 (127.0.107.194). New cstate: current_term: 2 leader_uuid: "84e1980e1f824b6fac081a3ebbe12d55" committed_config { opid_index: -1 OBSOLETE_local: false peers { permanent_uuid: "7e0d796243494ff0b57b5d647ae55bff" member_type: VOTER last_known_addr { host: "127.0.107.193" port: 41615 } health_report { overall_health: UNKNOWN } } peers { permanent_uuid: "84e1980e1f824b6fac081a3ebbe12d55" member_type: VOTER last_known_addr { host: "127.0.107.194" port: 34567 } health_report { overall_health: HEALTHY } } peers { permanent_uuid: "95fae0f9d1aa464f87a9c699f35ce171" member_type: VOTER last_known_addr { host: "127.0.107.195" port: 38201 } health_report { overall_health: UNKNOWN } } }
I20260709 12:57:13.877071  1275 consensus_queue.cc:1048] T 6a20ad237f854fc8baaff728f1471b6f P 84e1980e1f824b6fac081a3ebbe12d55 [LEADER]: Connected to new peer: Peer: permanent_uuid: "95fae0f9d1aa464f87a9c699f35ce171" member_type: VOTER last_known_addr { host: "127.0.107.195" port: 38201 }, Status: LMP_MISMATCH, Last received: 0.0, Next index: 1, Last known committed idx: 0, Time since last communication: 0.000s
I20260709 12:57:13.887068  1251 consensus_queue.cc:1048] T 6a20ad237f854fc8baaff728f1471b6f P 84e1980e1f824b6fac081a3ebbe12d55 [LEADER]: Connected to new peer: Peer: permanent_uuid: "7e0d796243494ff0b57b5d647ae55bff" member_type: VOTER last_known_addr { host: "127.0.107.193" port: 41615 }, Status: LMP_MISMATCH, Last received: 0.0, Next index: 1, Last known committed idx: 0, Time since last communication: 0.000s
I20260709 12:57:14.119649  1271 raft_consensus.cc:993] T 914860b372b54fb996e6f8512bb4ad02 P 7e0d796243494ff0b57b5d647ae55bff: : Instructing follower 95fae0f9d1aa464f87a9c699f35ce171 to start an election
I20260709 12:57:14.120095  1272 raft_consensus.cc:1081] T 914860b372b54fb996e6f8512bb4ad02 P 7e0d796243494ff0b57b5d647ae55bff [term 1 LEADER]: Signalling peer 95fae0f9d1aa464f87a9c699f35ce171 to start an election
I20260709 12:57:14.121469  1204 tablet_service.cc:2044] Received Run Leader Election RPC: tablet_id: "914860b372b54fb996e6f8512bb4ad02"
dest_uuid: "95fae0f9d1aa464f87a9c699f35ce171"
 from {username='slave'} at 127.0.0.1:55318
I20260709 12:57:14.121901  1204 raft_consensus.cc:493] T 914860b372b54fb996e6f8512bb4ad02 P 95fae0f9d1aa464f87a9c699f35ce171 [term 1 FOLLOWER]: Starting forced leader election (received explicit request)
I20260709 12:57:14.122169  1204 raft_consensus.cc:3060] T 914860b372b54fb996e6f8512bb4ad02 P 95fae0f9d1aa464f87a9c699f35ce171 [term 1 FOLLOWER]: Advancing to term 2
I20260709 12:57:14.126883  1204 raft_consensus.cc:515] T 914860b372b54fb996e6f8512bb4ad02 P 95fae0f9d1aa464f87a9c699f35ce171 [term 2 FOLLOWER]: Starting forced leader election with config: opid_index: -1 OBSOLETE_local: false peers { permanent_uuid: "7e0d796243494ff0b57b5d647ae55bff" member_type: VOTER last_known_addr { host: "127.0.107.193" port: 41615 } } peers { permanent_uuid: "84e1980e1f824b6fac081a3ebbe12d55" member_type: VOTER last_known_addr { host: "127.0.107.194" port: 34567 } } peers { permanent_uuid: "95fae0f9d1aa464f87a9c699f35ce171" member_type: VOTER last_known_addr { host: "127.0.107.195" port: 38201 } }
I20260709 12:57:14.128518  1204 leader_election.cc:290] T 914860b372b54fb996e6f8512bb4ad02 P 95fae0f9d1aa464f87a9c699f35ce171 [CANDIDATE]: Term 2 election: Requested vote from peers 7e0d796243494ff0b57b5d647ae55bff (127.0.107.193:41615), 84e1980e1f824b6fac081a3ebbe12d55 (127.0.107.194:34567)
I20260709 12:57:14.129408  1054 tablet_service.cc:1917] Received RequestConsensusVote() RPC: tablet_id: "914860b372b54fb996e6f8512bb4ad02" candidate_uuid: "95fae0f9d1aa464f87a9c699f35ce171" candidate_term: 2 candidate_status { last_received { term: 1 index: 1 } } ignore_live_leader: true dest_uuid: "7e0d796243494ff0b57b5d647ae55bff"
I20260709 12:57:14.129962  1054 raft_consensus.cc:3055] T 914860b372b54fb996e6f8512bb4ad02 P 7e0d796243494ff0b57b5d647ae55bff [term 1 LEADER]: Stepping down as leader of term 1
I20260709 12:57:14.130208  1054 raft_consensus.cc:740] T 914860b372b54fb996e6f8512bb4ad02 P 7e0d796243494ff0b57b5d647ae55bff [term 1 LEADER]: Becoming Follower/Learner. State: Replica: 7e0d796243494ff0b57b5d647ae55bff, State: Running, Role: LEADER
I20260709 12:57:14.130172  1130 tablet_service.cc:1917] Received RequestConsensusVote() RPC: tablet_id: "914860b372b54fb996e6f8512bb4ad02" candidate_uuid: "95fae0f9d1aa464f87a9c699f35ce171" candidate_term: 2 candidate_status { last_received { term: 1 index: 1 } } ignore_live_leader: true dest_uuid: "84e1980e1f824b6fac081a3ebbe12d55"
I20260709 12:57:14.130795  1130 raft_consensus.cc:3060] T 914860b372b54fb996e6f8512bb4ad02 P 84e1980e1f824b6fac081a3ebbe12d55 [term 1 FOLLOWER]: Advancing to term 2
I20260709 12:57:14.131070  1054 consensus_queue.cc:260] T 914860b372b54fb996e6f8512bb4ad02 P 7e0d796243494ff0b57b5d647ae55bff [NON_LEADER]: Queue going to NON_LEADER mode. State: All replicated index: 0, Majority replicated index: 1, Committed index: 1, Last appended: 1.1, Last appended by leader: 1, Current term: 1, Majority size: -1, State: 0, Mode: NON_LEADER, active raft config: opid_index: -1 OBSOLETE_local: false peers { permanent_uuid: "7e0d796243494ff0b57b5d647ae55bff" member_type: VOTER last_known_addr { host: "127.0.107.193" port: 41615 } } peers { permanent_uuid: "84e1980e1f824b6fac081a3ebbe12d55" member_type: VOTER last_known_addr { host: "127.0.107.194" port: 34567 } } peers { permanent_uuid: "95fae0f9d1aa464f87a9c699f35ce171" member_type: VOTER last_known_addr { host: "127.0.107.195" port: 38201 } }
I20260709 12:57:14.131970  1054 raft_consensus.cc:3060] T 914860b372b54fb996e6f8512bb4ad02 P 7e0d796243494ff0b57b5d647ae55bff [term 1 FOLLOWER]: Advancing to term 2
I20260709 12:57:14.135430  1130 raft_consensus.cc:2468] T 914860b372b54fb996e6f8512bb4ad02 P 84e1980e1f824b6fac081a3ebbe12d55 [term 2 FOLLOWER]: Leader election vote request: Granting yes vote for candidate 95fae0f9d1aa464f87a9c699f35ce171 in term 2.
I20260709 12:57:14.136433  1168 leader_election.cc:304] T 914860b372b54fb996e6f8512bb4ad02 P 95fae0f9d1aa464f87a9c699f35ce171 [CANDIDATE]: Term 2 election: Election decided. Result: candidate won. Election summary: received 2 responses out of 3 voters: 2 yes votes; 0 no votes. yes voters: 84e1980e1f824b6fac081a3ebbe12d55, 95fae0f9d1aa464f87a9c699f35ce171; no voters: 
I20260709 12:57:14.136588  1054 raft_consensus.cc:2468] T 914860b372b54fb996e6f8512bb4ad02 P 7e0d796243494ff0b57b5d647ae55bff [term 2 FOLLOWER]: Leader election vote request: Granting yes vote for candidate 95fae0f9d1aa464f87a9c699f35ce171 in term 2.
I20260709 12:57:14.137094  1252 raft_consensus.cc:2804] T 914860b372b54fb996e6f8512bb4ad02 P 95fae0f9d1aa464f87a9c699f35ce171 [term 2 FOLLOWER]: Leader election won for term 2
I20260709 12:57:14.137580  1252 raft_consensus.cc:697] T 914860b372b54fb996e6f8512bb4ad02 P 95fae0f9d1aa464f87a9c699f35ce171 [term 2 LEADER]: Becoming Leader. State: Replica: 95fae0f9d1aa464f87a9c699f35ce171, State: Running, Role: LEADER
I20260709 12:57:14.138370  1252 consensus_queue.cc:237] T 914860b372b54fb996e6f8512bb4ad02 P 95fae0f9d1aa464f87a9c699f35ce171 [LEADER]: Queue going to LEADER mode. State: All replicated index: 0, Majority replicated index: 1, Committed index: 1, Last appended: 1.1, Last appended by leader: 1, Current term: 2, Majority size: 2, State: 0, Mode: LEADER, active raft config: opid_index: -1 OBSOLETE_local: false peers { permanent_uuid: "7e0d796243494ff0b57b5d647ae55bff" member_type: VOTER last_known_addr { host: "127.0.107.193" port: 41615 } } peers { permanent_uuid: "84e1980e1f824b6fac081a3ebbe12d55" member_type: VOTER last_known_addr { host: "127.0.107.194" port: 34567 } } peers { permanent_uuid: "95fae0f9d1aa464f87a9c699f35ce171" member_type: VOTER last_known_addr { host: "127.0.107.195" port: 38201 } }
I20260709 12:57:14.143918   952 catalog_manager.cc:5697] T 914860b372b54fb996e6f8512bb4ad02 P 95fae0f9d1aa464f87a9c699f35ce171 reported cstate change: term changed from 1 to 2, leader changed from 7e0d796243494ff0b57b5d647ae55bff (127.0.107.193) to 95fae0f9d1aa464f87a9c699f35ce171 (127.0.107.195). New cstate: current_term: 2 leader_uuid: "95fae0f9d1aa464f87a9c699f35ce171" committed_config { opid_index: -1 OBSOLETE_local: false peers { permanent_uuid: "7e0d796243494ff0b57b5d647ae55bff" member_type: VOTER last_known_addr { host: "127.0.107.193" port: 41615 } health_report { overall_health: UNKNOWN } } peers { permanent_uuid: "84e1980e1f824b6fac081a3ebbe12d55" member_type: VOTER last_known_addr { host: "127.0.107.194" port: 34567 } health_report { overall_health: UNKNOWN } } peers { permanent_uuid: "95fae0f9d1aa464f87a9c699f35ce171" member_type: VOTER last_known_addr { host: "127.0.107.195" port: 38201 } health_report { overall_health: HEALTHY } } }
I20260709 12:57:14.165668  1311 raft_consensus.cc:993] T ec582f60108a478184ece7e0300ec2ed P 95fae0f9d1aa464f87a9c699f35ce171: : Instructing follower 84e1980e1f824b6fac081a3ebbe12d55 to start an election
I20260709 12:57:14.166080  1252 raft_consensus.cc:1081] T ec582f60108a478184ece7e0300ec2ed P 95fae0f9d1aa464f87a9c699f35ce171 [term 1 LEADER]: Signalling peer 84e1980e1f824b6fac081a3ebbe12d55 to start an election
I20260709 12:57:14.167626  1130 tablet_service.cc:2044] Received Run Leader Election RPC: tablet_id: "ec582f60108a478184ece7e0300ec2ed"
dest_uuid: "84e1980e1f824b6fac081a3ebbe12d55"
 from {username='slave'} at 127.0.0.1:53712
I20260709 12:57:14.168223  1130 raft_consensus.cc:493] T ec582f60108a478184ece7e0300ec2ed P 84e1980e1f824b6fac081a3ebbe12d55 [term 1 FOLLOWER]: Starting forced leader election (received explicit request)
I20260709 12:57:14.168584  1130 raft_consensus.cc:3060] T ec582f60108a478184ece7e0300ec2ed P 84e1980e1f824b6fac081a3ebbe12d55 [term 1 FOLLOWER]: Advancing to term 2
I20260709 12:57:14.173270  1130 raft_consensus.cc:515] T ec582f60108a478184ece7e0300ec2ed P 84e1980e1f824b6fac081a3ebbe12d55 [term 2 FOLLOWER]: Starting forced leader election with config: opid_index: -1 OBSOLETE_local: false peers { permanent_uuid: "7e0d796243494ff0b57b5d647ae55bff" member_type: VOTER last_known_addr { host: "127.0.107.193" port: 41615 } } peers { permanent_uuid: "84e1980e1f824b6fac081a3ebbe12d55" member_type: VOTER last_known_addr { host: "127.0.107.194" port: 34567 } } peers { permanent_uuid: "95fae0f9d1aa464f87a9c699f35ce171" member_type: VOTER last_known_addr { host: "127.0.107.195" port: 38201 } }
I20260709 12:57:14.174880  1130 leader_election.cc:290] T ec582f60108a478184ece7e0300ec2ed P 84e1980e1f824b6fac081a3ebbe12d55 [CANDIDATE]: Term 2 election: Requested vote from peers 7e0d796243494ff0b57b5d647ae55bff (127.0.107.193:41615), 95fae0f9d1aa464f87a9c699f35ce171 (127.0.107.195:38201)
I20260709 12:57:14.175941  1054 tablet_service.cc:1917] Received RequestConsensusVote() RPC: tablet_id: "ec582f60108a478184ece7e0300ec2ed" candidate_uuid: "84e1980e1f824b6fac081a3ebbe12d55" candidate_term: 2 candidate_status { last_received { term: 1 index: 1 } } ignore_live_leader: true dest_uuid: "7e0d796243494ff0b57b5d647ae55bff"
I20260709 12:57:14.175941  1204 tablet_service.cc:1917] Received RequestConsensusVote() RPC: tablet_id: "ec582f60108a478184ece7e0300ec2ed" candidate_uuid: "84e1980e1f824b6fac081a3ebbe12d55" candidate_term: 2 candidate_status { last_received { term: 1 index: 1 } } ignore_live_leader: true dest_uuid: "95fae0f9d1aa464f87a9c699f35ce171"
I20260709 12:57:14.176674  1054 raft_consensus.cc:3060] T ec582f60108a478184ece7e0300ec2ed P 7e0d796243494ff0b57b5d647ae55bff [term 1 FOLLOWER]: Advancing to term 2
I20260709 12:57:14.176721  1204 raft_consensus.cc:3055] T ec582f60108a478184ece7e0300ec2ed P 95fae0f9d1aa464f87a9c699f35ce171 [term 1 LEADER]: Stepping down as leader of term 1
I20260709 12:57:14.177152  1204 raft_consensus.cc:740] T ec582f60108a478184ece7e0300ec2ed P 95fae0f9d1aa464f87a9c699f35ce171 [term 1 LEADER]: Becoming Follower/Learner. State: Replica: 95fae0f9d1aa464f87a9c699f35ce171, State: Running, Role: LEADER
I20260709 12:57:14.177923  1204 consensus_queue.cc:260] T ec582f60108a478184ece7e0300ec2ed P 95fae0f9d1aa464f87a9c699f35ce171 [NON_LEADER]: Queue going to NON_LEADER mode. State: All replicated index: 0, Majority replicated index: 1, Committed index: 1, Last appended: 1.1, Last appended by leader: 1, Current term: 1, Majority size: -1, State: 0, Mode: NON_LEADER, active raft config: opid_index: -1 OBSOLETE_local: false peers { permanent_uuid: "7e0d796243494ff0b57b5d647ae55bff" member_type: VOTER last_known_addr { host: "127.0.107.193" port: 41615 } } peers { permanent_uuid: "84e1980e1f824b6fac081a3ebbe12d55" member_type: VOTER last_known_addr { host: "127.0.107.194" port: 34567 } } peers { permanent_uuid: "95fae0f9d1aa464f87a9c699f35ce171" member_type: VOTER last_known_addr { host: "127.0.107.195" port: 38201 } }
I20260709 12:57:14.179270  1204 raft_consensus.cc:3060] T ec582f60108a478184ece7e0300ec2ed P 95fae0f9d1aa464f87a9c699f35ce171 [term 1 FOLLOWER]: Advancing to term 2
I20260709 12:57:14.183521  1054 raft_consensus.cc:2468] T ec582f60108a478184ece7e0300ec2ed P 7e0d796243494ff0b57b5d647ae55bff [term 2 FOLLOWER]: Leader election vote request: Granting yes vote for candidate 84e1980e1f824b6fac081a3ebbe12d55 in term 2.
I20260709 12:57:14.184669  1093 leader_election.cc:304] T ec582f60108a478184ece7e0300ec2ed P 84e1980e1f824b6fac081a3ebbe12d55 [CANDIDATE]: Term 2 election: Election decided. Result: candidate won. Election summary: received 2 responses out of 3 voters: 2 yes votes; 0 no votes. yes voters: 7e0d796243494ff0b57b5d647ae55bff, 84e1980e1f824b6fac081a3ebbe12d55; no voters: 
I20260709 12:57:14.185286  1204 raft_consensus.cc:2468] T ec582f60108a478184ece7e0300ec2ed P 95fae0f9d1aa464f87a9c699f35ce171 [term 2 FOLLOWER]: Leader election vote request: Granting yes vote for candidate 84e1980e1f824b6fac081a3ebbe12d55 in term 2.
I20260709 12:57:14.185298  1251 raft_consensus.cc:2804] T ec582f60108a478184ece7e0300ec2ed P 84e1980e1f824b6fac081a3ebbe12d55 [term 2 FOLLOWER]: Leader election won for term 2
I20260709 12:57:14.185858  1251 raft_consensus.cc:697] T ec582f60108a478184ece7e0300ec2ed P 84e1980e1f824b6fac081a3ebbe12d55 [term 2 LEADER]: Becoming Leader. State: Replica: 84e1980e1f824b6fac081a3ebbe12d55, State: Running, Role: LEADER
I20260709 12:57:14.186640  1251 consensus_queue.cc:237] T ec582f60108a478184ece7e0300ec2ed P 84e1980e1f824b6fac081a3ebbe12d55 [LEADER]: Queue going to LEADER mode. State: All replicated index: 0, Majority replicated index: 1, Committed index: 1, Last appended: 1.1, Last appended by leader: 1, Current term: 2, Majority size: 2, State: 0, Mode: LEADER, active raft config: opid_index: -1 OBSOLETE_local: false peers { permanent_uuid: "7e0d796243494ff0b57b5d647ae55bff" member_type: VOTER last_known_addr { host: "127.0.107.193" port: 41615 } } peers { permanent_uuid: "84e1980e1f824b6fac081a3ebbe12d55" member_type: VOTER last_known_addr { host: "127.0.107.194" port: 34567 } } peers { permanent_uuid: "95fae0f9d1aa464f87a9c699f35ce171" member_type: VOTER last_known_addr { host: "127.0.107.195" port: 38201 } }
I20260709 12:57:14.192013   952 catalog_manager.cc:5697] T ec582f60108a478184ece7e0300ec2ed P 84e1980e1f824b6fac081a3ebbe12d55 reported cstate change: term changed from 1 to 2, leader changed from 95fae0f9d1aa464f87a9c699f35ce171 (127.0.107.195) to 84e1980e1f824b6fac081a3ebbe12d55 (127.0.107.194). New cstate: current_term: 2 leader_uuid: "84e1980e1f824b6fac081a3ebbe12d55" committed_config { opid_index: -1 OBSOLETE_local: false peers { permanent_uuid: "7e0d796243494ff0b57b5d647ae55bff" member_type: VOTER last_known_addr { host: "127.0.107.193" port: 41615 } health_report { overall_health: UNKNOWN } } peers { permanent_uuid: "84e1980e1f824b6fac081a3ebbe12d55" member_type: VOTER last_known_addr { host: "127.0.107.194" port: 34567 } health_report { overall_health: HEALTHY } } peers { permanent_uuid: "95fae0f9d1aa464f87a9c699f35ce171" member_type: VOTER last_known_addr { host: "127.0.107.195" port: 38201 } health_report { overall_health: UNKNOWN } } }
I20260709 12:57:14.351481  1204 raft_consensus.cc:1275] T 8df2d921b96845eab8a46cdb2df07d1e P 95fae0f9d1aa464f87a9c699f35ce171 [term 2 FOLLOWER]: Refusing update from remote peer 84e1980e1f824b6fac081a3ebbe12d55: Log matching property violated. Preceding OpId in replica: term: 1 index: 1. Preceding OpId from leader: term: 2 index: 2. (index mismatch)
I20260709 12:57:14.352811  1251 consensus_queue.cc:1048] T 8df2d921b96845eab8a46cdb2df07d1e P 84e1980e1f824b6fac081a3ebbe12d55 [LEADER]: Connected to new peer: Peer: permanent_uuid: "95fae0f9d1aa464f87a9c699f35ce171" member_type: VOTER last_known_addr { host: "127.0.107.195" port: 38201 }, Status: LMP_MISMATCH, Last received: 0.0, Next index: 2, Last known committed idx: 1, Time since last communication: 0.000s
I20260709 12:57:14.361763  1054 raft_consensus.cc:1275] T 8df2d921b96845eab8a46cdb2df07d1e P 7e0d796243494ff0b57b5d647ae55bff [term 2 FOLLOWER]: Refusing update from remote peer 84e1980e1f824b6fac081a3ebbe12d55: Log matching property violated. Preceding OpId in replica: term: 1 index: 1. Preceding OpId from leader: term: 2 index: 2. (index mismatch)
I20260709 12:57:14.364355  1275 consensus_queue.cc:1048] T 8df2d921b96845eab8a46cdb2df07d1e P 84e1980e1f824b6fac081a3ebbe12d55 [LEADER]: Connected to new peer: Peer: permanent_uuid: "7e0d796243494ff0b57b5d647ae55bff" member_type: VOTER last_known_addr { host: "127.0.107.193" port: 41615 }, Status: LMP_MISMATCH, Last received: 0.0, Next index: 2, Last known committed idx: 1, Time since last communication: 0.000s
I20260709 12:57:14.395361  1204 raft_consensus.cc:1275] T 459dd90e096c4fddb7c831f1ac350f52 P 95fae0f9d1aa464f87a9c699f35ce171 [term 2 FOLLOWER]: Refusing update from remote peer 7e0d796243494ff0b57b5d647ae55bff: Log matching property violated. Preceding OpId in replica: term: 1 index: 1. Preceding OpId from leader: term: 2 index: 2. (index mismatch)
I20260709 12:57:14.396493  1272 consensus_queue.cc:1048] T 459dd90e096c4fddb7c831f1ac350f52 P 7e0d796243494ff0b57b5d647ae55bff [LEADER]: Connected to new peer: Peer: permanent_uuid: "95fae0f9d1aa464f87a9c699f35ce171" member_type: VOTER last_known_addr { host: "127.0.107.195" port: 38201 }, Status: LMP_MISMATCH, Last received: 0.0, Next index: 2, Last known committed idx: 1, Time since last communication: 0.000s
I20260709 12:57:14.405314  1130 raft_consensus.cc:1275] T 459dd90e096c4fddb7c831f1ac350f52 P 84e1980e1f824b6fac081a3ebbe12d55 [term 2 FOLLOWER]: Refusing update from remote peer 7e0d796243494ff0b57b5d647ae55bff: Log matching property violated. Preceding OpId in replica: term: 1 index: 1. Preceding OpId from leader: term: 2 index: 2. (index mismatch)
I20260709 12:57:14.407271  1271 consensus_queue.cc:1048] T 459dd90e096c4fddb7c831f1ac350f52 P 7e0d796243494ff0b57b5d647ae55bff [LEADER]: Connected to new peer: Peer: permanent_uuid: "84e1980e1f824b6fac081a3ebbe12d55" member_type: VOTER last_known_addr { host: "127.0.107.194" port: 34567 }, Status: LMP_MISMATCH, Last received: 0.0, Next index: 2, Last known committed idx: 1, Time since last communication: 0.000s
I20260709 12:57:14.619787  1130 raft_consensus.cc:1275] T 914860b372b54fb996e6f8512bb4ad02 P 84e1980e1f824b6fac081a3ebbe12d55 [term 2 FOLLOWER]: Refusing update from remote peer 95fae0f9d1aa464f87a9c699f35ce171: Log matching property violated. Preceding OpId in replica: term: 1 index: 1. Preceding OpId from leader: term: 2 index: 2. (index mismatch)
I20260709 12:57:14.621003  1252 consensus_queue.cc:1048] T 914860b372b54fb996e6f8512bb4ad02 P 95fae0f9d1aa464f87a9c699f35ce171 [LEADER]: Connected to new peer: Peer: permanent_uuid: "84e1980e1f824b6fac081a3ebbe12d55" member_type: VOTER last_known_addr { host: "127.0.107.194" port: 34567 }, Status: LMP_MISMATCH, Last received: 0.0, Next index: 2, Last known committed idx: 1, Time since last communication: 0.000s
I20260709 12:57:14.629015  1054 raft_consensus.cc:1275] T 914860b372b54fb996e6f8512bb4ad02 P 7e0d796243494ff0b57b5d647ae55bff [term 2 FOLLOWER]: Refusing update from remote peer 95fae0f9d1aa464f87a9c699f35ce171: Log matching property violated. Preceding OpId in replica: term: 1 index: 1. Preceding OpId from leader: term: 2 index: 2. (index mismatch)
I20260709 12:57:14.630509  1278 consensus_queue.cc:1048] T 914860b372b54fb996e6f8512bb4ad02 P 95fae0f9d1aa464f87a9c699f35ce171 [LEADER]: Connected to new peer: Peer: permanent_uuid: "7e0d796243494ff0b57b5d647ae55bff" member_type: VOTER last_known_addr { host: "127.0.107.193" port: 41615 }, Status: LMP_MISMATCH, Last received: 0.0, Next index: 2, Last known committed idx: 1, Time since last communication: 0.000s
I20260709 12:57:14.757274  1054 raft_consensus.cc:1275] T ec582f60108a478184ece7e0300ec2ed P 7e0d796243494ff0b57b5d647ae55bff [term 2 FOLLOWER]: Refusing update from remote peer 84e1980e1f824b6fac081a3ebbe12d55: Log matching property violated. Preceding OpId in replica: term: 1 index: 1. Preceding OpId from leader: term: 2 index: 2. (index mismatch)
I20260709 12:57:14.758383  1275 consensus_queue.cc:1048] T ec582f60108a478184ece7e0300ec2ed P 84e1980e1f824b6fac081a3ebbe12d55 [LEADER]: Connected to new peer: Peer: permanent_uuid: "7e0d796243494ff0b57b5d647ae55bff" member_type: VOTER last_known_addr { host: "127.0.107.193" port: 41615 }, Status: LMP_MISMATCH, Last received: 0.0, Next index: 2, Last known committed idx: 1, Time since last communication: 0.000s
I20260709 12:57:14.766443  1204 raft_consensus.cc:1275] T ec582f60108a478184ece7e0300ec2ed P 95fae0f9d1aa464f87a9c699f35ce171 [term 2 FOLLOWER]: Refusing update from remote peer 84e1980e1f824b6fac081a3ebbe12d55: Log matching property violated. Preceding OpId in replica: term: 1 index: 1. Preceding OpId from leader: term: 2 index: 2. (index mismatch)
I20260709 12:57:14.767993  1251 consensus_queue.cc:1048] T ec582f60108a478184ece7e0300ec2ed P 84e1980e1f824b6fac081a3ebbe12d55 [LEADER]: Connected to new peer: Peer: permanent_uuid: "95fae0f9d1aa464f87a9c699f35ce171" member_type: VOTER last_known_addr { host: "127.0.107.195" port: 38201 }, Status: LMP_MISMATCH, Last received: 0.0, Next index: 2, Last known committed idx: 1, Time since last communication: 0.000s
I20260709 12:57:16.710922   431 auto_leader_rebalancer-test.cc:348] The leader distribution is 
I20260709 12:57:16.711584   431 auto_leader_rebalancer.cc:141] leader rebalance for table test-workload
I20260709 12:57:16.728432  1054 tablet_service.cc:2072] Received LeaderStepDown RPC: tablet_id: "459dd90e096c4fddb7c831f1ac350f52"
dest_uuid: "7e0d796243494ff0b57b5d647ae55bff"
mode: GRACEFUL
new_leader_uuid: "95fae0f9d1aa464f87a9c699f35ce171"
 from {username='slave'} at 127.0.0.1:54288
I20260709 12:57:16.729084  1054 raft_consensus.cc:606] T 459dd90e096c4fddb7c831f1ac350f52 P 7e0d796243494ff0b57b5d647ae55bff [term 2 LEADER]: Received request to transfer leadership to TS 95fae0f9d1aa464f87a9c699f35ce171
I20260709 12:57:16.732230  1055 tablet_service.cc:2072] Received LeaderStepDown RPC: tablet_id: "5b7a6668c20b475e9a2602ebc66eeec6"
dest_uuid: "7e0d796243494ff0b57b5d647ae55bff"
mode: GRACEFUL
new_leader_uuid: "95fae0f9d1aa464f87a9c699f35ce171"
 from {username='slave'} at 127.0.0.1:54288
I20260709 12:57:16.732733  1055 raft_consensus.cc:606] T 5b7a6668c20b475e9a2602ebc66eeec6 P 7e0d796243494ff0b57b5d647ae55bff [term 1 LEADER]: Received request to transfer leadership to TS 95fae0f9d1aa464f87a9c699f35ce171
I20260709 12:57:16.733721   431 auto_leader_rebalancer.cc:452] table: test-workload, leader rebalance finish, leader transfer count: 2
I20260709 12:57:16.734134   431 auto_leader_rebalancer.cc:527] All tables' leader rebalancing finished this round
I20260709 12:57:17.041857  1344 raft_consensus.cc:993] T 459dd90e096c4fddb7c831f1ac350f52 P 7e0d796243494ff0b57b5d647ae55bff: : Instructing follower 95fae0f9d1aa464f87a9c699f35ce171 to start an election
I20260709 12:57:17.042300  1271 raft_consensus.cc:1081] T 459dd90e096c4fddb7c831f1ac350f52 P 7e0d796243494ff0b57b5d647ae55bff [term 2 LEADER]: Signalling peer 95fae0f9d1aa464f87a9c699f35ce171 to start an election
I20260709 12:57:17.043694  1203 tablet_service.cc:2044] Received Run Leader Election RPC: tablet_id: "459dd90e096c4fddb7c831f1ac350f52"
dest_uuid: "95fae0f9d1aa464f87a9c699f35ce171"
 from {username='slave'} at 127.0.0.1:55318
I20260709 12:57:17.044159  1203 raft_consensus.cc:493] T 459dd90e096c4fddb7c831f1ac350f52 P 95fae0f9d1aa464f87a9c699f35ce171 [term 2 FOLLOWER]: Starting forced leader election (received explicit request)
I20260709 12:57:17.044438  1203 raft_consensus.cc:3060] T 459dd90e096c4fddb7c831f1ac350f52 P 95fae0f9d1aa464f87a9c699f35ce171 [term 2 FOLLOWER]: Advancing to term 3
I20260709 12:57:17.068320  1203 raft_consensus.cc:515] T 459dd90e096c4fddb7c831f1ac350f52 P 95fae0f9d1aa464f87a9c699f35ce171 [term 3 FOLLOWER]: Starting forced leader election with config: opid_index: -1 OBSOLETE_local: false peers { permanent_uuid: "7e0d796243494ff0b57b5d647ae55bff" member_type: VOTER last_known_addr { host: "127.0.107.193" port: 41615 } } peers { permanent_uuid: "84e1980e1f824b6fac081a3ebbe12d55" member_type: VOTER last_known_addr { host: "127.0.107.194" port: 34567 } } peers { permanent_uuid: "95fae0f9d1aa464f87a9c699f35ce171" member_type: VOTER last_known_addr { host: "127.0.107.195" port: 38201 } }
I20260709 12:57:17.070367  1203 leader_election.cc:290] T 459dd90e096c4fddb7c831f1ac350f52 P 95fae0f9d1aa464f87a9c699f35ce171 [CANDIDATE]: Term 3 election: Requested vote from peers 7e0d796243494ff0b57b5d647ae55bff (127.0.107.193:41615), 84e1980e1f824b6fac081a3ebbe12d55 (127.0.107.194:34567)
I20260709 12:57:17.071336  1054 tablet_service.cc:1917] Received RequestConsensusVote() RPC: tablet_id: "459dd90e096c4fddb7c831f1ac350f52" candidate_uuid: "95fae0f9d1aa464f87a9c699f35ce171" candidate_term: 3 candidate_status { last_received { term: 2 index: 2 } } ignore_live_leader: true dest_uuid: "7e0d796243494ff0b57b5d647ae55bff"
I20260709 12:57:17.071487  1129 tablet_service.cc:1917] Received RequestConsensusVote() RPC: tablet_id: "459dd90e096c4fddb7c831f1ac350f52" candidate_uuid: "95fae0f9d1aa464f87a9c699f35ce171" candidate_term: 3 candidate_status { last_received { term: 2 index: 2 } } ignore_live_leader: true dest_uuid: "84e1980e1f824b6fac081a3ebbe12d55"
I20260709 12:57:17.071976  1129 raft_consensus.cc:3060] T 459dd90e096c4fddb7c831f1ac350f52 P 84e1980e1f824b6fac081a3ebbe12d55 [term 2 FOLLOWER]: Advancing to term 3
I20260709 12:57:17.071967  1054 raft_consensus.cc:3055] T 459dd90e096c4fddb7c831f1ac350f52 P 7e0d796243494ff0b57b5d647ae55bff [term 2 LEADER]: Stepping down as leader of term 2
I20260709 12:57:17.072678  1054 raft_consensus.cc:740] T 459dd90e096c4fddb7c831f1ac350f52 P 7e0d796243494ff0b57b5d647ae55bff [term 2 LEADER]: Becoming Follower/Learner. State: Replica: 7e0d796243494ff0b57b5d647ae55bff, State: Running, Role: LEADER
I20260709 12:57:17.073422  1054 consensus_queue.cc:260] T 459dd90e096c4fddb7c831f1ac350f52 P 7e0d796243494ff0b57b5d647ae55bff [NON_LEADER]: Queue going to NON_LEADER mode. State: All replicated index: 0, Majority replicated index: 2, Committed index: 2, Last appended: 2.2, Last appended by leader: 2, Current term: 2, Majority size: -1, State: 0, Mode: NON_LEADER, active raft config: opid_index: -1 OBSOLETE_local: false peers { permanent_uuid: "7e0d796243494ff0b57b5d647ae55bff" member_type: VOTER last_known_addr { host: "127.0.107.193" port: 41615 } } peers { permanent_uuid: "84e1980e1f824b6fac081a3ebbe12d55" member_type: VOTER last_known_addr { host: "127.0.107.194" port: 34567 } } peers { permanent_uuid: "95fae0f9d1aa464f87a9c699f35ce171" member_type: VOTER last_known_addr { host: "127.0.107.195" port: 38201 } }
I20260709 12:57:17.074625  1054 raft_consensus.cc:3060] T 459dd90e096c4fddb7c831f1ac350f52 P 7e0d796243494ff0b57b5d647ae55bff [term 2 FOLLOWER]: Advancing to term 3
I20260709 12:57:17.078670  1129 raft_consensus.cc:2468] T 459dd90e096c4fddb7c831f1ac350f52 P 84e1980e1f824b6fac081a3ebbe12d55 [term 3 FOLLOWER]: Leader election vote request: Granting yes vote for candidate 95fae0f9d1aa464f87a9c699f35ce171 in term 3.
I20260709 12:57:17.079943  1168 leader_election.cc:304] T 459dd90e096c4fddb7c831f1ac350f52 P 95fae0f9d1aa464f87a9c699f35ce171 [CANDIDATE]: Term 3 election: Election decided. Result: candidate won. Election summary: received 2 responses out of 3 voters: 2 yes votes; 0 no votes. yes voters: 84e1980e1f824b6fac081a3ebbe12d55, 95fae0f9d1aa464f87a9c699f35ce171; no voters: 
I20260709 12:57:17.080623  1342 raft_consensus.cc:2804] T 459dd90e096c4fddb7c831f1ac350f52 P 95fae0f9d1aa464f87a9c699f35ce171 [term 3 FOLLOWER]: Leader election won for term 3
I20260709 12:57:17.081588  1054 raft_consensus.cc:2468] T 459dd90e096c4fddb7c831f1ac350f52 P 7e0d796243494ff0b57b5d647ae55bff [term 3 FOLLOWER]: Leader election vote request: Granting yes vote for candidate 95fae0f9d1aa464f87a9c699f35ce171 in term 3.
I20260709 12:57:17.092597  1342 raft_consensus.cc:697] T 459dd90e096c4fddb7c831f1ac350f52 P 95fae0f9d1aa464f87a9c699f35ce171 [term 3 LEADER]: Becoming Leader. State: Replica: 95fae0f9d1aa464f87a9c699f35ce171, State: Running, Role: LEADER
