I20260709 12:57:28.335573  1729 raft_consensus.cc:359] T fe152a9ce6d24710b28330a9f20de336 P f2dd00fffb184915b5c8247e217a4332 [term 0 FOLLOWER]: Replica starting. Triggering 0 pending ops. Active config: opid_index: -1 OBSOLETE_local: false peers { permanent_uuid: "36c8f09f8208440995a8a48d17f1da6e" member_type: VOTER last_known_addr { host: "127.0.107.193" port: 35655 } } peers { permanent_uuid: "f2dd00fffb184915b5c8247e217a4332" member_type: VOTER last_known_addr { host: "127.0.107.194" port: 37771 } } peers { permanent_uuid: "a4fd426e094e462caa3087c2c143b5c2" member_type: VOTER last_known_addr { host: "127.0.107.195" port: 44735 } }
I20260709 12:57:28.343716  1729 raft_consensus.cc:385] T fe152a9ce6d24710b28330a9f20de336 P f2dd00fffb184915b5c8247e217a4332 [term 0 FOLLOWER]: Consensus starting up: Expiring failure detector timer to make a prompt election more likely
I20260709 12:57:28.343982  1729 raft_consensus.cc:740] T fe152a9ce6d24710b28330a9f20de336 P f2dd00fffb184915b5c8247e217a4332 [term 0 FOLLOWER]: Becoming Follower/Learner. State: Replica: f2dd00fffb184915b5c8247e217a4332, State: Initialized, Role: FOLLOWER
I20260709 12:57:28.345633  1728 ts_tablet_manager.cc:1434] T cefc381feae240f3ada66e8a7522fd69 P 36c8f09f8208440995a8a48d17f1da6e: Time spent starting tablet: real 0.011s	user 0.006s	sys 0.000s
I20260709 12:57:28.346823  1728 tablet_bootstrap.cc:492] T 2c5f1df9b2c94f27b2c28a0fc924c2b7 P 36c8f09f8208440995a8a48d17f1da6e: Bootstrap starting.
I20260709 12:57:28.344765  1729 consensus_queue.cc:260] T fe152a9ce6d24710b28330a9f20de336 P f2dd00fffb184915b5c8247e217a4332 [NON_LEADER]: Queue going to NON_LEADER mode. State: All replicated index: 0, Majority replicated index: 0, Committed index: 0, Last appended: 0.0, Last appended by leader: 0, Current term: 0, Majority size: -1, State: 0, Mode: NON_LEADER, active raft config: opid_index: -1 OBSOLETE_local: false peers { permanent_uuid: "36c8f09f8208440995a8a48d17f1da6e" member_type: VOTER last_known_addr { host: "127.0.107.193" port: 35655 } } peers { permanent_uuid: "f2dd00fffb184915b5c8247e217a4332" member_type: VOTER last_known_addr { host: "127.0.107.194" port: 37771 } } peers { permanent_uuid: "a4fd426e094e462caa3087c2c143b5c2" member_type: VOTER last_known_addr { host: "127.0.107.195" port: 44735 } }
I20260709 12:57:28.354190  1727 tablet_bootstrap.cc:492] T 26496fe3b0444b76b437994d51c92ce6 P a4fd426e094e462caa3087c2c143b5c2: No bootstrap required, opened a new log
I20260709 12:57:28.354696  1727 ts_tablet_manager.cc:1403] T 26496fe3b0444b76b437994d51c92ce6 P a4fd426e094e462caa3087c2c143b5c2: Time spent bootstrapping tablet: real 0.073s	user 0.011s	sys 0.024s
I20260709 12:57:28.359158  1727 raft_consensus.cc:359] T 26496fe3b0444b76b437994d51c92ce6 P a4fd426e094e462caa3087c2c143b5c2 [term 0 FOLLOWER]: Replica starting. Triggering 0 pending ops. Active config: opid_index: -1 OBSOLETE_local: false peers { permanent_uuid: "36c8f09f8208440995a8a48d17f1da6e" member_type: VOTER last_known_addr { host: "127.0.107.193" port: 35655 } } peers { permanent_uuid: "f2dd00fffb184915b5c8247e217a4332" member_type: VOTER last_known_addr { host: "127.0.107.194" port: 37771 } } peers { permanent_uuid: "a4fd426e094e462caa3087c2c143b5c2" member_type: VOTER last_known_addr { host: "127.0.107.195" port: 44735 } }
I20260709 12:57:28.360167  1434 catalog_manager.cc:5697] T 20ec750dd6c44ddca752abf53a85ec0f P a4fd426e094e462caa3087c2c143b5c2 reported cstate change: term changed from 0 to 1, leader changed from <none> to a4fd426e094e462caa3087c2c143b5c2 (127.0.107.195). New cstate: current_term: 1 leader_uuid: "a4fd426e094e462caa3087c2c143b5c2" committed_config { opid_index: -1 OBSOLETE_local: false peers { permanent_uuid: "36c8f09f8208440995a8a48d17f1da6e" member_type: VOTER last_known_addr { host: "127.0.107.193" port: 35655 } health_report { overall_health: UNKNOWN } } peers { permanent_uuid: "f2dd00fffb184915b5c8247e217a4332" member_type: VOTER last_known_addr { host: "127.0.107.194" port: 37771 } health_report { overall_health: UNKNOWN } } peers { permanent_uuid: "a4fd426e094e462caa3087c2c143b5c2" member_type: VOTER last_known_addr { host: "127.0.107.195" port: 44735 } health_report { overall_health: HEALTHY } } }
I20260709 12:57:28.363919  1683 raft_consensus.cc:2468] T 9f39313cf647472da6fbd0addd150fc2 P a4fd426e094e462caa3087c2c143b5c2 [term 1 FOLLOWER]: Leader election vote request: Granting yes vote for candidate f2dd00fffb184915b5c8247e217a4332 in term 1.
I20260709 12:57:28.363183  1727 raft_consensus.cc:385] T 26496fe3b0444b76b437994d51c92ce6 P a4fd426e094e462caa3087c2c143b5c2 [term 0 FOLLOWER]: Consensus starting up: Expiring failure detector timer to make a prompt election more likely
I20260709 12:57:28.364482  1727 raft_consensus.cc:740] T 26496fe3b0444b76b437994d51c92ce6 P a4fd426e094e462caa3087c2c143b5c2 [term 0 FOLLOWER]: Becoming Follower/Learner. State: Replica: a4fd426e094e462caa3087c2c143b5c2, State: Initialized, Role: FOLLOWER
I20260709 12:57:28.364993  1729 ts_tablet_manager.cc:1434] T fe152a9ce6d24710b28330a9f20de336 P f2dd00fffb184915b5c8247e217a4332: Time spent starting tablet: real 0.047s	user 0.007s	sys 0.000s
I20260709 12:57:28.365252  1727 consensus_queue.cc:260] T 26496fe3b0444b76b437994d51c92ce6 P a4fd426e094e462caa3087c2c143b5c2 [NON_LEADER]: Queue going to NON_LEADER mode. State: All replicated index: 0, Majority replicated index: 0, Committed index: 0, Last appended: 0.0, Last appended by leader: 0, Current term: 0, Majority size: -1, State: 0, Mode: NON_LEADER, active raft config: opid_index: -1 OBSOLETE_local: false peers { permanent_uuid: "36c8f09f8208440995a8a48d17f1da6e" member_type: VOTER last_known_addr { host: "127.0.107.193" port: 35655 } } peers { permanent_uuid: "f2dd00fffb184915b5c8247e217a4332" member_type: VOTER last_known_addr { host: "127.0.107.194" port: 37771 } } peers { permanent_uuid: "a4fd426e094e462caa3087c2c143b5c2" member_type: VOTER last_known_addr { host: "127.0.107.195" port: 44735 } }
I20260709 12:57:28.365432  1576 leader_election.cc:304] T 9f39313cf647472da6fbd0addd150fc2 P f2dd00fffb184915b5c8247e217a4332 [CANDIDATE]: Term 1 election: Election decided. Result: candidate won. Election summary: received 3 responses out of 3 voters: 2 yes votes; 1 no votes. yes voters: a4fd426e094e462caa3087c2c143b5c2, f2dd00fffb184915b5c8247e217a4332; no voters: 36c8f09f8208440995a8a48d17f1da6e
I20260709 12:57:28.365911  1729 tablet_bootstrap.cc:492] T d892b508f06940f9bbe1890963b513f1 P f2dd00fffb184915b5c8247e217a4332: Bootstrap starting.
I20260709 12:57:28.367281  1736 raft_consensus.cc:2804] T 9f39313cf647472da6fbd0addd150fc2 P f2dd00fffb184915b5c8247e217a4332 [term 1 FOLLOWER]: Leader election won for term 1
I20260709 12:57:28.367758  1736 raft_consensus.cc:697] T 9f39313cf647472da6fbd0addd150fc2 P f2dd00fffb184915b5c8247e217a4332 [term 1 LEADER]: Becoming Leader. State: Replica: f2dd00fffb184915b5c8247e217a4332, State: Running, Role: LEADER
I20260709 12:57:28.368449  1727 ts_tablet_manager.cc:1434] T 26496fe3b0444b76b437994d51c92ce6 P a4fd426e094e462caa3087c2c143b5c2: Time spent starting tablet: real 0.013s	user 0.005s	sys 0.003s
I20260709 12:57:28.368556  1736 consensus_queue.cc:237] T 9f39313cf647472da6fbd0addd150fc2 P f2dd00fffb184915b5c8247e217a4332 [LEADER]: Queue going to LEADER mode. State: All replicated index: 0, Majority replicated index: 0, Committed index: 0, Last appended: 0.0, Last appended by leader: 0, Current term: 1, Majority size: 2, State: 0, Mode: LEADER, active raft config: opid_index: -1 OBSOLETE_local: false peers { permanent_uuid: "36c8f09f8208440995a8a48d17f1da6e" member_type: VOTER last_known_addr { host: "127.0.107.193" port: 35655 } } peers { permanent_uuid: "f2dd00fffb184915b5c8247e217a4332" member_type: VOTER last_known_addr { host: "127.0.107.194" port: 37771 } } peers { permanent_uuid: "a4fd426e094e462caa3087c2c143b5c2" member_type: VOTER last_known_addr { host: "127.0.107.195" port: 44735 } }
I20260709 12:57:28.372187  1727 tablet_bootstrap.cc:492] T 6cbdcbc303de4bd1b7be54e283d8c55d P a4fd426e094e462caa3087c2c143b5c2: Bootstrap starting.
I20260709 12:57:28.372334  1729 tablet_bootstrap.cc:654] T d892b508f06940f9bbe1890963b513f1 P f2dd00fffb184915b5c8247e217a4332: Neither blocks nor log segments found. Creating new log.
I20260709 12:57:28.373190  1436 catalog_manager.cc:5697] T 2320da2b1cea4a6bb27b9b10b0ffcd1c P f2dd00fffb184915b5c8247e217a4332 reported cstate change: term changed from 0 to 1, leader changed from <none> to f2dd00fffb184915b5c8247e217a4332 (127.0.107.194). New cstate: current_term: 1 leader_uuid: "f2dd00fffb184915b5c8247e217a4332" committed_config { opid_index: -1 OBSOLETE_local: false peers { permanent_uuid: "36c8f09f8208440995a8a48d17f1da6e" member_type: VOTER last_known_addr { host: "127.0.107.193" port: 35655 } health_report { overall_health: UNKNOWN } } peers { permanent_uuid: "f2dd00fffb184915b5c8247e217a4332" member_type: VOTER last_known_addr { host: "127.0.107.194" port: 37771 } health_report { overall_health: HEALTHY } } peers { permanent_uuid: "a4fd426e094e462caa3087c2c143b5c2" member_type: VOTER last_known_addr { host: "127.0.107.195" port: 44735 } health_report { overall_health: UNKNOWN } } }
I20260709 12:57:28.371213  1728 tablet_bootstrap.cc:654] T 2c5f1df9b2c94f27b2c28a0fc924c2b7 P 36c8f09f8208440995a8a48d17f1da6e: Neither blocks nor log segments found. Creating new log.
I20260709 12:57:28.383225  1727 tablet_bootstrap.cc:654] T 6cbdcbc303de4bd1b7be54e283d8c55d P a4fd426e094e462caa3087c2c143b5c2: Neither blocks nor log segments found. Creating new log.
I20260709 12:57:28.383873  1729 tablet_bootstrap.cc:492] T d892b508f06940f9bbe1890963b513f1 P f2dd00fffb184915b5c8247e217a4332: No bootstrap required, opened a new log
I20260709 12:57:28.384341  1729 ts_tablet_manager.cc:1403] T d892b508f06940f9bbe1890963b513f1 P f2dd00fffb184915b5c8247e217a4332: Time spent bootstrapping tablet: real 0.019s	user 0.008s	sys 0.004s
I20260709 12:57:28.387931  1729 raft_consensus.cc:359] T d892b508f06940f9bbe1890963b513f1 P f2dd00fffb184915b5c8247e217a4332 [term 0 FOLLOWER]: Replica starting. Triggering 0 pending ops. Active config: opid_index: -1 OBSOLETE_local: false peers { permanent_uuid: "36c8f09f8208440995a8a48d17f1da6e" member_type: VOTER last_known_addr { host: "127.0.107.193" port: 35655 } } peers { permanent_uuid: "f2dd00fffb184915b5c8247e217a4332" member_type: VOTER last_known_addr { host: "127.0.107.194" port: 37771 } } peers { permanent_uuid: "a4fd426e094e462caa3087c2c143b5c2" member_type: VOTER last_known_addr { host: "127.0.107.195" port: 44735 } }
I20260709 12:57:28.388613  1729 raft_consensus.cc:385] T d892b508f06940f9bbe1890963b513f1 P f2dd00fffb184915b5c8247e217a4332 [term 0 FOLLOWER]: Consensus starting up: Expiring failure detector timer to make a prompt election more likely
I20260709 12:57:28.388913  1729 raft_consensus.cc:740] T d892b508f06940f9bbe1890963b513f1 P f2dd00fffb184915b5c8247e217a4332 [term 0 FOLLOWER]: Becoming Follower/Learner. State: Replica: f2dd00fffb184915b5c8247e217a4332, State: Initialized, Role: FOLLOWER
I20260709 12:57:28.389443  1729 consensus_queue.cc:260] T d892b508f06940f9bbe1890963b513f1 P f2dd00fffb184915b5c8247e217a4332 [NON_LEADER]: Queue going to NON_LEADER mode. State: All replicated index: 0, Majority replicated index: 0, Committed index: 0, Last appended: 0.0, Last appended by leader: 0, Current term: 0, Majority size: -1, State: 0, Mode: NON_LEADER, active raft config: opid_index: -1 OBSOLETE_local: false peers { permanent_uuid: "36c8f09f8208440995a8a48d17f1da6e" member_type: VOTER last_known_addr { host: "127.0.107.193" port: 35655 } } peers { permanent_uuid: "f2dd00fffb184915b5c8247e217a4332" member_type: VOTER last_known_addr { host: "127.0.107.194" port: 37771 } } peers { permanent_uuid: "a4fd426e094e462caa3087c2c143b5c2" member_type: VOTER last_known_addr { host: "127.0.107.195" port: 44735 } }
I20260709 12:57:28.389835  1728 tablet_bootstrap.cc:492] T 2c5f1df9b2c94f27b2c28a0fc924c2b7 P 36c8f09f8208440995a8a48d17f1da6e: No bootstrap required, opened a new log
I20260709 12:57:28.390326  1728 ts_tablet_manager.cc:1403] T 2c5f1df9b2c94f27b2c28a0fc924c2b7 P 36c8f09f8208440995a8a48d17f1da6e: Time spent bootstrapping tablet: real 0.044s	user 0.013s	sys 0.004s
I20260709 12:57:28.391611  1729 ts_tablet_manager.cc:1434] T d892b508f06940f9bbe1890963b513f1 P f2dd00fffb184915b5c8247e217a4332: Time spent starting tablet: real 0.007s	user 0.004s	sys 0.002s
I20260709 12:57:28.392490  1729 tablet_bootstrap.cc:492] T 0242b42d1709491d810ea01b51381e8c P f2dd00fffb184915b5c8247e217a4332: Bootstrap starting.
I20260709 12:57:28.392894  1728 raft_consensus.cc:359] T 2c5f1df9b2c94f27b2c28a0fc924c2b7 P 36c8f09f8208440995a8a48d17f1da6e [term 0 FOLLOWER]: Replica starting. Triggering 0 pending ops. Active config: opid_index: -1 OBSOLETE_local: false peers { permanent_uuid: "36c8f09f8208440995a8a48d17f1da6e" member_type: VOTER last_known_addr { host: "127.0.107.193" port: 35655 } } peers { permanent_uuid: "f2dd00fffb184915b5c8247e217a4332" member_type: VOTER last_known_addr { host: "127.0.107.194" port: 37771 } } peers { permanent_uuid: "a4fd426e094e462caa3087c2c143b5c2" member_type: VOTER last_known_addr { host: "127.0.107.195" port: 44735 } }
I20260709 12:57:28.393540  1728 raft_consensus.cc:385] T 2c5f1df9b2c94f27b2c28a0fc924c2b7 P 36c8f09f8208440995a8a48d17f1da6e [term 0 FOLLOWER]: Consensus starting up: Expiring failure detector timer to make a prompt election more likely
I20260709 12:57:28.393901  1728 raft_consensus.cc:740] T 2c5f1df9b2c94f27b2c28a0fc924c2b7 P 36c8f09f8208440995a8a48d17f1da6e [term 0 FOLLOWER]: Becoming Follower/Learner. State: Replica: 36c8f09f8208440995a8a48d17f1da6e, State: Initialized, Role: FOLLOWER
I20260709 12:57:28.393540  1434 catalog_manager.cc:5697] T 9f39313cf647472da6fbd0addd150fc2 P f2dd00fffb184915b5c8247e217a4332 reported cstate change: term changed from 0 to 1, leader changed from <none> to f2dd00fffb184915b5c8247e217a4332 (127.0.107.194). New cstate: current_term: 1 leader_uuid: "f2dd00fffb184915b5c8247e217a4332" committed_config { opid_index: -1 OBSOLETE_local: false peers { permanent_uuid: "36c8f09f8208440995a8a48d17f1da6e" member_type: VOTER last_known_addr { host: "127.0.107.193" port: 35655 } health_report { overall_health: UNKNOWN } } peers { permanent_uuid: "f2dd00fffb184915b5c8247e217a4332" member_type: VOTER last_known_addr { host: "127.0.107.194" port: 37771 } health_report { overall_health: HEALTHY } } peers { permanent_uuid: "a4fd426e094e462caa3087c2c143b5c2" member_type: VOTER last_known_addr { host: "127.0.107.195" port: 44735 } health_report { overall_health: UNKNOWN } } }
I20260709 12:57:28.394598  1728 consensus_queue.cc:260] T 2c5f1df9b2c94f27b2c28a0fc924c2b7 P 36c8f09f8208440995a8a48d17f1da6e [NON_LEADER]: Queue going to NON_LEADER mode. State: All replicated index: 0, Majority replicated index: 0, Committed index: 0, Last appended: 0.0, Last appended by leader: 0, Current term: 0, Majority size: -1, State: 0, Mode: NON_LEADER, active raft config: opid_index: -1 OBSOLETE_local: false peers { permanent_uuid: "36c8f09f8208440995a8a48d17f1da6e" member_type: VOTER last_known_addr { host: "127.0.107.193" port: 35655 } } peers { permanent_uuid: "f2dd00fffb184915b5c8247e217a4332" member_type: VOTER last_known_addr { host: "127.0.107.194" port: 37771 } } peers { permanent_uuid: "a4fd426e094e462caa3087c2c143b5c2" member_type: VOTER last_known_addr { host: "127.0.107.195" port: 44735 } }
I20260709 12:57:28.399057  1728 ts_tablet_manager.cc:1434] T 2c5f1df9b2c94f27b2c28a0fc924c2b7 P 36c8f09f8208440995a8a48d17f1da6e: Time spent starting tablet: real 0.008s	user 0.005s	sys 0.001s
I20260709 12:57:28.399938  1728 tablet_bootstrap.cc:492] T 9609161d49124b20ba53dc3715440f6c P 36c8f09f8208440995a8a48d17f1da6e: Bootstrap starting.
I20260709 12:57:28.405200  1729 tablet_bootstrap.cc:654] T 0242b42d1709491d810ea01b51381e8c P f2dd00fffb184915b5c8247e217a4332: Neither blocks nor log segments found. Creating new log.
I20260709 12:57:28.411608  1728 tablet_bootstrap.cc:654] T 9609161d49124b20ba53dc3715440f6c P 36c8f09f8208440995a8a48d17f1da6e: Neither blocks nor log segments found. Creating new log.
I20260709 12:57:28.428505  1729 tablet_bootstrap.cc:492] T 0242b42d1709491d810ea01b51381e8c P f2dd00fffb184915b5c8247e217a4332: No bootstrap required, opened a new log
I20260709 12:57:28.428954  1729 ts_tablet_manager.cc:1403] T 0242b42d1709491d810ea01b51381e8c P f2dd00fffb184915b5c8247e217a4332: Time spent bootstrapping tablet: real 0.037s	user 0.011s	sys 0.000s
I20260709 12:57:28.429054  1727 tablet_bootstrap.cc:492] T 6cbdcbc303de4bd1b7be54e283d8c55d P a4fd426e094e462caa3087c2c143b5c2: No bootstrap required, opened a new log
I20260709 12:57:28.429450  1727 ts_tablet_manager.cc:1403] T 6cbdcbc303de4bd1b7be54e283d8c55d P a4fd426e094e462caa3087c2c143b5c2: Time spent bootstrapping tablet: real 0.057s	user 0.015s	sys 0.014s
I20260709 12:57:28.431353  1727 raft_consensus.cc:359] T 6cbdcbc303de4bd1b7be54e283d8c55d P a4fd426e094e462caa3087c2c143b5c2 [term 0 FOLLOWER]: Replica starting. Triggering 0 pending ops. Active config: opid_index: -1 OBSOLETE_local: false peers { permanent_uuid: "36c8f09f8208440995a8a48d17f1da6e" member_type: VOTER last_known_addr { host: "127.0.107.193" port: 35655 } } peers { permanent_uuid: "f2dd00fffb184915b5c8247e217a4332" member_type: VOTER last_known_addr { host: "127.0.107.194" port: 37771 } } peers { permanent_uuid: "a4fd426e094e462caa3087c2c143b5c2" member_type: VOTER last_known_addr { host: "127.0.107.195" port: 44735 } }
I20260709 12:57:28.431815  1727 raft_consensus.cc:385] T 6cbdcbc303de4bd1b7be54e283d8c55d P a4fd426e094e462caa3087c2c143b5c2 [term 0 FOLLOWER]: Consensus starting up: Expiring failure detector timer to make a prompt election more likely
I20260709 12:57:28.432052  1727 raft_consensus.cc:740] T 6cbdcbc303de4bd1b7be54e283d8c55d P a4fd426e094e462caa3087c2c143b5c2 [term 0 FOLLOWER]: Becoming Follower/Learner. State: Replica: a4fd426e094e462caa3087c2c143b5c2, State: Initialized, Role: FOLLOWER
I20260709 12:57:28.431865  1729 raft_consensus.cc:359] T 0242b42d1709491d810ea01b51381e8c P f2dd00fffb184915b5c8247e217a4332 [term 0 FOLLOWER]: Replica starting. Triggering 0 pending ops. Active config: opid_index: -1 OBSOLETE_local: false peers { permanent_uuid: "36c8f09f8208440995a8a48d17f1da6e" member_type: VOTER last_known_addr { host: "127.0.107.193" port: 35655 } } peers { permanent_uuid: "f2dd00fffb184915b5c8247e217a4332" member_type: VOTER last_known_addr { host: "127.0.107.194" port: 37771 } } peers { permanent_uuid: "a4fd426e094e462caa3087c2c143b5c2" member_type: VOTER last_known_addr { host: "127.0.107.195" port: 44735 } }
I20260709 12:57:28.432600  1729 raft_consensus.cc:385] T 0242b42d1709491d810ea01b51381e8c P f2dd00fffb184915b5c8247e217a4332 [term 0 FOLLOWER]: Consensus starting up: Expiring failure detector timer to make a prompt election more likely
I20260709 12:57:28.432883  1729 raft_consensus.cc:740] T 0242b42d1709491d810ea01b51381e8c P f2dd00fffb184915b5c8247e217a4332 [term 0 FOLLOWER]: Becoming Follower/Learner. State: Replica: f2dd00fffb184915b5c8247e217a4332, State: Initialized, Role: FOLLOWER
I20260709 12:57:28.432739  1727 consensus_queue.cc:260] T 6cbdcbc303de4bd1b7be54e283d8c55d P a4fd426e094e462caa3087c2c143b5c2 [NON_LEADER]: Queue going to NON_LEADER mode. State: All replicated index: 0, Majority replicated index: 0, Committed index: 0, Last appended: 0.0, Last appended by leader: 0, Current term: 0, Majority size: -1, State: 0, Mode: NON_LEADER, active raft config: opid_index: -1 OBSOLETE_local: false peers { permanent_uuid: "36c8f09f8208440995a8a48d17f1da6e" member_type: VOTER last_known_addr { host: "127.0.107.193" port: 35655 } } peers { permanent_uuid: "f2dd00fffb184915b5c8247e217a4332" member_type: VOTER last_known_addr { host: "127.0.107.194" port: 37771 } } peers { permanent_uuid: "a4fd426e094e462caa3087c2c143b5c2" member_type: VOTER last_known_addr { host: "127.0.107.195" port: 44735 } }
I20260709 12:57:28.433513  1729 consensus_queue.cc:260] T 0242b42d1709491d810ea01b51381e8c P f2dd00fffb184915b5c8247e217a4332 [NON_LEADER]: Queue going to NON_LEADER mode. State: All replicated index: 0, Majority replicated index: 0, Committed index: 0, Last appended: 0.0, Last appended by leader: 0, Current term: 0, Majority size: -1, State: 0, Mode: NON_LEADER, active raft config: opid_index: -1 OBSOLETE_local: false peers { permanent_uuid: "36c8f09f8208440995a8a48d17f1da6e" member_type: VOTER last_known_addr { host: "127.0.107.193" port: 35655 } } peers { permanent_uuid: "f2dd00fffb184915b5c8247e217a4332" member_type: VOTER last_known_addr { host: "127.0.107.194" port: 37771 } } peers { permanent_uuid: "a4fd426e094e462caa3087c2c143b5c2" member_type: VOTER last_known_addr { host: "127.0.107.195" port: 44735 } }
I20260709 12:57:28.434826  1727 ts_tablet_manager.cc:1434] T 6cbdcbc303de4bd1b7be54e283d8c55d P a4fd426e094e462caa3087c2c143b5c2: Time spent starting tablet: real 0.005s	user 0.001s	sys 0.005s
I20260709 12:57:28.435768  1727 tablet_bootstrap.cc:492] T 1d6c5805f6d04c20a096e257ef6e2382 P a4fd426e094e462caa3087c2c143b5c2: Bootstrap starting.
I20260709 12:57:28.435771  1729 ts_tablet_manager.cc:1434] T 0242b42d1709491d810ea01b51381e8c P f2dd00fffb184915b5c8247e217a4332: Time spent starting tablet: real 0.007s	user 0.004s	sys 0.000s
I20260709 12:57:28.440945  1729 tablet_bootstrap.cc:492] T c11548adf2104ddcaa6380ddb71c2dd3 P f2dd00fffb184915b5c8247e217a4332: Bootstrap starting.
I20260709 12:57:28.441145  1727 tablet_bootstrap.cc:654] T 1d6c5805f6d04c20a096e257ef6e2382 P a4fd426e094e462caa3087c2c143b5c2: Neither blocks nor log segments found. Creating new log.
I20260709 12:57:28.444561  1728 tablet_bootstrap.cc:492] T 9609161d49124b20ba53dc3715440f6c P 36c8f09f8208440995a8a48d17f1da6e: No bootstrap required, opened a new log
I20260709 12:57:28.444981  1728 ts_tablet_manager.cc:1403] T 9609161d49124b20ba53dc3715440f6c P 36c8f09f8208440995a8a48d17f1da6e: Time spent bootstrapping tablet: real 0.045s	user 0.007s	sys 0.010s
I20260709 12:57:28.446851  1729 tablet_bootstrap.cc:654] T c11548adf2104ddcaa6380ddb71c2dd3 P f2dd00fffb184915b5c8247e217a4332: Neither blocks nor log segments found. Creating new log.
I20260709 12:57:28.447429  1728 raft_consensus.cc:359] T 9609161d49124b20ba53dc3715440f6c P 36c8f09f8208440995a8a48d17f1da6e [term 0 FOLLOWER]: Replica starting. Triggering 0 pending ops. Active config: opid_index: -1 OBSOLETE_local: false peers { permanent_uuid: "36c8f09f8208440995a8a48d17f1da6e" member_type: VOTER last_known_addr { host: "127.0.107.193" port: 35655 } } peers { permanent_uuid: "f2dd00fffb184915b5c8247e217a4332" member_type: VOTER last_known_addr { host: "127.0.107.194" port: 37771 } } peers { permanent_uuid: "a4fd426e094e462caa3087c2c143b5c2" member_type: VOTER last_known_addr { host: "127.0.107.195" port: 44735 } }
I20260709 12:57:28.448143  1728 raft_consensus.cc:385] T 9609161d49124b20ba53dc3715440f6c P 36c8f09f8208440995a8a48d17f1da6e [term 0 FOLLOWER]: Consensus starting up: Expiring failure detector timer to make a prompt election more likely
I20260709 12:57:28.448398  1728 raft_consensus.cc:740] T 9609161d49124b20ba53dc3715440f6c P 36c8f09f8208440995a8a48d17f1da6e [term 0 FOLLOWER]: Becoming Follower/Learner. State: Replica: 36c8f09f8208440995a8a48d17f1da6e, State: Initialized, Role: FOLLOWER
I20260709 12:57:28.449220  1728 consensus_queue.cc:260] T 9609161d49124b20ba53dc3715440f6c P 36c8f09f8208440995a8a48d17f1da6e [NON_LEADER]: Queue going to NON_LEADER mode. State: All replicated index: 0, Majority replicated index: 0, Committed index: 0, Last appended: 0.0, Last appended by leader: 0, Current term: 0, Majority size: -1, State: 0, Mode: NON_LEADER, active raft config: opid_index: -1 OBSOLETE_local: false peers { permanent_uuid: "36c8f09f8208440995a8a48d17f1da6e" member_type: VOTER last_known_addr { host: "127.0.107.193" port: 35655 } } peers { permanent_uuid: "f2dd00fffb184915b5c8247e217a4332" member_type: VOTER last_known_addr { host: "127.0.107.194" port: 37771 } } peers { permanent_uuid: "a4fd426e094e462caa3087c2c143b5c2" member_type: VOTER last_known_addr { host: "127.0.107.195" port: 44735 } }
I20260709 12:57:28.461063  1728 ts_tablet_manager.cc:1434] T 9609161d49124b20ba53dc3715440f6c P 36c8f09f8208440995a8a48d17f1da6e: Time spent starting tablet: real 0.016s	user 0.006s	sys 0.000s
I20260709 12:57:28.461961  1728 tablet_bootstrap.cc:492] T 0242b42d1709491d810ea01b51381e8c P 36c8f09f8208440995a8a48d17f1da6e: Bootstrap starting.
I20260709 12:57:28.465765  1736 raft_consensus.cc:493] T fe152a9ce6d24710b28330a9f20de336 P f2dd00fffb184915b5c8247e217a4332 [term 0 FOLLOWER]: Starting pre-election (no leader contacted us within the election timeout)
I20260709 12:57:28.466291  1736 raft_consensus.cc:515] T fe152a9ce6d24710b28330a9f20de336 P f2dd00fffb184915b5c8247e217a4332 [term 0 FOLLOWER]: Starting pre-election with config: opid_index: -1 OBSOLETE_local: false peers { permanent_uuid: "36c8f09f8208440995a8a48d17f1da6e" member_type: VOTER last_known_addr { host: "127.0.107.193" port: 35655 } } peers { permanent_uuid: "f2dd00fffb184915b5c8247e217a4332" member_type: VOTER last_known_addr { host: "127.0.107.194" port: 37771 } } peers { permanent_uuid: "a4fd426e094e462caa3087c2c143b5c2" member_type: VOTER last_known_addr { host: "127.0.107.195" port: 44735 } }
I20260709 12:57:28.468276  1736 leader_election.cc:290] T fe152a9ce6d24710b28330a9f20de336 P f2dd00fffb184915b5c8247e217a4332 [CANDIDATE]: Term 1 pre-election: Requested pre-vote from peers 36c8f09f8208440995a8a48d17f1da6e (127.0.107.193:35655), a4fd426e094e462caa3087c2c143b5c2 (127.0.107.195:44735)
I20260709 12:57:28.468968  1535 tablet_service.cc:1917] Received RequestConsensusVote() RPC: tablet_id: "fe152a9ce6d24710b28330a9f20de336" candidate_uuid: "f2dd00fffb184915b5c8247e217a4332" candidate_term: 1 candidate_status { last_received { term: 0 index: 0 } } ignore_live_leader: false dest_uuid: "36c8f09f8208440995a8a48d17f1da6e" is_pre_election: true
I20260709 12:57:28.470654  1683 tablet_service.cc:1917] Received RequestConsensusVote() RPC: tablet_id: "fe152a9ce6d24710b28330a9f20de336" candidate_uuid: "f2dd00fffb184915b5c8247e217a4332" candidate_term: 1 candidate_status { last_received { term: 0 index: 0 } } ignore_live_leader: false dest_uuid: "a4fd426e094e462caa3087c2c143b5c2" is_pre_election: true
W20260709 12:57:28.471108  1577 leader_election.cc:343] T fe152a9ce6d24710b28330a9f20de336 P f2dd00fffb184915b5c8247e217a4332 [CANDIDATE]: Term 1 pre-election: Tablet error from VoteRequest() call to peer 36c8f09f8208440995a8a48d17f1da6e (127.0.107.193:35655): Illegal state: must be running to vote when last-logged opid is not known
W20260709 12:57:28.472292  1576 leader_election.cc:343] T fe152a9ce6d24710b28330a9f20de336 P f2dd00fffb184915b5c8247e217a4332 [CANDIDATE]: Term 1 pre-election: Tablet error from VoteRequest() call to peer a4fd426e094e462caa3087c2c143b5c2 (127.0.107.195:44735): Illegal state: must be running to vote when last-logged opid is not known
I20260709 12:57:28.472743  1576 leader_election.cc:304] T fe152a9ce6d24710b28330a9f20de336 P f2dd00fffb184915b5c8247e217a4332 [CANDIDATE]: Term 1 pre-election: Election decided. Result: candidate lost. Election summary: received 3 responses out of 3 voters: 1 yes votes; 2 no votes. yes voters: f2dd00fffb184915b5c8247e217a4332; no voters: 36c8f09f8208440995a8a48d17f1da6e, a4fd426e094e462caa3087c2c143b5c2
I20260709 12:57:28.473778  1736 raft_consensus.cc:2749] T fe152a9ce6d24710b28330a9f20de336 P f2dd00fffb184915b5c8247e217a4332 [term 0 FOLLOWER]: Leader pre-election lost for term 1. Reason: could not achieve majority
I20260709 12:57:28.474357  1728 tablet_bootstrap.cc:654] T 0242b42d1709491d810ea01b51381e8c P 36c8f09f8208440995a8a48d17f1da6e: Neither blocks nor log segments found. Creating new log.
I20260709 12:57:28.476353  1848 raft_consensus.cc:493] T 6cbdcbc303de4bd1b7be54e283d8c55d P a4fd426e094e462caa3087c2c143b5c2 [term 0 FOLLOWER]: Starting pre-election (no leader contacted us within the election timeout)
I20260709 12:57:28.476861  1848 raft_consensus.cc:515] T 6cbdcbc303de4bd1b7be54e283d8c55d P a4fd426e094e462caa3087c2c143b5c2 [term 0 FOLLOWER]: Starting pre-election with config: opid_index: -1 OBSOLETE_local: false peers { permanent_uuid: "36c8f09f8208440995a8a48d17f1da6e" member_type: VOTER last_known_addr { host: "127.0.107.193" port: 35655 } } peers { permanent_uuid: "f2dd00fffb184915b5c8247e217a4332" member_type: VOTER last_known_addr { host: "127.0.107.194" port: 37771 } } peers { permanent_uuid: "a4fd426e094e462caa3087c2c143b5c2" member_type: VOTER last_known_addr { host: "127.0.107.195" port: 44735 } }
I20260709 12:57:28.480969  1736 raft_consensus.cc:493] T 0242b42d1709491d810ea01b51381e8c P f2dd00fffb184915b5c8247e217a4332 [term 0 FOLLOWER]: Starting pre-election (no leader contacted us within the election timeout)
I20260709 12:57:28.481451  1736 raft_consensus.cc:515] T 0242b42d1709491d810ea01b51381e8c P f2dd00fffb184915b5c8247e217a4332 [term 0 FOLLOWER]: Starting pre-election with config: opid_index: -1 OBSOLETE_local: false peers { permanent_uuid: "36c8f09f8208440995a8a48d17f1da6e" member_type: VOTER last_known_addr { host: "127.0.107.193" port: 35655 } } peers { permanent_uuid: "f2dd00fffb184915b5c8247e217a4332" member_type: VOTER last_known_addr { host: "127.0.107.194" port: 37771 } } peers { permanent_uuid: "a4fd426e094e462caa3087c2c143b5c2" member_type: VOTER last_known_addr { host: "127.0.107.195" port: 44735 } }
I20260709 12:57:28.483386  1736 leader_election.cc:290] T 0242b42d1709491d810ea01b51381e8c P f2dd00fffb184915b5c8247e217a4332 [CANDIDATE]: Term 1 pre-election: Requested pre-vote from peers 36c8f09f8208440995a8a48d17f1da6e (127.0.107.193:35655), a4fd426e094e462caa3087c2c143b5c2 (127.0.107.195:44735)
I20260709 12:57:28.485090  1683 tablet_service.cc:1917] Received RequestConsensusVote() RPC: tablet_id: "0242b42d1709491d810ea01b51381e8c" candidate_uuid: "f2dd00fffb184915b5c8247e217a4332" candidate_term: 1 candidate_status { last_received { term: 0 index: 0 } } ignore_live_leader: false dest_uuid: "a4fd426e094e462caa3087c2c143b5c2" is_pre_election: true
I20260709 12:57:28.485643  1536 tablet_service.cc:1917] Received RequestConsensusVote() RPC: tablet_id: "0242b42d1709491d810ea01b51381e8c" candidate_uuid: "f2dd00fffb184915b5c8247e217a4332" candidate_term: 1 candidate_status { last_received { term: 0 index: 0 } } ignore_live_leader: false dest_uuid: "36c8f09f8208440995a8a48d17f1da6e" is_pre_election: true
W20260709 12:57:28.486874  1576 leader_election.cc:343] T 0242b42d1709491d810ea01b51381e8c P f2dd00fffb184915b5c8247e217a4332 [CANDIDATE]: Term 1 pre-election: Tablet error from VoteRequest() call to peer a4fd426e094e462caa3087c2c143b5c2 (127.0.107.195:44735): Illegal state: must be running to vote when last-logged opid is not known
I20260709 12:57:28.492586  1931 consensus_queue.cc:1048] T be28960a536543ceb9748cb496b1a9a8 P 36c8f09f8208440995a8a48d17f1da6e [LEADER]: Connected to new peer: Peer: permanent_uuid: "f2dd00fffb184915b5c8247e217a4332" member_type: VOTER last_known_addr { host: "127.0.107.194" port: 37771 }, Status: LMP_MISMATCH, Last received: 0.0, Next index: 1, Last known committed idx: 0, Time since last communication: 0.001s
W20260709 12:57:28.494342  1577 leader_election.cc:343] T 0242b42d1709491d810ea01b51381e8c P f2dd00fffb184915b5c8247e217a4332 [CANDIDATE]: Term 1 pre-election: Tablet error from VoteRequest() call to peer 36c8f09f8208440995a8a48d17f1da6e (127.0.107.193:35655): Illegal state: must be running to vote when last-logged opid is not known
I20260709 12:57:28.494901  1577 leader_election.cc:304] T 0242b42d1709491d810ea01b51381e8c P f2dd00fffb184915b5c8247e217a4332 [CANDIDATE]: Term 1 pre-election: Election decided. Result: candidate lost. Election summary: received 3 responses out of 3 voters: 1 yes votes; 2 no votes. yes voters: f2dd00fffb184915b5c8247e217a4332; no voters: 36c8f09f8208440995a8a48d17f1da6e, a4fd426e094e462caa3087c2c143b5c2
I20260709 12:57:28.495815  1610 tablet_service.cc:1917] Received RequestConsensusVote() RPC: tablet_id: "6cbdcbc303de4bd1b7be54e283d8c55d" candidate_uuid: "a4fd426e094e462caa3087c2c143b5c2" candidate_term: 1 candidate_status { last_received { term: 0 index: 0 } } ignore_live_leader: false dest_uuid: "f2dd00fffb184915b5c8247e217a4332" is_pre_election: true
W20260709 12:57:28.497479  1653 leader_election.cc:343] T 6cbdcbc303de4bd1b7be54e283d8c55d P a4fd426e094e462caa3087c2c143b5c2 [CANDIDATE]: Term 1 pre-election: Tablet error from VoteRequest() call to peer f2dd00fffb184915b5c8247e217a4332 (127.0.107.194:37771): Illegal state: must be running to vote when last-logged opid is not known
I20260709 12:57:28.497481  1535 tablet_service.cc:1917] Received RequestConsensusVote() RPC: tablet_id: "6cbdcbc303de4bd1b7be54e283d8c55d" candidate_uuid: "a4fd426e094e462caa3087c2c143b5c2" candidate_term: 1 candidate_status { last_received { term: 0 index: 0 } } ignore_live_leader: false dest_uuid: "36c8f09f8208440995a8a48d17f1da6e" is_pre_election: true
I20260709 12:57:28.500311  1736 raft_consensus.cc:2749] T 0242b42d1709491d810ea01b51381e8c P f2dd00fffb184915b5c8247e217a4332 [term 0 FOLLOWER]: Leader pre-election lost for term 1. Reason: could not achieve majority
I20260709 12:57:28.501037  1848 leader_election.cc:290] T 6cbdcbc303de4bd1b7be54e283d8c55d P a4fd426e094e462caa3087c2c143b5c2 [CANDIDATE]: Term 1 pre-election: Requested pre-vote from peers 36c8f09f8208440995a8a48d17f1da6e (127.0.107.193:35655), f2dd00fffb184915b5c8247e217a4332 (127.0.107.194:37771)
I20260709 12:57:28.501403  1930 consensus_queue.cc:1048] T be28960a536543ceb9748cb496b1a9a8 P 36c8f09f8208440995a8a48d17f1da6e [LEADER]: Connected to new peer: Peer: permanent_uuid: "a4fd426e094e462caa3087c2c143b5c2" member_type: VOTER last_known_addr { host: "127.0.107.195" port: 44735 }, Status: LMP_MISMATCH, Last received: 0.0, Next index: 1, Last known committed idx: 0, Time since last communication: 0.000s
I20260709 12:57:28.501935  1729 tablet_bootstrap.cc:492] T c11548adf2104ddcaa6380ddb71c2dd3 P f2dd00fffb184915b5c8247e217a4332: No bootstrap required, opened a new log
I20260709 12:57:28.502420  1729 ts_tablet_manager.cc:1403] T c11548adf2104ddcaa6380ddb71c2dd3 P f2dd00fffb184915b5c8247e217a4332: Time spent bootstrapping tablet: real 0.062s	user 0.029s	sys 0.025s
W20260709 12:57:28.503834  1651 leader_election.cc:343] T 6cbdcbc303de4bd1b7be54e283d8c55d P a4fd426e094e462caa3087c2c143b5c2 [CANDIDATE]: Term 1 pre-election: Tablet error from VoteRequest() call to peer 36c8f09f8208440995a8a48d17f1da6e (127.0.107.193:35655): Illegal state: must be running to vote when last-logged opid is not known
I20260709 12:57:28.504369  1651 leader_election.cc:304] T 6cbdcbc303de4bd1b7be54e283d8c55d P a4fd426e094e462caa3087c2c143b5c2 [CANDIDATE]: Term 1 pre-election: Election decided. Result: candidate lost. Election summary: received 3 responses out of 3 voters: 1 yes votes; 2 no votes. yes voters: a4fd426e094e462caa3087c2c143b5c2; no voters: 36c8f09f8208440995a8a48d17f1da6e, f2dd00fffb184915b5c8247e217a4332
I20260709 12:57:28.506800  1845 raft_consensus.cc:2749] T 6cbdcbc303de4bd1b7be54e283d8c55d P a4fd426e094e462caa3087c2c143b5c2 [term 0 FOLLOWER]: Leader pre-election lost for term 1. Reason: could not achieve majority
I20260709 12:57:28.511683  1729 raft_consensus.cc:359] T c11548adf2104ddcaa6380ddb71c2dd3 P f2dd00fffb184915b5c8247e217a4332 [term 0 FOLLOWER]: Replica starting. Triggering 0 pending ops. Active config: opid_index: -1 OBSOLETE_local: false peers { permanent_uuid: "36c8f09f8208440995a8a48d17f1da6e" member_type: VOTER last_known_addr { host: "127.0.107.193" port: 35655 } } peers { permanent_uuid: "f2dd00fffb184915b5c8247e217a4332" member_type: VOTER last_known_addr { host: "127.0.107.194" port: 37771 } } peers { permanent_uuid: "a4fd426e094e462caa3087c2c143b5c2" member_type: VOTER last_known_addr { host: "127.0.107.195" port: 44735 } }
I20260709 12:57:28.512465  1729 raft_consensus.cc:385] T c11548adf2104ddcaa6380ddb71c2dd3 P f2dd00fffb184915b5c8247e217a4332 [term 0 FOLLOWER]: Consensus starting up: Expiring failure detector timer to make a prompt election more likely
I20260709 12:57:28.513031  1729 raft_consensus.cc:740] T c11548adf2104ddcaa6380ddb71c2dd3 P f2dd00fffb184915b5c8247e217a4332 [term 0 FOLLOWER]: Becoming Follower/Learner. State: Replica: f2dd00fffb184915b5c8247e217a4332, State: Initialized, Role: FOLLOWER
I20260709 12:57:28.513664  1729 consensus_queue.cc:260] T c11548adf2104ddcaa6380ddb71c2dd3 P f2dd00fffb184915b5c8247e217a4332 [NON_LEADER]: Queue going to NON_LEADER mode. State: All replicated index: 0, Majority replicated index: 0, Committed index: 0, Last appended: 0.0, Last appended by leader: 0, Current term: 0, Majority size: -1, State: 0, Mode: NON_LEADER, active raft config: opid_index: -1 OBSOLETE_local: false peers { permanent_uuid: "36c8f09f8208440995a8a48d17f1da6e" member_type: VOTER last_known_addr { host: "127.0.107.193" port: 35655 } } peers { permanent_uuid: "f2dd00fffb184915b5c8247e217a4332" member_type: VOTER last_known_addr { host: "127.0.107.194" port: 37771 } } peers { permanent_uuid: "a4fd426e094e462caa3087c2c143b5c2" member_type: VOTER last_known_addr { host: "127.0.107.195" port: 44735 } }
I20260709 12:57:28.517295  1729 ts_tablet_manager.cc:1434] T c11548adf2104ddcaa6380ddb71c2dd3 P f2dd00fffb184915b5c8247e217a4332: Time spent starting tablet: real 0.009s	user 0.006s	sys 0.000s
I20260709 12:57:28.518168  1729 tablet_bootstrap.cc:492] T ef542a3cd64c4c55abcd2630c5e7d855 P f2dd00fffb184915b5c8247e217a4332: Bootstrap starting.
I20260709 12:57:28.523017  1535 raft_consensus.cc:3060] T 2c5f1df9b2c94f27b2c28a0fc924c2b7 P 36c8f09f8208440995a8a48d17f1da6e [term 0 FOLLOWER]: Advancing to term 1
W20260709 12:57:28.525157  1484 auto_rebalancer.cc:288] Could not retrieve cluster info: Service unavailable: Tablet not running
I20260709 12:57:28.527016  1729 tablet_bootstrap.cc:654] T ef542a3cd64c4c55abcd2630c5e7d855 P f2dd00fffb184915b5c8247e217a4332: Neither blocks nor log segments found. Creating new log.
I20260709 12:57:28.537806  1727 tablet_bootstrap.cc:492] T 1d6c5805f6d04c20a096e257ef6e2382 P a4fd426e094e462caa3087c2c143b5c2: No bootstrap required, opened a new log
I20260709 12:57:28.538313  1727 ts_tablet_manager.cc:1403] T 1d6c5805f6d04c20a096e257ef6e2382 P a4fd426e094e462caa3087c2c143b5c2: Time spent bootstrapping tablet: real 0.103s	user 0.019s	sys 0.004s
I20260709 12:57:28.538558  1736 consensus_queue.cc:1048] T 2c5f1df9b2c94f27b2c28a0fc924c2b7 P f2dd00fffb184915b5c8247e217a4332 [LEADER]: Connected to new peer: Peer: permanent_uuid: "36c8f09f8208440995a8a48d17f1da6e" member_type: VOTER last_known_addr { host: "127.0.107.193" port: 35655 }, Status: LMP_MISMATCH, Last received: 0.0, Next index: 1, Last known committed idx: 0, Time since last communication: 0.000s
I20260709 12:57:28.572950  1812 consensus_queue.cc:1048] T 2c5f1df9b2c94f27b2c28a0fc924c2b7 P f2dd00fffb184915b5c8247e217a4332 [LEADER]: Connected to new peer: Peer: permanent_uuid: "a4fd426e094e462caa3087c2c143b5c2" member_type: VOTER last_known_addr { host: "127.0.107.195" port: 44735 }, Status: LMP_MISMATCH, Last received: 0.0, Next index: 1, Last known committed idx: 0, Time since last communication: 0.000s
I20260709 12:57:28.577593  1848 raft_consensus.cc:493] T 86a36c3ac61b44449a836ad19863d86a P a4fd426e094e462caa3087c2c143b5c2 [term 0 FOLLOWER]: Starting pre-election (no leader contacted us within the election timeout)
I20260709 12:57:28.578157  1848 raft_consensus.cc:515] T 86a36c3ac61b44449a836ad19863d86a P a4fd426e094e462caa3087c2c143b5c2 [term 0 FOLLOWER]: Starting pre-election with config: opid_index: -1 OBSOLETE_local: false peers { permanent_uuid: "36c8f09f8208440995a8a48d17f1da6e" member_type: VOTER last_known_addr { host: "127.0.107.193" port: 35655 } } peers { permanent_uuid: "f2dd00fffb184915b5c8247e217a4332" member_type: VOTER last_known_addr { host: "127.0.107.194" port: 37771 } } peers { permanent_uuid: "a4fd426e094e462caa3087c2c143b5c2" member_type: VOTER last_known_addr { host: "127.0.107.195" port: 44735 } }
I20260709 12:57:28.578894  1727 raft_consensus.cc:359] T 1d6c5805f6d04c20a096e257ef6e2382 P a4fd426e094e462caa3087c2c143b5c2 [term 0 FOLLOWER]: Replica starting. Triggering 0 pending ops. Active config: opid_index: -1 OBSOLETE_local: false peers { permanent_uuid: "36c8f09f8208440995a8a48d17f1da6e" member_type: VOTER last_known_addr { host: "127.0.107.193" port: 35655 } } peers { permanent_uuid: "f2dd00fffb184915b5c8247e217a4332" member_type: VOTER last_known_addr { host: "127.0.107.194" port: 37771 } } peers { permanent_uuid: "a4fd426e094e462caa3087c2c143b5c2" member_type: VOTER last_known_addr { host: "127.0.107.195" port: 44735 } }
I20260709 12:57:28.579598  1727 raft_consensus.cc:385] T 1d6c5805f6d04c20a096e257ef6e2382 P a4fd426e094e462caa3087c2c143b5c2 [term 0 FOLLOWER]: Consensus starting up: Expiring failure detector timer to make a prompt election more likely
I20260709 12:57:28.580278  1848 leader_election.cc:290] T 86a36c3ac61b44449a836ad19863d86a P a4fd426e094e462caa3087c2c143b5c2 [CANDIDATE]: Term 1 pre-election: Requested pre-vote from peers 36c8f09f8208440995a8a48d17f1da6e (127.0.107.193:35655), f2dd00fffb184915b5c8247e217a4332 (127.0.107.194:37771)
I20260709 12:57:28.582158  1536 tablet_service.cc:1917] Received RequestConsensusVote() RPC: tablet_id: "86a36c3ac61b44449a836ad19863d86a" candidate_uuid: "a4fd426e094e462caa3087c2c143b5c2" candidate_term: 1 candidate_status { last_received { term: 0 index: 0 } } ignore_live_leader: false dest_uuid: "36c8f09f8208440995a8a48d17f1da6e" is_pre_election: true
I20260709 12:57:28.584345  1611 tablet_service.cc:1917] Received RequestConsensusVote() RPC: tablet_id: "86a36c3ac61b44449a836ad19863d86a" candidate_uuid: "a4fd426e094e462caa3087c2c143b5c2" candidate_term: 1 candidate_status { last_received { term: 0 index: 0 } } ignore_live_leader: false dest_uuid: "f2dd00fffb184915b5c8247e217a4332" is_pre_election: true
W20260709 12:57:28.586215  1651 leader_election.cc:343] T 86a36c3ac61b44449a836ad19863d86a P a4fd426e094e462caa3087c2c143b5c2 [CANDIDATE]: Term 1 pre-election: Tablet error from VoteRequest() call to peer 36c8f09f8208440995a8a48d17f1da6e (127.0.107.193:35655): Illegal state: must be running to vote when last-logged opid is not known
W20260709 12:57:28.588534  1653 leader_election.cc:343] T 86a36c3ac61b44449a836ad19863d86a P a4fd426e094e462caa3087c2c143b5c2 [CANDIDATE]: Term 1 pre-election: Tablet error from VoteRequest() call to peer f2dd00fffb184915b5c8247e217a4332 (127.0.107.194:37771): Illegal state: must be running to vote when last-logged opid is not known
I20260709 12:57:28.589043  1653 leader_election.cc:304] T 86a36c3ac61b44449a836ad19863d86a P a4fd426e094e462caa3087c2c143b5c2 [CANDIDATE]: Term 1 pre-election: Election decided. Result: candidate lost. Election summary: received 3 responses out of 3 voters: 1 yes votes; 2 no votes. yes voters: a4fd426e094e462caa3087c2c143b5c2; no voters: 36c8f09f8208440995a8a48d17f1da6e, f2dd00fffb184915b5c8247e217a4332
I20260709 12:57:28.591018  1848 raft_consensus.cc:2749] T 86a36c3ac61b44449a836ad19863d86a P a4fd426e094e462caa3087c2c143b5c2 [term 0 FOLLOWER]: Leader pre-election lost for term 1. Reason: could not achieve majority
I20260709 12:57:28.595973  1727 raft_consensus.cc:740] T 1d6c5805f6d04c20a096e257ef6e2382 P a4fd426e094e462caa3087c2c143b5c2 [term 0 FOLLOWER]: Becoming Follower/Learner. State: Replica: a4fd426e094e462caa3087c2c143b5c2, State: Initialized, Role: FOLLOWER
I20260709 12:57:28.596833  1727 consensus_queue.cc:260] T 1d6c5805f6d04c20a096e257ef6e2382 P a4fd426e094e462caa3087c2c143b5c2 [NON_LEADER]: Queue going to NON_LEADER mode. State: All replicated index: 0, Majority replicated index: 0, Committed index: 0, Last appended: 0.0, Last appended by leader: 0, Current term: 0, Majority size: -1, State: 0, Mode: NON_LEADER, active raft config: opid_index: -1 OBSOLETE_local: false peers { permanent_uuid: "36c8f09f8208440995a8a48d17f1da6e" member_type: VOTER last_known_addr { host: "127.0.107.193" port: 35655 } } peers { permanent_uuid: "f2dd00fffb184915b5c8247e217a4332" member_type: VOTER last_known_addr { host: "127.0.107.194" port: 37771 } } peers { permanent_uuid: "a4fd426e094e462caa3087c2c143b5c2" member_type: VOTER last_known_addr { host: "127.0.107.195" port: 44735 } }
I20260709 12:57:28.599977  1727 ts_tablet_manager.cc:1434] T 1d6c5805f6d04c20a096e257ef6e2382 P a4fd426e094e462caa3087c2c143b5c2: Time spent starting tablet: real 0.061s	user 0.008s	sys 0.000s
I20260709 12:57:28.603888  1727 tablet_bootstrap.cc:492] T 56abaf2e3ac847039db0af3ebc1cab8e P a4fd426e094e462caa3087c2c143b5c2: Bootstrap starting.
I20260709 12:57:28.604051  1728 tablet_bootstrap.cc:492] T 0242b42d1709491d810ea01b51381e8c P 36c8f09f8208440995a8a48d17f1da6e: No bootstrap required, opened a new log
I20260709 12:57:28.604548  1728 ts_tablet_manager.cc:1403] T 0242b42d1709491d810ea01b51381e8c P 36c8f09f8208440995a8a48d17f1da6e: Time spent bootstrapping tablet: real 0.143s	user 0.058s	sys 0.046s
I20260709 12:57:28.605098  1729 tablet_bootstrap.cc:492] T ef542a3cd64c4c55abcd2630c5e7d855 P f2dd00fffb184915b5c8247e217a4332: No bootstrap required, opened a new log
I20260709 12:57:28.605582  1729 ts_tablet_manager.cc:1403] T ef542a3cd64c4c55abcd2630c5e7d855 P f2dd00fffb184915b5c8247e217a4332: Time spent bootstrapping tablet: real 0.088s	user 0.023s	sys 0.033s
I20260709 12:57:28.607383  1728 raft_consensus.cc:359] T 0242b42d1709491d810ea01b51381e8c P 36c8f09f8208440995a8a48d17f1da6e [term 0 FOLLOWER]: Replica starting. Triggering 0 pending ops. Active config: opid_index: -1 OBSOLETE_local: false peers { permanent_uuid: "36c8f09f8208440995a8a48d17f1da6e" member_type: VOTER last_known_addr { host: "127.0.107.193" port: 35655 } } peers { permanent_uuid: "f2dd00fffb184915b5c8247e217a4332" member_type: VOTER last_known_addr { host: "127.0.107.194" port: 37771 } } peers { permanent_uuid: "a4fd426e094e462caa3087c2c143b5c2" member_type: VOTER last_known_addr { host: "127.0.107.195" port: 44735 } }
I20260709 12:57:28.608114  1728 raft_consensus.cc:385] T 0242b42d1709491d810ea01b51381e8c P 36c8f09f8208440995a8a48d17f1da6e [term 0 FOLLOWER]: Consensus starting up: Expiring failure detector timer to make a prompt election more likely
I20260709 12:57:28.608372  1728 raft_consensus.cc:740] T 0242b42d1709491d810ea01b51381e8c P 36c8f09f8208440995a8a48d17f1da6e [term 0 FOLLOWER]: Becoming Follower/Learner. State: Replica: 36c8f09f8208440995a8a48d17f1da6e, State: Initialized, Role: FOLLOWER
I20260709 12:57:28.608434  1729 raft_consensus.cc:359] T ef542a3cd64c4c55abcd2630c5e7d855 P f2dd00fffb184915b5c8247e217a4332 [term 0 FOLLOWER]: Replica starting. Triggering 0 pending ops. Active config: opid_index: -1 OBSOLETE_local: false peers { permanent_uuid: "36c8f09f8208440995a8a48d17f1da6e" member_type: VOTER last_known_addr { host: "127.0.107.193" port: 35655 } } peers { permanent_uuid: "f2dd00fffb184915b5c8247e217a4332" member_type: VOTER last_known_addr { host: "127.0.107.194" port: 37771 } } peers { permanent_uuid: "a4fd426e094e462caa3087c2c143b5c2" member_type: VOTER last_known_addr { host: "127.0.107.195" port: 44735 } }
I20260709 12:57:28.608994  1728 consensus_queue.cc:260] T 0242b42d1709491d810ea01b51381e8c P 36c8f09f8208440995a8a48d17f1da6e [NON_LEADER]: Queue going to NON_LEADER mode. State: All replicated index: 0, Majority replicated index: 0, Committed index: 0, Last appended: 0.0, Last appended by leader: 0, Current term: 0, Majority size: -1, State: 0, Mode: NON_LEADER, active raft config: opid_index: -1 OBSOLETE_local: false peers { permanent_uuid: "36c8f09f8208440995a8a48d17f1da6e" member_type: VOTER last_known_addr { host: "127.0.107.193" port: 35655 } } peers { permanent_uuid: "f2dd00fffb184915b5c8247e217a4332" member_type: VOTER last_known_addr { host: "127.0.107.194" port: 37771 } } peers { permanent_uuid: "a4fd426e094e462caa3087c2c143b5c2" member_type: VOTER last_known_addr { host: "127.0.107.195" port: 44735 } }
I20260709 12:57:28.609385  1729 raft_consensus.cc:385] T ef542a3cd64c4c55abcd2630c5e7d855 P f2dd00fffb184915b5c8247e217a4332 [term 0 FOLLOWER]: Consensus starting up: Expiring failure detector timer to make a prompt election more likely
I20260709 12:57:28.609771  1729 raft_consensus.cc:740] T ef542a3cd64c4c55abcd2630c5e7d855 P f2dd00fffb184915b5c8247e217a4332 [term 0 FOLLOWER]: Becoming Follower/Learner. State: Replica: f2dd00fffb184915b5c8247e217a4332, State: Initialized, Role: FOLLOWER
I20260709 12:57:28.609910  1727 tablet_bootstrap.cc:654] T 56abaf2e3ac847039db0af3ebc1cab8e P a4fd426e094e462caa3087c2c143b5c2: Neither blocks nor log segments found. Creating new log.
I20260709 12:57:28.610888  1729 consensus_queue.cc:260] T ef542a3cd64c4c55abcd2630c5e7d855 P f2dd00fffb184915b5c8247e217a4332 [NON_LEADER]: Queue going to NON_LEADER mode. State: All replicated index: 0, Majority replicated index: 0, Committed index: 0, Last appended: 0.0, Last appended by leader: 0, Current term: 0, Majority size: -1, State: 0, Mode: NON_LEADER, active raft config: opid_index: -1 OBSOLETE_local: false peers { permanent_uuid: "36c8f09f8208440995a8a48d17f1da6e" member_type: VOTER last_known_addr { host: "127.0.107.193" port: 35655 } } peers { permanent_uuid: "f2dd00fffb184915b5c8247e217a4332" member_type: VOTER last_known_addr { host: "127.0.107.194" port: 37771 } } peers { permanent_uuid: "a4fd426e094e462caa3087c2c143b5c2" member_type: VOTER last_known_addr { host: "127.0.107.195" port: 44735 } }
I20260709 12:57:28.612455  1728 ts_tablet_manager.cc:1434] T 0242b42d1709491d810ea01b51381e8c P 36c8f09f8208440995a8a48d17f1da6e: Time spent starting tablet: real 0.008s	user 0.007s	sys 0.000s
