I20260709 13:06:03.429940 14979 catalog_manager.cc:5697] T b2db111439284c85a89efc47c9e71449 P 43fae952340b4f9dbc5a77a9717b2507 reported cstate change: term changed from 0 to 1, leader changed from <none> to 43fae952340b4f9dbc5a77a9717b2507 (127.13.165.193). New cstate: current_term: 1 leader_uuid: "43fae952340b4f9dbc5a77a9717b2507" committed_config { opid_index: -1 OBSOLETE_local: false peers { permanent_uuid: "43fae952340b4f9dbc5a77a9717b2507" member_type: VOTER last_known_addr { host: "127.13.165.193" port: 41295 } health_report { overall_health: HEALTHY } } peers { permanent_uuid: "952e8814f0f344df88f69c7475f24f89" member_type: VOTER last_known_addr { host: "127.13.165.194" port: 33097 } health_report { overall_health: UNKNOWN } } peers { permanent_uuid: "549ca929b6aa4734993d29502322a654" member_type: VOTER last_known_addr { host: "127.13.165.195" port: 45353 } health_report { overall_health: UNKNOWN } } }
I20260709 13:06:03.436686 15585 raft_consensus.cc:515] T 524c6f1b79e34cd584e707fe0e01c3bb P 952e8814f0f344df88f69c7475f24f89 [term 2 FOLLOWER]: Starting leader election with config: opid_index: -1 OBSOLETE_local: false peers { permanent_uuid: "43fae952340b4f9dbc5a77a9717b2507" member_type: VOTER last_known_addr { host: "127.13.165.193" port: 41295 } } peers { permanent_uuid: "952e8814f0f344df88f69c7475f24f89" member_type: VOTER last_known_addr { host: "127.13.165.194" port: 33097 } } peers { permanent_uuid: "549ca929b6aa4734993d29502322a654" member_type: VOTER last_known_addr { host: "127.13.165.195" port: 45353 } }
I20260709 13:06:03.437963 15541 consensus_queue.cc:1048] T 6ac357a3e9d04a2bb5b19e22e494008d P 549ca929b6aa4734993d29502322a654 [LEADER]: Connected to new peer: Peer: permanent_uuid: "952e8814f0f344df88f69c7475f24f89" member_type: VOTER last_known_addr { host: "127.13.165.194" port: 33097 }, Status: LMP_MISMATCH, Last received: 0.0, Next index: 1, Last known committed idx: 0, Time since last communication: 0.000s
I20260709 13:06:03.434521 15276 tablet_bootstrap.cc:492] T 584595095414433093fb59f330fa3d0b P 549ca929b6aa4734993d29502322a654: No bootstrap required, opened a new log
I20260709 13:06:03.443302 15276 ts_tablet_manager.cc:1403] T 584595095414433093fb59f330fa3d0b P 549ca929b6aa4734993d29502322a654: Time spent bootstrapping tablet: real 0.068s	user 0.009s	sys 0.005s
I20260709 13:06:03.453032 15084 tablet_service.cc:1917] Received RequestConsensusVote() RPC: tablet_id: "524c6f1b79e34cd584e707fe0e01c3bb" candidate_uuid: "952e8814f0f344df88f69c7475f24f89" candidate_term: 2 candidate_status { last_received { term: 1 index: 1 } } ignore_live_leader: false dest_uuid: "43fae952340b4f9dbc5a77a9717b2507"
I20260709 13:06:03.456252 15233 raft_consensus.cc:3060] T 97ea18e92dfc4d52820fa164e566e42f P 549ca929b6aa4734993d29502322a654 [term 0 FOLLOWER]: Advancing to term 1
I20260709 13:06:03.460165 15273 tablet_bootstrap.cc:492] T 0e080e727ba14a3f91f95bf8c6542593 P 43fae952340b4f9dbc5a77a9717b2507: No bootstrap required, opened a new log
I20260709 13:06:03.463578 15227 tablet_service.cc:1917] Received RequestConsensusVote() RPC: tablet_id: "524c6f1b79e34cd584e707fe0e01c3bb" candidate_uuid: "952e8814f0f344df88f69c7475f24f89" candidate_term: 2 candidate_status { last_received { term: 1 index: 1 } } ignore_live_leader: false dest_uuid: "549ca929b6aa4734993d29502322a654"
I20260709 13:06:03.464378 15084 raft_consensus.cc:2468] T 524c6f1b79e34cd584e707fe0e01c3bb P 43fae952340b4f9dbc5a77a9717b2507 [term 2 FOLLOWER]: Leader election vote request: Granting yes vote for candidate 952e8814f0f344df88f69c7475f24f89 in term 2.
I20260709 13:06:03.464613 15227 raft_consensus.cc:2393] T 524c6f1b79e34cd584e707fe0e01c3bb P 549ca929b6aa4734993d29502322a654 [term 2 FOLLOWER]: Leader election vote request: Denying vote to candidate 952e8814f0f344df88f69c7475f24f89 in current term 2: Already voted for candidate 549ca929b6aa4734993d29502322a654 in this term.
I20260709 13:06:03.465487 15124 leader_election.cc:304] T 524c6f1b79e34cd584e707fe0e01c3bb P 952e8814f0f344df88f69c7475f24f89 [CANDIDATE]: Term 2 election: Election decided. Result: candidate won. Election summary: received 2 responses out of 3 voters: 2 yes votes; 0 no votes. yes voters: 43fae952340b4f9dbc5a77a9717b2507, 952e8814f0f344df88f69c7475f24f89; no voters: 
I20260709 13:06:03.467182 15474 raft_consensus.cc:2804] T 524c6f1b79e34cd584e707fe0e01c3bb P 952e8814f0f344df88f69c7475f24f89 [term 2 FOLLOWER]: Leader election won for term 2
I20260709 13:06:03.467643 15474 raft_consensus.cc:697] T 524c6f1b79e34cd584e707fe0e01c3bb P 952e8814f0f344df88f69c7475f24f89 [term 2 LEADER]: Becoming Leader. State: Replica: 952e8814f0f344df88f69c7475f24f89, State: Running, Role: LEADER
I20260709 13:06:03.468063 15575 consensus_queue.cc:1048] T 97ea18e92dfc4d52820fa164e566e42f P 43fae952340b4f9dbc5a77a9717b2507 [LEADER]: Connected to new peer: Peer: permanent_uuid: "549ca929b6aa4734993d29502322a654" member_type: VOTER last_known_addr { host: "127.13.165.195" port: 45353 }, Status: LMP_MISMATCH, Last received: 0.0, Next index: 1, Last known committed idx: 0, Time since last communication: 0.001s
I20260709 13:06:03.468374 15474 consensus_queue.cc:237] T 524c6f1b79e34cd584e707fe0e01c3bb P 952e8814f0f344df88f69c7475f24f89 [LEADER]: Queue going to LEADER mode. State: All replicated index: 0, Majority replicated index: 1, Committed index: 1, Last appended: 1.1, Last appended by leader: 1, Current term: 2, Majority size: 2, State: 0, Mode: LEADER, active raft config: opid_index: -1 OBSOLETE_local: false peers { permanent_uuid: "43fae952340b4f9dbc5a77a9717b2507" member_type: VOTER last_known_addr { host: "127.13.165.193" port: 41295 } } peers { permanent_uuid: "952e8814f0f344df88f69c7475f24f89" member_type: VOTER last_known_addr { host: "127.13.165.194" port: 33097 } } peers { permanent_uuid: "549ca929b6aa4734993d29502322a654" member_type: VOTER last_known_addr { host: "127.13.165.195" port: 45353 } }
I20260709 13:06:03.465526 15273 ts_tablet_manager.cc:1403] T 0e080e727ba14a3f91f95bf8c6542593 P 43fae952340b4f9dbc5a77a9717b2507: Time spent bootstrapping tablet: real 0.154s	user 0.011s	sys 0.011s
I20260709 13:06:03.454309 15585 leader_election.cc:290] T 524c6f1b79e34cd584e707fe0e01c3bb P 952e8814f0f344df88f69c7475f24f89 [CANDIDATE]: Term 2 election: Requested vote from peers 43fae952340b4f9dbc5a77a9717b2507 (127.13.165.193:41295), 549ca929b6aa4734993d29502322a654 (127.13.165.195:45353)
I20260709 13:06:03.481694 15276 raft_consensus.cc:359] T 584595095414433093fb59f330fa3d0b P 549ca929b6aa4734993d29502322a654 [term 0 FOLLOWER]: Replica starting. Triggering 0 pending ops. Active config: opid_index: -1 OBSOLETE_local: false peers { permanent_uuid: "43fae952340b4f9dbc5a77a9717b2507" member_type: VOTER last_known_addr { host: "127.13.165.193" port: 41295 } } peers { permanent_uuid: "952e8814f0f344df88f69c7475f24f89" member_type: VOTER last_known_addr { host: "127.13.165.194" port: 33097 } } peers { permanent_uuid: "549ca929b6aa4734993d29502322a654" member_type: VOTER last_known_addr { host: "127.13.165.195" port: 45353 } }
I20260709 13:06:03.483057 15276 raft_consensus.cc:385] T 584595095414433093fb59f330fa3d0b P 549ca929b6aa4734993d29502322a654 [term 0 FOLLOWER]: Consensus starting up: Expiring failure detector timer to make a prompt election more likely
I20260709 13:06:03.483353 15276 raft_consensus.cc:740] T 584595095414433093fb59f330fa3d0b P 549ca929b6aa4734993d29502322a654 [term 0 FOLLOWER]: Becoming Follower/Learner. State: Replica: 549ca929b6aa4734993d29502322a654, State: Initialized, Role: FOLLOWER
I20260709 13:06:03.484046 15276 consensus_queue.cc:260] T 584595095414433093fb59f330fa3d0b P 549ca929b6aa4734993d29502322a654 [NON_LEADER]: Queue going to NON_LEADER mode. State: All replicated index: 0, Majority replicated index: 0, Committed index: 0, Last appended: 0.0, Last appended by leader: 0, Current term: 0, Majority size: -1, State: 0, Mode: NON_LEADER, active raft config: opid_index: -1 OBSOLETE_local: false peers { permanent_uuid: "43fae952340b4f9dbc5a77a9717b2507" member_type: VOTER last_known_addr { host: "127.13.165.193" port: 41295 } } peers { permanent_uuid: "952e8814f0f344df88f69c7475f24f89" member_type: VOTER last_known_addr { host: "127.13.165.194" port: 33097 } } peers { permanent_uuid: "549ca929b6aa4734993d29502322a654" member_type: VOTER last_known_addr { host: "127.13.165.195" port: 45353 } }
I20260709 13:06:03.492835 15274 tablet_bootstrap.cc:492] T e8fb357a7a9944a48f4e73cbdc4631a3 P 952e8814f0f344df88f69c7475f24f89: No bootstrap required, opened a new log
I20260709 13:06:03.493355 15274 ts_tablet_manager.cc:1403] T e8fb357a7a9944a48f4e73cbdc4631a3 P 952e8814f0f344df88f69c7475f24f89: Time spent bootstrapping tablet: real 0.097s	user 0.014s	sys 0.001s
I20260709 13:06:03.497486 15274 raft_consensus.cc:359] T e8fb357a7a9944a48f4e73cbdc4631a3 P 952e8814f0f344df88f69c7475f24f89 [term 0 FOLLOWER]: Replica starting. Triggering 0 pending ops. Active config: opid_index: -1 OBSOLETE_local: false peers { permanent_uuid: "43fae952340b4f9dbc5a77a9717b2507" member_type: VOTER last_known_addr { host: "127.13.165.193" port: 41295 } } peers { permanent_uuid: "952e8814f0f344df88f69c7475f24f89" member_type: VOTER last_known_addr { host: "127.13.165.194" port: 33097 } } peers { permanent_uuid: "549ca929b6aa4734993d29502322a654" member_type: VOTER last_known_addr { host: "127.13.165.195" port: 45353 } }
I20260709 13:06:03.498332 15274 raft_consensus.cc:385] T e8fb357a7a9944a48f4e73cbdc4631a3 P 952e8814f0f344df88f69c7475f24f89 [term 0 FOLLOWER]: Consensus starting up: Expiring failure detector timer to make a prompt election more likely
I20260709 13:06:03.498692 15274 raft_consensus.cc:740] T e8fb357a7a9944a48f4e73cbdc4631a3 P 952e8814f0f344df88f69c7475f24f89 [term 0 FOLLOWER]: Becoming Follower/Learner. State: Replica: 952e8814f0f344df88f69c7475f24f89, State: Initialized, Role: FOLLOWER
I20260709 13:06:03.499409 15274 consensus_queue.cc:260] T e8fb357a7a9944a48f4e73cbdc4631a3 P 952e8814f0f344df88f69c7475f24f89 [NON_LEADER]: Queue going to NON_LEADER mode. State: All replicated index: 0, Majority replicated index: 0, Committed index: 0, Last appended: 0.0, Last appended by leader: 0, Current term: 0, Majority size: -1, State: 0, Mode: NON_LEADER, active raft config: opid_index: -1 OBSOLETE_local: false peers { permanent_uuid: "43fae952340b4f9dbc5a77a9717b2507" member_type: VOTER last_known_addr { host: "127.13.165.193" port: 41295 } } peers { permanent_uuid: "952e8814f0f344df88f69c7475f24f89" member_type: VOTER last_known_addr { host: "127.13.165.194" port: 33097 } } peers { permanent_uuid: "549ca929b6aa4734993d29502322a654" member_type: VOTER last_known_addr { host: "127.13.165.195" port: 45353 } }
I20260709 13:06:03.506994 15276 ts_tablet_manager.cc:1434] T 584595095414433093fb59f330fa3d0b P 549ca929b6aa4734993d29502322a654: Time spent starting tablet: real 0.063s	user 0.005s	sys 0.002s
I20260709 13:06:03.508351 15276 tablet_bootstrap.cc:492] T 5d0000c55b4d4f7e85e687772917c7c9 P 549ca929b6aa4734993d29502322a654: Bootstrap starting.
I20260709 13:06:03.508642 15274 ts_tablet_manager.cc:1434] T e8fb357a7a9944a48f4e73cbdc4631a3 P 952e8814f0f344df88f69c7475f24f89: Time spent starting tablet: real 0.015s	user 0.005s	sys 0.001s
I20260709 13:06:03.509832 15274 tablet_bootstrap.cc:492] T 19a5c1b831ee47d98d5ded175ce73a59 P 952e8814f0f344df88f69c7475f24f89: Bootstrap starting.
I20260709 13:06:03.509910 15156 raft_consensus.cc:1275] T 4cc87434bf734b0781d98f2ddeb4b61c P 952e8814f0f344df88f69c7475f24f89 [term 3 FOLLOWER]: Refusing update from remote peer 549ca929b6aa4734993d29502322a654: Log matching property violated. Preceding OpId in replica: term: 2 index: 2. Preceding OpId from leader: term: 3 index: 2. (term mismatch)
I20260709 13:06:03.510360 15156 pending_rounds.cc:85] T 4cc87434bf734b0781d98f2ddeb4b61c P 952e8814f0f344df88f69c7475f24f89: Aborting all ops after (but not including) 1
I20260709 13:06:03.510664 15156 pending_rounds.cc:107] T 4cc87434bf734b0781d98f2ddeb4b61c P 952e8814f0f344df88f69c7475f24f89: Aborting uncommitted NO_OP operation due to leader change: 2.2
I20260709 13:06:03.510975 15156 raft_consensus.cc:2889] T 4cc87434bf734b0781d98f2ddeb4b61c P 952e8814f0f344df88f69c7475f24f89 [term 3 FOLLOWER]: NO_OP replication failed: Aborted: Op aborted by new leader
I20260709 13:06:03.515493 15521 consensus_queue.cc:1048] T 4cc87434bf734b0781d98f2ddeb4b61c P 549ca929b6aa4734993d29502322a654 [LEADER]: Connected to new peer: Peer: permanent_uuid: "952e8814f0f344df88f69c7475f24f89" member_type: VOTER last_known_addr { host: "127.13.165.194" port: 33097 }, Status: LMP_MISMATCH, Last received: 0.0, Next index: 2, Last known committed idx: 0, Time since last communication: 0.000s
I20260709 13:06:03.520740 15273 raft_consensus.cc:359] T 0e080e727ba14a3f91f95bf8c6542593 P 43fae952340b4f9dbc5a77a9717b2507 [term 0 FOLLOWER]: Replica starting. Triggering 0 pending ops. Active config: opid_index: -1 OBSOLETE_local: false peers { permanent_uuid: "43fae952340b4f9dbc5a77a9717b2507" member_type: VOTER last_known_addr { host: "127.13.165.193" port: 41295 } } peers { permanent_uuid: "952e8814f0f344df88f69c7475f24f89" member_type: VOTER last_known_addr { host: "127.13.165.194" port: 33097 } } peers { permanent_uuid: "549ca929b6aa4734993d29502322a654" member_type: VOTER last_known_addr { host: "127.13.165.195" port: 45353 } }
I20260709 13:06:03.521950 15273 raft_consensus.cc:385] T 0e080e727ba14a3f91f95bf8c6542593 P 43fae952340b4f9dbc5a77a9717b2507 [term 0 FOLLOWER]: Consensus starting up: Expiring failure detector timer to make a prompt election more likely
I20260709 13:06:03.522334 15273 raft_consensus.cc:740] T 0e080e727ba14a3f91f95bf8c6542593 P 43fae952340b4f9dbc5a77a9717b2507 [term 0 FOLLOWER]: Becoming Follower/Learner. State: Replica: 43fae952340b4f9dbc5a77a9717b2507, State: Initialized, Role: FOLLOWER
I20260709 13:06:03.523133 15273 consensus_queue.cc:260] T 0e080e727ba14a3f91f95bf8c6542593 P 43fae952340b4f9dbc5a77a9717b2507 [NON_LEADER]: Queue going to NON_LEADER mode. State: All replicated index: 0, Majority replicated index: 0, Committed index: 0, Last appended: 0.0, Last appended by leader: 0, Current term: 0, Majority size: -1, State: 0, Mode: NON_LEADER, active raft config: opid_index: -1 OBSOLETE_local: false peers { permanent_uuid: "43fae952340b4f9dbc5a77a9717b2507" member_type: VOTER last_known_addr { host: "127.13.165.193" port: 41295 } } peers { permanent_uuid: "952e8814f0f344df88f69c7475f24f89" member_type: VOTER last_known_addr { host: "127.13.165.194" port: 33097 } } peers { permanent_uuid: "549ca929b6aa4734993d29502322a654" member_type: VOTER last_known_addr { host: "127.13.165.195" port: 45353 } }
I20260709 13:06:03.618283 15571 raft_consensus.cc:493] T b2db111439284c85a89efc47c9e71449 P 549ca929b6aa4734993d29502322a654 [term 0 FOLLOWER]: Starting pre-election (no leader contacted us within the election timeout)
I20260709 13:06:03.618984 15571 raft_consensus.cc:515] T b2db111439284c85a89efc47c9e71449 P 549ca929b6aa4734993d29502322a654 [term 0 FOLLOWER]: Starting pre-election with config: opid_index: -1 OBSOLETE_local: false peers { permanent_uuid: "43fae952340b4f9dbc5a77a9717b2507" member_type: VOTER last_known_addr { host: "127.13.165.193" port: 41295 } } peers { permanent_uuid: "952e8814f0f344df88f69c7475f24f89" member_type: VOTER last_known_addr { host: "127.13.165.194" port: 33097 } } peers { permanent_uuid: "549ca929b6aa4734993d29502322a654" member_type: VOTER last_known_addr { host: "127.13.165.195" port: 45353 } }
I20260709 13:06:03.621426 15571 leader_election.cc:290] T b2db111439284c85a89efc47c9e71449 P 549ca929b6aa4734993d29502322a654 [CANDIDATE]: Term 1 pre-election: Requested pre-vote from peers 43fae952340b4f9dbc5a77a9717b2507 (127.13.165.193:41295), 952e8814f0f344df88f69c7475f24f89 (127.13.165.194:33097)
I20260709 13:06:03.623044 15276 tablet_bootstrap.cc:654] T 5d0000c55b4d4f7e85e687772917c7c9 P 549ca929b6aa4734993d29502322a654: Neither blocks nor log segments found. Creating new log.
I20260709 13:06:03.623342 15084 tablet_service.cc:1917] Received RequestConsensusVote() RPC: tablet_id: "b2db111439284c85a89efc47c9e71449" candidate_uuid: "549ca929b6aa4734993d29502322a654" candidate_term: 1 candidate_status { last_received { term: 0 index: 0 } } ignore_live_leader: false dest_uuid: "43fae952340b4f9dbc5a77a9717b2507" is_pre_election: true
I20260709 13:06:03.626250 15082 raft_consensus.cc:1275] T 4cc87434bf734b0781d98f2ddeb4b61c P 43fae952340b4f9dbc5a77a9717b2507 [term 3 FOLLOWER]: Refusing update from remote peer 549ca929b6aa4734993d29502322a654: Log matching property violated. Preceding OpId in replica: term: 1 index: 1. Preceding OpId from leader: term: 3 index: 2. (index mismatch)
I20260709 13:06:03.627753 15571 consensus_queue.cc:1048] T 4cc87434bf734b0781d98f2ddeb4b61c P 549ca929b6aa4734993d29502322a654 [LEADER]: Connected to new peer: Peer: permanent_uuid: "43fae952340b4f9dbc5a77a9717b2507" member_type: VOTER last_known_addr { host: "127.13.165.193" port: 41295 }, Status: LMP_MISMATCH, Last received: 0.0, Next index: 2, Last known committed idx: 1, Time since last communication: 0.000s
I20260709 13:06:03.629189 15274 tablet_bootstrap.cc:654] T 19a5c1b831ee47d98d5ded175ce73a59 P 952e8814f0f344df88f69c7475f24f89: Neither blocks nor log segments found. Creating new log.
I20260709 13:06:03.641469 15273 ts_tablet_manager.cc:1434] T 0e080e727ba14a3f91f95bf8c6542593 P 43fae952340b4f9dbc5a77a9717b2507: Time spent starting tablet: real 0.168s	user 0.014s	sys 0.008s
I20260709 13:06:03.642586 15273 tablet_bootstrap.cc:492] T 941ba7f7977a42eeb5aabc13bfee7635 P 43fae952340b4f9dbc5a77a9717b2507: Bootstrap starting.
I20260709 13:06:03.651470 15273 tablet_bootstrap.cc:654] T 941ba7f7977a42eeb5aabc13bfee7635 P 43fae952340b4f9dbc5a77a9717b2507: Neither blocks nor log segments found. Creating new log.
I20260709 13:06:03.654678 15584 raft_consensus.cc:493] T e8fb357a7a9944a48f4e73cbdc4631a3 P 952e8814f0f344df88f69c7475f24f89 [term 0 FOLLOWER]: Starting pre-election (no leader contacted us within the election timeout)
I20260709 13:06:03.655177 15584 raft_consensus.cc:515] T e8fb357a7a9944a48f4e73cbdc4631a3 P 952e8814f0f344df88f69c7475f24f89 [term 0 FOLLOWER]: Starting pre-election with config: opid_index: -1 OBSOLETE_local: false peers { permanent_uuid: "43fae952340b4f9dbc5a77a9717b2507" member_type: VOTER last_known_addr { host: "127.13.165.193" port: 41295 } } peers { permanent_uuid: "952e8814f0f344df88f69c7475f24f89" member_type: VOTER last_known_addr { host: "127.13.165.194" port: 33097 } } peers { permanent_uuid: "549ca929b6aa4734993d29502322a654" member_type: VOTER last_known_addr { host: "127.13.165.195" port: 45353 } }
I20260709 13:06:03.656019 15276 tablet_bootstrap.cc:492] T 5d0000c55b4d4f7e85e687772917c7c9 P 549ca929b6aa4734993d29502322a654: No bootstrap required, opened a new log
I20260709 13:06:03.656404 15276 ts_tablet_manager.cc:1403] T 5d0000c55b4d4f7e85e687772917c7c9 P 549ca929b6aa4734993d29502322a654: Time spent bootstrapping tablet: real 0.148s	user 0.016s	sys 0.027s
I20260709 13:06:03.657142 15584 leader_election.cc:290] T e8fb357a7a9944a48f4e73cbdc4631a3 P 952e8814f0f344df88f69c7475f24f89 [CANDIDATE]: Term 1 pre-election: Requested pre-vote from peers 43fae952340b4f9dbc5a77a9717b2507 (127.13.165.193:41295), 549ca929b6aa4734993d29502322a654 (127.13.165.195:45353)
I20260709 13:06:03.658816 15276 raft_consensus.cc:359] T 5d0000c55b4d4f7e85e687772917c7c9 P 549ca929b6aa4734993d29502322a654 [term 0 FOLLOWER]: Replica starting. Triggering 0 pending ops. Active config: opid_index: -1 OBSOLETE_local: false peers { permanent_uuid: "43fae952340b4f9dbc5a77a9717b2507" member_type: VOTER last_known_addr { host: "127.13.165.193" port: 41295 } } peers { permanent_uuid: "952e8814f0f344df88f69c7475f24f89" member_type: VOTER last_known_addr { host: "127.13.165.194" port: 33097 } } peers { permanent_uuid: "549ca929b6aa4734993d29502322a654" member_type: VOTER last_known_addr { host: "127.13.165.195" port: 45353 } }
I20260709 13:06:03.659413 15276 raft_consensus.cc:385] T 5d0000c55b4d4f7e85e687772917c7c9 P 549ca929b6aa4734993d29502322a654 [term 0 FOLLOWER]: Consensus starting up: Expiring failure detector timer to make a prompt election more likely
I20260709 13:06:03.659636 15276 raft_consensus.cc:740] T 5d0000c55b4d4f7e85e687772917c7c9 P 549ca929b6aa4734993d29502322a654 [term 0 FOLLOWER]: Becoming Follower/Learner. State: Replica: 549ca929b6aa4734993d29502322a654, State: Initialized, Role: FOLLOWER
I20260709 13:06:03.660235 15276 consensus_queue.cc:260] T 5d0000c55b4d4f7e85e687772917c7c9 P 549ca929b6aa4734993d29502322a654 [NON_LEADER]: Queue going to NON_LEADER mode. State: All replicated index: 0, Majority replicated index: 0, Committed index: 0, Last appended: 0.0, Last appended by leader: 0, Current term: 0, Majority size: -1, State: 0, Mode: NON_LEADER, active raft config: opid_index: -1 OBSOLETE_local: false peers { permanent_uuid: "43fae952340b4f9dbc5a77a9717b2507" member_type: VOTER last_known_addr { host: "127.13.165.193" port: 41295 } } peers { permanent_uuid: "952e8814f0f344df88f69c7475f24f89" member_type: VOTER last_known_addr { host: "127.13.165.194" port: 33097 } } peers { permanent_uuid: "549ca929b6aa4734993d29502322a654" member_type: VOTER last_known_addr { host: "127.13.165.195" port: 45353 } }
I20260709 13:06:03.661715 15276 ts_tablet_manager.cc:1434] T 5d0000c55b4d4f7e85e687772917c7c9 P 549ca929b6aa4734993d29502322a654: Time spent starting tablet: real 0.005s	user 0.003s	sys 0.000s
I20260709 13:06:03.662122 15154 tablet_service.cc:1917] Received RequestConsensusVote() RPC: tablet_id: "b2db111439284c85a89efc47c9e71449" candidate_uuid: "549ca929b6aa4734993d29502322a654" candidate_term: 1 candidate_status { last_received { term: 0 index: 0 } } ignore_live_leader: false dest_uuid: "952e8814f0f344df88f69c7475f24f89" is_pre_election: true
I20260709 13:06:03.662763 15276 tablet_bootstrap.cc:492] T d8ca24d08c814eb2be5bfd4c1a78e761 P 549ca929b6aa4734993d29502322a654: Bootstrap starting.
I20260709 13:06:03.662861 15154 raft_consensus.cc:2393] T b2db111439284c85a89efc47c9e71449 P 952e8814f0f344df88f69c7475f24f89 [term 1 FOLLOWER]: Leader pre-election vote request: Denying vote to candidate 549ca929b6aa4734993d29502322a654 in current term 1: Already voted for candidate 43fae952340b4f9dbc5a77a9717b2507 in this term.
I20260709 13:06:03.665189 15231 tablet_service.cc:1917] Received RequestConsensusVote() RPC: tablet_id: "e8fb357a7a9944a48f4e73cbdc4631a3" candidate_uuid: "952e8814f0f344df88f69c7475f24f89" candidate_term: 1 candidate_status { last_received { term: 0 index: 0 } } ignore_live_leader: false dest_uuid: "549ca929b6aa4734993d29502322a654" is_pre_election: true
I20260709 13:06:03.671206 15198 leader_election.cc:304] T b2db111439284c85a89efc47c9e71449 P 549ca929b6aa4734993d29502322a654 [CANDIDATE]: Term 1 pre-election: Election decided. Result: candidate lost. Election summary: received 3 responses out of 3 voters: 1 yes votes; 2 no votes. yes voters: 549ca929b6aa4734993d29502322a654; no voters: 43fae952340b4f9dbc5a77a9717b2507, 952e8814f0f344df88f69c7475f24f89
I20260709 13:06:03.680866 15082 tablet_service.cc:1917] Received RequestConsensusVote() RPC: tablet_id: "e8fb357a7a9944a48f4e73cbdc4631a3" candidate_uuid: "952e8814f0f344df88f69c7475f24f89" candidate_term: 1 candidate_status { last_received { term: 0 index: 0 } } ignore_live_leader: false dest_uuid: "43fae952340b4f9dbc5a77a9717b2507" is_pre_election: true
W20260709 13:06:03.684170 15124 leader_election.cc:343] T e8fb357a7a9944a48f4e73cbdc4631a3 P 952e8814f0f344df88f69c7475f24f89 [CANDIDATE]: Term 1 pre-election: Tablet error from VoteRequest() call to peer 43fae952340b4f9dbc5a77a9717b2507 (127.13.165.193:41295): Illegal state: must be running to vote when last-logged opid is not known
I20260709 13:06:03.688392 15575 raft_consensus.cc:493] T 584595095414433093fb59f330fa3d0b P 43fae952340b4f9dbc5a77a9717b2507 [term 0 FOLLOWER]: Starting pre-election (no leader contacted us within the election timeout)
I20260709 13:06:03.688994 15575 raft_consensus.cc:515] T 584595095414433093fb59f330fa3d0b P 43fae952340b4f9dbc5a77a9717b2507 [term 0 FOLLOWER]: Starting pre-election with config: opid_index: -1 OBSOLETE_local: false peers { permanent_uuid: "43fae952340b4f9dbc5a77a9717b2507" member_type: VOTER last_known_addr { host: "127.13.165.193" port: 41295 } } peers { permanent_uuid: "952e8814f0f344df88f69c7475f24f89" member_type: VOTER last_known_addr { host: "127.13.165.194" port: 33097 } } peers { permanent_uuid: "549ca929b6aa4734993d29502322a654" member_type: VOTER last_known_addr { host: "127.13.165.195" port: 45353 } }
I20260709 13:06:03.681602 15541 raft_consensus.cc:3060] T b2db111439284c85a89efc47c9e71449 P 549ca929b6aa4734993d29502322a654 [term 0 FOLLOWER]: Advancing to term 1
I20260709 13:06:03.692658 15231 tablet_service.cc:1917] Received RequestConsensusVote() RPC: tablet_id: "584595095414433093fb59f330fa3d0b" candidate_uuid: "43fae952340b4f9dbc5a77a9717b2507" candidate_term: 1 candidate_status { last_received { term: 0 index: 0 } } ignore_live_leader: false dest_uuid: "549ca929b6aa4734993d29502322a654" is_pre_election: true
I20260709 13:06:03.693280 15231 raft_consensus.cc:2468] T 584595095414433093fb59f330fa3d0b P 549ca929b6aa4734993d29502322a654 [term 0 FOLLOWER]: Leader pre-election vote request: Granting yes vote for candidate 43fae952340b4f9dbc5a77a9717b2507 in term 0.
I20260709 13:06:03.695938 15575 leader_election.cc:290] T 584595095414433093fb59f330fa3d0b P 43fae952340b4f9dbc5a77a9717b2507 [CANDIDATE]: Term 1 pre-election: Requested pre-vote from peers 952e8814f0f344df88f69c7475f24f89 (127.13.165.194:33097), 549ca929b6aa4734993d29502322a654 (127.13.165.195:45353)
I20260709 13:06:03.696609 15584 raft_consensus.cc:493] T 221f81e8f5414779bdc87b6daaa313fb P 952e8814f0f344df88f69c7475f24f89 [term 0 FOLLOWER]: Starting pre-election (no leader contacted us within the election timeout)
I20260709 13:06:03.697099 15584 raft_consensus.cc:515] T 221f81e8f5414779bdc87b6daaa313fb P 952e8814f0f344df88f69c7475f24f89 [term 0 FOLLOWER]: Starting pre-election with config: opid_index: -1 OBSOLETE_local: false peers { permanent_uuid: "43fae952340b4f9dbc5a77a9717b2507" member_type: VOTER last_known_addr { host: "127.13.165.193" port: 41295 } } peers { permanent_uuid: "952e8814f0f344df88f69c7475f24f89" member_type: VOTER last_known_addr { host: "127.13.165.194" port: 33097 } } peers { permanent_uuid: "549ca929b6aa4734993d29502322a654" member_type: VOTER last_known_addr { host: "127.13.165.195" port: 45353 } }
I20260709 13:06:03.698694 15048 leader_election.cc:304] T 584595095414433093fb59f330fa3d0b P 43fae952340b4f9dbc5a77a9717b2507 [CANDIDATE]: Term 1 pre-election: Election decided. Result: candidate won. Election summary: received 2 responses out of 3 voters: 2 yes votes; 0 no votes. yes voters: 43fae952340b4f9dbc5a77a9717b2507, 549ca929b6aa4734993d29502322a654; no voters: 
I20260709 13:06:03.699719 15584 leader_election.cc:290] T 221f81e8f5414779bdc87b6daaa313fb P 952e8814f0f344df88f69c7475f24f89 [CANDIDATE]: Term 1 pre-election: Requested pre-vote from peers 43fae952340b4f9dbc5a77a9717b2507 (127.13.165.193:41295), 549ca929b6aa4734993d29502322a654 (127.13.165.195:45353)
I20260709 13:06:03.701776 15577 raft_consensus.cc:2804] T 584595095414433093fb59f330fa3d0b P 43fae952340b4f9dbc5a77a9717b2507 [term 0 FOLLOWER]: Leader pre-election won for term 1
I20260709 13:06:03.702225 15577 raft_consensus.cc:493] T 584595095414433093fb59f330fa3d0b P 43fae952340b4f9dbc5a77a9717b2507 [term 0 FOLLOWER]: Starting leader election (no leader contacted us within the election timeout)
I20260709 13:06:03.702611 15577 raft_consensus.cc:3060] T 584595095414433093fb59f330fa3d0b P 43fae952340b4f9dbc5a77a9717b2507 [term 0 FOLLOWER]: Advancing to term 1
I20260709 13:06:03.703557 14979 catalog_manager.cc:5697] T 524c6f1b79e34cd584e707fe0e01c3bb P 952e8814f0f344df88f69c7475f24f89 reported cstate change: term changed from 1 to 2, leader changed from 43fae952340b4f9dbc5a77a9717b2507 (127.13.165.193) to 952e8814f0f344df88f69c7475f24f89 (127.13.165.194). New cstate: current_term: 2 leader_uuid: "952e8814f0f344df88f69c7475f24f89" committed_config { opid_index: -1 OBSOLETE_local: false peers { permanent_uuid: "43fae952340b4f9dbc5a77a9717b2507" member_type: VOTER last_known_addr { host: "127.13.165.193" port: 41295 } health_report { overall_health: UNKNOWN } } peers { permanent_uuid: "952e8814f0f344df88f69c7475f24f89" member_type: VOTER last_known_addr { host: "127.13.165.194" port: 33097 } health_report { overall_health: HEALTHY } } peers { permanent_uuid: "549ca929b6aa4734993d29502322a654" member_type: VOTER last_known_addr { host: "127.13.165.195" port: 45353 } health_report { overall_health: UNKNOWN } } }
I20260709 13:06:03.715651 15577 raft_consensus.cc:515] T 584595095414433093fb59f330fa3d0b P 43fae952340b4f9dbc5a77a9717b2507 [term 1 FOLLOWER]: Starting leader election with config: opid_index: -1 OBSOLETE_local: false peers { permanent_uuid: "43fae952340b4f9dbc5a77a9717b2507" member_type: VOTER last_known_addr { host: "127.13.165.193" port: 41295 } } peers { permanent_uuid: "952e8814f0f344df88f69c7475f24f89" member_type: VOTER last_known_addr { host: "127.13.165.194" port: 33097 } } peers { permanent_uuid: "549ca929b6aa4734993d29502322a654" member_type: VOTER last_known_addr { host: "127.13.165.195" port: 45353 } }
I20260709 13:06:03.718600 15274 tablet_bootstrap.cc:492] T 19a5c1b831ee47d98d5ded175ce73a59 P 952e8814f0f344df88f69c7475f24f89: No bootstrap required, opened a new log
I20260709 13:06:03.719128 15274 ts_tablet_manager.cc:1403] T 19a5c1b831ee47d98d5ded175ce73a59 P 952e8814f0f344df88f69c7475f24f89: Time spent bootstrapping tablet: real 0.210s	user 0.014s	sys 0.031s
I20260709 13:06:03.720350 15276 tablet_bootstrap.cc:654] T d8ca24d08c814eb2be5bfd4c1a78e761 P 549ca929b6aa4734993d29502322a654: Neither blocks nor log segments found. Creating new log.
I20260709 13:06:03.731091 15154 tablet_service.cc:1917] Received RequestConsensusVote() RPC: tablet_id: "584595095414433093fb59f330fa3d0b" candidate_uuid: "43fae952340b4f9dbc5a77a9717b2507" candidate_term: 1 candidate_status { last_received { term: 0 index: 0 } } ignore_live_leader: false dest_uuid: "952e8814f0f344df88f69c7475f24f89" is_pre_election: true
I20260709 13:06:03.731976 15154 raft_consensus.cc:2468] T 584595095414433093fb59f330fa3d0b P 952e8814f0f344df88f69c7475f24f89 [term 0 FOLLOWER]: Leader pre-election vote request: Granting yes vote for candidate 43fae952340b4f9dbc5a77a9717b2507 in term 0.
I20260709 13:06:03.741146 15080 tablet_service.cc:1917] Received RequestConsensusVote() RPC: tablet_id: "221f81e8f5414779bdc87b6daaa313fb" candidate_uuid: "952e8814f0f344df88f69c7475f24f89" candidate_term: 1 candidate_status { last_received { term: 0 index: 0 } } ignore_live_leader: false dest_uuid: "43fae952340b4f9dbc5a77a9717b2507" is_pre_election: true
W20260709 13:06:03.749073 15611 log.cc:927] Time spent T 4cc87434bf734b0781d98f2ddeb4b61c P 43fae952340b4f9dbc5a77a9717b2507: Append to log took a long time: real 0.072s	user 0.000s	sys 0.000s
I20260709 13:06:03.750813 15541 raft_consensus.cc:2749] T b2db111439284c85a89efc47c9e71449 P 549ca929b6aa4734993d29502322a654 [term 1 FOLLOWER]: Leader pre-election lost for term 1. Reason: could not achieve majority
I20260709 13:06:03.752753 15577 leader_election.cc:290] T 584595095414433093fb59f330fa3d0b P 43fae952340b4f9dbc5a77a9717b2507 [CANDIDATE]: Term 1 election: Requested vote from peers 952e8814f0f344df88f69c7475f24f89 (127.13.165.194:33097), 549ca929b6aa4734993d29502322a654 (127.13.165.195:45353)
I20260709 13:06:03.751186 15274 raft_consensus.cc:359] T 19a5c1b831ee47d98d5ded175ce73a59 P 952e8814f0f344df88f69c7475f24f89 [term 0 FOLLOWER]: Replica starting. Triggering 0 pending ops. Active config: opid_index: -1 OBSOLETE_local: false peers { permanent_uuid: "43fae952340b4f9dbc5a77a9717b2507" member_type: VOTER last_known_addr { host: "127.13.165.193" port: 41295 } } peers { permanent_uuid: "952e8814f0f344df88f69c7475f24f89" member_type: VOTER last_known_addr { host: "127.13.165.194" port: 33097 } } peers { permanent_uuid: "549ca929b6aa4734993d29502322a654" member_type: VOTER last_known_addr { host: "127.13.165.195" port: 45353 } }
I20260709 13:06:03.754382 15274 raft_consensus.cc:385] T 19a5c1b831ee47d98d5ded175ce73a59 P 952e8814f0f344df88f69c7475f24f89 [term 0 FOLLOWER]: Consensus starting up: Expiring failure detector timer to make a prompt election more likely
I20260709 13:06:03.754582 15274 raft_consensus.cc:740] T 19a5c1b831ee47d98d5ded175ce73a59 P 952e8814f0f344df88f69c7475f24f89 [term 0 FOLLOWER]: Becoming Follower/Learner. State: Replica: 952e8814f0f344df88f69c7475f24f89, State: Initialized, Role: FOLLOWER
W20260709 13:06:03.755355 15123 leader_election.cc:343] T e8fb357a7a9944a48f4e73cbdc4631a3 P 952e8814f0f344df88f69c7475f24f89 [CANDIDATE]: Term 1 pre-election: Tablet error from VoteRequest() call to peer 549ca929b6aa4734993d29502322a654 (127.13.165.195:45353): Illegal state: must be running to vote when last-logged opid is not known
I20260709 13:06:03.756254 15123 leader_election.cc:304] T e8fb357a7a9944a48f4e73cbdc4631a3 P 952e8814f0f344df88f69c7475f24f89 [CANDIDATE]: Term 1 pre-election: Election decided. Result: candidate lost. Election summary: received 3 responses out of 3 voters: 1 yes votes; 2 no votes. yes voters: 952e8814f0f344df88f69c7475f24f89; no voters: 43fae952340b4f9dbc5a77a9717b2507, 549ca929b6aa4734993d29502322a654
I20260709 13:06:03.755457 15274 consensus_queue.cc:260] T 19a5c1b831ee47d98d5ded175ce73a59 P 952e8814f0f344df88f69c7475f24f89 [NON_LEADER]: Queue going to NON_LEADER mode. State: All replicated index: 0, Majority replicated index: 0, Committed index: 0, Last appended: 0.0, Last appended by leader: 0, Current term: 0, Majority size: -1, State: 0, Mode: NON_LEADER, active raft config: opid_index: -1 OBSOLETE_local: false peers { permanent_uuid: "43fae952340b4f9dbc5a77a9717b2507" member_type: VOTER last_known_addr { host: "127.13.165.193" port: 41295 } } peers { permanent_uuid: "952e8814f0f344df88f69c7475f24f89" member_type: VOTER last_known_addr { host: "127.13.165.194" port: 33097 } } peers { permanent_uuid: "549ca929b6aa4734993d29502322a654" member_type: VOTER last_known_addr { host: "127.13.165.195" port: 45353 } }
I20260709 13:06:03.754056 15231 tablet_service.cc:1917] Received RequestConsensusVote() RPC: tablet_id: "584595095414433093fb59f330fa3d0b" candidate_uuid: "43fae952340b4f9dbc5a77a9717b2507" candidate_term: 1 candidate_status { last_received { term: 0 index: 0 } } ignore_live_leader: false dest_uuid: "549ca929b6aa4734993d29502322a654"
I20260709 13:06:03.760751 15274 ts_tablet_manager.cc:1434] T 19a5c1b831ee47d98d5ded175ce73a59 P 952e8814f0f344df88f69c7475f24f89: Time spent starting tablet: real 0.041s	user 0.003s	sys 0.004s
I20260709 13:06:03.759370 15584 raft_consensus.cc:2749] T e8fb357a7a9944a48f4e73cbdc4631a3 P 952e8814f0f344df88f69c7475f24f89 [term 0 FOLLOWER]: Leader pre-election lost for term 1. Reason: could not achieve majority
I20260709 13:06:03.764359 15231 raft_consensus.cc:3060] T 584595095414433093fb59f330fa3d0b P 549ca929b6aa4734993d29502322a654 [term 0 FOLLOWER]: Advancing to term 1
I20260709 13:06:03.769841 15084 raft_consensus.cc:3060] T 0e080e727ba14a3f91f95bf8c6542593 P 43fae952340b4f9dbc5a77a9717b2507 [term 0 FOLLOWER]: Advancing to term 1
I20260709 13:06:03.774094 15585 raft_consensus.cc:493] T 0da00d1df7da4c859cb038577b97f140 P 952e8814f0f344df88f69c7475f24f89 [term 0 FOLLOWER]: Starting pre-election (no leader contacted us within the election timeout)
I20260709 13:06:03.774595 15585 raft_consensus.cc:515] T 0da00d1df7da4c859cb038577b97f140 P 952e8814f0f344df88f69c7475f24f89 [term 0 FOLLOWER]: Starting pre-election with config: opid_index: -1 OBSOLETE_local: false peers { permanent_uuid: "43fae952340b4f9dbc5a77a9717b2507" member_type: VOTER last_known_addr { host: "127.13.165.193" port: 41295 } } peers { permanent_uuid: "952e8814f0f344df88f69c7475f24f89" member_type: VOTER last_known_addr { host: "127.13.165.194" port: 33097 } } peers { permanent_uuid: "549ca929b6aa4734993d29502322a654" member_type: VOTER last_known_addr { host: "127.13.165.195" port: 45353 } }
I20260709 13:06:03.775144 15274 tablet_bootstrap.cc:492] T fa91868fc17445d390d9a9eaee34c424 P 952e8814f0f344df88f69c7475f24f89: Bootstrap starting.
I20260709 13:06:03.766701 15227 tablet_service.cc:1917] Received RequestConsensusVote() RPC: tablet_id: "221f81e8f5414779bdc87b6daaa313fb" candidate_uuid: "952e8814f0f344df88f69c7475f24f89" candidate_term: 1 candidate_status { last_received { term: 0 index: 0 } } ignore_live_leader: false dest_uuid: "549ca929b6aa4734993d29502322a654" is_pre_election: true
I20260709 13:06:03.768409 15154 tablet_service.cc:1917] Received RequestConsensusVote() RPC: tablet_id: "584595095414433093fb59f330fa3d0b" candidate_uuid: "43fae952340b4f9dbc5a77a9717b2507" candidate_term: 1 candidate_status { last_received { term: 0 index: 0 } } ignore_live_leader: false dest_uuid: "952e8814f0f344df88f69c7475f24f89"
I20260709 13:06:03.781770 15154 raft_consensus.cc:3060] T 584595095414433093fb59f330fa3d0b P 952e8814f0f344df88f69c7475f24f89 [term 0 FOLLOWER]: Advancing to term 1
W20260709 13:06:03.782292 15124 leader_election.cc:343] T 221f81e8f5414779bdc87b6daaa313fb P 952e8814f0f344df88f69c7475f24f89 [CANDIDATE]: Term 1 pre-election: Tablet error from VoteRequest() call to peer 43fae952340b4f9dbc5a77a9717b2507 (127.13.165.193:41295): Illegal state: must be running to vote when last-logged opid is not known
I20260709 13:06:03.787312 15231 raft_consensus.cc:2468] T 584595095414433093fb59f330fa3d0b P 549ca929b6aa4734993d29502322a654 [term 1 FOLLOWER]: Leader election vote request: Granting yes vote for candidate 43fae952340b4f9dbc5a77a9717b2507 in term 1.
I20260709 13:06:03.789404 15273 tablet_bootstrap.cc:492] T 941ba7f7977a42eeb5aabc13bfee7635 P 43fae952340b4f9dbc5a77a9717b2507: No bootstrap required, opened a new log
I20260709 13:06:03.790108 15273 ts_tablet_manager.cc:1403] T 941ba7f7977a42eeb5aabc13bfee7635 P 43fae952340b4f9dbc5a77a9717b2507: Time spent bootstrapping tablet: real 0.148s	user 0.021s	sys 0.019s
I20260709 13:06:03.795645 15048 leader_election.cc:304] T 584595095414433093fb59f330fa3d0b P 43fae952340b4f9dbc5a77a9717b2507 [CANDIDATE]: Term 1 election: Election decided. Result: candidate won. Election summary: received 2 responses out of 3 voters: 2 yes votes; 0 no votes. yes voters: 43fae952340b4f9dbc5a77a9717b2507, 549ca929b6aa4734993d29502322a654; no voters: 
I20260709 13:06:03.797338 15527 raft_consensus.cc:2804] T 584595095414433093fb59f330fa3d0b P 43fae952340b4f9dbc5a77a9717b2507 [term 1 FOLLOWER]: Leader election won for term 1
I20260709 13:06:03.797813 15527 raft_consensus.cc:697] T 584595095414433093fb59f330fa3d0b P 43fae952340b4f9dbc5a77a9717b2507 [term 1 LEADER]: Becoming Leader. State: Replica: 43fae952340b4f9dbc5a77a9717b2507, State: Running, Role: LEADER
I20260709 13:06:03.798630 15527 consensus_queue.cc:237] T 584595095414433093fb59f330fa3d0b P 43fae952340b4f9dbc5a77a9717b2507 [LEADER]: Queue going to LEADER mode. State: All replicated index: 0, Majority replicated index: 0, Committed index: 0, Last appended: 0.0, Last appended by leader: 0, Current term: 1, Majority size: 2, State: 0, Mode: LEADER, active raft config: opid_index: -1 OBSOLETE_local: false peers { permanent_uuid: "43fae952340b4f9dbc5a77a9717b2507" member_type: VOTER last_known_addr { host: "127.13.165.193" port: 41295 } } peers { permanent_uuid: "952e8814f0f344df88f69c7475f24f89" member_type: VOTER last_known_addr { host: "127.13.165.194" port: 33097 } } peers { permanent_uuid: "549ca929b6aa4734993d29502322a654" member_type: VOTER last_known_addr { host: "127.13.165.195" port: 45353 } }
I20260709 13:06:03.799990 15082 tablet_service.cc:1917] Received RequestConsensusVote() RPC: tablet_id: "0da00d1df7da4c859cb038577b97f140" candidate_uuid: "952e8814f0f344df88f69c7475f24f89" candidate_term: 1 candidate_status { last_received { term: 0 index: 0 } } ignore_live_leader: false dest_uuid: "43fae952340b4f9dbc5a77a9717b2507" is_pre_election: true
W20260709 13:06:03.801098 15123 leader_election.cc:343] T 221f81e8f5414779bdc87b6daaa313fb P 952e8814f0f344df88f69c7475f24f89 [CANDIDATE]: Term 1 pre-election: Tablet error from VoteRequest() call to peer 549ca929b6aa4734993d29502322a654 (127.13.165.195:45353): Illegal state: must be running to vote when last-logged opid is not known
I20260709 13:06:03.801512 15123 leader_election.cc:304] T 221f81e8f5414779bdc87b6daaa313fb P 952e8814f0f344df88f69c7475f24f89 [CANDIDATE]: Term 1 pre-election: Election decided. Result: candidate lost. Election summary: received 3 responses out of 3 voters: 1 yes votes; 2 no votes. yes voters: 952e8814f0f344df88f69c7475f24f89; no voters: 43fae952340b4f9dbc5a77a9717b2507, 549ca929b6aa4734993d29502322a654
I20260709 13:06:03.807549 15474 raft_consensus.cc:2749] T 221f81e8f5414779bdc87b6daaa313fb P 952e8814f0f344df88f69c7475f24f89 [term 0 FOLLOWER]: Leader pre-election lost for term 1. Reason: could not achieve majority
I20260709 13:06:03.810051 15154 raft_consensus.cc:2468] T 584595095414433093fb59f330fa3d0b P 952e8814f0f344df88f69c7475f24f89 [term 1 FOLLOWER]: Leader election vote request: Granting yes vote for candidate 43fae952340b4f9dbc5a77a9717b2507 in term 1.
I20260709 13:06:03.816162 15233 raft_consensus.cc:3060] T 5d0000c55b4d4f7e85e687772917c7c9 P 549ca929b6aa4734993d29502322a654 [term 0 FOLLOWER]: Advancing to term 1
I20260709 13:06:03.822717 15276 tablet_bootstrap.cc:492] T d8ca24d08c814eb2be5bfd4c1a78e761 P 549ca929b6aa4734993d29502322a654: No bootstrap required, opened a new log
I20260709 13:06:03.823479 15276 ts_tablet_manager.cc:1403] T d8ca24d08c814eb2be5bfd4c1a78e761 P 549ca929b6aa4734993d29502322a654: Time spent bootstrapping tablet: real 0.161s	user 0.014s	sys 0.006s
I20260709 13:06:03.852159 15276 raft_consensus.cc:359] T d8ca24d08c814eb2be5bfd4c1a78e761 P 549ca929b6aa4734993d29502322a654 [term 0 FOLLOWER]: Replica starting. Triggering 0 pending ops. Active config: opid_index: -1 OBSOLETE_local: false peers { permanent_uuid: "43fae952340b4f9dbc5a77a9717b2507" member_type: VOTER last_known_addr { host: "127.13.165.193" port: 41295 } } peers { permanent_uuid: "952e8814f0f344df88f69c7475f24f89" member_type: VOTER last_known_addr { host: "127.13.165.194" port: 33097 } } peers { permanent_uuid: "549ca929b6aa4734993d29502322a654" member_type: VOTER last_known_addr { host: "127.13.165.195" port: 45353 } }
I20260709 13:06:03.852555 15526 consensus_queue.cc:1048] T b2db111439284c85a89efc47c9e71449 P 43fae952340b4f9dbc5a77a9717b2507 [LEADER]: Connected to new peer: Peer: permanent_uuid: "549ca929b6aa4734993d29502322a654" member_type: VOTER last_known_addr { host: "127.13.165.195" port: 45353 }, Status: LMP_MISMATCH, Last received: 0.0, Next index: 1, Last known committed idx: 0, Time since last communication: 0.000s
I20260709 13:06:03.852844 15231 tablet_service.cc:1917] Received RequestConsensusVote() RPC: tablet_id: "0da00d1df7da4c859cb038577b97f140" candidate_uuid: "952e8814f0f344df88f69c7475f24f89" candidate_term: 1 candidate_status { last_received { term: 0 index: 0 } } ignore_live_leader: false dest_uuid: "549ca929b6aa4734993d29502322a654" is_pre_election: true
I20260709 13:06:03.856809 15274 tablet_bootstrap.cc:654] T fa91868fc17445d390d9a9eaee34c424 P 952e8814f0f344df88f69c7475f24f89: Neither blocks nor log segments found. Creating new log.
I20260709 13:06:03.857931 15446 consensus_queue.cc:1048] T 50b8c81543664b91a6073f44cbda3212 P 43fae952340b4f9dbc5a77a9717b2507 [LEADER]: Connected to new peer: Peer: permanent_uuid: "549ca929b6aa4734993d29502322a654" member_type: VOTER last_known_addr { host: "127.13.165.195" port: 45353 }, Status: LMP_MISMATCH, Last received: 0.0, Next index: 1, Last known committed idx: 0, Time since last communication: 0.000s
W20260709 13:06:03.858328 15123 leader_election.cc:343] T 0da00d1df7da4c859cb038577b97f140 P 952e8814f0f344df88f69c7475f24f89 [CANDIDATE]: Term 1 pre-election: Tablet error from VoteRequest() call to peer 549ca929b6aa4734993d29502322a654 (127.13.165.195:45353): Illegal state: must be running to vote when last-logged opid is not known
I20260709 13:06:03.852802 15276 raft_consensus.cc:385] T d8ca24d08c814eb2be5bfd4c1a78e761 P 549ca929b6aa4734993d29502322a654 [term 0 FOLLOWER]: Consensus starting up: Expiring failure detector timer to make a prompt election more likely
I20260709 13:06:03.859876 15276 raft_consensus.cc:740] T d8ca24d08c814eb2be5bfd4c1a78e761 P 549ca929b6aa4734993d29502322a654 [term 0 FOLLOWER]: Becoming Follower/Learner. State: Replica: 549ca929b6aa4734993d29502322a654, State: Initialized, Role: FOLLOWER
I20260709 13:06:03.860589 15276 consensus_queue.cc:260] T d8ca24d08c814eb2be5bfd4c1a78e761 P 549ca929b6aa4734993d29502322a654 [NON_LEADER]: Queue going to NON_LEADER mode. State: All replicated index: 0, Majority replicated index: 0, Committed index: 0, Last appended: 0.0, Last appended by leader: 0, Current term: 0, Majority size: -1, State: 0, Mode: NON_LEADER, active raft config: opid_index: -1 OBSOLETE_local: false peers { permanent_uuid: "43fae952340b4f9dbc5a77a9717b2507" member_type: VOTER last_known_addr { host: "127.13.165.193" port: 41295 } } peers { permanent_uuid: "952e8814f0f344df88f69c7475f24f89" member_type: VOTER last_known_addr { host: "127.13.165.194" port: 33097 } } peers { permanent_uuid: "549ca929b6aa4734993d29502322a654" member_type: VOTER last_known_addr { host: "127.13.165.195" port: 45353 } }
I20260709 13:06:03.862673 15276 ts_tablet_manager.cc:1434] T d8ca24d08c814eb2be5bfd4c1a78e761 P 549ca929b6aa4734993d29502322a654: Time spent starting tablet: real 0.039s	user 0.006s	sys 0.000s
I20260709 13:06:03.863718 15276 tablet_bootstrap.cc:492] T 941ba7f7977a42eeb5aabc13bfee7635 P 549ca929b6aa4734993d29502322a654: Bootstrap starting.
I20260709 13:06:03.878266 15446 consensus_queue.cc:1048] T 50b8c81543664b91a6073f44cbda3212 P 43fae952340b4f9dbc5a77a9717b2507 [LEADER]: Connected to new peer: Peer: permanent_uuid: "952e8814f0f344df88f69c7475f24f89" member_type: VOTER last_known_addr { host: "127.13.165.194" port: 33097 }, Status: LMP_MISMATCH, Last received: 0.0, Next index: 1, Last known committed idx: 0, Time since last communication: 0.001s
W20260709 13:06:03.883370 15124 leader_election.cc:343] T 0da00d1df7da4c859cb038577b97f140 P 952e8814f0f344df88f69c7475f24f89 [CANDIDATE]: Term 1 pre-election: Tablet error from VoteRequest() call to peer 43fae952340b4f9dbc5a77a9717b2507 (127.13.165.193:41295): Illegal state: must be running to vote when last-logged opid is not known
I20260709 13:06:03.884306 15124 leader_election.cc:304] T 0da00d1df7da4c859cb038577b97f140 P 952e8814f0f344df88f69c7475f24f89 [CANDIDATE]: Term 1 pre-election: Election decided. Result: candidate lost. Election summary: received 3 responses out of 3 voters: 1 yes votes; 2 no votes. yes voters: 952e8814f0f344df88f69c7475f24f89; no voters: 43fae952340b4f9dbc5a77a9717b2507, 549ca929b6aa4734993d29502322a654
I20260709 13:06:03.898738 15273 raft_consensus.cc:359] T 941ba7f7977a42eeb5aabc13bfee7635 P 43fae952340b4f9dbc5a77a9717b2507 [term 0 FOLLOWER]: Replica starting. Triggering 0 pending ops. Active config: opid_index: -1 OBSOLETE_local: false peers { permanent_uuid: "43fae952340b4f9dbc5a77a9717b2507" member_type: VOTER last_known_addr { host: "127.13.165.193" port: 41295 } } peers { permanent_uuid: "952e8814f0f344df88f69c7475f24f89" member_type: VOTER last_known_addr { host: "127.13.165.194" port: 33097 } } peers { permanent_uuid: "549ca929b6aa4734993d29502322a654" member_type: VOTER last_known_addr { host: "127.13.165.195" port: 45353 } }
I20260709 13:06:03.899456 15273 raft_consensus.cc:385] T 941ba7f7977a42eeb5aabc13bfee7635 P 43fae952340b4f9dbc5a77a9717b2507 [term 0 FOLLOWER]: Consensus starting up: Expiring failure detector timer to make a prompt election more likely
I20260709 13:06:03.901420 15617 raft_consensus.cc:2749] T 0da00d1df7da4c859cb038577b97f140 P 952e8814f0f344df88f69c7475f24f89 [term 0 FOLLOWER]: Leader pre-election lost for term 1. Reason: could not achieve majority
I20260709 13:06:03.897791 15446 consensus_queue.cc:1048] T b2db111439284c85a89efc47c9e71449 P 43fae952340b4f9dbc5a77a9717b2507 [LEADER]: Connected to new peer: Peer: permanent_uuid: "952e8814f0f344df88f69c7475f24f89" member_type: VOTER last_known_addr { host: "127.13.165.194" port: 33097 }, Status: LMP_MISMATCH, Last received: 0.0, Next index: 1, Last known committed idx: 0, Time since last communication: 0.006s
I20260709 13:06:03.907382 15273 raft_consensus.cc:740] T 941ba7f7977a42eeb5aabc13bfee7635 P 43fae952340b4f9dbc5a77a9717b2507 [term 0 FOLLOWER]: Becoming Follower/Learner. State: Replica: 43fae952340b4f9dbc5a77a9717b2507, State: Initialized, Role: FOLLOWER
I20260709 13:06:03.910668 15273 consensus_queue.cc:260] T 941ba7f7977a42eeb5aabc13bfee7635 P 43fae952340b4f9dbc5a77a9717b2507 [NON_LEADER]: Queue going to NON_LEADER mode. State: All replicated index: 0, Majority replicated index: 0, Committed index: 0, Last appended: 0.0, Last appended by leader: 0, Current term: 0, Majority size: -1, State: 0, Mode: NON_LEADER, active raft config: opid_index: -1 OBSOLETE_local: false peers { permanent_uuid: "43fae952340b4f9dbc5a77a9717b2507" member_type: VOTER last_known_addr { host: "127.13.165.193" port: 41295 } } peers { permanent_uuid: "952e8814f0f344df88f69c7475f24f89" member_type: VOTER last_known_addr { host: "127.13.165.194" port: 33097 } } peers { permanent_uuid: "549ca929b6aa4734993d29502322a654" member_type: VOTER last_known_addr { host: "127.13.165.195" port: 45353 } }
